000
CDUS42 KJAX 180533
CLIJAX


CLIMATE REPORT
NATIONAL WEATHER SERVICE JACKSONVILLE
132 AM EDT FRI APR 18 2014


...................................

...THE JACKSONVILLE CLIMATE SUMMARY FOR APRIL 17 2014...

CLIMATE NORMAL PERIOD 1981 TO 2010
CLIMATE RECORD PERIOD 1871 TO 2014


WEATHER ITEM   OBSERVED TIME   RECORD YEAR NORMAL DEPARTURE LAST
                VALUE   (LST)  VALUE       VALUE  FROM      YEAR
                                                  NORMAL
..................................................................
TEMPERATURE (F)
 YESTERDAY
  MAXIMUM         68   1247 PM  93    1967  79    -11       78
  MINIMUM         59   1259 AM  38    1983  55      4       59
                                      1962
  AVERAGE         64                        67     -3       69

PRECIPITATION (IN)
  YESTERDAY        0.03          1.00 1946   0.09  -0.06     0.00
  MONTH TO DATE    4.25                      1.65   2.60     1.67
  SINCE MAR 1      8.90                      5.60   3.30     4.74
  SINCE JAN 1     18.61                     12.09   6.52    10.46

SNOWFALL (IN)
  YESTERDAY        0.0           0.0  2002   0.0    0.0      0.0
                                      2001
  MONTH TO DATE    0.0                       0.0    0.0      0.0
  SINCE MAR 1      0.0                       T      0.0      0.0
  SINCE JUL 1      0.0                       T      0.0      0.0
  SNOW DEPTH       0

DEGREE DAYS
 HEATING
  YESTERDAY        1                         2     -1        0
  MONTH TO DATE   20                        42    -22       19
  SINCE MAR 1    219                       198     21      323
  SINCE JUL 1   1296                      1331    -35     1216

 COOLING
  YESTERDAY        0                         4     -4        4
  MONTH TO DATE   52                        52      0       71
  SINCE MAR 1     80                       106    -26       87
  SINCE JAN 1    110                       135    -25      163
..................................................................


WIND (MPH)
  HIGHEST WIND SPEED    26   HIGHEST WIND DIRECTION    NE (40)
  HIGHEST GUST SPEED    34   HIGHEST GUST DIRECTION    NE (50)
  AVERAGE WIND SPEED    16.7


SKY COVER
  POSSIBLE SUNSHINE  MM
  AVERAGE SKY COVER 1.0


WEATHER CONDITIONS
 THE FOLLOWING WEATHER WAS RECORDED YESTERDAY.
  RAIN
  LIGHT RAIN
  FOG
  HAZE


RELATIVE HUMIDITY (PERCENT)
 HIGHEST   100          1100 PM
 LOWEST     78           200 AM
 AVERAGE    89

..........................................................


THE JACKSONVILLE CLIMATE NORMALS FOR TODAY
                         NORMAL    RECORD    YEAR
 MAXIMUM TEMPERATURE (F)   80        94      1967
 MINIMUM TEMPERATURE (F)   55        37      2001


SUNRISE AND SUNSET
APRIL 18 2014.........SUNRISE   656 AM EDT   SUNSET   756 PM EDT
APRIL 19 2014.........SUNRISE   655 AM EDT   SUNSET   757 PM EDT


-  INDICATES NEGATIVE NUMBERS.
R  INDICATES RECORD WAS SET OR TIED.
MM INDICATES DATA IS MISSING.
T  INDICATES TRACE AMOUNT.




$$
