000
CDUS42 KJAX 230527
CLIJAX


CLIMATE REPORT
NATIONAL WEATHER SERVICE JACKSONVILLE FL
1226 AM EST FRI FEB 23 2018


...................................

...THE JACKSONVILLE CLIMATE SUMMARY FOR FEBRUARY 22 2018...

CLIMATE NORMAL PERIOD 1981 TO 2010
CLIMATE RECORD PERIOD 1871 TO 2018


WEATHER ITEM   OBSERVED TIME   RECORD YEAR NORMAL DEPARTURE LAST
                VALUE   (LST)  VALUE       VALUE  FROM      YEAR
                                                  NORMAL
..................................................................
TEMPERATURE (F)
 YESTERDAY
  MAXIMUM         82    152 PM  85    1962  70     12       75
                                      1961
  MINIMUM         60    646 AM  29    1977  46     14       62
                                      1958
                                      1896
  AVERAGE         71                        58     13       69

PRECIPITATION (IN)
  YESTERDAY        0.00          2.53 1998   0.13  -0.13     0.81
  MONTH TO DATE    1.37                      2.46  -1.09     1.29
  SINCE DEC 1      7.43                      8.56  -1.13     7.63
  SINCE JAN 1      5.01                      5.76  -0.75     5.34

SNOWFALL (IN)
  YESTERDAY        0.0           0.0  2002   0.0    0.0      0.0
  MONTH TO DATE    0.0                       0.0    0.0      0.0
  SINCE DEC 1      0.0                       T      0.0      0.0
  SINCE JUL 1      0.0                       T      0.0      0.0
  SNOW DEPTH       0

DEGREE DAYS
 HEATING
  YESTERDAY        0                         8     -8        0
  MONTH TO DATE   66                       211   -145       95
  SINCE DEC 1    768                       914   -146      462
  SINCE JUL 1    864                      1087   -223      592

 COOLING
  YESTERDAY        6                         1      5        4
  MONTH TO DATE   72                        17     55       15
  SINCE DEC 1    126                        49     77       94
  SINCE JAN 1     82                        28     54       51
..................................................................


WIND (MPH)
  HIGHEST WIND SPEED    16   HIGHEST WIND DIRECTION    SE (120)
  HIGHEST GUST SPEED    19   HIGHEST GUST DIRECTION    SE (120)
  AVERAGE WIND SPEED     7.1


SKY COVER
  POSSIBLE SUNSHINE  MM
  AVERAGE SKY COVER 0.4


WEATHER CONDITIONS
 THE FOLLOWING WEATHER WAS RECORDED YESTERDAY.
  FOG


RELATIVE HUMIDITY (PERCENT)
 HIGHEST   100           600 AM
 LOWEST     51           100 PM
 AVERAGE    76

..........................................................


THE JACKSONVILLE CLIMATE NORMALS FOR TODAY
                         NORMAL    RECORD    YEAR
 MAXIMUM TEMPERATURE (F)   70        85      1962
 MINIMUM TEMPERATURE (F)   46        25      1978


SUNRISE AND SUNSET
FEBRUARY 23 2018......SUNRISE   659 AM EST   SUNSET   621 PM EST
FEBRUARY 24 2018......SUNRISE   658 AM EST   SUNSET   622 PM EST


-  INDICATES NEGATIVE NUMBERS.
R  INDICATES RECORD WAS SET OR TIED.
MM INDICATES DATA IS MISSING.
T  INDICATES TRACE AMOUNT.




$$
