000
CDUS42 KJAX 240531
CLIJAX


CLIMATE REPORT
NATIONAL WEATHER SERVICE JACKSONVILLE FL
131 AM EDT MON JUL 24 2017


...................................

...THE JACKSONVILLE CLIMATE SUMMARY FOR JULY 23 2017...

CLIMATE NORMAL PERIOD 1981 TO 2010
CLIMATE RECORD PERIOD 1871 TO 2017


WEATHER ITEM   OBSERVED TIME   RECORD YEAR NORMAL DEPARTURE LAST
                VALUE   (LST)  VALUE       VALUE  FROM      YEAR
                                                  NORMAL
..................................................................
TEMPERATURE (F)
 YESTERDAY
  MAXIMUM         87   1059 AM  99    1987  92     -5       96
                                      1881
                                      1875
  MINIMUM         75   1113 PM  64    2007  73      2       69
  AVERAGE         81                        83     -2       83

PRECIPITATION (IN)
  YESTERDAY        0.40          3.19 1955   0.22   0.18     0.00
  MONTH TO DATE    7.10                      4.87   2.23     1.64
  SINCE JUN 1     18.98                     11.32   7.66     4.73
  SINCE JAN 1     34.84                     26.88   7.96    19.19

SNOWFALL (IN)
  YESTERDAY        0.0           0.0  2002   0.0    0.0      0.0
                                      2001
  MONTH TO DATE    0.0                       0.0    0.0      0.0
  SINCE JUN 1      0.0                       0.0    0.0      0.0
  SINCE JUL 1      0.0                       0.0    0.0      0.0
  SNOW DEPTH       0

DEGREE DAYS
 HEATING
  YESTERDAY        0                         0      0        0
  MONTH TO DATE    0                         0      0        0
  SINCE JUN 1      0                         0      0        0
  SINCE JUL 1      0                         0      0        0

 COOLING
  YESTERDAY       16                        18     -2       18
  MONTH TO DATE  421                       396     25      444
  SINCE JUN 1    860                       845     15      933
  SINCE JAN 1   1516                      1329    187     1510
..................................................................


WIND (MPH)
  HIGHEST WIND SPEED    21   HIGHEST WIND DIRECTION     S (180)
  HIGHEST GUST SPEED    26   HIGHEST GUST DIRECTION     S (170)
  AVERAGE WIND SPEED     7.2


SKY COVER
  POSSIBLE SUNSHINE  MM
  AVERAGE SKY COVER 0.8


WEATHER CONDITIONS
 THE FOLLOWING WEATHER WAS RECORDED YESTERDAY.
  THUNDERSTORM
  HEAVY RAIN
  RAIN
  LIGHT RAIN
  FOG


RELATIVE HUMIDITY (PERCENT)
 HIGHEST   100          1200 AM
 LOWEST     70          1100 AM
 AVERAGE    85

..........................................................


THE JACKSONVILLE CLIMATE NORMALS FOR TODAY
                         NORMAL    RECORD    YEAR
 MAXIMUM TEMPERATURE (F)   92       100      1893
 MINIMUM TEMPERATURE (F)   73        68      1977
                                             1906


SUNRISE AND SUNSET
JULY 24 2017..........SUNRISE   640 AM EDT   SUNSET   826 PM EDT
JULY 25 2017..........SUNRISE   641 AM EDT   SUNSET   825 PM EDT


-  INDICATES NEGATIVE NUMBERS.
R  INDICATES RECORD WAS SET OR TIED.
MM INDICATES DATA IS MISSING.
T  INDICATES TRACE AMOUNT.




$$
