000
CDUS42 KJAX 010532
CLIJAX


CLIMATE REPORT
NATIONAL WEATHER SERVICE JACKSONVILLE FL
1231 AM EST WED MAR 1 2017


...................................

...THE JACKSONVILLE CLIMATE SUMMARY FOR FEBRUARY 28 2017...

CLIMATE NORMAL PERIOD 1981 TO 2010
CLIMATE RECORD PERIOD 1871 TO 2017


WEATHER ITEM   OBSERVED TIME   RECORD YEAR NORMAL DEPARTURE LAST
                VALUE   (LST)  VALUE       VALUE  FROM      YEAR
                                                  NORMAL
..................................................................
TEMPERATURE (F)
 YESTERDAY
  MAXIMUM         87R   327 PM  87    1962  71     16       69
  MINIMUM         58    711 AM  25    2002  47     11       34
  AVERAGE         73                        59     14       52

PRECIPITATION (IN)
  YESTERDAY        0.00          1.98 1914   0.12  -0.12     0.00
  MONTH TO DATE    1.35                      3.19  -1.84     4.82
  SINCE DEC 1      7.69                      9.29  -1.60     8.21
  SINCE JAN 1      5.40                      6.49  -1.09     7.65

SNOWFALL (IN)
  YESTERDAY        0.0           0.0  2002   0.0    0.0      0.0
  MONTH TO DATE    0.0                       0.0    0.0      0.0
  SINCE DEC 1      0.0                       T      0.0      0.0
  SINCE JUL 1      0.0                       T      0.0      0.0
  SNOW DEPTH       0

DEGREE DAYS
 HEATING
  YESTERDAY        0                         7     -7       13
  MONTH TO DATE  106                       256   -150      277
  SINCE DEC 1    473                       960   -487      787
  SINCE JUL 1    603                      1133   -530      841

 COOLING
  YESTERDAY        8                         1      7        0
  MONTH TO DATE   36                        18     18       24
  SINCE DEC 1    115                        50     65      165
  SINCE JAN 1     72                        29     43       24
..................................................................


WIND (MPH)
  HIGHEST WIND SPEED    15   HIGHEST WIND DIRECTION    SE (130)
  HIGHEST GUST SPEED    18   HIGHEST GUST DIRECTION    SE (130)
  AVERAGE WIND SPEED     6.0


SKY COVER
  POSSIBLE SUNSHINE  MM
  AVERAGE SKY COVER 0.4


WEATHER CONDITIONS
 THE FOLLOWING WEATHER WAS RECORDED YESTERDAY.
  FOG


RELATIVE HUMIDITY (PERCENT)
 HIGHEST   100          1200 AM
 LOWEST     44           200 PM
 AVERAGE    72

..........................................................


THE JACKSONVILLE CLIMATE NORMALS FOR TODAY
                         NORMAL    RECORD    YEAR
 MAXIMUM TEMPERATURE (F)   71        87      1997
 MINIMUM TEMPERATURE (F)   47        28      1941


SUNRISE AND SUNSET
MARCH  1 2017.........SUNRISE   653 AM EST   SUNSET   626 PM EST
MARCH  2 2017.........SUNRISE   652 AM EST   SUNSET   626 PM EST


-  INDICATES NEGATIVE NUMBERS.
R  INDICATES RECORD WAS SET OR TIED.
MM INDICATES DATA IS MISSING.
T  INDICATES TRACE AMOUNT.




$$
