000
CDUS42 KJAX 030534
CLIJAX


CLIMATE REPORT
NATIONAL WEATHER SERVICE JACKSONVILLE FL
1234 AM EST SAT DEC 3 2016


...................................

...THE JACKSONVILLE CLIMATE SUMMARY FOR DECEMBER 2 2016...

CLIMATE NORMAL PERIOD 1981 TO 2010
CLIMATE RECORD PERIOD 1871 TO 2016


WEATHER ITEM   OBSERVED TIME   RECORD YEAR NORMAL DEPARTURE LAST
                VALUE   (LST)  VALUE       VALUE  FROM      YEAR
                                                  NORMAL
..................................................................
TEMPERATURE (F)
 YESTERDAY
  MAXIMUM         68    337 PM  84    1991  69     -1       81
  MINIMUM         39    722 AM  25    1876  47     -8       61
  AVERAGE         54                        58     -4       71

PRECIPITATION (IN)
  YESTERDAY        0.00          1.12 1901   0.09  -0.09      T
  MONTH TO DATE    0.06                      0.17  -0.11      T
  SINCE DEC 1      0.06                      0.17  -0.11      T
  SINCE JAN 1     36.29                     49.76 -13.47    43.98

SNOWFALL (IN)
  YESTERDAY        0.0           0.0  2001   0.0    0.0      0.0
  MONTH TO DATE    0.0                       0.0    0.0      0.0
  SINCE DEC 1      0.0                       0.0    0.0      0.0
  SINCE JUL 1      0.0                       0.0    0.0      0.0
  SNOW DEPTH       0

DEGREE DAYS
 HEATING
  YESTERDAY       11                         8      3        0
  MONTH TO DATE   17                        16      1        0
  SINCE DEC 1     17                        16      1        0
  SINCE JUL 1    147                       189    -42       54

 COOLING
  YESTERDAY        0                         1     -1        6
  MONTH TO DATE    0                         2     -2       11
  SINCE DEC 1      0                         2     -2       11
  SINCE JAN 1   2951                      2646    305     2971
..................................................................


WIND (MPH)
  HIGHEST WIND SPEED    12   HIGHEST WIND DIRECTION    NW (320)
  HIGHEST GUST SPEED    15   HIGHEST GUST DIRECTION     W (280)
  AVERAGE WIND SPEED     4.6


SKY COVER
  POSSIBLE SUNSHINE  MM
  AVERAGE SKY COVER 0.3


WEATHER CONDITIONS
 THE FOLLOWING WEATHER WAS RECORDED YESTERDAY.
  NO SIGNIFICANT WEATHER WAS OBSERVED.


RELATIVE HUMIDITY (PERCENT)
 HIGHEST   100           100 AM
 LOWEST     29           300 PM
 AVERAGE    65

..........................................................


THE JACKSONVILLE CLIMATE NORMALS FOR TODAY
                         NORMAL    RECORD    YEAR
 MAXIMUM TEMPERATURE (F)   69        83      1991
 MINIMUM TEMPERATURE (F)   47        24      1876


SUNRISE AND SUNSET
DECEMBER  3 2016......SUNRISE   708 AM EST   SUNSET   525 PM EST
DECEMBER  4 2016......SUNRISE   709 AM EST   SUNSET   526 PM EST


-  INDICATES NEGATIVE NUMBERS.
R  INDICATES RECORD WAS SET OR TIED.
MM INDICATES DATA IS MISSING.
T  INDICATES TRACE AMOUNT.




$$
