228
CDUS44 KMEG 290638
CLIJBR


CLIMATE REPORT
NATIONAL WEATHER SERVICE MEMPHIS TN
137 AM CDT THU SEP 29 2016


...................................

...THE JONESBORO CLIMATE SUMMARY FOR SEPTEMBER 28 2016...

CLIMATE NORMAL PERIOD 1981 TO 2010
CLIMATE RECORD PERIOD 1897 TO 2016


WEATHER ITEM   OBSERVED TIME   RECORD YEAR NORMAL DEPARTURE LAST
                VALUE   (LST)  VALUE       VALUE  FROM      YEAR
                                                  NORMAL
..................................................................
TEMPERATURE (F)
 YESTERDAY
  MAXIMUM         86    153 PM  97    1953  79      7       76
  MINIMUM         57    523 AM  39    1909  55      2       65
                                      1903
  AVERAGE         72                        67      5       71

PRECIPITATION (IN)
  YESTERDAY        0.00          2.00 1906   0.13  -0.13     0.32
  MONTH TO DATE    1.94                      2.78  -0.84     2.51
  SINCE SEP 1      1.94                      2.78  -0.84     2.51
  SINCE JAN 1     42.96                     33.89   9.07    42.60

SNOWFALL (IN)
  YESTERDAY        0.0           0.0  2002   0.0    0.0      0.0
                                      2001
  MONTH TO DATE    0.0                       0.0    0.0      0.0
  SINCE SEP 1      0.0                       0.0    0.0      0.0
  SINCE JUL 1      0.0                       0.0    0.0      0.0
  SNOW DEPTH       0

DEGREE DAYS
 HEATING
  YESTERDAY        0                         2     -2        0
  MONTH TO DATE    0                        14    -14        7
  SINCE SEP 1      0                        14    -14        7
  SINCE JUL 1      0                        14    -14        7

 COOLING
  YESTERDAY        7                         4      3        6
  MONTH TO DATE  356                       217    139      222
  SINCE SEP 1    356                       217    139      222
  SINCE JAN 1   2109                      1763    346     1695
..................................................................


WIND (MPH)
  HIGHEST WIND SPEED    16   HIGHEST WIND DIRECTION     N (10)
  HIGHEST GUST SPEED    23   HIGHEST GUST DIRECTION     N (20)
  AVERAGE WIND SPEED     8.4


SKY COVER
  POSSIBLE SUNSHINE  MM
  AVERAGE SKY COVER 0.0


WEATHER CONDITIONS
 THE FOLLOWING WEATHER WAS RECORDED YESTERDAY.
  NO SIGNIFICANT WEATHER WAS OBSERVED.


RELATIVE HUMIDITY (PERCENT)
 HIGHEST    80           500 AM
 LOWEST     30           500 PM
 AVERAGE    55

..........................................................


THE JONESBORO CLIMATE NORMALS FOR TODAY
                         NORMAL    RECORD    YEAR
 MAXIMUM TEMPERATURE (F)   79       100      1953
                                             1904
 MINIMUM TEMPERATURE (F)   55        37      1896


SUNRISE AND SUNSET
SEPTEMBER 29 2016.....SUNRISE   656 AM CDT   SUNSET   648 PM CDT
SEPTEMBER 30 2016.....SUNRISE   657 AM CDT   SUNSET   647 PM CDT


-  INDICATES NEGATIVE NUMBERS.
R  INDICATES RECORD WAS SET OR TIED.
MM INDICATES DATA IS MISSING.
T  INDICATES TRACE AMOUNT.




$$
