000
CDUS44 KMEG 172244
CLIJBR


CLIMATE REPORT
NATIONAL WEATHER SERVICE MEMPHIS TN
444 PM CST SUN DEC 17 2017


...................................

...THE JONESBORO CLIMATE SUMMARY FOR DECEMBER 17 2017...
VALID TODAY AS OF 0400 PM LOCAL TIME.

CLIMATE NORMAL PERIOD 1981 TO 2010
CLIMATE RECORD PERIOD 1897 TO 2017


WEATHER ITEM   OBSERVED TIME   RECORD YEAR NORMAL DEPARTURE LAST
                VALUE   (LST)  VALUE       VALUE  FROM      YEAR
                                                  NORMAL
..................................................................
TEMPERATURE (F)
 TODAY
  MAXIMUM         49    259 PM  77    1924  47      2       76
  MINIMUM         42    757 AM  10    2000  30     12       29
                                      1989
                                      1932
  AVERAGE         46                        39      7       53

PRECIPITATION (IN)
  TODAY            0.42          2.04 1928   0.14   0.28     0.91
  MONTH TO DATE    0.65                      2.80  -2.15     1.98
  SINCE DEC 1      0.65                      2.80  -2.15     1.98
  SINCE JAN 1     42.70                     46.13  -3.43    50.08

DEGREE DAYS
 HEATING
  TODAY           19                        26     -7       12
  MONTH TO DATE  357                       413    -56      418
  SINCE DEC 1    357                       413    -56      418
  SINCE JUL 1    901                      1063   -162      767

 COOLING
  TODAY            0                         0      0        0
  MONTH TO DATE    0                         0      0        0
  SINCE DEC 1      0                         0      0        0
  SINCE JAN 1   1958                      1827    131     2285
..................................................................


WIND (MPH)
  HIGHEST WIND SPEED    14   HIGHEST WIND DIRECTION     E (110)
  HIGHEST GUST SPEED    15   HIGHEST GUST DIRECTION     E (110)
  AVERAGE WIND SPEED     4.4


SKY COVER
  POSSIBLE SUNSHINE  MM
  AVERAGE SKY COVER 1.0


WEATHER CONDITIONS
 THE FOLLOWING WEATHER WAS RECORDED TODAY.
  RAIN
  LIGHT RAIN
  FOG


RELATIVE HUMIDITY (PERCENT)
 HIGHEST   100           400 AM
 LOWEST     70          1200 AM
 AVERAGE    85

..........................................................


THE JONESBORO CLIMATE NORMALS FOR TOMORROW
                         NORMAL    RECORD    YEAR
 MAXIMUM TEMPERATURE (F)   47        77      1924
 MINIMUM TEMPERATURE (F)   30         8      1964
                                             1932


SUNRISE AND SUNSET
DECEMBER 17 2017......SUNRISE   707 AM CST   SUNSET   451 PM CST
DECEMBER 18 2017......SUNRISE   707 AM CST   SUNSET   451 PM CST


-  INDICATES NEGATIVE NUMBERS.
R  INDICATES RECORD WAS SET OR TIED.
MM INDICATES DATA IS MISSING.
T  INDICATES TRACE AMOUNT.




$$
