000
CDUS44 KMEG 040733
CLIJBR


CLIMATE REPORT
NATIONAL WEATHER SERVICE MEMPHIS TN
132 AM CST WED MAR 4 2015


...................................

...THE JONESBORO CLIMATE SUMMARY FOR MARCH 3 2015...

CLIMATE NORMAL PERIOD 1981 TO 2010
CLIMATE RECORD PERIOD 1897 TO 2015


WEATHER ITEM   OBSERVED TIME   RECORD YEAR NORMAL DEPARTURE LAST
                VALUE   (LST)  VALUE       VALUE  FROM      YEAR
                                                  NORMAL
..................................................................
TEMPERATURE (F)
 YESTERDAY
  MAXIMUM         52    716 PM  83    1910  56     -4       26
  MINIMUM         33    636 AM   9    1943  36     -3       10
  AVERAGE         43                        46     -3       18

PRECIPITATION (IN)
  YESTERDAY        0.19          3.51 2008   0.11   0.08      T
  MONTH TO DATE    0.25                      0.37  -0.12     1.57
  SINCE MAR 1      0.25                      0.37  -0.12     1.57
  SINCE JAN 1      5.08                      7.52  -2.44     6.28

SNOWFALL (IN)
  YESTERDAY        0.0           4.0  1965   0.0    0.0      1.0
  MONTH TO DATE    0.0                       0.1   -0.1      3.2
  SINCE MAR 1      0.0                       0.1   -0.1      3.2
  SINCE JUL 1      1.8                       4.2   -2.4      5.2
  SNOW DEPTH       0

DEGREE DAYS
 HEATING
  YESTERDAY       22                        19      3       47
  MONTH TO DATE   85                        58     27       93
  SINCE MAR 1     85                        58     27       93
  SINCE JUL 1   3333                      3014    319     3358

 COOLING
  YESTERDAY        0                         0      0        0
  MONTH TO DATE    0                         0      0        0
  SINCE MAR 1      0                         0      0        0
  SINCE JAN 1      0                         0      0        0
..................................................................


WIND (MPH)
  HIGHEST WIND SPEED    18   HIGHEST WIND DIRECTION    SW (210)
  HIGHEST GUST SPEED    23   HIGHEST GUST DIRECTION    SW (210)
  AVERAGE WIND SPEED     7.2


SKY COVER
  POSSIBLE SUNSHINE  MM
  AVERAGE SKY COVER 1.0


WEATHER CONDITIONS
 THE FOLLOWING WEATHER WAS RECORDED YESTERDAY.
  HEAVY RAIN
  LIGHT RAIN
  FOG


RELATIVE HUMIDITY (PERCENT)
 HIGHEST   100           500 AM
 LOWEST     69          1200 AM
 AVERAGE    85

..........................................................


THE JONESBORO CLIMATE NORMALS FOR TODAY
                         NORMAL    RECORD    YEAR
 MAXIMUM TEMPERATURE (F)   56        84      1910
 MINIMUM TEMPERATURE (F)   36        16      2014
                                             1978
                                             1960


SUNRISE AND SUNSET
MARCH  4 2015.........SUNRISE   629 AM CST   SUNSET   600 PM CST
MARCH  5 2015.........SUNRISE   628 AM CST   SUNSET   601 PM CST


-  INDICATES NEGATIVE NUMBERS.
R  INDICATES RECORD WAS SET OR TIED.
MM INDICATES DATA IS MISSING.
T  INDICATES TRACE AMOUNT.




$$
