000
CDUS44 KMEG 230632
CLIJBR


CLIMATE REPORT
NATIONAL WEATHER SERVICE MEMPHIS TN
132 AM CDT SUN JUL 23 2017


...................................

...THE JONESBORO CLIMATE SUMMARY FOR JULY 22 2017...

CLIMATE NORMAL PERIOD 1981 TO 2010
CLIMATE RECORD PERIOD 1897 TO 2017


WEATHER ITEM   OBSERVED TIME   RECORD YEAR NORMAL DEPARTURE LAST
                VALUE   (LST)  VALUE       VALUE  FROM      YEAR
                                                  NORMAL
..................................................................
TEMPERATURE (F)
 YESTERDAY
  MAXIMUM         97    259 PM 108    1901  91      6       99
  MINIMUM         80    542 AM  56    1944  71      9       78
                                      1902
  AVERAGE         89                        81      8       89

PRECIPITATION (IN)
  YESTERDAY        0.00          1.78 1992   0.11  -0.11     0.68
  MONTH TO DATE    1.01                      2.73  -1.72     2.08
  SINCE JUN 1      3.76                      6.48  -2.72     2.62
  SINCE JAN 1     30.95                     27.76   3.19    35.05

DEGREE DAYS
 HEATING
  YESTERDAY        0                         0      0        0
  MONTH TO DATE    0                         0      0        0
  SINCE JUN 1      0                         1     -1        0
  SINCE JUL 1      0                         0      0        0

 COOLING
  YESTERDAY       24                        16      8       24
  MONTH TO DATE  379                       351     28      410
  SINCE JUN 1    775                       734     41      896
  SINCE JAN 1   1009                       947     62     1095
..................................................................


WIND (MPH)
  HIGHEST WIND SPEED    22   HIGHEST WIND DIRECTION    SW (220)
  HIGHEST GUST SPEED    26   HIGHEST GUST DIRECTION    SW (220)
  AVERAGE WIND SPEED     9.4


SKY COVER
  POSSIBLE SUNSHINE  MM
  AVERAGE SKY COVER 0.0


WEATHER CONDITIONS
 THE FOLLOWING WEATHER WAS RECORDED YESTERDAY.
  NO SIGNIFICANT WEATHER WAS OBSERVED.


RELATIVE HUMIDITY (PERCENT)
 HIGHEST    94           400 AM
 LOWEST     55           100 PM
 AVERAGE    75

..........................................................


THE JONESBORO CLIMATE NORMALS FOR TODAY
                         NORMAL    RECORD    YEAR
 MAXIMUM TEMPERATURE (F)   91       113      1901
 MINIMUM TEMPERATURE (F)   71        54      1897


SUNRISE AND SUNSET
JULY 23 2017..........SUNRISE   604 AM CDT   SUNSET   814 PM CDT
JULY 24 2017..........SUNRISE   604 AM CDT   SUNSET   813 PM CDT


-  INDICATES NEGATIVE NUMBERS.
R  INDICATES RECORD WAS SET OR TIED.
MM INDICATES DATA IS MISSING.
T  INDICATES TRACE AMOUNT.




$$
