000
CDUS44 KMEG 032156
CLIJBR


CLIMATE REPORT
NATIONAL WEATHER SERVICE MEMPHIS TN
455 PM CDT TUE MAY 3 2016


...................................

...THE JONESBORO CLIMATE SUMMARY FOR MAY 3 2016...
VALID TODAY AS OF 0400 PM LOCAL TIME.

CLIMATE NORMAL PERIOD 1981 TO 2010
CLIMATE RECORD PERIOD 1897 TO 2016


WEATHER ITEM   OBSERVED TIME   RECORD YEAR NORMAL DEPARTURE LAST
                VALUE   (LST)  VALUE       VALUE  FROM      YEAR
                                                  NORMAL
..................................................................
TEMPERATURE (F)
 TODAY
  MAXIMUM         67    342 PM  94    1901  76     -9       81
  MINIMUM         54    554 AM  36    2013  55     -1       47
  AVERAGE         61                        65     -4       64

PRECIPITATION (IN)
  TODAY            0.00          2.41 1958   0.20  -0.20     0.00
  MONTH TO DATE    0.02                      0.57  -0.55     0.00
  SINCE MAR 1     17.70                     10.09   7.61    13.14
  SINCE JAN 1     21.63                     17.24   4.39    17.97

SNOWFALL (IN)
  TODAY            0.0

DEGREE DAYS
 HEATING
  TODAY            4                         2      2        1
  MONTH TO DATE    6                         8     -2       17
  SINCE MAR 1    472                       667   -195      734
  SINCE JUL 1   2961                      3623   -662     3982

 COOLING
  TODAY            0                         3     -3        0
  MONTH TO DATE    5                         7     -2        0
  SINCE MAR 1     55                        54      1       28
  SINCE JAN 1     55                        54      1       28
..................................................................


WIND (MPH)
  HIGHEST WIND SPEED    13   HIGHEST WIND DIRECTION    NW (310)
  HIGHEST GUST SPEED    16   HIGHEST GUST DIRECTION    NW (330)
  AVERAGE WIND SPEED     5.8


SKY COVER
  POSSIBLE SUNSHINE  MM
  AVERAGE SKY COVER 0.8


WEATHER CONDITIONS
 THE FOLLOWING WEATHER WAS RECORDED TODAY.
  NO SIGNIFICANT WEATHER WAS OBSERVED.


RELATIVE HUMIDITY (PERCENT)
 HIGHEST    89           600 AM
 LOWEST     48           200 PM
 AVERAGE    69

..........................................................


THE JONESBORO CLIMATE NORMALS FOR TOMORROW
                         NORMAL    RECORD    YEAR
 MAXIMUM TEMPERATURE (F)   76        94      1906
                                             1901
 MINIMUM TEMPERATURE (F)   55        35      2013


SUNRISE AND SUNSET
MAY  3 2016...........SUNRISE   608 AM CDT   SUNSET   752 PM CDT
MAY  4 2016...........SUNRISE   607 AM CDT   SUNSET   753 PM CDT


-  INDICATES NEGATIVE NUMBERS.
R  INDICATES RECORD WAS SET OR TIED.
MM INDICATES DATA IS MISSING.
T  INDICATES TRACE AMOUNT.




$$
