000
CDUS44 KMEG 170638
CLIJBR


CLIMATE REPORT
NATIONAL WEATHER SERVICE MEMPHIS TN
138 AM CDT THU APR 17 2014


...................................

...THE JONESBORO CLIMATE SUMMARY FOR APRIL 16 2014...

CLIMATE NORMAL PERIOD 1981 TO 2010
CLIMATE RECORD PERIOD 1897 TO 2014


WEATHER ITEM   OBSERVED TIME   RECORD YEAR NORMAL DEPARTURE LAST
                VALUE   (LST)  VALUE       VALUE  FROM      YEAR
                                                  NORMAL
..................................................................
TEMPERATURE (F)
 YESTERDAY
  MAXIMUM         58    454 PM  91    1914  71    -13       86
  MINIMUM         33    501 AM  30    1928  50    -17       65
                                      1905
  AVERAGE         46                        60    -14       76

PRECIPITATION (IN)
  YESTERDAY        0.00          1.76 1921   0.17  -0.17     0.00
  MONTH TO DATE    3.83                      2.50   1.33     1.45
  SINCE MAR 1      8.84                      7.00   1.84     3.54
  SINCE JAN 1     13.55                     14.15  -0.60    13.33

SNOWFALL (IN)
  YESTERDAY        0.0          MM      MM   0.0    0.0      0.0
  MONTH TO DATE    0.0                       0.0    0.0      0.0
  SINCE MAR 1      3.2                       0.7    2.5      4.0
  SINCE JUL 1      5.2                       4.8    0.4     11.0
  SNOW DEPTH       0

DEGREE DAYS
 HEATING
  YESTERDAY       19                         6     13        0
  MONTH TO DATE  151                       135     16      137
  SINCE MAR 1    782                       599    183      752
  SINCE JUL 1   4047                      3555    492     3380

 COOLING
  YESTERDAY        0                         1     -1       11
  MONTH TO DATE   13                        16     -3       34
  SINCE MAR 1     13                        22     -9       34
  SINCE JAN 1     13                        22     -9       34
..................................................................


WIND (MPH)
  HIGHEST WIND SPEED    16   HIGHEST WIND DIRECTION    SE (130)
  HIGHEST GUST SPEED    20   HIGHEST GUST DIRECTION    SE (130)
  AVERAGE WIND SPEED     5.5


SKY COVER
  POSSIBLE SUNSHINE  MM
  AVERAGE SKY COVER 0.0


WEATHER CONDITIONS
 THE FOLLOWING WEATHER WAS RECORDED YESTERDAY.
  NO SIGNIFICANT WEATHER WAS OBSERVED.


RELATIVE HUMIDITY (PERCENT)
 HIGHEST    89           200 AM
 LOWEST     33           400 PM
 AVERAGE    61

..........................................................


THE JONESBORO CLIMATE NORMALS FOR TODAY
                         NORMAL    RECORD    YEAR
 MAXIMUM TEMPERATURE (F)   71        91      2006
 MINIMUM TEMPERATURE (F)   50        32      1951


SUNRISE AND SUNSET
APRIL 17 2014.........SUNRISE   627 AM CDT   SUNSET   738 PM CDT
APRIL 18 2014.........SUNRISE   626 AM CDT   SUNSET   739 PM CDT


-  INDICATES NEGATIVE NUMBERS.
R  INDICATES RECORD WAS SET OR TIED.
MM INDICATES DATA IS MISSING.
T  INDICATES TRACE AMOUNT.




$$
