000
CDUS44 KMEG 210639
CLIJBR


CLIMATE REPORT
NATIONAL WEATHER SERVICE MEMPHIS TN
139 AM CDT SUN SEP 21 2014


...................................

...THE JONESBORO CLIMATE SUMMARY FOR SEPTEMBER 20 2014...

CLIMATE NORMAL PERIOD 1981 TO 2010
CLIMATE RECORD PERIOD 1897 TO 2014


WEATHER ITEM   OBSERVED TIME   RECORD YEAR NORMAL DEPARTURE LAST
                VALUE   (LST)  VALUE       VALUE  FROM      YEAR
                                                  NORMAL
..................................................................
TEMPERATURE (F)
 YESTERDAY
  MAXIMUM         91    303 PM  99    1954  82      9       79
  MINIMUM         62    548 AM  41    1991  59      3       70
  AVERAGE         77                        70      7       75

PRECIPITATION (IN)
  YESTERDAY        0.00          2.50 1900   0.09  -0.09     0.95
  MONTH TO DATE    1.84                      1.95  -0.11     1.19
  SINCE SEP 1      1.84                      1.95  -0.11     1.19
  SINCE JAN 1     35.52                     33.06   2.46    38.64

SNOWFALL (IN)
  YESTERDAY        0.0           0.0  2002   0.0    0.0      0.0
                                      2001
  MONTH TO DATE    0.0                       0.0    0.0      0.0
  SINCE SEP 1      0.0                       0.0    0.0      0.0
  SINCE JUL 1      0.0                       0.0    0.0      0.0
  SNOW DEPTH       0

DEGREE DAYS
 HEATING
  YESTERDAY        0                         1     -1        0
  MONTH TO DATE    9                         3      6        0
  SINCE SEP 1      9                         3      6        0
  SINCE JUL 1      9                         3      6        0

 COOLING
  YESTERDAY       12                         6      6       10
  MONTH TO DATE  187                       179      8      282
  SINCE SEP 1    187                       179      8      282
  SINCE JAN 1   1647                      1725    -78     1882
..................................................................


WIND (MPH)
  HIGHEST WIND SPEED    10   HIGHEST WIND DIRECTION     W (250)
  HIGHEST GUST SPEED    14   HIGHEST GUST DIRECTION     W (250)
  AVERAGE WIND SPEED     2.1


SKY COVER
  POSSIBLE SUNSHINE  MM
  AVERAGE SKY COVER 0.1


WEATHER CONDITIONS
 THE FOLLOWING WEATHER WAS RECORDED YESTERDAY.
  NO SIGNIFICANT WEATHER WAS OBSERVED.


RELATIVE HUMIDITY (PERCENT)
 HIGHEST   100           200 AM
 LOWEST     41           300 PM
 AVERAGE    71

..........................................................


THE JONESBORO CLIMATE NORMALS FOR TODAY
                         NORMAL    RECORD    YEAR
 MAXIMUM TEMPERATURE (F)   81        97      2010
                                             1955
 MINIMUM TEMPERATURE (F)   58        35      1918


SUNRISE AND SUNSET
SEPTEMBER 21 2014.....SUNRISE   650 AM CDT   SUNSET   701 PM CDT
SEPTEMBER 22 2014.....SUNRISE   651 AM CDT   SUNSET   659 PM CDT


-  INDICATES NEGATIVE NUMBERS.
R  INDICATES RECORD WAS SET OR TIED.
MM INDICATES DATA IS MISSING.
T  INDICATES TRACE AMOUNT.




$$
