000
CDUS44 KMEG 070739
CLIJBR


CLIMATE REPORT
NATIONAL WEATHER SERVICE MEMPHIS TN
138 AM CST WED DEC 7 2016


...................................

...THE JONESBORO CLIMATE SUMMARY FOR DECEMBER 6 2016...

CLIMATE NORMAL PERIOD 1981 TO 2010
CLIMATE RECORD PERIOD 1897 TO 2016


WEATHER ITEM   OBSERVED TIME   RECORD YEAR NORMAL DEPARTURE LAST
                VALUE   (LST)  VALUE       VALUE  FROM      YEAR
                                                  NORMAL
..................................................................
TEMPERATURE (F)
 YESTERDAY
  MAXIMUM         56    311 PM  76    1998  50      6       58
                                      1951
  MINIMUM         40   1159 PM  14    1937  33      7       32
  AVERAGE         48                        41      7       45

PRECIPITATION (IN)
  YESTERDAY        0.56          2.05 1936   0.19   0.37     0.00
  MONTH TO DATE    0.87                      1.08  -0.21     0.00
  SINCE DEC 1      0.87                      1.08  -0.21     0.00
  SINCE JAN 1     48.97                     44.41   4.56    58.16

SNOWFALL (IN)
  YESTERDAY        0.0           8.0  1917   0.1   -0.1      0.0
  MONTH TO DATE    0.0                       0.1   -0.1      0.0
  SINCE DEC 1      0.0                       0.1   -0.1      0.0
  SINCE JUL 1      0.0                       0.1   -0.1      0.0
  SNOW DEPTH       0

DEGREE DAYS
 HEATING
  YESTERDAY       17                        24     -7       20
  MONTH TO DATE  127                       137    -10      135
  SINCE DEC 1    127                       137    -10      135
  SINCE JUL 1    476                       787   -311      644

 COOLING
  YESTERDAY        0                         0      0        0
  MONTH TO DATE    0                         0      0        0
  SINCE DEC 1      0                         0      0        0
  SINCE JAN 1   2285                      1827    458     1748
..................................................................


WIND (MPH)
  HIGHEST WIND SPEED    15   HIGHEST WIND DIRECTION    NW (310)
  HIGHEST GUST SPEED    20   HIGHEST GUST DIRECTION    NW (300)
  AVERAGE WIND SPEED     7.8


SKY COVER
  POSSIBLE SUNSHINE  MM
  AVERAGE SKY COVER 0.5


WEATHER CONDITIONS
 THE FOLLOWING WEATHER WAS RECORDED YESTERDAY.
  HEAVY RAIN
  RAIN
  LIGHT RAIN
  FOG


RELATIVE HUMIDITY (PERCENT)
 HIGHEST    96           100 AM
 LOWEST     51           400 PM
 AVERAGE    74

..........................................................


THE JONESBORO CLIMATE NORMALS FOR TODAY
                         NORMAL    RECORD    YEAR
 MAXIMUM TEMPERATURE (F)   50        76      1924
 MINIMUM TEMPERATURE (F)   32         3      1917


SUNRISE AND SUNSET
DECEMBER  7 2016......SUNRISE   700 AM CST   SUNSET   449 PM CST
DECEMBER  8 2016......SUNRISE   701 AM CST   SUNSET   449 PM CST


-  INDICATES NEGATIVE NUMBERS.
R  INDICATES RECORD WAS SET OR TIED.
MM INDICATES DATA IS MISSING.
T  INDICATES TRACE AMOUNT.




$$
