000
CDUS44 KMEG 200739
CLIJBR


CLIMATE REPORT
NATIONAL WEATHER SERVICE MEMPHIS TN
139 AM CST FRI JAN 20 2017


...................................

...THE JONESBORO CLIMATE SUMMARY FOR JANUARY 19 2017...

CLIMATE NORMAL PERIOD 1981 TO 2010
CLIMATE RECORD PERIOD 1897 TO 2017


WEATHER ITEM   OBSERVED TIME   RECORD YEAR NORMAL DEPARTURE LAST
                VALUE   (LST)  VALUE       VALUE  FROM      YEAR
                                                  NORMAL
..................................................................
TEMPERATURE (F)
 YESTERDAY
  MAXIMUM         54    859 PM  72    1914  46      8       28
  MINIMUM         46    249 AM  -5    1940  29     17       20
  AVERAGE         50                        37     13       24

PRECIPITATION (IN)
  YESTERDAY        0.45          2.15 1898   0.10   0.35      T
  MONTH TO DATE    3.41                      2.08   1.33     1.61
  SINCE DEC 1      7.87                      6.85   1.02     7.98
  SINCE JAN 1      3.41                      2.08   1.33     1.61

DEGREE DAYS
 HEATING
  YESTERDAY       15                        28    -13       41
  MONTH TO DATE  447                       532    -85      544
  SINCE DEC 1   1182                      1324   -142     1048
  SINCE JUL 1   1531                      1974   -443     1557

 COOLING
  YESTERDAY        0                         0      0        0
  MONTH TO DATE    0                         0      0        0
  SINCE DEC 1      0                         0      0        3
  SINCE JAN 1      0                         0      0        0
..................................................................


WIND (MPH)
  HIGHEST WIND SPEED    16   HIGHEST WIND DIRECTION    SW (210)
  HIGHEST GUST SPEED    19   HIGHEST GUST DIRECTION    SW (220)
  AVERAGE WIND SPEED     6.6


SKY COVER
  POSSIBLE SUNSHINE  MM
  AVERAGE SKY COVER 1.0


WEATHER CONDITIONS
 THE FOLLOWING WEATHER WAS RECORDED YESTERDAY.
  THUNDERSTORM
  HEAVY RAIN
  RAIN
  LIGHT RAIN
  FOG
  FOG W/VISIBILITY <= 1/4 MILE


RELATIVE HUMIDITY (PERCENT)
 HIGHEST   100           600 AM
 LOWEST     93          1200 AM
 AVERAGE    97

..........................................................


THE JONESBORO CLIMATE NORMALS FOR TODAY
                         NORMAL    RECORD    YEAR
 MAXIMUM TEMPERATURE (F)   46        79      1906
 MINIMUM TEMPERATURE (F)   29       -11      1985


SUNRISE AND SUNSET
JANUARY 20 2017.......SUNRISE   710 AM CST   SUNSET   518 PM CST
JANUARY 21 2017.......SUNRISE   710 AM CST   SUNSET   519 PM CST


-  INDICATES NEGATIVE NUMBERS.
R  INDICATES RECORD WAS SET OR TIED.
MM INDICATES DATA IS MISSING.
T  INDICATES TRACE AMOUNT.




$$
