000
CDUS45 KGGW 080015
CLIJDN


CLIMATE REPORT
NATIONAL WEATHER SERVICE GLASGOW MT
615 PM MDT TUE JUL 7 2015


...................................

...THE JORDAN  ASOS MT CLIMATE SUMMARY FOR JULY 7 2015...
VALID TODAY AS OF 0500 PM LOCAL TIME.

CLIMATE NORMAL PERIOD 1981 TO 2010
CLIMATE RECORD PERIOD 9999 TO 9999


WEATHER ITEM   OBSERVED TIME   RECORD YEAR NORMAL DEPARTURE LAST
                VALUE   (LST)  VALUE       VALUE  FROM      YEAR
                                                  NORMAL
..................................................................
TEMPERATURE (F)
 TODAY
  MAXIMUM         82        MM  MM      MM  84     -2       80
  MINIMUM         50        MM  MM      MM  53     -3       55
  AVERAGE         66                        68     -2       68

PRECIPITATION (IN)
  TODAY            0.00         MM      MM   0.08  -0.08     0.35
  MONTH TO DATE    0.32                      0.62  -0.30     0.35
  SINCE OCT 1      9.14                      9.02   0.12     7.72
  SINCE JAN 1      7.95                      7.48   0.47     5.31

SNOWFALL (IN)
  TODAY            0.0          MM      MM  MM     MM        0.0
  MONTH TO DATE    0.0                      MM     MM        0.0
  SINCE JUN 1      0.0                      MM     MM        0.0
  SINCE JUL 1      0.0                      MM     MM        0.0
  SNOW DEPTH       0

DEGREE DAYS
 HEATING
  TODAY            0                         1     -1        0
  MONTH TO DATE    1                         8     -7        0
  SINCE JUN 1     45                       133    -88      130
  SINCE JUL 1      1                         8     -7        0

 COOLING
  TODAY            1                         4     -3        3
  MONTH TO DATE   33                        28      5       51
  SINCE JUN 1    148                        76     72       76
  SINCE JAN 1    148                        82     66      101
..................................................................


WIND (MPH)
  HIGHEST WIND SPEED    21   HIGHEST WIND DIRECTION     N (340)
  HIGHEST GUST SPEED    MM   HIGHEST GUST DIRECTION    MM
  AVERAGE WIND SPEED     5.4


SKY COVER
  POSSIBLE SUNSHINE  MM
  AVERAGE SKY COVER 0.0


WEATHER CONDITIONS
 THE FOLLOWING WEATHER WAS RECORDED TODAY.
  NO SIGNIFICANT WEATHER WAS OBSERVED.


RELATIVE HUMIDITY (PERCENT)
 HIGHEST    83           600 AM
 LOWEST     28          1200 PM
 AVERAGE    56

..........................................................


THE JORDAN  ASOS MT CLIMATE NORMALS FOR TOMORROW
                         NORMAL    RECORD    YEAR
 MAXIMUM TEMPERATURE (F)   84        MM        MM
 MINIMUM TEMPERATURE (F)   53        MM        MM


SUNRISE AND SUNSET
JULY  7 2015..........SUNRISE   519 AM MDT   SUNSET   905 PM MDT
JULY  8 2015..........SUNRISE   520 AM MDT   SUNSET   905 PM MDT


-  INDICATES NEGATIVE NUMBERS.
R  INDICATES RECORD WAS SET OR TIED.
MM INDICATES DATA IS MISSING.
T  INDICATES TRACE AMOUNT.




$$
