000
CDUS45 KGGW 241230
CLIJDN


CLIMATE REPORT
NATIONAL WEATHER SERVICE GLASGOW MT
630 AM MDT SUN SEP 24 2017


...................................

...THE JORDAN  ASOS MT CLIMATE SUMMARY FOR SEPTEMBER 24 2017...
VALID AS OF 0600 AM LOCAL TIME.

CLIMATE NORMAL PERIOD 1981 TO 2010
CLIMATE RECORD PERIOD 9999 TO 9999


WEATHER ITEM   OBSERVED TIME   RECORD YEAR NORMAL DEPARTURE LAST
                VALUE   (LST)  VALUE       VALUE  FROM      YEAR
                                                  NORMAL
..................................................................
TEMPERATURE (F)
 TODAY
  MAXIMUM         44    400 AM  MM      MM  69    -25       52
  MINIMUM         43    500 AM  MM      MM  38      5       43
  AVERAGE         44                        53     -9       48

PRECIPITATION (IN)
  TODAY            0.00         MM      MM   0.04  -0.04     0.41
  MONTH TO DATE    1.51                      0.96   0.55     1.96
  SINCE OCT 1      8.42                     12.42  -4.00    15.41
  SINCE JAN 1      5.21                     10.88  -5.67    11.72

SNOWFALL (IN)
  TODAY            0.0          MM      MM  MM     MM       MM
  MONTH TO DATE    0.0                      MM     MM        0.0
  SINCE SEP 1      0.0                      MM     MM        0.0
  SINCE JUL 1      0.0                      MM     MM        0.0
  SNOW DEPTH      MM

DEGREE DAYS
 HEATING
  TODAY           21                        12      9       17
  MONTH TO DATE  196                       182     14      199
  SINCE SEP 1    196                       182     14      199
  SINCE JUL 1    214                       247    -33      245

 COOLING
  TODAY            0                         0      0        0
  MONTH TO DATE   39                        24     15       31
  SINCE SEP 1     39                        24     15       31
  SINCE JAN 1    641                       417    224      470
..................................................................


WIND (MPH)
  HIGHEST WIND SPEED     4   HIGHEST WIND DIRECTION     E (70)
  HIGHEST GUST SPEED    MM   HIGHEST GUST DIRECTION    MM
  AVERAGE WIND SPEED     1.2


SKY COVER
  POSSIBLE SUNSHINE  MM
  AVERAGE SKY COVER 0.0


WEATHER CONDITIONS
 THE FOLLOWING WEATHER WAS RECORDED TODAY.
  NO SIGNIFICANT WEATHER WAS OBSERVED.


RELATIVE HUMIDITY (PERCENT)
 HIGHEST    89           200 AM
 LOWEST     83          1200 AM
 AVERAGE    86

..........................................................


THE JORDAN  ASOS MT CLIMATE NORMALS FOR TOMORROW
                         NORMAL    RECORD    YEAR
 MAXIMUM TEMPERATURE (F)   68        MM        MM
 MINIMUM TEMPERATURE (F)   37        MM        MM


SUNRISE AND SUNSET
SEPTEMBER 24 2017.....SUNRISE   657 AM MDT   SUNSET   700 PM MDT
SEPTEMBER 25 2017.....SUNRISE   659 AM MDT   SUNSET   658 PM MDT


-  INDICATES NEGATIVE NUMBERS.
R  INDICATES RECORD WAS SET OR TIED.
MM INDICATES DATA IS MISSING.
T  INDICATES TRACE AMOUNT.




$$
