000
CDUS45 KGGW 190017
CLIJDN


CLIMATE REPORT
NATIONAL WEATHER SERVICE GLASGOW MT
516 PM MST WED JAN 18 2017


...................................

...THE JORDAN  ASOS MT CLIMATE SUMMARY FOR JANUARY 18 2017...
VALID TODAY AS OF 0500 PM LOCAL TIME.

CLIMATE NORMAL PERIOD 1981 TO 2010
CLIMATE RECORD PERIOD 9999 TO 9999


WEATHER ITEM   OBSERVED TIME   RECORD YEAR NORMAL DEPARTURE LAST
                VALUE   (LST)  VALUE       VALUE  FROM      YEAR
                                                  NORMAL
..................................................................
TEMPERATURE (F)
 TODAY
  MAXIMUM         47        MM  MM      MM  29     18       32
  MINIMUM         37        MM  MM      MM   6     31        4
  AVERAGE         42                        17     25       18

PRECIPITATION (IN)
  TODAY            0.00         MM      MM   0.00   0.00     0.06
  MONTH TO DATE    0.53                      0.15   0.38     0.22
  SINCE OCT 1      3.74                      1.69   2.05     3.91
  SINCE JAN 1      0.53                      0.15   0.38     0.22

SNOWFALL (IN)
  TODAY            0.0          MM      MM  MM     MM       MM
  MONTH TO DATE    0.0                      MM     MM        0.0
  SINCE DEC 1      0.0                      MM     MM        0.0
  SINCE JUL 1      0.0                      MM     MM        0.0
  SNOW DEPTH       0

DEGREE DAYS
 HEATING
  TODAY           23                        48    -25       47
  MONTH TO DATE 1059                       871    188      938
  SINCE DEC 1   2657                      2303    354     2281
  SINCE JUL 1   4220                      4321   -101     3986

 COOLING
  TODAY            0                         0      0        0
  MONTH TO DATE    0                         0      0        0
  SINCE DEC 1      0                         0      0        0
  SINCE JAN 1      0                         0      0        0
..................................................................


WIND (MPH)
  HIGHEST WIND SPEED    17   HIGHEST WIND DIRECTION    SW (240)
  HIGHEST GUST SPEED    29   HIGHEST GUST DIRECTION    SW (240)
  AVERAGE WIND SPEED     9.4


SKY COVER
  POSSIBLE SUNSHINE  MM
  AVERAGE SKY COVER 0.0


WEATHER CONDITIONS
 THE FOLLOWING WEATHER WAS RECORDED TODAY.
  NO SIGNIFICANT WEATHER WAS OBSERVED.


RELATIVE HUMIDITY (PERCENT)
 HIGHEST    70          1200 AM
 LOWEST     45          1200 PM
 AVERAGE    58

..........................................................


THE JORDAN  ASOS MT CLIMATE NORMALS FOR TOMORROW
                         NORMAL    RECORD    YEAR
 MAXIMUM TEMPERATURE (F)   29        MM        MM
 MINIMUM TEMPERATURE (F)    6        MM        MM


SUNRISE AND SUNSET
JANUARY 18 2017.......SUNRISE   747 AM MST   SUNSET   449 PM MST
JANUARY 19 2017.......SUNRISE   747 AM MST   SUNSET   450 PM MST


-  INDICATES NEGATIVE NUMBERS.
R  INDICATES RECORD WAS SET OR TIED.
MM INDICATES DATA IS MISSING.
T  INDICATES TRACE AMOUNT.




$$
