000
CDUS45 KGGW 270745
CLIJDN


CLIMATE REPORT
NATIONAL WEATHER SERVICE GLASGOW MT
145 AM MDT SAT AUG 27 2016


...................................

...THE JORDAN  ASOS MT CLIMATE SUMMARY FOR AUGUST 26 2016...

CLIMATE NORMAL PERIOD 1981 TO 2010
CLIMATE RECORD PERIOD 9999 TO 9999


WEATHER ITEM   OBSERVED TIME   RECORD YEAR NORMAL DEPARTURE LAST
                VALUE   (LST)  VALUE       VALUE  FROM      YEAR
                                                  NORMAL
..................................................................
TEMPERATURE (F)
 YESTERDAY
  MAXIMUM         73    202 PM  MM      MM  83    -10       95
  MINIMUM         45   1159 PM  MM      MM  50     -5       54
  AVERAGE         59                        66     -7       75

PRECIPITATION (IN)
  YESTERDAY        0.09         MM      MM   0.02   0.07     0.00
  MONTH TO DATE    0.49                      1.07  -0.58     1.60
  SINCE OCT 1     13.45                     11.34   2.11    11.75
  SINCE JAN 1      9.76                      9.80  -0.04    10.56

SNOWFALL (IN)
  YESTERDAY       MM            MM      MM  MM     MM        0.0
  MONTH TO DATE    0.0                      MM     MM        0.0
  SINCE JUN 1      0.0                      MM     MM        0.0
  SINCE JUL 1      0.0                      MM     MM        0.0
  SNOW DEPTH       0

DEGREE DAYS
 HEATING
  YESTERDAY        6                         2      4        0
  MONTH TO DATE   31                        27      4       51
  SINCE JUN 1     80                       177    -97       97
  SINCE JUL 1     44                        52     -8       53

 COOLING
  YESTERDAY        0                         3     -3       10
  MONTH TO DATE  126                       148    -22      162
  SINCE JUN 1    403                       373     30      466
  SINCE JAN 1    406                       379     27      466
..................................................................


WIND (MPH)
  HIGHEST WIND SPEED    28   HIGHEST WIND DIRECTION    NW (330)
  HIGHEST GUST SPEED    35   HIGHEST GUST DIRECTION     N (340)
  AVERAGE WIND SPEED     5.4


SKY COVER
  POSSIBLE SUNSHINE  MM
  AVERAGE SKY COVER 0.0


WEATHER CONDITIONS
 THE FOLLOWING WEATHER WAS RECORDED YESTERDAY.
  NO SIGNIFICANT WEATHER WAS OBSERVED.


RELATIVE HUMIDITY (PERCENT)
 HIGHEST    86          1000 PM
 LOWEST     35           100 PM
 AVERAGE    61

..........................................................


THE JORDAN  ASOS MT CLIMATE NORMALS FOR TODAY
                         NORMAL    RECORD    YEAR
 MAXIMUM TEMPERATURE (F)   83        MM        MM
 MINIMUM TEMPERATURE (F)   49        MM        MM


SUNRISE AND SUNSET
AUGUST 27 2016........SUNRISE   620 AM MDT   SUNSET   756 PM MDT
AUGUST 28 2016........SUNRISE   622 AM MDT   SUNSET   754 PM MDT


-  INDICATES NEGATIVE NUMBERS.
R  INDICATES RECORD WAS SET OR TIED.
MM INDICATES DATA IS MISSING.
T  INDICATES TRACE AMOUNT.




$$
