436
CDUS45 KBOI 240932
CLIJER


CLIMATE REPORT
NATIONAL WEATHER SERVICE BOISE ID
232 AM MST SAT FEB 24 2018


...................................

...THE JEROME ID CLIMATE SUMMARY FOR FEBRUARY 23 2018...

CLIMATE NORMAL PERIOD 1981 TO 2010
CLIMATE RECORD PERIOD 1915 TO 2018


WEATHER ITEM   OBSERVED TIME   RECORD YEAR NORMAL DEPARTURE LAST
                VALUE   (LST)  VALUE       VALUE  FROM      YEAR
                                                  NORMAL
..................................................................
TEMPERATURE (F)
 YESTERDAY
  MAXIMUM         28    422 PM  64    1954  42    -14       MM
  MINIMUM         13    919 AM   7    1922  24    -11       MM
  AVERAGE         21                        33    -12       MM

PRECIPITATION (IN)
  YESTERDAY        T             0.46 1940   0.03  -0.03    MM
  MONTH TO DATE    0.12                      0.70  -0.58     1.37
  SINCE OCT 1      3.97                      5.28  -1.31     7.18
  SINCE JAN 1      1.42                      1.76  -0.34     2.66

DEGREE DAYS
 HEATING
  YESTERDAY       44                        32     12       MM
  MONTH TO DATE  688                       807   -119      555
  SINCE DEC 1   2754                      3181   -427     3119
  SINCE JUL 1   4210                      4732   -522     4345

 COOLING
  YESTERDAY        0                         0      0       MM
  MONTH TO DATE    0                         0      0        0
  SINCE DEC 1      0                         0      0        0
  SINCE JAN 1      0                         0      0        0
..................................................................


WIND (MPH)
  HIGHEST WIND SPEED    25   HIGHEST WIND DIRECTION    SW (240)
  HIGHEST GUST SPEED    30   HIGHEST GUST DIRECTION    SW (240)
  AVERAGE WIND SPEED    13.3


SKY COVER
  AVERAGE SKY COVER 0.5


WEATHER CONDITIONS
 THE FOLLOWING WEATHER WAS RECORDED YESTERDAY.
  LIGHT SNOW
  FOG


RELATIVE HUMIDITY (PERCENT)
 HIGHEST    96           600 AM
 LOWEST     46           500 PM
 AVERAGE    71

..........................................................


THE JEROME ID CLIMATE NORMALS FOR TODAY
                         NORMAL    RECORD    YEAR
 MAXIMUM TEMPERATURE (F)   43        62      1995
 MINIMUM TEMPERATURE (F)   24        12      2003
                                             1974
                                             1960


SUNRISE AND SUNSET
FEBRUARY 24 2018......SUNRISE   721 AM MST   SUNSET   621 PM MST
FEBRUARY 25 2018......SUNRISE   720 AM MST   SUNSET   622 PM MST


-  INDICATES NEGATIVE NUMBERS.
R  INDICATES RECORD WAS SET OR TIED.
MM INDICATES DATA IS MISSING.
T  INDICATES TRACE AMOUNT.




$$
