000
CDUS45 KBOI 280936
CLIJER


CLIMATE REPORT
NATIONAL WEATHER SERVICE BOISE ID
335 AM MDT THU JUL 28 2016


...................................

...THE JEROME ID CLIMATE SUMMARY FOR JULY 27 2016...

CLIMATE NORMAL PERIOD 1981 TO 2010
CLIMATE RECORD PERIOD 1915 TO 2016


WEATHER ITEM   OBSERVED TIME   RECORD YEAR NORMAL DEPARTURE LAST
                VALUE   (LST)  VALUE       VALUE  FROM      YEAR
                                                  NORMAL
..................................................................
TEMPERATURE (F)
 YESTERDAY
  MAXIMUM         98    450 PM 107    1934  88     10       70
  MINIMUM         61   1247 AM  43    1919  57      4       50
  AVERAGE         80                        73      7       60

PRECIPITATION (IN)
  YESTERDAY        0.00          0.22 1965   0.00   0.00     0.08
  MONTH TO DATE    0.03                      0.19  -0.16     0.46
  SINCE OCT 1      9.99                     10.08  -0.09     8.67
  SINCE JAN 1      5.40                      6.56  -1.16     5.77

DEGREE DAYS
 HEATING
  YESTERDAY        0                         0      0        5
  MONTH TO DATE   15                        10      5        5
  SINCE JUN 1     57                       117    -60       20
  SINCE JUL 1     15                        10      5        5

 COOLING
  YESTERDAY       15                         8      7        0
  MONTH TO DATE  175                       172      3      186
  SINCE JUN 1    336                       240     96      400
  SINCE JAN 1    340                       253     87      410
..................................................................


WIND (MPH)
  HIGHEST WIND SPEED    15   HIGHEST WIND DIRECTION     E (70)
  HIGHEST GUST SPEED    18   HIGHEST GUST DIRECTION     E (70)
  AVERAGE WIND SPEED     6.5


SKY COVER
  AVERAGE SKY COVER 0.0


WEATHER CONDITIONS
 THE FOLLOWING WEATHER WAS RECORDED YESTERDAY.
  NO SIGNIFICANT WEATHER WAS OBSERVED.


RELATIVE HUMIDITY (PERCENT)
 HIGHEST    48           100 AM
 LOWEST     13           500 PM
 AVERAGE    31

..........................................................


THE JEROME ID CLIMATE NORMALS FOR TODAY
                         NORMAL    RECORD    YEAR
 MAXIMUM TEMPERATURE (F)   88       108      1934
 MINIMUM TEMPERATURE (F)   57        41      2015


SUNRISE AND SUNSET
JULY 28 2016..........SUNRISE   626 AM MDT   SUNSET   902 PM MDT
JULY 29 2016..........SUNRISE   627 AM MDT   SUNSET   901 PM MDT


-  INDICATES NEGATIVE NUMBERS.
R  INDICATES RECORD WAS SET OR TIED.
MM INDICATES DATA IS MISSING.
T  INDICATES TRACE AMOUNT.




$$
