000
CDUS45 KBOI 190930
CLIJER


CLIMATE REPORT
NATIONAL WEATHER SERVICE BOISE ID
330 AM MDT TUE AUG 19 2014


...................................

...THE JEROME ID CLIMATE SUMMARY FOR AUGUST 18 2014...

CLIMATE NORMAL PERIOD 1981 TO 2010
CLIMATE RECORD PERIOD 1919 TO 2014


WEATHER ITEM   OBSERVED TIME   RECORD YEAR NORMAL DEPARTURE LAST
                VALUE   (LST)  VALUE       VALUE  FROM      YEAR
                                                  NORMAL
..................................................................
TEMPERATURE (F)
 YESTERDAY
  MAXIMUM         89    304 PM 104    2001  86      3       92
  MINIMUM         56    628 AM  40    1978  54      2       60
  AVERAGE         73                        70      3       76

PRECIPITATION (IN)
  YESTERDAY        0.00          0.45 1922   0.00   0.00     0.00
  MONTH TO DATE    2.86                      0.14   2.72      T
  SINCE OCT 1      8.51                     10.26  -1.75     5.82
  SINCE JAN 1      7.91                      6.74   1.17     2.52

DEGREE DAYS
 HEATING
  YESTERDAY        0                         0      0        0
  MONTH TO DATE    5                         0      5        0
  SINCE JUN 1     79                       119    -40       78
  SINCE JUL 1      5                        12     -7        0

 COOLING
  YESTERDAY        8                         6      2       11
  MONTH TO DATE  138                       124     14      173
  SINCE JUN 1    555                       394    161      679
  SINCE JAN 1    565                       407    158      694
..................................................................


WIND (MPH)
  HIGHEST WIND SPEED    15   HIGHEST WIND DIRECTION    NE (60)
  HIGHEST GUST SPEED    24   HIGHEST GUST DIRECTION    NE (40)
  AVERAGE WIND SPEED     5.3


SKY COVER
  AVERAGE SKY COVER 0.0


WEATHER CONDITIONS
 THE FOLLOWING WEATHER WAS RECORDED YESTERDAY.
  NO SIGNIFICANT WEATHER WAS OBSERVED.


RELATIVE HUMIDITY (PERCENT)
 HIGHEST    77           600 AM
 LOWEST     18           700 PM
 AVERAGE    48

..........................................................


THE JEROME ID CLIMATE NORMALS FOR TODAY
                         NORMAL    RECORD    YEAR
 MAXIMUM TEMPERATURE (F)   86       102      1999
 MINIMUM TEMPERATURE (F)   54        38      1920


SUNRISE AND SUNSET
AUGUST 19 2014........SUNRISE   649 AM MDT   SUNSET   833 PM MDT
AUGUST 20 2014........SUNRISE   650 AM MDT   SUNSET   832 PM MDT


-  INDICATES NEGATIVE NUMBERS.
R  INDICATES RECORD WAS SET OR TIED.
MM INDICATES DATA IS MISSING.
T  INDICATES TRACE AMOUNT.




$$
