000
CDUS45 KBOI 020934
CLIJER


CLIMATE REPORT
NATIONAL WEATHER SERVICE BOISE ID
333 AM MDT MON MAY 2 2016


...................................

...THE JEROME ID CLIMATE SUMMARY FOR MAY 1 2016...

CLIMATE NORMAL PERIOD 1981 TO 2010
CLIMATE RECORD PERIOD 1915 TO 2016


WEATHER ITEM   OBSERVED TIME   RECORD YEAR NORMAL DEPARTURE LAST
                VALUE   (LST)  VALUE       VALUE  FROM      YEAR
                                                  NORMAL
..................................................................
TEMPERATURE (F)
 YESTERDAY
  MAXIMUM         66    345 PM  84    1947  63      3       75
  MINIMUM         41   1151 PM  19    1953  38      3       36
  AVERAGE         54                        50      4       56

PRECIPITATION (IN)
  YESTERDAY        0.01          0.84 1959   0.06  -0.05     0.00
  MONTH TO DATE    0.01                      0.06  -0.05     0.00
  SINCE OCT 1      8.56                      7.94   0.62     4.91
  SINCE JAN 1      3.97                      4.42  -0.45     2.01

DEGREE DAYS
 HEATING
  YESTERDAY       11                        15     -4        9
  MONTH TO DATE   11                        15     -4        9
  SINCE MAR 1   1072                      1331   -259     1071
  SINCE JUL 1   5611                      6218   -607     5113

 COOLING
  YESTERDAY        0                         0      0        0
  MONTH TO DATE    0                         0      0        0
  SINCE MAR 1      1                         0      1        0
  SINCE JAN 1      1                         0      1        0
..................................................................


WIND (MPH)
  HIGHEST WIND SPEED    29   HIGHEST WIND DIRECTION    NE (60)
  HIGHEST GUST SPEED    35   HIGHEST GUST DIRECTION    NE (50)
  AVERAGE WIND SPEED    14.8


SKY COVER
  AVERAGE SKY COVER 0.2


WEATHER CONDITIONS
 THE FOLLOWING WEATHER WAS RECORDED YESTERDAY.
  LIGHT RAIN


RELATIVE HUMIDITY (PERCENT)
 HIGHEST    92           200 AM
 LOWEST     26           300 PM
 AVERAGE    59

..........................................................


THE JEROME ID CLIMATE NORMALS FOR TODAY
                         NORMAL    RECORD    YEAR
 MAXIMUM TEMPERATURE (F)   63        92      1985
 MINIMUM TEMPERATURE (F)   38        24      1954


SUNRISE AND SUNSET
MAY  2 2016...........SUNRISE   630 AM MDT   SUNSET   840 PM MDT
MAY  3 2016...........SUNRISE   629 AM MDT   SUNSET   841 PM MDT


-  INDICATES NEGATIVE NUMBERS.
R  INDICATES RECORD WAS SET OR TIED.
MM INDICATES DATA IS MISSING.
T  INDICATES TRACE AMOUNT.




$$
