000
CDUS45 KBOI 100932
CLIJER


CLIMATE REPORT
NATIONAL WEATHER SERVICE BOISE ID
232 AM MST SUN DEC 10 2017


...................................

...THE JEROME ID CLIMATE SUMMARY FOR DECEMBER 9 2017...

CLIMATE NORMAL PERIOD 1981 TO 2010
CLIMATE RECORD PERIOD 1915 TO 2017


WEATHER ITEM   OBSERVED TIME   RECORD YEAR NORMAL DEPARTURE LAST
                VALUE   (LST)  VALUE       VALUE  FROM      YEAR
                                                  NORMAL
..................................................................
TEMPERATURE (F)
 YESTERDAY
  MAXIMUM         26    417 PM  56    1976  35     -9       39
  MINIMUM         15    928 PM -13    1972  20     -5       21
  AVERAGE         21                        28     -7       30

PRECIPITATION (IN)
  YESTERDAY        0.00          0.63 1992   0.05  -0.05     0.17
  MONTH TO DATE    0.02                      0.45  -0.43     0.37
  SINCE OCT 1      2.39                      2.48  -0.09     3.25
  SINCE JAN 1      9.92                      9.77   0.15    10.26

DEGREE DAYS
 HEATING
  YESTERDAY       44                        37      7       35
  MONTH TO DATE  314                       326    -12      355
  SINCE DEC 1    314                       326    -12      355
  SINCE JUL 1   1770                      1877   -107     1581

 COOLING
  YESTERDAY        0                         0      0        0
  MONTH TO DATE    0                         0      0        0
  SINCE DEC 1      0                         0      0        0
  SINCE JAN 1    929                       510    419      612
..................................................................


WIND (MPH)
  HIGHEST WIND SPEED    12   HIGHEST WIND DIRECTION     E (100)
  HIGHEST GUST SPEED    13   HIGHEST GUST DIRECTION    NE (60)
  AVERAGE WIND SPEED     5.6


SKY COVER
  AVERAGE SKY COVER 0.8


WEATHER CONDITIONS
 THE FOLLOWING WEATHER WAS RECORDED YESTERDAY.
  FOG
  FOG W/VISIBILITY <= 1/4 MILE


RELATIVE HUMIDITY (PERCENT)
 HIGHEST    92           500 AM
 LOWEST     74           500 PM
 AVERAGE    83

..........................................................


THE JEROME ID CLIMATE NORMALS FOR TODAY
                         NORMAL    RECORD    YEAR
 MAXIMUM TEMPERATURE (F)   35        54      1950
 MINIMUM TEMPERATURE (F)   20       -15      1972


SUNRISE AND SUNSET
DECEMBER 10 2017......SUNRISE   757 AM MST   SUNSET   504 PM MST
DECEMBER 11 2017......SUNRISE   758 AM MST   SUNSET   504 PM MST


-  INDICATES NEGATIVE NUMBERS.
R  INDICATES RECORD WAS SET OR TIED.
MM INDICATES DATA IS MISSING.
T  INDICATES TRACE AMOUNT.




$$
