000
CDUS45 KBOI 010933
CLIJER


CLIMATE REPORT
NATIONAL WEATHER SERVICE BOISE ID
233 AM MST SUN MAR 1 2015


...................................

...THE JEROME ID CLIMATE SUMMARY FOR FEBRUARY 28 2015...

CLIMATE NORMAL PERIOD 1981 TO 2010
CLIMATE RECORD PERIOD 1919 TO 2015


WEATHER ITEM   OBSERVED TIME   RECORD YEAR NORMAL DEPARTURE LAST
                VALUE   (LST)  VALUE       VALUE  FROM      YEAR
                                                  NORMAL
..................................................................
TEMPERATURE (F)
 YESTERDAY
  MAXIMUM         48    426 PM  68    1980  44      4       53
  MINIMUM         29   1159 PM   2    1993  26      3       33
  AVERAGE         39                        35      4       43

PRECIPITATION (IN)
  YESTERDAY        0.00          0.66 1972   0.04  -0.04      T
  MONTH TO DATE    0.32                      0.88  -0.56     1.60
  SINCE OCT 1      4.41                      5.46  -1.05     2.94
  SINCE JAN 1      1.51                      1.94  -0.43     2.34

DEGREE DAYS
 HEATING
  YESTERDAY       26                        30     -4       22
  MONTH TO DATE  668                       961   -293      821
  SINCE DEC 1   2706                      3336   -630     3185
  SINCE JUL 1   4042                      4887   -845     4668

 COOLING
  YESTERDAY        0                         0      0        0
  MONTH TO DATE    0                         0      0        0
  SINCE DEC 1      0                         0      0        0
  SINCE JAN 1      0                         0      0        0
..................................................................


WIND (MPH)
  HIGHEST WIND SPEED    30   HIGHEST WIND DIRECTION    NE (50)
  HIGHEST GUST SPEED    35   HIGHEST GUST DIRECTION    NE (50)
  AVERAGE WIND SPEED    16.4


SKY COVER
  AVERAGE SKY COVER 0.7


WEATHER CONDITIONS
 THE FOLLOWING WEATHER WAS RECORDED YESTERDAY.
  NO SIGNIFICANT WEATHER WAS OBSERVED.


RELATIVE HUMIDITY (PERCENT)
 HIGHEST    69           900 PM
 LOWEST     25           300 PM
 AVERAGE    47

..........................................................


THE JEROME ID CLIMATE NORMALS FOR TODAY
                         NORMAL    RECORD    YEAR
 MAXIMUM TEMPERATURE (F)   45        70      1992
 MINIMUM TEMPERATURE (F)   26        -1      1993


SUNRISE AND SUNSET
MARCH  1 2015.........SUNRISE   714 AM MST   SUNSET   627 PM MST
MARCH  2 2015.........SUNRISE   712 AM MST   SUNSET   628 PM MST


-  INDICATES NEGATIVE NUMBERS.
R  INDICATES RECORD WAS SET OR TIED.
MM INDICATES DATA IS MISSING.
T  INDICATES TRACE AMOUNT.




$$
