000
CDUS45 KBOI 240931
CLIJER


CLIMATE REPORT
NATIONAL WEATHER SERVICE BOISE ID
331 AM MDT THU APR 24 2014


...................................

...THE JEROME ID CLIMATE SUMMARY FOR APRIL 23 2014...

CLIMATE NORMAL PERIOD 1981 TO 2010
CLIMATE RECORD PERIOD 1919 TO 2014


WEATHER ITEM   OBSERVED TIME   RECORD YEAR NORMAL DEPARTURE LAST
                VALUE   (LST)  VALUE       VALUE  FROM      YEAR
                                                  NORMAL
..................................................................
TEMPERATURE (F)
 YESTERDAY
  MAXIMUM         54    345 PM  87    2012  60     -6       52
  MINIMUM         31    603 AM  24    1968  36     -5       25
  AVERAGE         43                        48     -5       39

PRECIPITATION (IN)
  YESTERDAY        0.00          0.45 2007   0.04  -0.04     0.00
  MONTH TO DATE    0.28                      1.01  -0.73     0.70
  SINCE OCT 1      4.53                      7.55  -3.02     5.50
  SINCE JAN 1      3.93                      4.03  -0.10     2.20

DEGREE DAYS
 HEATING
  YESTERDAY       22                        17      5       26
  MONTH TO DATE  382                       437    -55      483
  SINCE MAR 1   1082                      1206   -124     1206
  SINCE JUL 1   5750                      6093   -343     5831

 COOLING
  YESTERDAY        0                         0      0        0
  MONTH TO DATE    0                         0      0        0
  SINCE MAR 1      0                         0      0        0
  SINCE JAN 1      0                         0      0        0
..................................................................


WIND (MPH)
  HIGHEST WIND SPEED    23   HIGHEST WIND DIRECTION     W (260)
  HIGHEST GUST SPEED    28   HIGHEST GUST DIRECTION     W (250)
  AVERAGE WIND SPEED    12.3


SKY COVER
  AVERAGE SKY COVER 0.2


WEATHER CONDITIONS
 THE FOLLOWING WEATHER WAS RECORDED YESTERDAY.
  NO SIGNIFICANT WEATHER WAS OBSERVED.


RELATIVE HUMIDITY (PERCENT)
 HIGHEST    92          1200 AM
 LOWEST     35           300 PM
 AVERAGE    64

..........................................................


THE JEROME ID CLIMATE NORMALS FOR TODAY
                         NORMAL    RECORD    YEAR
 MAXIMUM TEMPERATURE (F)   61        88      1977
 MINIMUM TEMPERATURE (F)   36        17      1950


SUNRISE AND SUNSET
APRIL 24 2014.........SUNRISE   642 AM MDT   SUNSET   830 PM MDT
APRIL 25 2014.........SUNRISE   641 AM MDT   SUNSET   831 PM MDT


-  INDICATES NEGATIVE NUMBERS.
R  INDICATES RECORD WAS SET OR TIED.
MM INDICATES DATA IS MISSING.
T  INDICATES TRACE AMOUNT.




$$
