000
CDUS45 KBOI 270931
CLIJER


CLIMATE REPORT
NATIONAL WEATHER SERVICE BOISE ID
330 AM MDT TUE SEP 27 2016


...................................

...THE JEROME ID CLIMATE SUMMARY FOR SEPTEMBER 26 2016...

CLIMATE NORMAL PERIOD 1981 TO 2010
CLIMATE RECORD PERIOD 1915 TO 2016


WEATHER ITEM   OBSERVED TIME   RECORD YEAR NORMAL DEPARTURE LAST
                VALUE   (LST)  VALUE       VALUE  FROM      YEAR
                                                  NORMAL
..................................................................
TEMPERATURE (F)
 YESTERDAY
  MAXIMUM         79    319 PM  91    1952  70      9       84
  MINIMUM         47    620 AM  23    1926  43      4       58
  AVERAGE         63                        57      6       71

PRECIPITATION (IN)
  YESTERDAY        0.00          1.32 1923   0.03  -0.03     0.00
  MONTH TO DATE    1.55                      0.35   1.20     0.57
  SINCE OCT 1     11.58                     10.73   0.85    10.20
  SINCE JAN 1      6.99                      7.21  -0.22     7.30

DEGREE DAYS
 HEATING
  YESTERDAY        2                         9     -7        0
  MONTH TO DATE  175                       132     43       94
  SINCE SEP 1    175                       132     43       94
  SINCE JUL 1    197                       165     32      109

 COOLING
  YESTERDAY        0                         0      0        6
  MONTH TO DATE   18                        44    -26       56
  SINCE SEP 1     18                        44    -26       56
  SINCE JAN 1    600                       509     91      699
..................................................................


WIND (MPH)
  HIGHEST WIND SPEED    14   HIGHEST WIND DIRECTION     E (70)
  HIGHEST GUST SPEED    18   HIGHEST GUST DIRECTION    NE (60)
  AVERAGE WIND SPEED     9.4


SKY COVER
  AVERAGE SKY COVER 0.0


WEATHER CONDITIONS
 THE FOLLOWING WEATHER WAS RECORDED YESTERDAY.
  NO SIGNIFICANT WEATHER WAS OBSERVED.


RELATIVE HUMIDITY (PERCENT)
 HIGHEST    71           500 AM
 LOWEST     25           400 PM
 AVERAGE    48

..........................................................


THE JEROME ID CLIMATE NORMALS FOR TODAY
                         NORMAL    RECORD    YEAR
 MAXIMUM TEMPERATURE (F)   70        93      1969
 MINIMUM TEMPERATURE (F)   43        26      1948


SUNRISE AND SUNSET
SEPTEMBER 27 2016.....SUNRISE   731 AM MDT   SUNSET   725 PM MDT
SEPTEMBER 28 2016.....SUNRISE   732 AM MDT   SUNSET   723 PM MDT


-  INDICATES NEGATIVE NUMBERS.
R  INDICATES RECORD WAS SET OR TIED.
MM INDICATES DATA IS MISSING.
T  INDICATES TRACE AMOUNT.




$$
