000
CDUS45 KBOI 050932
CLIJER


CLIMATE REPORT
NATIONAL WEATHER SERVICE BOISE ID
231 AM MST MON DEC 5 2016


...................................

...THE JEROME ID CLIMATE SUMMARY FOR DECEMBER 4 2016...

CLIMATE NORMAL PERIOD 1981 TO 2010
CLIMATE RECORD PERIOD 1915 TO 2016


WEATHER ITEM   OBSERVED TIME   RECORD YEAR NORMAL DEPARTURE LAST
                VALUE   (LST)  VALUE       VALUE  FROM      YEAR
                                                  NORMAL
..................................................................
TEMPERATURE (F)
 YESTERDAY
  MAXIMUM         47    556 PM  54    2014  37     10       39
                                      2003
  MINIMUM         29   1159 PM  -7    1992  21      8       29
  AVERAGE         38                        29      9       34

PRECIPITATION (IN)
  YESTERDAY        0.11          0.66 2012   0.06   0.05      T
  MONTH TO DATE    0.11                      0.21  -0.10      T
  SINCE OCT 1      2.99                      2.24   0.75     3.25
  SINCE JAN 1     10.00                      9.53   0.47    10.55

DEGREE DAYS
 HEATING
  YESTERDAY       27                        36     -9       31
  MONTH TO DATE  131                       142    -11      167
  SINCE DEC 1    131                       142    -11      167
  SINCE JUL 1   1357                      1693   -336     1500

 COOLING
  YESTERDAY        0                         0      0        0
  MONTH TO DATE    0                         0      0        0
  SINCE DEC 1      0                         0      0        0
  SINCE JAN 1    612                       510    102      713
..................................................................


WIND (MPH)
  HIGHEST WIND SPEED    29   HIGHEST WIND DIRECTION    SW (240)
  HIGHEST GUST SPEED    36   HIGHEST GUST DIRECTION     W (280)
  AVERAGE WIND SPEED    12.1


SKY COVER
  AVERAGE SKY COVER 0.8


WEATHER CONDITIONS
 THE FOLLOWING WEATHER WAS RECORDED YESTERDAY.
  LIGHT RAIN
  LIGHT SNOW
  FOG
  FOG W/VISIBILITY <= 1/4 MILE


RELATIVE HUMIDITY (PERCENT)
 HIGHEST   100           900 PM
 LOWEST     42           600 PM
 AVERAGE    71

..........................................................


THE JEROME ID CLIMATE NORMALS FOR TODAY
                         NORMAL    RECORD    YEAR
 MAXIMUM TEMPERATURE (F)   36        60      1965
 MINIMUM TEMPERATURE (F)   21        -7      1992


SUNRISE AND SUNSET
DECEMBER  5 2016......SUNRISE   753 AM MST   SUNSET   504 PM MST
DECEMBER  6 2016......SUNRISE   754 AM MST   SUNSET   504 PM MST


-  INDICATES NEGATIVE NUMBERS.
R  INDICATES RECORD WAS SET OR TIED.
MM INDICATES DATA IS MISSING.
T  INDICATES TRACE AMOUNT.




$$
