000
CDUS45 KBOI 270937
CLIJER


CLIMATE REPORT
NATIONAL WEATHER SERVICE BOISE ID
337 AM MDT MON MAR 27 2017


...................................

...THE JEROME ID CLIMATE SUMMARY FOR MARCH 26 2017...

CLIMATE NORMAL PERIOD 1981 TO 2010
CLIMATE RECORD PERIOD 1915 TO 2017


WEATHER ITEM   OBSERVED TIME   RECORD YEAR NORMAL DEPARTURE LAST
                VALUE   (LST)  VALUE       VALUE  FROM      YEAR
                                                  NORMAL
..................................................................
TEMPERATURE (F)
 YESTERDAY
  MAXIMUM         57    155 PM  72    2007  53      4       48
  MINIMUM         33    550 AM  15    1917  33      0       25
  AVERAGE         45                        43      2       37

PRECIPITATION (IN)
  YESTERDAY        T             0.48 1981   0.05  -0.05     0.00
  MONTH TO DATE    0.81                      0.84  -0.03     1.35
  SINCE OCT 1      7.99                      6.30   1.69     7.35
  SINCE JAN 1      3.47                      2.78   0.69     2.76

DEGREE DAYS
 HEATING
  YESTERDAY       20                        22     -2       28
  MONTH TO DATE  522                       661   -139      559
  SINCE MAR 1    522                       661   -139      559
  SINCE JUL 1   4945                      5548   -603     5098

 COOLING
  YESTERDAY        0                         0      0        0
  MONTH TO DATE    0                         0      0        0
  SINCE MAR 1      0                         0      0        0
  SINCE JAN 1      0                         0      0        0
..................................................................


WIND (MPH)
  HIGHEST WIND SPEED    33   HIGHEST WIND DIRECTION     W (250)
  HIGHEST GUST SPEED    40   HIGHEST GUST DIRECTION     W (250)
  AVERAGE WIND SPEED     8.5


SKY COVER
  AVERAGE SKY COVER 0.4


WEATHER CONDITIONS
 THE FOLLOWING WEATHER WAS RECORDED YESTERDAY.
  LIGHT RAIN


RELATIVE HUMIDITY (PERCENT)
 HIGHEST    82           100 AM
 LOWEST     30           200 PM
 AVERAGE    56

..........................................................


THE JEROME ID CLIMATE NORMALS FOR TODAY
                         NORMAL    RECORD    YEAR
 MAXIMUM TEMPERATURE (F)   54        75      1997
 MINIMUM TEMPERATURE (F)   33        15      1944


SUNRISE AND SUNSET
MARCH 27 2017.........SUNRISE   728 AM MDT   SUNSET   759 PM MDT
MARCH 28 2017.........SUNRISE   726 AM MDT   SUNSET   800 PM MDT


-  INDICATES NEGATIVE NUMBERS.
R  INDICATES RECORD WAS SET OR TIED.
MM INDICATES DATA IS MISSING.
T  INDICATES TRACE AMOUNT.




$$
