000
CDUS45 KBOI 030931
CLIJER


CLIMATE REPORT
NATIONAL WEATHER SERVICE BOISE ID
331 AM MDT FRI JUL 3 2015


...................................

...THE JEROME ID CLIMATE SUMMARY FOR JULY 2 2015...

CLIMATE NORMAL PERIOD 1981 TO 2010
CLIMATE RECORD PERIOD 1919 TO 2015


WEATHER ITEM   OBSERVED TIME   RECORD YEAR NORMAL DEPARTURE LAST
                VALUE   (LST)  VALUE       VALUE  FROM      YEAR
                                                  NORMAL
..................................................................
TEMPERATURE (F)
 YESTERDAY
  MAXIMUM         99    430 PM 104    1924  83     16       98
  MINIMUM         62    539 AM  38    1955  54      8       63
  AVERAGE         81                        68     13       81

PRECIPITATION (IN)
  YESTERDAY        0.00          0.17 1983   0.00   0.00     0.00
  MONTH TO DATE    0.00                      0.01  -0.01     0.00
  SINCE OCT 1      8.21                      9.90  -1.69     5.63
  SINCE JAN 1      5.31                      6.38  -1.07     5.03

DEGREE DAYS
 HEATING
  YESTERDAY        0                         1     -1        0
  MONTH TO DATE    0                         2     -2        0
  SINCE JUN 1     15                       109    -94       74
  SINCE JUL 1      0                         2     -2        0

 COOLING
  YESTERDAY       16                         5     11       16
  MONTH TO DATE   34                         9     25       21
  SINCE JUN 1    248                        77    171       66
  SINCE JAN 1    258                        90    168       76
..................................................................


WIND (MPH)
  HIGHEST WIND SPEED    16   HIGHEST WIND DIRECTION    SW (240)
  HIGHEST GUST SPEED    21   HIGHEST GUST DIRECTION     W (250)
  AVERAGE WIND SPEED     6.2


SKY COVER
  AVERAGE SKY COVER 0.0


WEATHER CONDITIONS
 THE FOLLOWING WEATHER WAS RECORDED YESTERDAY.
  NO SIGNIFICANT WEATHER WAS OBSERVED.


RELATIVE HUMIDITY (PERCENT)
 HIGHEST    56           400 AM
 LOWEST     13           500 PM
 AVERAGE    35

..........................................................


THE JEROME ID CLIMATE NORMALS FOR TODAY
                         NORMAL    RECORD    YEAR
 MAXIMUM TEMPERATURE (F)   84       104      1996
 MINIMUM TEMPERATURE (F)   54        38      1921


SUNRISE AND SUNSET
JULY  3 2015..........SUNRISE   604 AM MDT   SUNSET   919 PM MDT
JULY  4 2015..........SUNRISE   605 AM MDT   SUNSET   919 PM MDT


-  INDICATES NEGATIVE NUMBERS.
R  INDICATES RECORD WAS SET OR TIED.
MM INDICATES DATA IS MISSING.
T  INDICATES TRACE AMOUNT.




$$
