000
CDUS45 KBOI 210948
CLIJER


CLIMATE REPORT
NATIONAL WEATHER SERVICE BOISE ID
348 AM MDT TUE OCT 21 2014


...................................

...THE JEROME ID CLIMATE SUMMARY FOR OCTOBER 20 2014...

CLIMATE NORMAL PERIOD 1981 TO 2010
CLIMATE RECORD PERIOD 1919 TO 2014


WEATHER ITEM   OBSERVED TIME   RECORD YEAR NORMAL DEPARTURE LAST
                VALUE   (LST)  VALUE       VALUE  FROM      YEAR
                                                  NORMAL
..................................................................
TEMPERATURE (F)
 YESTERDAY
  MAXIMUM         81    345 PM  85    2003  59     22       62
  MINIMUM         48    704 AM  20    1949  36     12       36
  AVERAGE         65                        48     17       49

PRECIPITATION (IN)
  YESTERDAY        0.00          0.34 1979   0.02  -0.02     0.00
  MONTH TO DATE    0.02                      0.48  -0.46     0.02
  SINCE OCT 1      0.02                      0.48  -0.46     0.02
  SINCE JAN 1      9.09                      7.77   1.32     3.04

DEGREE DAYS
 HEATING
  YESTERDAY        0                        17    -17       16
  MONTH TO DATE  170                       279   -109      376
  SINCE SEP 1    278                       449   -171      514
  SINCE JUL 1    305                       482   -177      514

 COOLING
  YESTERDAY        0                         0      0        0
  MONTH TO DATE    0                         0      0        0
  SINCE SEP 1     60                        44     16       86
  SINCE JAN 1    652                       509    143      904
..................................................................


WIND (MPH)
  HIGHEST WIND SPEED    20   HIGHEST WIND DIRECTION    NE (40)
  HIGHEST GUST SPEED    28   HIGHEST GUST DIRECTION     S (180)
  AVERAGE WIND SPEED    11.8


SKY COVER
  AVERAGE SKY COVER 0.2


WEATHER CONDITIONS
 THE FOLLOWING WEATHER WAS RECORDED YESTERDAY.
  NO SIGNIFICANT WEATHER WAS OBSERVED.


RELATIVE HUMIDITY (PERCENT)
 HIGHEST    46          1200 AM
 LOWEST     16           300 PM
 AVERAGE    31

..........................................................


THE JEROME ID CLIMATE NORMALS FOR TODAY
                         NORMAL    RECORD    YEAR
 MAXIMUM TEMPERATURE (F)   59        87      2003
 MINIMUM TEMPERATURE (F)   36        21      1996


SUNRISE AND SUNSET
OCTOBER 21 2014.......SUNRISE   758 AM MDT   SUNSET   646 PM MDT
OCTOBER 22 2014.......SUNRISE   759 AM MDT   SUNSET   644 PM MDT


-  INDICATES NEGATIVE NUMBERS.
R  INDICATES RECORD WAS SET OR TIED.
MM INDICATES DATA IS MISSING.
T  INDICATES TRACE AMOUNT.




$$
