000
CDUS45 KBOI 290936
CLIJER


CLIMATE REPORT
NATIONAL WEATHER SERVICE BOISE ID
335 AM MDT THU JUN 29 2017


...................................

...THE JEROME ID CLIMATE SUMMARY FOR JUNE 28 2017...

CLIMATE NORMAL PERIOD 1981 TO 2010
CLIMATE RECORD PERIOD 1915 TO 2017


WEATHER ITEM   OBSERVED TIME   RECORD YEAR NORMAL DEPARTURE LAST
                VALUE   (LST)  VALUE       VALUE  FROM      YEAR
                                                  NORMAL
..................................................................
TEMPERATURE (F)
 YESTERDAY
  MAXIMUM         83    415 PM 103    2015  82      1       96
  MINIMUM         54    540 AM  38    1965  53      1       57
                                      1945
  AVERAGE         69                        67      2       77

PRECIPITATION (IN)
  YESTERDAY        T             0.15 1983   0.01  -0.01     0.00
  MONTH TO DATE    0.36                      0.76  -0.40     0.10
  SINCE OCT 1     11.25                      9.88   1.37     9.94
  SINCE JAN 1      6.73                      6.36   0.37     5.35

DEGREE DAYS
 HEATING
  YESTERDAY        0                         2     -2        0
  MONTH TO DATE   63                       106    -43       42
  SINCE JUN 1     63                       106    -43       42
  SINCE JUL 1   5973                      6633   -660     5908

 COOLING
  YESTERDAY        4                         4      0       12
  MONTH TO DATE  110                        59     51      137
  SINCE JUN 1    110                        59     51      137
  SINCE JAN 1    126                        72     54      141
..................................................................


WIND (MPH)
  HIGHEST WIND SPEED    24   HIGHEST WIND DIRECTION    NW (300)
  HIGHEST GUST SPEED    32   HIGHEST GUST DIRECTION     W (290)
  AVERAGE WIND SPEED    10.2


SKY COVER
  AVERAGE SKY COVER 0.1


WEATHER CONDITIONS
 THE FOLLOWING WEATHER WAS RECORDED YESTERDAY.
  THUNDERSTORM
  LIGHT RAIN


RELATIVE HUMIDITY (PERCENT)
 HIGHEST    77           600 AM
 LOWEST     19           700 PM
 AVERAGE    48

..........................................................


THE JEROME ID CLIMATE NORMALS FOR TODAY
                         NORMAL    RECORD    YEAR
 MAXIMUM TEMPERATURE (F)   82       103      1976
 MINIMUM TEMPERATURE (F)   53        37      1969


SUNRISE AND SUNSET
JUNE 29 2017..........SUNRISE   603 AM MDT   SUNSET   920 PM MDT
JUNE 30 2017..........SUNRISE   603 AM MDT   SUNSET   920 PM MDT


-  INDICATES NEGATIVE NUMBERS.
R  INDICATES RECORD WAS SET OR TIED.
MM INDICATES DATA IS MISSING.
T  INDICATES TRACE AMOUNT.




$$
