000
CDUS45 KBOI 280934
CLIJER


CLIMATE REPORT
NATIONAL WEATHER SERVICE BOISE ID
333 AM MDT SAT MAR 28 2015


...................................

...THE JEROME ID CLIMATE SUMMARY FOR MARCH 27 2015...

CLIMATE NORMAL PERIOD 1981 TO 2010
CLIMATE RECORD PERIOD 1919 TO 2015


WEATHER ITEM   OBSERVED TIME   RECORD YEAR NORMAL DEPARTURE LAST
                VALUE   (LST)  VALUE       VALUE  FROM      YEAR
                                                  NORMAL
..................................................................
TEMPERATURE (F)
 YESTERDAY
  MAXIMUM         73    507 PM  75    1997  54     19       48
  MINIMUM         39    316 AM  16    1975  33      6       31
  AVERAGE         56                        43     13       40

PRECIPITATION (IN)
  YESTERDAY        0.00          0.16 2014   0.05  -0.05     0.16
  MONTH TO DATE    0.33                      0.89  -0.56     0.85
  SINCE OCT 1      4.74                      6.35  -1.61     3.79
  SINCE JAN 1      1.84                      2.83  -0.99     3.19

DEGREE DAYS
 HEATING
  YESTERDAY        9                        22    -13       25
  MONTH TO DATE  500                       683   -183      607
  SINCE MAR 1    500                       683   -183      607
  SINCE JUL 1   4542                      5570  -1028     5275

 COOLING
  YESTERDAY        0                         0      0        0
  MONTH TO DATE    0                         0      0        0
  SINCE MAR 1      0                         0      0        0
  SINCE JAN 1      0                         0      0        0
..................................................................


WIND (MPH)
  HIGHEST WIND SPEED    17   HIGHEST WIND DIRECTION    NE (40)
  HIGHEST GUST SPEED    20   HIGHEST GUST DIRECTION    NE (40)
  AVERAGE WIND SPEED     8.0


SKY COVER
  AVERAGE SKY COVER 0.0


WEATHER CONDITIONS
 THE FOLLOWING WEATHER WAS RECORDED YESTERDAY.
  NO SIGNIFICANT WEATHER WAS OBSERVED.


RELATIVE HUMIDITY (PERCENT)
 HIGHEST    79           300 AM
 LOWEST     23           400 PM
 AVERAGE    51

..........................................................


THE JEROME ID CLIMATE NORMALS FOR TODAY
                         NORMAL    RECORD    YEAR
 MAXIMUM TEMPERATURE (F)   54        76      1986
 MINIMUM TEMPERATURE (F)   33        13      1975


SUNRISE AND SUNSET
MARCH 28 2015.........SUNRISE   727 AM MDT   SUNSET   759 PM MDT
MARCH 29 2015.........SUNRISE   726 AM MDT   SUNSET   800 PM MDT


-  INDICATES NEGATIVE NUMBERS.
R  INDICATES RECORD WAS SET OR TIED.
MM INDICATES DATA IS MISSING.
T  INDICATES TRACE AMOUNT.




$$
