000
CDUS41 KOKX 270616
CLIJFK


CLIMATE REPORT
NATIONAL WEATHER SERVICE NEW YORK NY
216 AM EDT WED MAY 27 2015


...................................

...THE KENNEDY NY CLIMATE SUMMARY FOR MAY 26 2015...

CLIMATE NORMAL PERIOD 1981 TO 2010
CLIMATE RECORD PERIOD 1949 TO 2015


WEATHER ITEM   OBSERVED TIME   RECORD YEAR NORMAL DEPARTURE LAST
                VALUE   (LST)  VALUE       VALUE  FROM      YEAR
                                                  NORMAL
..................................................................
TEMPERATURE (F)
 YESTERDAY
  MAXIMUM         76    222 PM  91    2010  72      4       85
                                      1965
  MINIMUM         60    450 AM  42    1967  56      4       60
  AVERAGE         68                        64      4       73

PRECIPITATION (IN)
  YESTERDAY        0.00          1.69 2003   0.15  -0.15     0.00
  MONTH TO DATE    0.44                      3.23  -2.79     3.57
  SINCE MAR 1      6.93                     10.88  -3.95    14.81
  SINCE JAN 1     14.59                     16.63  -2.04    22.41

SNOWFALL (IN)
  YESTERDAY        0.0          MM      MM   0.0    0.0      0.0
  MONTH TO DATE    0.0                       0.0    0.0      0.0
  SINCE OCT 1     44.2                      23.8   20.4     45.6
  SINCE JUL 1     44.2                      23.8   20.4     45.6
  SNOW DEPTH       0

DEGREE DAYS
 HEATING
  YESTERDAY        0                         3     -3        0
  MONTH TO DATE   77                       154    -77       83
  SINCE MAR 1   1279                      1294    -15     1375
  SINCE JUL 1   4971                      4805    166     5082

 COOLING
  YESTERDAY        3                         2      1        8
  MONTH TO DATE   35                        20     15       23
  SINCE MAR 1     35                        23     12       23
  SINCE JAN 1     35                        23     12       23
..................................................................


WIND (MPH)
  HIGHEST WIND SPEED    26   HIGHEST WIND DIRECTION     S (190)
  HIGHEST GUST SPEED    35   HIGHEST GUST DIRECTION     S (190)
  AVERAGE WIND SPEED    12.7


SKY COVER
  POSSIBLE SUNSHINE  MM
  AVERAGE SKY COVER 0.6


WEATHER CONDITIONS
 THE FOLLOWING WEATHER WAS RECORDED YESTERDAY.
  NO SIGNIFICANT WEATHER WAS OBSERVED.


RELATIVE HUMIDITY (PERCENT)
 HIGHEST    84           500 AM
 LOWEST     58          1200 AM
 AVERAGE    71

..........................................................


THE KENNEDY NY CLIMATE NORMALS FOR TODAY
                         NORMAL    RECORD    YEAR
 MAXIMUM TEMPERATURE (F)   72        86      1985
 MINIMUM TEMPERATURE (F)   56        42      1961


SUNRISE AND SUNSET
MAY 27 2015...........SUNRISE   529 AM EDT   SUNSET   816 PM EDT
MAY 28 2015...........SUNRISE   529 AM EDT   SUNSET   817 PM EDT


-  INDICATES NEGATIVE NUMBERS.
R  INDICATES RECORD WAS SET OR TIED.
MM INDICATES DATA IS MISSING.
T  INDICATES TRACE AMOUNT.




$$
