000
CDUS41 KOKX 190617
CLIJFK


CLIMATE REPORT
NATIONAL WEATHER SERVICE NEW YORK NY
117 AM EST MON FEB 19 2018


...................................

...THE KENNEDY NY CLIMATE SUMMARY FOR FEBRUARY 18 2018...

CLIMATE NORMAL PERIOD 1981 TO 2010
CLIMATE RECORD PERIOD 1948 TO 2018


WEATHER ITEM   OBSERVED TIME   RECORD YEAR NORMAL DEPARTURE LAST
                VALUE   (LST)  VALUE       VALUE  FROM      YEAR
                                                  NORMAL
..................................................................
TEMPERATURE (F)
 YESTERDAY
  MAXIMUM         45    357 PM  67    2011  42      3       53
  MINIMUM         32   1146 PM   2    1979  29      3       30
  AVERAGE         39                        35      4       42

PRECIPITATION (IN)
  YESTERDAY        0.02          1.67 1960   0.10  -0.08     0.00
  MONTH TO DATE    4.28                      1.61   2.67     1.24
  SINCE DEC 1      7.77                      8.16  -0.39     8.94
  SINCE JAN 1      6.12                      4.77   1.35     5.88

SNOWFALL (IN)
  YESTERDAY        0.1           2.1  2000   0.3   -0.2      0.0
  MONTH TO DATE    2.6                       5.5   -2.9      8.4
  SINCE OCT 1     19.0                      16.7    2.3     23.4
  SINCE JUL 1     19.0                      16.7    2.3     23.4
  SNOW DEPTH       2

DEGREE DAYS
 HEATING
  YESTERDAY       26                        30     -4       23
  MONTH TO DATE  507                       557    -50      513
  SINCE DEC 1   2504                      2403    101     2107
  SINCE JUL 1   3189                      3227    -38     2747

 COOLING
  YESTERDAY        0                         0      0        0
  MONTH TO DATE    0                         0      0        0
  SINCE DEC 1      0                         0      0        0
  SINCE JAN 1      0                         0      0        0
..................................................................


WIND (MPH)
  HIGHEST WIND SPEED    32   HIGHEST WIND DIRECTION    NW (330)
  HIGHEST GUST SPEED    40   HIGHEST GUST DIRECTION    NW (310)
  AVERAGE WIND SPEED    10.8


SKY COVER
  POSSIBLE SUNSHINE  MM
  AVERAGE SKY COVER 0.5


WEATHER CONDITIONS
 THE FOLLOWING WEATHER WAS RECORDED YESTERDAY.
  LIGHT SNOW
  FOG


RELATIVE HUMIDITY (PERCENT)
 HIGHEST   100          1200 AM
 LOWEST     45           300 PM
 AVERAGE    73

..........................................................


THE KENNEDY NY CLIMATE NORMALS FOR TODAY
                         NORMAL    RECORD    YEAR
 MAXIMUM TEMPERATURE (F)   43        68      2017
 MINIMUM TEMPERATURE (F)   29         9      2015


SUNRISE AND SUNSET
FEBRUARY 19 2018......SUNRISE   644 AM EST   SUNSET   535 PM EST
FEBRUARY 20 2018......SUNRISE   642 AM EST   SUNSET   536 PM EST


-  INDICATES NEGATIVE NUMBERS.
R  INDICATES RECORD WAS SET OR TIED.
MM INDICATES DATA IS MISSING.
T  INDICATES TRACE AMOUNT.




$$
