000
CDUS41 KOKX 280620
CLIJFK


CLIMATE REPORT
NATIONAL WEATHER SERVICE NEW YORK NY
120 AM EST FRI NOV 28 2014


...................................

...THE KENNEDY NY CLIMATE SUMMARY FOR NOVEMBER 27 2014...

CLIMATE NORMAL PERIOD 1981 TO 2010
CLIMATE RECORD PERIOD 1949 TO 2014


WEATHER ITEM   OBSERVED TIME   RECORD YEAR NORMAL DEPARTURE LAST
                VALUE   (LST)  VALUE       VALUE  FROM      YEAR
                                                  NORMAL
..................................................................
TEMPERATURE (F)
 YESTERDAY
  MAXIMUM         39    238 PM  63    2007  50    -11       61
  MINIMUM         36   1159 PM  23    1949  37     -1       36
  AVERAGE         38                        44     -6       49

PRECIPITATION (IN)
  YESTERDAY        0.02          1.41 2013   0.12  -0.10     1.41
  MONTH TO DATE    4.48                      2.94   1.54     2.54
  SINCE SEP 1      9.60                     10.06  -0.46     4.79
  SINCE JAN 1     43.71                     39.02   4.69    30.98

SNOWFALL (IN)
  YESTERDAY        T             1.7  1978   0.0    0.0      0.0
  MONTH TO DATE    0.1                       0.1    0.0      0.2
  SINCE OCT 1      0.1                       0.1    0.0      0.2
  SINCE JUL 1      0.1                       0.1    0.0      0.2
  SNOW DEPTH       0

DEGREE DAYS
 HEATING
  YESTERDAY       27                        21      6       16
  MONTH TO DATE  515                       461     54      493
  SINCE SEP 1    709                       759    -50      724
  SINCE JUL 1    709                       760    -51      724

 COOLING
  YESTERDAY        0                         0      0        0
  MONTH TO DATE    0                         0      0        0
  SINCE SEP 1    187                       144     43      152
  SINCE JAN 1   1050                      1005     45     1111
..................................................................


WIND (MPH)
  HIGHEST WIND SPEED    22   HIGHEST WIND DIRECTION     N (340)
  HIGHEST GUST SPEED    28   HIGHEST GUST DIRECTION    NW (320)
  AVERAGE WIND SPEED    10.9


SKY COVER
  POSSIBLE SUNSHINE  MM
  AVERAGE SKY COVER 1.0


WEATHER CONDITIONS
 THE FOLLOWING WEATHER WAS RECORDED YESTERDAY.
  LIGHT RAIN
  SNOW
  FOG


RELATIVE HUMIDITY (PERCENT)
 HIGHEST    89          1200 AM
 LOWEST     59           800 PM
 AVERAGE    74

..........................................................


THE KENNEDY NY CLIMATE NORMALS FOR TODAY
                         NORMAL    RECORD    YEAR
 MAXIMUM TEMPERATURE (F)   50        66      2001
 MINIMUM TEMPERATURE (F)   37        21      1996


SUNRISE AND SUNSET
NOVEMBER 28 2014......SUNRISE   656 AM EST   SUNSET   430 PM EST
NOVEMBER 29 2014......SUNRISE   657 AM EST   SUNSET   429 PM EST


-  INDICATES NEGATIVE NUMBERS.
R  INDICATES RECORD WAS SET OR TIED.
MM INDICATES DATA IS MISSING.
T  INDICATES TRACE AMOUNT.




$$
