000
CDUS41 KOKX 010617
CLIJFK


CLIMATE REPORT
NATIONAL WEATHER SERVICE NEW YORK NY
117 AM EST SUN FEB 1 2015


...................................

...THE KENNEDY NY CLIMATE SUMMARY FOR JANUARY 31 2015...

CLIMATE NORMAL PERIOD 1981 TO 2010
CLIMATE RECORD PERIOD 1949 TO 2015


WEATHER ITEM   OBSERVED TIME   RECORD YEAR NORMAL DEPARTURE LAST
                VALUE   (LST)  VALUE       VALUE  FROM      YEAR
                                                  NORMAL
..................................................................
TEMPERATURE (F)
 YESTERDAY
  MAXIMUM         27    422 PM  58    1974  40    -13       43
  MINIMUM         14    816 AM  10    1977  26    -12       25
  AVERAGE         21                        33    -12       34

PRECIPITATION (IN)
  YESTERDAY        0.00          0.57 1949   0.10  -0.10     0.00
  MONTH TO DATE    5.31                      3.16   2.15     3.01
  SINCE DEC 1     12.35                      6.55   5.80     7.51
  SINCE JAN 1      5.31                      3.16   2.15     3.01

SNOWFALL (IN)
  YESTERDAY        0.0           3.0  1949   0.2   -0.2      0.0
  MONTH TO DATE   17.1                       6.3   10.8     17.0
  SINCE OCT 1     17.5                      11.2    6.3     23.9
  SINCE JUL 1     17.5                      11.2    6.3     23.9
  SNOW DEPTH       7

DEGREE DAYS
 HEATING
  YESTERDAY       44                        32     12       31
  MONTH TO DATE 1058                      1003     55     1124
  SINCE DEC 1   1780                      1846    -66     1952
  SINCE JUL 1   2564                      2670   -106     2766

 COOLING
  YESTERDAY        0                         0      0        0
  MONTH TO DATE    0                         0      0        0
  SINCE DEC 1      0                         0      0        0
  SINCE JAN 1      0                         0      0        0
..................................................................


WIND (MPH)
  HIGHEST WIND SPEED    38   HIGHEST WIND DIRECTION    NW (310)
  HIGHEST GUST SPEED    47   HIGHEST GUST DIRECTION    NW (310)
  AVERAGE WIND SPEED    23.0


SKY COVER
  POSSIBLE SUNSHINE  MM
  AVERAGE SKY COVER 0.2


WEATHER CONDITIONS
 THE FOLLOWING WEATHER WAS RECORDED YESTERDAY.
  NO SIGNIFICANT WEATHER WAS OBSERVED.


RELATIVE HUMIDITY (PERCENT)
 HIGHEST    51           500 AM
 LOWEST     32           300 PM
 AVERAGE    42

..........................................................


THE KENNEDY NY CLIMATE NORMALS FOR TODAY
                         NORMAL    RECORD    YEAR
 MAXIMUM TEMPERATURE (F)   40        64      2012
 MINIMUM TEMPERATURE (F)   27         4      1961


SUNRISE AND SUNSET
FEBRUARY  1 2015......SUNRISE   705 AM EST   SUNSET   513 PM EST
FEBRUARY  2 2015......SUNRISE   704 AM EST   SUNSET   514 PM EST


-  INDICATES NEGATIVE NUMBERS.
R  INDICATES RECORD WAS SET OR TIED.
MM INDICATES DATA IS MISSING.
T  INDICATES TRACE AMOUNT.




$$
