000
CDUS41 KOKX 280617
CLIJFK


CLIMATE REPORT
NATIONAL WEATHER SERVICE NEW YORK NY
217 AM EDT TUE MAR 28 2017


...................................

...THE KENNEDY NY CLIMATE SUMMARY FOR MARCH 27 2017...

CLIMATE NORMAL PERIOD 1981 TO 2010
CLIMATE RECORD PERIOD 1948 TO 2017


WEATHER ITEM   OBSERVED TIME   RECORD YEAR NORMAL DEPARTURE LAST
                VALUE   (LST)  VALUE       VALUE  FROM      YEAR
                                                  NORMAL
..................................................................
TEMPERATURE (F)
 YESTERDAY
  MAXIMUM         58    335 PM  80    1998  52      6       49
  MINIMUM         40    308 AM  23    2014  37      3       40
  AVERAGE         49                        45      4       45

PRECIPITATION (IN)
  YESTERDAY        0.19          1.22 1983   0.14   0.05     0.00
  MONTH TO DATE    2.78                      3.26  -0.48     0.91
  SINCE MAR 1      2.78                      3.26  -0.48     0.91
  SINCE JAN 1      9.00                      9.01  -0.01     9.55

SNOWFALL (IN)
  YESTERDAY        0.0           1.0  1959   0.1   -0.1      0.0
  MONTH TO DATE    7.5                       3.3    4.2      1.9
  SINCE OCT 1     30.9                      22.8    8.1     41.4
  SINCE JUL 1     30.9                      22.8    8.1     41.4
  SNOW DEPTH       0

DEGREE DAYS
 HEATING
  YESTERDAY       16                        20     -4       20
  MONTH TO DATE  711                       646     65      474
  SINCE MAR 1    711                       646     65      474
  SINCE JUL 1   3629                      4157   -528     3228

 COOLING
  YESTERDAY        0                         0      0        0
  MONTH TO DATE    0                         0      0        0
  SINCE MAR 1      0                         0      0        0
  SINCE JAN 1      0                         0      0        0
..................................................................


WIND (MPH)
  HIGHEST WIND SPEED    12   HIGHEST WIND DIRECTION    SW (220)
  HIGHEST GUST SPEED    15   HIGHEST GUST DIRECTION    NE (60)
  AVERAGE WIND SPEED     6.0


SKY COVER
  POSSIBLE SUNSHINE  MM
  AVERAGE SKY COVER 0.9


WEATHER CONDITIONS
 THE FOLLOWING WEATHER WAS RECORDED YESTERDAY.
  HEAVY RAIN
  RAIN
  LIGHT RAIN
  FOG
  FOG W/VISIBILITY <= 1/4 MILE


RELATIVE HUMIDITY (PERCENT)
 HIGHEST   100          1200 AM
 LOWEST     72           400 PM
 AVERAGE    86

..........................................................


THE KENNEDY NY CLIMATE NORMALS FOR TODAY
                         NORMAL    RECORD    YEAR
 MAXIMUM TEMPERATURE (F)   53        76      1991
                                             1989
 MINIMUM TEMPERATURE (F)   38        22      1982


SUNRISE AND SUNSET
MARCH 28 2017.........SUNRISE   645 AM EDT   SUNSET   716 PM EDT
MARCH 29 2017.........SUNRISE   643 AM EDT   SUNSET   717 PM EDT


-  INDICATES NEGATIVE NUMBERS.
R  INDICATES RECORD WAS SET OR TIED.
MM INDICATES DATA IS MISSING.
T  INDICATES TRACE AMOUNT.




$$
