000
CDUS41 KOKX 210620
CLIJFK


CLIMATE REPORT
NATIONAL WEATHER SERVICE NEW YORK NY
119 AM EST TUE FEB 21 2017


...................................

...THE KENNEDY NY CLIMATE SUMMARY FOR FEBRUARY 20 2017...

CLIMATE NORMAL PERIOD 1981 TO 2010
CLIMATE RECORD PERIOD 1948 TO 2017


WEATHER ITEM   OBSERVED TIME   RECORD YEAR NORMAL DEPARTURE LAST
                VALUE   (LST)  VALUE       VALUE  FROM      YEAR
                                                  NORMAL
..................................................................
TEMPERATURE (F)
 YESTERDAY
  MAXIMUM         56    342 PM  61    1949  43     13       59
  MINIMUM         38   1159 PM   3    2015  29      9       40
  AVERAGE         47                        36     11       50

PRECIPITATION (IN)
  YESTERDAY        0.00          1.09 1981   0.09  -0.09     0.00
  MONTH TO DATE    1.24                      1.79  -0.55     2.53
  SINCE DEC 1      8.94                      8.34   0.60    11.91
  SINCE JAN 1      5.88                      4.95   0.93     7.12

SNOWFALL (IN)
  YESTERDAY        0.0           1.0  1977   0.3   -0.3      0.0
  MONTH TO DATE    8.4                       6.1    2.3      8.1
  SINCE OCT 1     23.4                      17.3    6.1     39.5
  SINCE JUL 1     23.4                      17.3    6.1     39.5
  SNOW DEPTH       0

DEGREE DAYS
 HEATING
  YESTERDAY       18                        29    -11       15
  MONTH TO DATE  539                       615    -76      598
  SINCE DEC 1   2133                      2461   -328     1975
  SINCE JUL 1   2773                      3285   -512     2566

 COOLING
  YESTERDAY        0                         0      0        0
  MONTH TO DATE    0                         0      0        0
  SINCE DEC 1      0                         0      0        0
  SINCE JAN 1      0                         0      0        0
..................................................................


WIND (MPH)
  HIGHEST WIND SPEED    22   HIGHEST WIND DIRECTION    NE (40)
  HIGHEST GUST SPEED    27   HIGHEST GUST DIRECTION    NE (40)
  AVERAGE WIND SPEED    13.1


SKY COVER
  POSSIBLE SUNSHINE  MM
  AVERAGE SKY COVER 0.2


WEATHER CONDITIONS
 THE FOLLOWING WEATHER WAS RECORDED YESTERDAY.
  NO SIGNIFICANT WEATHER WAS OBSERVED.


RELATIVE HUMIDITY (PERCENT)
 HIGHEST    65           700 AM
 LOWEST     19           500 PM
 AVERAGE    42

..........................................................


THE KENNEDY NY CLIMATE NORMALS FOR TODAY
                         NORMAL    RECORD    YEAR
 MAXIMUM TEMPERATURE (F)   43        63      2002
 MINIMUM TEMPERATURE (F)   29         5      1968


SUNRISE AND SUNSET
FEBRUARY 21 2017......SUNRISE   640 AM EST   SUNSET   537 PM EST
FEBRUARY 22 2017......SUNRISE   639 AM EST   SUNSET   539 PM EST


-  INDICATES NEGATIVE NUMBERS.
R  INDICATES RECORD WAS SET OR TIED.
MM INDICATES DATA IS MISSING.
T  INDICATES TRACE AMOUNT.




$$
