000
CDUS43 KJKL 070524
CLIJKL

CLIMATE REPORT
NATIONAL WEATHER SERVICE JACKSON KY
1224 AM EST WED DEC 7 2016

...................................

...THE JACKSON KY CLIMATE SUMMARY FOR DECEMBER 6 2016...

CLIMATE NORMAL PERIOD 1981 TO 2010
CLIMATE RECORD PERIOD 1981 TO 2016

WEATHER ITEM   OBSERVED TIME   RECORD YEAR NORMAL DEPARTURE LAST
                VALUE   (LST)  VALUE       VALUE  FROM      YEAR
                                                  NORMAL
..................................................................
TEMPERATURE (F)
 YESTERDAY
  MAXIMUM         54   1221 PM  73    1998  49      5       59
  MINIMUM         42   1159 PM   7    1984  33      9       32
  AVERAGE         48                        41      7       46

PRECIPITATION (IN)
  YESTERDAY        0.70          2.15 2013   0.14   0.56     0.00
  MONTH TO DATE    0.83                      0.84  -0.01     1.71
  SINCE DEC 1      0.83                      0.84  -0.01     1.71
  SINCE JAN 1     47.56                     45.00   2.56    54.39

SNOWFALL (IN)
  YESTERDAY        0.0           1.5  1984   0.1   -0.1      0.0
  MONTH TO DATE    0.0                       0.6   -0.6      0.0
  SINCE DEC 1      0.0                       0.6   -0.6      0.0
  SINCE JUL 1      0.0                       1.2   -1.2       T
  SNOW DEPTH       0

DEGREE DAYS
 HEATING
  YESTERDAY       17                        24     -7       19
  MONTH TO DATE  137                       141     -4      125
  SINCE DEC 1    137                       141     -4      125
  SINCE JUL 1    663                       941   -278      723

 COOLING
  YESTERDAY        0                         0      0        0
  MONTH TO DATE    0                         0      0        0
  SINCE DEC 1      0                         0      0        0
  SINCE JAN 1   1580                      1154    426     1263
..................................................................

WIND (MPH)
  HIGHEST WIND SPEED    16   HIGHEST WIND DIRECTION    NW (310)
  HIGHEST GUST SPEED    27   HIGHEST GUST DIRECTION     W (290)
  AVERAGE WIND SPEED     5.9

SKY COVER
  POSSIBLE SUNSHINE  MM
  AVERAGE SKY COVER 1.0

WEATHER CONDITIONS
 THE FOLLOWING WEATHER WAS RECORDED YESTERDAY.
  HEAVY RAIN
  RAIN
  LIGHT RAIN
  FOG
  FOG W/VISIBILITY <= 1/4 MILE

RELATIVE HUMIDITY (PERCENT)
 HIGHEST    96          1100 AM
 LOWEST     70          1200 AM
 AVERAGE    83
..........................................................

THE JACKSON KY CLIMATE NORMALS FOR TODAY
                         NORMAL    RECORD    YEAR
 MAXIMUM TEMPERATURE (F)   48        72      2004
 MINIMUM TEMPERATURE (F)   32         5      1984

SUNRISE AND SUNSET
DECEMBER  7 2016......SUNRISE   735 AM EST   SUNSET   515 PM EST
DECEMBER  8 2016......SUNRISE   736 AM EST   SUNSET   515 PM EST

-  INDICATES NEGATIVE NUMBERS.
R  INDICATES RECORD WAS SET OR TIED.
MM INDICATES DATA IS MISSING.
T  INDICATES TRACE AMOUNT.

$$

ABE
