000
CDUS43 KJKL 010539
CLIJKL

CLIMATE REPORT
NATIONAL WEATHER SERVICE JACKSON KY
139 AM EDT SAT OCT 1 2016
...................................

...THE JACKSON KY CLIMATE SUMMARY FOR SEPTEMBER 30 2016...

CLIMATE NORMAL PERIOD 1981 TO 2010
CLIMATE RECORD PERIOD 1981 TO 2016

WEATHER ITEM   OBSERVED TIME   RECORD YEAR NORMAL DEPARTURE LAST
                VALUE   (LST)  VALUE       VALUE  FROM      YEAR
                                                  NORMAL
..................................................................

TEMPERATURE (F)
 YESTERDAY
  MAXIMUM         68    416 PM  85    1986  73     -5       67
  MINIMUM         52   1159 PM  36    2003  53     -1       60
  AVERAGE         60                        63     -3       64

PRECIPITATION (IN)
  YESTERDAY        0.00          0.60 1989   0.12  -0.12     0.03
  MONTH TO DATE    1.32                      3.46  -2.14     2.09
  SINCE SEP 1      1.32                      3.46  -2.14     2.09
  SINCE JAN 1     42.31                     37.01   5.30    47.87

SNOWFALL (IN)
  YESTERDAY        0.0                       0.0    0.0      0.0
  MONTH TO DATE    0.0                       0.0    0.0      0.0
  SINCE SEP 1      0.0                       0.0    0.0      0.0
  SINCE JUL 1      0.0                       0.0    0.0      0.0
  SNOW DEPTH       0

DEGREE DAYS
 HEATING
  YESTERDAY        5                         4      1        1
  MONTH TO DATE   16                        49    -33       20
  SINCE SEP 1     16                        50    -34       20
  SINCE JUL 1     16                        52    -36       20

 COOLING
  YESTERDAY        0                         2     -2        0
  MONTH TO DATE  248                       143    105      180
  SINCE SEP 1    248                       143    105      180
  SINCE JAN 1   1480                      1121    359     1231
..................................................................

WIND (MPH)
  HIGHEST WIND SPEED     7   HIGHEST WIND DIRECTION     W (280)
  HIGHEST GUST SPEED    11   HIGHEST GUST DIRECTION    NW (300)
  AVERAGE WIND SPEED     0.9

SKY COVER
  POSSIBLE SUNSHINE  MM
  AVERAGE SKY COVER 0.6

WEATHER CONDITIONS
 THE FOLLOWING WEATHER WAS RECORDED YESTERDAY.
  FOG
  FOG W/VISIBILITY <= 1/4 MILE

RELATIVE HUMIDITY (PERCENT)
 HIGHEST   100           100 AM
 LOWEST     52           500 PM
 AVERAGE    76
..........................................................

THE JACKSON KY CLIMATE NORMALS FOR TODAY
                         NORMAL    RECORD    YEAR
 MAXIMUM TEMPERATURE (F)   73        85      1994
 MINIMUM TEMPERATURE (F)   53        40      2011
                                             1993
                                             1992

SUNRISE AND SUNSET
OCTOBER  1 2016.......SUNRISE   729 AM EDT   SUNSET   716 PM EDT
OCTOBER  2 2016.......SUNRISE   730 AM EDT   SUNSET   714 PM EDT

-  INDICATES NEGATIVE NUMBERS.
R  INDICATES RECORD WAS SET OR TIED.
MM INDICATES DATA IS MISSING.
T  INDICATES TRACE AMOUNT.

$$
