000
CDUS43 KJKL 250528
CLIJKL

CLIMATE REPORT
NATIONAL WEATHER SERVICE JACKSON KY
1228 AM EST SAT FEB 25 2017

...................................

...THE JACKSON KY CLIMATE SUMMARY FOR FEBRUARY 24 2017...

CLIMATE NORMAL PERIOD 1981 TO 2010
CLIMATE RECORD PERIOD 1981 TO 2017

WEATHER ITEM   OBSERVED TIME   RECORD YEAR NORMAL DEPARTURE LAST
                VALUE   (LST)  VALUE       VALUE  FROM      YEAR
                                                  NORMAL
..................................................................
TEMPERATURE (F)
 YESTERDAY
  MAXIMUM         79R   317 PM  71    2001  50     29       62
                                      2000
                                      1982
  MINIMUM         55    709 AM   8    1989  32     23       33
  AVERAGE         67                        41     26       48

PRECIPITATION (IN)
  YESTERDAY        0.00          0.91 2011   0.14  -0.14     0.40
  MONTH TO DATE    1.57                      3.21  -1.64     5.99
  SINCE DEC 1     12.44                     11.00   1.44    13.92
  SINCE JAN 1      6.28                      6.82  -0.54     9.28

SNOWFALL (IN)
  YESTERDAY        0.0           1.5  1990   0.3   -0.3       T
  MONTH TO DATE    T                         6.3   -6.3      7.4
  SINCE DEC 1      4.6                      18.3  -13.7     28.8
  SINCE JUL 1      4.6                      18.9  -14.3     28.8
  SNOW DEPTH       0

DEGREE DAYS
 HEATING
  YESTERDAY        0                        24    -24       17
  MONTH TO DATE  400                       641   -241      634
  SINCE DEC 1   1895                      2407   -512     2048
  SINCE JUL 1   2421                      3207   -786     2646

 COOLING
  YESTERDAY        2                         0      2        0
  MONTH TO DATE    2                         0      2        0
  SINCE DEC 1      2                         1      1        2
  SINCE JAN 1      2                         0      2        0
..................................................................

WIND (MPH)
  HIGHEST WIND SPEED    15   HIGHEST WIND DIRECTION     S (190)
  HIGHEST GUST SPEED    23   HIGHEST GUST DIRECTION    SW (210)
  AVERAGE WIND SPEED     6.3

SKY COVER
  POSSIBLE SUNSHINE  MM
  AVERAGE SKY COVER 0.1

WEATHER CONDITIONS
 THE FOLLOWING WEATHER WAS RECORDED YESTERDAY.
  NO SIGNIFICANT WEATHER WAS OBSERVED.

RELATIVE HUMIDITY (PERCENT)
 HIGHEST    77           600 AM
 LOWEST     38           500 PM
 AVERAGE    58

..........................................................

THE JACKSON KY CLIMATE NORMALS FOR TODAY
                         NORMAL    RECORD    YEAR
 MAXIMUM TEMPERATURE (F)   51        76      2000
 MINIMUM TEMPERATURE (F)   32        13      1990

SUNRISE AND SUNSET
FEBRUARY 25 2017......SUNRISE   710 AM EST   SUNSET   623 PM EST
FEBRUARY 26 2017......SUNRISE   708 AM EST   SUNSET   624 PM EST

-  INDICATES NEGATIVE NUMBERS.
R  INDICATES RECORD WAS SET OR TIED.
MM INDICATES DATA IS MISSING.
T  INDICATES TRACE AMOUNT.

$$
