000
CDUS43 KSGF 270636
CLIJLN


CLIMATE REPORT
NATIONAL WEATHER SERVICE SPRINGFIELD MO
1236 AM CST SAT DEC 27 2014


...................................

...THE JOPLIN MO CLIMATE SUMMARY FOR DECEMBER 26 2014...

CLIMATE NORMAL PERIOD 1981 TO 2010
CLIMATE RECORD PERIOD 1902 TO 2014


WEATHER ITEM   OBSERVED TIME   RECORD YEAR NORMAL DEPARTURE LAST
                VALUE   (LST)  VALUE       VALUE  FROM      YEAR
                                                  NORMAL
..................................................................
TEMPERATURE (F)
 YESTERDAY
  MAXIMUM         60   1249 PM  71    2008  45     15       49
  MINIMUM         46    636 AM   0    1983  26     20       23
  AVERAGE         53                        35     18       36

PRECIPITATION (IN)
  YESTERDAY        0.02          0.61 1959   0.09  -0.07     0.00
  MONTH TO DATE    1.72                      2.45  -0.73     1.38
  SINCE DEC 1      1.72                      2.45  -0.73     1.38
  SINCE JAN 1     31.59                     46.18 -14.59    43.98

DEGREE DAYS
 HEATING
  YESTERDAY       12                        30    -18       29
  MONTH TO DATE  595                       711   -116      833
  SINCE DEC 1    595                       711   -116      833
  SINCE JUL 1   1508                      1468     40     1721

 COOLING
  YESTERDAY        0                         0      0        0
  MONTH TO DATE    0                         0      0        0
  SINCE DEC 1      0                         0      0        0
  SINCE JAN 1   1583                      1698   -115     1568
..................................................................


WIND (MPH)
  HIGHEST WIND SPEED    25   HIGHEST WIND DIRECTION     S (180)
  HIGHEST GUST SPEED    33   HIGHEST GUST DIRECTION     S (180)
  AVERAGE WIND SPEED    13.6


SKY COVER
  AVERAGE SKY COVER 0.5


WEATHER CONDITIONS
 THE FOLLOWING WEATHER WAS RECORDED YESTERDAY.
  LIGHT RAIN
  FOG


RELATIVE HUMIDITY (PERCENT)
 HIGHEST   100           800 PM
 LOWEST     50          1200 AM
 AVERAGE    75

..........................................................


THE JOPLIN MO CLIMATE NORMALS FOR TODAY
                         NORMAL    RECORD    YEAR
 MAXIMUM TEMPERATURE (F)   45        70      2008
                                             2005
 MINIMUM TEMPERATURE (F)   26        12      1951


SUNRISE AND SUNSET
DECEMBER 27 2014......SUNRISE   730 AM CST   SUNSET   508 PM CST
DECEMBER 28 2014......SUNRISE   731 AM CST   SUNSET   509 PM CST


-  INDICATES NEGATIVE NUMBERS.
R  INDICATES RECORD WAS SET OR TIED.
MM INDICATES DATA IS MISSING.
T  INDICATES TRACE AMOUNT.




$$
