921
CDUS43 KSGF 120627
CLIJLN


CLIMATE REPORT
NATIONAL WEATHER SERVICE SPRINGFIELD MO
1226 AM CST TUE DEC 12 2017


...................................

...THE JOPLIN MO CLIMATE SUMMARY FOR DECEMBER 11 2017...

CLIMATE NORMAL PERIOD 1981 TO 2010
CLIMATE RECORD PERIOD 1902 TO 2017


WEATHER ITEM   OBSERVED TIME   RECORD YEAR NORMAL DEPARTURE LAST
                VALUE   (LST)  VALUE       VALUE  FROM      YEAR
                                                  NORMAL
..................................................................
TEMPERATURE (F)
 YESTERDAY
  MAXIMUM         65    208 PM  74    1949  48     17       51
  MINIMUM         34    419 AM   5    1962  28      6       31
  AVERAGE         50                        38     12       41

PRECIPITATION (IN)
  YESTERDAY        0.00          1.27 1972   0.10  -0.10     0.04
  MONTH TO DATE    0.16                      1.12  -0.96     0.25
  SINCE DEC 1      0.16                      1.12  -0.96     0.25
  SINCE JAN 1     45.16                     44.85   0.31    38.89

DEGREE DAYS
 HEATING
  YESTERDAY       15                        27    -12       24
  MONTH TO DATE  240                       280    -40      314
  SINCE DEC 1    240                       280    -40      314
  SINCE JUL 1    885                      1037   -152      769

 COOLING
  YESTERDAY        0                         0      0        0
  MONTH TO DATE    0                         0      0        0
  SINCE DEC 1      0                         0      0        0
  SINCE JAN 1   1750                      1698     52     1878
..................................................................


WIND (MPH)
  HIGHEST WIND SPEED    26   HIGHEST WIND DIRECTION     N (340)
  HIGHEST GUST SPEED    37   HIGHEST GUST DIRECTION     W (290)
  AVERAGE WIND SPEED    12.7


SKY COVER
  AVERAGE SKY COVER 0.1


WEATHER CONDITIONS
 THE FOLLOWING WEATHER WAS RECORDED YESTERDAY.
  NO SIGNIFICANT WEATHER WAS OBSERVED.


RELATIVE HUMIDITY (PERCENT)
 HIGHEST    65          1100 PM
 LOWEST     18           200 PM
 AVERAGE    42

..........................................................


THE JOPLIN MO CLIMATE NORMALS FOR TODAY
                         NORMAL    RECORD    YEAR
 MAXIMUM TEMPERATURE (F)   48        72      2015
 MINIMUM TEMPERATURE (F)   28         1      1962


SUNRISE AND SUNSET
DECEMBER 12 2017......SUNRISE   722 AM CST   SUNSET   501 PM CST
DECEMBER 13 2017......SUNRISE   723 AM CST   SUNSET   501 PM CST


-  INDICATES NEGATIVE NUMBERS.
R  INDICATES RECORD WAS SET OR TIED.
MM INDICATES DATA IS MISSING.
T  INDICATES TRACE AMOUNT.




$$
