000
CDUS43 KSGF 040632
CLIJLN


CLIMATE REPORT
NATIONAL WEATHER SERVICE SPRINGFIELD MO
1228 AM CST WED MAR 4 2015


...................................

...THE JOPLIN MO CLIMATE SUMMARY FOR MARCH 3 2015...

CLIMATE NORMAL PERIOD 1981 TO 2010
CLIMATE RECORD PERIOD 1902 TO 2015


WEATHER ITEM   OBSERVED TIME   RECORD YEAR NORMAL DEPARTURE LAST
                VALUE   (LST)  VALUE       VALUE  FROM      YEAR
                                                  NORMAL
..................................................................
TEMPERATURE (F)
 YESTERDAY
  MAXIMUM         48    339 PM  81    1983  56     -8       18
  MINIMUM         35   1252 AM   0    2002  34      1        1
  AVERAGE         42                        45     -3       10

PRECIPITATION (IN)
  YESTERDAY        T             1.57 2004   0.09  -0.09     0.05
  MONTH TO DATE    T                         0.29  -0.29     0.21
  SINCE MAR 1      T                         0.29  -0.29     0.21
  SINCE JAN 1      1.52                      4.64  -3.12     1.06

DEGREE DAYS
 HEATING
  YESTERDAY       23                        20      3       55
  MONTH TO DATE   95                        62     33      138
  SINCE MAR 1     95                        62     33      138
  SINCE JUL 1   3631                      3316    315     3987

 COOLING
  YESTERDAY        0                         0      0        0
  MONTH TO DATE    0                         0      0        0
  SINCE MAR 1      0                         0      0        0
  SINCE JAN 1      0                         1     -1        0
..................................................................


WIND (MPH)
  HIGHEST WIND SPEED    29   HIGHEST WIND DIRECTION    SW (210)
  HIGHEST GUST SPEED    38   HIGHEST GUST DIRECTION     S (200)
  AVERAGE WIND SPEED    12.6


SKY COVER
  AVERAGE SKY COVER 1.0


WEATHER CONDITIONS
 THE FOLLOWING WEATHER WAS RECORDED YESTERDAY.
  LIGHT RAIN
  FOG


RELATIVE HUMIDITY (PERCENT)
 HIGHEST   100           600 AM
 LOWEST     82          1200 AM
 AVERAGE    91

..........................................................


THE JOPLIN MO CLIMATE NORMALS FOR TODAY
                         NORMAL    RECORD    YEAR
 MAXIMUM TEMPERATURE (F)   56        77      1961
 MINIMUM TEMPERATURE (F)   34         0      2002


SUNRISE AND SUNSET
MARCH  4 2015.........SUNRISE   645 AM CST   SUNSET   615 PM CST
MARCH  5 2015.........SUNRISE   644 AM CST   SUNSET   616 PM CST


-  INDICATES NEGATIVE NUMBERS.
R  INDICATES RECORD WAS SET OR TIED.
MM INDICATES DATA IS MISSING.
T  INDICATES TRACE AMOUNT.




$$
