000
CDUS43 KSGF 210627
CLIJLN


CLIMATE REPORT
NATIONAL WEATHER SERVICE SPRINGFIELD MO
126 AM CDT SAT OCT 21 2017


...................................

...THE JOPLIN MO CLIMATE SUMMARY FOR OCTOBER 20 2017...

CLIMATE NORMAL PERIOD 1981 TO 2010
CLIMATE RECORD PERIOD 1902 TO 2017


WEATHER ITEM   OBSERVED TIME   RECORD YEAR NORMAL DEPARTURE LAST
                VALUE   (LST)  VALUE       VALUE  FROM      YEAR
                                                  NORMAL
..................................................................
TEMPERATURE (F)
 YESTERDAY
  MAXIMUM         75    305 PM  89    1979  70      5       63
  MINIMUM         55    700 AM  24    1989  47      8       43
  AVERAGE         65                        59      6       53

PRECIPITATION (IN)
  YESTERDAY        T             4.35 1983   0.14  -0.14     0.00
  MONTH TO DATE    2.80                      2.61   0.19     5.04
  SINCE SEP 1      4.29                      7.56  -3.27     7.78
  SINCE JAN 1     42.97                     38.53   4.44    37.56

DEGREE DAYS
 HEATING
  YESTERDAY        0                         7     -7       12
  MONTH TO DATE   57                       111    -54       63
  SINCE SEP 1     64                       152    -88       80
  SINCE JUL 1     64                       153    -89       80

 COOLING
  YESTERDAY        0                         1     -1        0
  MONTH TO DATE   89                        38     51       79
  SINCE SEP 1    311                       253     58      336
  SINCE JAN 1   1743                      1680     63     1823
..................................................................


WIND (MPH)
  HIGHEST WIND SPEED    23   HIGHEST WIND DIRECTION     S (170)
  HIGHEST GUST SPEED    29   HIGHEST GUST DIRECTION    SE (150)
  AVERAGE WIND SPEED    11.8


SKY COVER
  AVERAGE SKY COVER 0.0


WEATHER CONDITIONS
 THE FOLLOWING WEATHER WAS RECORDED YESTERDAY.
  LIGHT RAIN


RELATIVE HUMIDITY (PERCENT)
 HIGHEST    93           600 AM
 LOWEST     50           300 PM
 AVERAGE    72

..........................................................


THE JOPLIN MO CLIMATE NORMALS FOR TODAY
                         NORMAL    RECORD    YEAR
 MAXIMUM TEMPERATURE (F)   70        89      1978
 MINIMUM TEMPERATURE (F)   47        27      1987


SUNRISE AND SUNSET
OCTOBER 21 2017.......SUNRISE   732 AM CDT   SUNSET   633 PM CDT
OCTOBER 22 2017.......SUNRISE   733 AM CDT   SUNSET   632 PM CDT


-  INDICATES NEGATIVE NUMBERS.
R  INDICATES RECORD WAS SET OR TIED.
MM INDICATES DATA IS MISSING.
T  INDICATES TRACE AMOUNT.




$$
