000
CDUS43 KBIS 170733
CLIJMS


CLIMATE REPORT
NATIONAL WEATHER SERVICE BISMARCK ND
133 AM CST TUE JAN 17 2017


...................................

...THE JAMESTOWN ND CLIMATE SUMMARY FOR JANUARY 16 2017...

CLIMATE NORMAL PERIOD 1981 TO 2010
CLIMATE RECORD PERIOD 1891 TO 2017


WEATHER ITEM   OBSERVED TIME   RECORD YEAR NORMAL DEPARTURE LAST
                VALUE   (LST)  VALUE       VALUE  FROM      YEAR
                                                  NORMAL
..................................................................
TEMPERATURE (F)
 YESTERDAY
  MAXIMUM         18    318 PM  50    1942  20     -2       -2
                                      1926
  MINIMUM         -1    325 AM -33    1917   0     -1      -14
  AVERAGE          9                        10     -1       -8

PRECIPITATION (IN)
  YESTERDAY        0.00          0.60 1911   0.02  -0.02      T
  MONTH TO DATE    0.21                      0.26  -0.05      T
  SINCE DEC 1      1.50                      0.66   0.84     0.14
  SINCE JAN 1      0.21                      0.26  -0.05      T

DEGREE DAYS
 HEATING
  YESTERDAY       56                        55      1       73
  MONTH TO DATE 1053                       878    175      885
  SINCE DEC 1   2667                      2454    213     2248
  SINCE JUL 1   4228                      4538   -310     3896

 COOLING
  YESTERDAY        0                         0      0        0
  MONTH TO DATE    0                         0      0        0
  SINCE DEC 1      0                         0      0        0
  SINCE JAN 1      0                         0      0        0
..................................................................


WIND (MPH)
  HIGHEST WIND SPEED    15   HIGHEST WIND DIRECTION     W (290)
  HIGHEST GUST SPEED    18   HIGHEST GUST DIRECTION     W (290)
  AVERAGE WIND SPEED     7.4


SKY COVER
  POSSIBLE SUNSHINE  MM
  AVERAGE SKY COVER 0.0


WEATHER CONDITIONS
 THE FOLLOWING WEATHER WAS RECORDED YESTERDAY.
  NO SIGNIFICANT WEATHER WAS OBSERVED.


RELATIVE HUMIDITY (PERCENT)
 HIGHEST    92           800 PM
 LOWEST     67           500 AM
 AVERAGE    80

..........................................................


THE JAMESTOWN ND CLIMATE NORMALS FOR TODAY
                         NORMAL    RECORD    YEAR
 MAXIMUM TEMPERATURE (F)   20        49      1944
 MINIMUM TEMPERATURE (F)    0       -31      1943


SUNRISE AND SUNSET
JANUARY 17 2017.......SUNRISE   814 AM CST   SUNSET   516 PM CST
JANUARY 18 2017.......SUNRISE   813 AM CST   SUNSET   517 PM CST


-  INDICATES NEGATIVE NUMBERS.
R  INDICATES RECORD WAS SET OR TIED.
MM INDICATES DATA IS MISSING.
T  INDICATES TRACE AMOUNT.




$$
