000
CDUS43 KBIS 240023
CLIJMS


CLIMATE REPORT
NATIONAL WEATHER SERVICE BISMARCK ND
722 PM CDT SUN APR 23 2017


...................................

...THE JAMESTOWN ND CLIMATE SUMMARY FOR APRIL 23 2017...
VALID TODAY AS OF 0700 PM LOCAL TIME.

CLIMATE NORMAL PERIOD 1981 TO 2010
CLIMATE RECORD PERIOD 1891 TO 2017


WEATHER ITEM   OBSERVED TIME   RECORD YEAR NORMAL DEPARTURE LAST
                VALUE   (LST)  VALUE       VALUE  FROM      YEAR
                                                  NORMAL
..................................................................
TEMPERATURE (F)
 TODAY
  MAXIMUM         36    147 PM  89    1990  59    -23       69
  MINIMUM         29    603 AM  13    1902  33     -4       44
  AVERAGE         33                        46    -13       57

PRECIPITATION (IN)
  TODAY            T             2.10 1932   0.04  -0.04     0.05
  MONTH TO DATE    1.27                      0.79   0.48     0.98
  SINCE MAR 1      1.35                      1.63  -0.28     1.34
  SINCE JAN 1      1.77                      2.48  -0.71     1.45

DEGREE DAYS
 HEATING
  TODAY           32                        19     13        8
  MONTH TO DATE  459                       558    -99      545
  SINCE MAR 1   1614                      1719   -105     1403
  SINCE JUL 1   7623                      8478   -855     7145

 COOLING
  TODAY            0                         0      0        0
  MONTH TO DATE    0                         0      0        0
  SINCE MAR 1      0                         0      0        0
  SINCE JAN 1      0                         0      0        0
..................................................................


WIND (MPH)
  RESULTANT WIND SPEED  18   RESULTANT WIND DIRECTION  NE (60)
  HIGHEST WIND SPEED    28   HIGHEST WIND DIRECTION    NE (60)
  HIGHEST GUST SPEED    34   HIGHEST GUST DIRECTION    NE (60)
  AVERAGE WIND SPEED    18.9


SKY COVER
  POSSIBLE SUNSHINE  MM
  AVERAGE SKY COVER 1.0


WEATHER CONDITIONS
 THE FOLLOWING WEATHER WAS RECORDED TODAY.
  NO SIGNIFICANT WEATHER WAS OBSERVED.


RELATIVE HUMIDITY (PERCENT)
 HIGHEST    92           500 AM
 LOWEST     72           300 AM
 AVERAGE    82

..........................................................


THE JAMESTOWN ND CLIMATE NORMALS FOR TOMORROW
                         NORMAL    RECORD    YEAR
 MAXIMUM TEMPERATURE (F)   60        88      1962
 MINIMUM TEMPERATURE (F)   34        16      1909


SUNRISE AND SUNSET
APRIL 23 2017.........SUNRISE   632 AM CDT   SUNSET   835 PM CDT
APRIL 24 2017.........SUNRISE   630 AM CDT   SUNSET   836 PM CDT


-  INDICATES NEGATIVE NUMBERS.
R  INDICATES RECORD WAS SET OR TIED.
MM INDICATES DATA IS MISSING.
T  INDICATES TRACE AMOUNT.




$$
