000
CDUS43 KBIS 250034
CLIJMS


CLIMATE REPORT
NATIONAL WEATHER SERVICE BISMARCK ND
633 PM CST SAT FEB 24 2018


...................................

...THE JAMESTOWN ND CLIMATE SUMMARY FOR FEBRUARY 24 2018...
VALID TODAY AS OF 0500 PM LOCAL TIME.

CLIMATE NORMAL PERIOD 1981 TO 2010
CLIMATE RECORD PERIOD 1891 TO 2018


WEATHER ITEM   OBSERVED TIME   RECORD YEAR NORMAL DEPARTURE LAST
                VALUE   (LST)  VALUE       VALUE  FROM      YEAR
                                                  NORMAL
..................................................................
TEMPERATURE (F)
 TODAY
  MAXIMUM         15    559 PM  55    1905  28    -13       25
  MINIMUM         -7    621 AM -27    1955   9    -16       15
  AVERAGE          4                        18    -14       20

PRECIPITATION (IN)
  TODAY            0.03          0.39 1977   0.02   0.01     0.00
  MONTH TO DATE    0.11                      0.32  -0.21     0.20
  SINCE DEC 1      0.24                      1.17  -0.93     1.71
  SINCE JAN 1      0.12                      0.77  -0.65     0.42

DEGREE DAYS
 HEATING
  TODAY           61                        47     14       45
  MONTH TO DATE 1423                      1215    208     1021
  SINCE DEC 1   4569                      4493     76     4272
  SINCE JUL 1   6539                      6577    -38     5833

 COOLING
  TODAY            0                         0      0        0
  MONTH TO DATE    0                         0      0        0
  SINCE DEC 1      0                         0      0        0
  SINCE JAN 1      0                         0      0        0
..................................................................


WIND (MPH)
  RESULTANT WIND SPEED   8   RESULTANT WIND DIRECTION   S (170)
  HIGHEST WIND SPEED    20   HIGHEST WIND DIRECTION     S (170)
  HIGHEST GUST SPEED    25   HIGHEST GUST DIRECTION     S (170)
  AVERAGE WIND SPEED     8.7


SKY COVER
  POSSIBLE SUNSHINE  MM
  AVERAGE SKY COVER 0.4


WEATHER CONDITIONS
 THE FOLLOWING WEATHER WAS RECORDED TODAY.
  SNOW
  LIGHT SNOW
  FOG


RELATIVE HUMIDITY (PERCENT)
 HIGHEST    95          1200 AM
 LOWEST     79           300 AM
 AVERAGE    87

..........................................................


THE JAMESTOWN ND CLIMATE NORMALS FOR TOMORROW
                         NORMAL    RECORD    YEAR
 MAXIMUM TEMPERATURE (F)   28        64      1958
 MINIMUM TEMPERATURE (F)   10       -23      1934


SUNRISE AND SUNSET
FEBRUARY 24 2018......SUNRISE   723 AM CST   SUNSET   613 PM CST
FEBRUARY 25 2018......SUNRISE   722 AM CST   SUNSET   614 PM CST


-  INDICATES NEGATIVE NUMBERS.
R  INDICATES RECORD WAS SET OR TIED.
MM INDICATES DATA IS MISSING.
T  INDICATES TRACE AMOUNT.




$$
