000
CDUS43 KBIS 230743
CLIJMS


CLIMATE REPORT
NATIONAL WEATHER SERVICE BISMARCK ND
242 AM CDT WED AUG 23 2017


...................................

...THE JAMESTOWN ND CLIMATE SUMMARY FOR AUGUST 22 2017...

CLIMATE NORMAL PERIOD 1981 TO 2010
CLIMATE RECORD PERIOD 1891 TO 2017


WEATHER ITEM   OBSERVED TIME   RECORD YEAR NORMAL DEPARTURE LAST
                VALUE   (LST)  VALUE       VALUE  FROM      YEAR
                                                  NORMAL
..................................................................
TEMPERATURE (F)
 YESTERDAY
  MAXIMUM         73    428 PM 102    1947  80     -7       82
  MINIMUM         49    418 AM  32    1908  54     -5       52
  AVERAGE         61                        67     -6       67

PRECIPITATION (IN)
  YESTERDAY        0.00          1.10 1918   0.07  -0.07     0.00
  MONTH TO DATE    3.80                      1.43   2.37     4.58
  SINCE JUN 1      6.47                      7.97  -1.50    12.91
  SINCE JAN 1      9.26                     13.52  -4.26    18.74

DEGREE DAYS
 HEATING
  YESTERDAY        4                         2      2        0
  MONTH TO DATE   23                        23      0       12
  SINCE JUN 1     76                       142    -66       68
  SINCE JUL 1     26                        45    -19       19

 COOLING
  YESTERDAY        0                         4     -4        2
  MONTH TO DATE   28                       115    -87       87
  SINCE JUN 1    344                       367    -23      357
  SINCE JAN 1    344                       387    -43      371
..................................................................


WIND (MPH)
  HIGHEST WIND SPEED    21   HIGHEST WIND DIRECTION     N (340)
  HIGHEST GUST SPEED    26   HIGHEST GUST DIRECTION    NW (320)
  AVERAGE WIND SPEED     8.2


SKY COVER
  POSSIBLE SUNSHINE  MM
  AVERAGE SKY COVER 0.0


WEATHER CONDITIONS
 THE FOLLOWING WEATHER WAS RECORDED YESTERDAY.
  NO SIGNIFICANT WEATHER WAS OBSERVED.


RELATIVE HUMIDITY (PERCENT)
 HIGHEST    86           200 AM
 LOWEST     38           200 PM
 AVERAGE    62

..........................................................


THE JAMESTOWN ND CLIMATE NORMALS FOR TODAY
                         NORMAL    RECORD    YEAR
 MAXIMUM TEMPERATURE (F)   80       103      1929
 MINIMUM TEMPERATURE (F)   54        34      1908


SUNRISE AND SUNSET
AUGUST 23 2017........SUNRISE   643 AM CDT   SUNSET   831 PM CDT
AUGUST 24 2017........SUNRISE   644 AM CDT   SUNSET   829 PM CDT


-  INDICATES NEGATIVE NUMBERS.
R  INDICATES RECORD WAS SET OR TIED.
MM INDICATES DATA IS MISSING.
T  INDICATES TRACE AMOUNT.




$$
