000
CDUS43 KBIS 260723
CLIJMS


CLIMATE REPORT
NATIONAL WEATHER SERVICE BISMARCK ND
222 AM CDT MON JUN 26 2017


...................................

...THE JAMESTOWN ND CLIMATE SUMMARY FOR JUNE 25 2017...

CLIMATE NORMAL PERIOD 1981 TO 2010
CLIMATE RECORD PERIOD 1891 TO 2017


WEATHER ITEM   OBSERVED TIME   RECORD YEAR NORMAL DEPARTURE LAST
                VALUE   (LST)  VALUE       VALUE  FROM      YEAR
                                                  NORMAL
..................................................................
TEMPERATURE (F)
 YESTERDAY
  MAXIMUM         67    203 PM 102    1936  79    -12       81
  MINIMUM         43    410 AM  34    1907  55    -12       65
  AVERAGE         55                        67    -12       73

PRECIPITATION (IN)
  YESTERDAY        T             2.53 1969   0.12  -0.12      T
  MONTH TO DATE    2.08                      2.65  -0.57     2.45
  SINCE JUN 1      2.08                      2.65  -0.57     2.45
  SINCE JAN 1      4.87                      8.20  -3.33     8.28

DEGREE DAYS
 HEATING
  YESTERDAY       10                         2      8        0
  MONTH TO DATE   37                        89    -52       38
  SINCE JUN 1     37                        89    -52       38
  SINCE JUL 1   8156                      9005   -849     7577

 COOLING
  YESTERDAY        0                         4     -4        8
  MONTH TO DATE   79                        59     20       96
  SINCE JUN 1     79                        59     20       96
  SINCE JAN 1     79                        79      0      110
..................................................................


WIND (MPH)
  HIGHEST WIND SPEED    20   HIGHEST WIND DIRECTION     W (260)
  HIGHEST GUST SPEED    24   HIGHEST GUST DIRECTION     W (260)
  AVERAGE WIND SPEED     7.8


SKY COVER
  POSSIBLE SUNSHINE  MM
  AVERAGE SKY COVER 0.4


WEATHER CONDITIONS
 THE FOLLOWING WEATHER WAS RECORDED YESTERDAY.
  NO SIGNIFICANT WEATHER WAS OBSERVED.


RELATIVE HUMIDITY (PERCENT)
 HIGHEST    93           100 AM
 LOWEST     43           600 PM
 AVERAGE    68

..........................................................


THE JAMESTOWN ND CLIMATE NORMALS FOR TODAY
                         NORMAL    RECORD    YEAR
 MAXIMUM TEMPERATURE (F)   79       101      1900
 MINIMUM TEMPERATURE (F)   55        32      1907


SUNRISE AND SUNSET
JUNE 26 2017..........SUNRISE   542 AM CDT   SUNSET   933 PM CDT
JUNE 27 2017..........SUNRISE   542 AM CDT   SUNSET   933 PM CDT


-  INDICATES NEGATIVE NUMBERS.
R  INDICATES RECORD WAS SET OR TIED.
MM INDICATES DATA IS MISSING.
T  INDICATES TRACE AMOUNT.




$$
