000
CDUS43 KBIS 280032
CLIJMS


CLIMATE REPORT
NATIONAL WEATHER SERVICE BISMARCK ND
624 PM CST MON FEB 27 2017


...................................

...THE JAMESTOWN ND CLIMATE SUMMARY FOR FEBRUARY 27 2017...
VALID TODAY AS OF 0600 PM LOCAL TIME.

CLIMATE NORMAL PERIOD 1981 TO 2010
CLIMATE RECORD PERIOD 1891 TO 2017


WEATHER ITEM   OBSERVED TIME   RECORD YEAR NORMAL DEPARTURE LAST
                VALUE   (LST)  VALUE       VALUE  FROM      YEAR
                                                  NORMAL
..................................................................
TEMPERATURE (F)
 TODAY
  MAXIMUM         29    213 PM  61    2016  29      0       61
  MINIMUM         18    747 AM -25    1925  11      7       31
  AVERAGE         24                        20      4       46

PRECIPITATION (IN)
  TODAY            0.00          1.18 1958   0.02  -0.02     0.00
  MONTH TO DATE    0.20                      0.38  -0.18     0.11
  SINCE DEC 1      1.71                      1.23   0.48     0.25
  SINCE JAN 1      0.42                      0.83  -0.41     0.11

DEGREE DAYS
 HEATING
  TODAY           41                        45     -4       19
  MONTH TO DATE 1152                      1352   -200     1100
  SINCE DEC 1   4403                      4630   -227     4018
  SINCE JUL 1   5964                      6714   -750     5666

 COOLING
  TODAY            0                         0      0        0
  MONTH TO DATE    0                         0      0        0
  SINCE DEC 1      0                         0      0        0
  SINCE JAN 1      0                         0      0        0
..................................................................


WIND (MPH)
  RESULTANT WIND SPEED   4   RESULTANT WIND DIRECTION   E (80)
  HIGHEST WIND SPEED    15   HIGHEST WIND DIRECTION    NE (40)
  HIGHEST GUST SPEED    19   HIGHEST GUST DIRECTION    NE (30)
  AVERAGE WIND SPEED     4.6


SKY COVER
  POSSIBLE SUNSHINE  MM
  AVERAGE SKY COVER 0.8


WEATHER CONDITIONS
 THE FOLLOWING WEATHER WAS RECORDED TODAY.
  NO SIGNIFICANT WEATHER WAS OBSERVED.


RELATIVE HUMIDITY (PERCENT)
 HIGHEST    91           400 AM
 LOWEST     69           200 PM
 AVERAGE    80

..........................................................


THE JAMESTOWN ND CLIMATE NORMALS FOR TOMORROW
                         NORMAL    RECORD    YEAR
 MAXIMUM TEMPERATURE (F)   29        55      1905
 MINIMUM TEMPERATURE (F)   11       -29      1962


SUNRISE AND SUNSET
FEBRUARY 27 2017......SUNRISE   718 AM CST   SUNSET   618 PM CST
FEBRUARY 28 2017......SUNRISE   716 AM CST   SUNSET   619 PM CST


-  INDICATES NEGATIVE NUMBERS.
R  INDICATES RECORD WAS SET OR TIED.
MM INDICATES DATA IS MISSING.
T  INDICATES TRACE AMOUNT.




$$
