632
CDUS43 KBIS 010719
CLIJMS


CLIMATE REPORT
NATIONAL WEATHER SERVICE BISMARCK ND
219 AM CDT SAT OCT 1 2016


...................................

...THE JAMESTOWN ND CLIMATE SUMMARY FOR SEPTEMBER 30 2016...

CLIMATE NORMAL PERIOD 1981 TO 2010
CLIMATE RECORD PERIOD 1891 TO 2016


WEATHER ITEM   OBSERVED TIME   RECORD YEAR NORMAL DEPARTURE LAST
                VALUE   (LST)  VALUE       VALUE  FROM      YEAR
                                                  NORMAL
..................................................................
TEMPERATURE (F)
 YESTERDAY
  MAXIMUM         70    253 PM  91    1976  64      6       69
  MINIMUM         43    411 AM  17    1907  39      4       49
  AVERAGE         57                        51      6       59

PRECIPITATION (IN)
  YESTERDAY        0.00          0.87 1969   0.05  -0.05     0.15
  MONTH TO DATE    3.91                      2.00   1.91     0.62
  SINCE SEP 1      3.91                      2.00   1.91     0.62
  SINCE JAN 1     22.66                     16.19   6.47    20.61

DEGREE DAYS
 HEATING
  YESTERDAY        8                        14     -6        6
  MONTH TO DATE  189                       254    -65      135
  SINCE SEP 1    189                       252    -63      135
  SINCE JUL 1    222                       318    -96      191

 COOLING
  YESTERDAY        0                         0      0        0
  MONTH TO DATE   22                        30     -8       70
  SINCE SEP 1     22                        30     -8       70
  SINCE JAN 1    415                       445    -30      502
..................................................................


WIND (MPH)
  HIGHEST WIND SPEED    24   HIGHEST WIND DIRECTION     S (170)
  HIGHEST GUST SPEED    30   HIGHEST GUST DIRECTION     S (170)
  AVERAGE WIND SPEED    13.0


SKY COVER
  POSSIBLE SUNSHINE  MM
  AVERAGE SKY COVER 0.0


WEATHER CONDITIONS
 THE FOLLOWING WEATHER WAS RECORDED YESTERDAY.
  NO SIGNIFICANT WEATHER WAS OBSERVED.


RELATIVE HUMIDITY (PERCENT)
 HIGHEST    93           100 AM
 LOWEST     44           300 PM
 AVERAGE    69

..........................................................


THE JAMESTOWN ND CLIMATE NORMALS FOR TODAY
                         NORMAL    RECORD    YEAR
 MAXIMUM TEMPERATURE (F)   63        94      1992
 MINIMUM TEMPERATURE (F)   38        17      1936


SUNRISE AND SUNSET
OCTOBER  1 2016.......SUNRISE   734 AM CDT   SUNSET   713 PM CDT
OCTOBER  2 2016.......SUNRISE   735 AM CDT   SUNSET   711 PM CDT


-  INDICATES NEGATIVE NUMBERS.
R  INDICATES RECORD WAS SET OR TIED.
MM INDICATES DATA IS MISSING.
T  INDICATES TRACE AMOUNT.




$$
