000
CDUS43 KBIS 130738
CLIJMS


CLIMATE REPORT
NATIONAL WEATHER SERVICE BISMARCK ND
128 AM CST WED DEC 13 2017


...................................

...THE JAMESTOWN ND CLIMATE SUMMARY FOR DECEMBER 12 2017...

CLIMATE NORMAL PERIOD 1981 TO 2010
CLIMATE RECORD PERIOD 1891 TO 2017


WEATHER ITEM   OBSERVED TIME   RECORD YEAR NORMAL DEPARTURE LAST
                VALUE   (LST)  VALUE       VALUE  FROM      YEAR
                                                  NORMAL
..................................................................
TEMPERATURE (F)
 YESTERDAY
  MAXIMUM         42   1159 PM  56    1939  24     18        5
  MINIMUM         13   1248 AM -29    1900   6      7       -9
  AVERAGE         28                        15     13       -2

PRECIPITATION (IN)
  YESTERDAY        0.00          0.20 1914   0.01  -0.01     0.01
  MONTH TO DATE    0.01                      0.15  -0.14     0.23
  SINCE DEC 1      0.01                      0.15  -0.14     0.23
  SINCE JAN 1     12.39                     18.52  -6.13    25.09

DEGREE DAYS
 HEATING
  YESTERDAY       37                        50    -13       67
  MONTH TO DATE  469                       577   -108      641
  SINCE DEC 1    469                       577   -108      641
  SINCE JUL 1   2439                      2661   -222     2202

 COOLING
  YESTERDAY        0                         0      0        0
  MONTH TO DATE    0                         0      0        0
  SINCE DEC 1      0                         0      0        0
  SINCE JAN 1    397                       446    -49      419
..................................................................


WIND (MPH)
  HIGHEST WIND SPEED    24   HIGHEST WIND DIRECTION    NW (310)
  HIGHEST GUST SPEED    29   HIGHEST GUST DIRECTION    NW (320)
  AVERAGE WIND SPEED    10.5


SKY COVER
  POSSIBLE SUNSHINE  MM
  AVERAGE SKY COVER 0.3


WEATHER CONDITIONS
 THE FOLLOWING WEATHER WAS RECORDED YESTERDAY.
  NO SIGNIFICANT WEATHER WAS OBSERVED.


RELATIVE HUMIDITY (PERCENT)
 HIGHEST    96           100 AM
 LOWEST     53          1100 PM
 AVERAGE    75

..........................................................


THE JAMESTOWN ND CLIMATE NORMALS FOR TODAY
                         NORMAL    RECORD    YEAR
 MAXIMUM TEMPERATURE (F)   23        55      1921
 MINIMUM TEMPERATURE (F)    6       -31      1917


SUNRISE AND SUNSET
DECEMBER 13 2017......SUNRISE   812 AM CST   SUNSET   446 PM CST
DECEMBER 14 2017......SUNRISE   813 AM CST   SUNSET   446 PM CST


-  INDICATES NEGATIVE NUMBERS.
R  INDICATES RECORD WAS SET OR TIED.
MM INDICATES DATA IS MISSING.
T  INDICATES TRACE AMOUNT.




$$
