934
CDUS43 KBIS 250739
CLIJMS


CLIMATE REPORT
NATIONAL WEATHER SERVICE BISMARCK ND
238 AM CDT MON JUL 25 2016


...................................

...THE JAMESTOWN ND CLIMATE SUMMARY FOR JULY 24 2016...

CLIMATE NORMAL PERIOD 1981 TO 2010
CLIMATE RECORD PERIOD 1891 TO 2016


WEATHER ITEM   OBSERVED TIME   RECORD YEAR NORMAL DEPARTURE LAST
                VALUE   (LST)  VALUE       VALUE  FROM      YEAR
                                                  NORMAL
..................................................................
TEMPERATURE (F)
 YESTERDAY
  MAXIMUM         80    445 PM 109    1931  83     -3       82
  MINIMUM         60   1159 PM  37    1916  58      2       63
  AVERAGE         70                        70      0       73

PRECIPITATION (IN)
  YESTERDAY        0.00          1.05 1960   0.09  -0.09     0.00
  MONTH TO DATE    3.89                      2.76   1.13     2.69
  SINCE JUN 1      6.34                      5.95   0.39     8.35
  SINCE JAN 1     12.17                     11.50   0.67    18.51

DEGREE DAYS
 HEATING
  YESTERDAY        0                         0      0        0
  MONTH TO DATE    7                        19    -12        9
  SINCE JUN 1     56                       116    -60       51
  SINCE JUL 1      7                        19    -12        9

 COOLING
  YESTERDAY        5                         6     -1        8
  MONTH TO DATE  125                       133     -8      142
  SINCE JUN 1    229                       213     16      244
  SINCE JAN 1    243                       233     10      252
..................................................................


WIND (MPH)
  HIGHEST WIND SPEED    26   HIGHEST WIND DIRECTION    NW (310)
  HIGHEST GUST SPEED    33   HIGHEST GUST DIRECTION     W (290)
  AVERAGE WIND SPEED    12.0


SKY COVER
  POSSIBLE SUNSHINE  MM
  AVERAGE SKY COVER 0.0


WEATHER CONDITIONS
 THE FOLLOWING WEATHER WAS RECORDED YESTERDAY.
  NO SIGNIFICANT WEATHER WAS OBSERVED.


RELATIVE HUMIDITY (PERCENT)
 HIGHEST    90           300 AM
 LOWEST     45           100 PM
 AVERAGE    68

..........................................................


THE JAMESTOWN ND CLIMATE NORMALS FOR TODAY
                         NORMAL    RECORD    YEAR
 MAXIMUM TEMPERATURE (F)   83       102      1941
 MINIMUM TEMPERATURE (F)   58        41      1924


SUNRISE AND SUNSET
JULY 25 2016..........SUNRISE   607 AM CDT   SUNSET   915 PM CDT
JULY 26 2016..........SUNRISE   608 AM CDT   SUNSET   914 PM CDT


-  INDICATES NEGATIVE NUMBERS.
R  INDICATES RECORD WAS SET OR TIED.
MM INDICATES DATA IS MISSING.
T  INDICATES TRACE AMOUNT.




$$
