000
CDUS43 KBIS 250052
CLIJMS


CLIMATE REPORT
NATIONAL WEATHER SERVICE BISMARCK ND
750 PM CDT WED AUG 24 2016


...................................

...THE JAMESTOWN ND CLIMATE SUMMARY FOR AUGUST 24 2016...
VALID TODAY AS OF 0700 PM LOCAL TIME.

CLIMATE NORMAL PERIOD 1981 TO 2010
CLIMATE RECORD PERIOD 1891 TO 2016


WEATHER ITEM   OBSERVED TIME   RECORD YEAR NORMAL DEPARTURE LAST
                VALUE   (LST)  VALUE       VALUE  FROM      YEAR
                                                  NORMAL
..................................................................
TEMPERATURE (F)
 TODAY
  MAXIMUM         71    436 PM 105    1925  80     -9       69
  MINIMUM         53    203 AM  33    1934  53      0       44
  AVERAGE         62                        67     -5       57

PRECIPITATION (IN)
  TODAY            0.00          1.90 1995   0.08  -0.08     0.00
  MONTH TO DATE    4.58                      1.58   3.00     1.21
  SINCE JUN 1     12.91                      8.12   4.79     9.83
  SINCE JAN 1     18.74                     13.67   5.07    19.99

DEGREE DAYS
 HEATING
  TODAY            3                         2      1        8
  MONTH TO DATE   15                        27    -12       36
  SINCE JUN 1     71                       146    -75       87
  SINCE JUL 1     22                        49    -27       45

 COOLING
  TODAY            0                         4     -4        0
  MONTH TO DATE   93                       123    -30      100
  SINCE JUN 1    363                       375    -12      396
  SINCE JAN 1    377                       395    -18      404
..................................................................


WIND (MPH)
  RESULTANT WIND SPEED  14   RESULTANT WIND DIRECTION   W (280)
  HIGHEST WIND SPEED    25   HIGHEST WIND DIRECTION     W (270)
  HIGHEST GUST SPEED    33   HIGHEST GUST DIRECTION     W (270)
  AVERAGE WIND SPEED    13.9


SKY COVER
  POSSIBLE SUNSHINE  MM
  AVERAGE SKY COVER 0.2


WEATHER CONDITIONS
 THE FOLLOWING WEATHER WAS RECORDED TODAY.
  NO SIGNIFICANT WEATHER WAS OBSERVED.


RELATIVE HUMIDITY (PERCENT)
 HIGHEST    89           200 AM
 LOWEST     47           600 PM
 AVERAGE    68

..........................................................


THE JAMESTOWN ND CLIMATE NORMALS FOR TOMORROW
                         NORMAL    RECORD    YEAR
 MAXIMUM TEMPERATURE (F)   80       100      1937
 MINIMUM TEMPERATURE (F)   53        35      1934


SUNRISE AND SUNSET
AUGUST 24 2016........SUNRISE   644 AM CDT   SUNSET   828 PM CDT
AUGUST 25 2016........SUNRISE   646 AM CDT   SUNSET   826 PM CDT


-  INDICATES NEGATIVE NUMBERS.
R  INDICATES RECORD WAS SET OR TIED.
MM INDICATES DATA IS MISSING.
T  INDICATES TRACE AMOUNT.




$$
