000
CDAK47 PAJK 241234
CLIJNU
AKZ025-250000-
CLIMATE REPORT
NATIONAL WEATHER SERVICE JUNEAU, AK

345 AM AKDT THU JUL 24 2014


...................................

...THE JUNEAU CLIMATE SUMMARY FOR JULY 23 2014...

CLIMATE NORMAL PERIOD 1981 TO 2010
CLIMATE RECORD PERIOD 1943 TO 2014


WEATHER ITEM   OBSERVED TIME   RECORD YEAR NORMAL DEPARTURE LAST

                VALUE   (LST)  VALUE       VALUE  FROM      YEAR

                                                  NORMAL

..................................................................
TEMPERATURE (F)

 YESTERDAY

  MAXIMUM         65    243 PM  80    1966  64      1       69

  MINIMUM         55   1159 PM  40    1949  51      4       52

  AVERAGE         60                        57      3       61



PRECIPITATION (IN)

  YESTERDAY        T             1.14 2000   0.16  -0.16     0.14

  MONTH TO DATE    6.29                      3.31   2.98     4.05

  SINCE JUN 1     13.68                      6.55   7.13     7.24

  SINCE JAN 1     33.60                     26.15   7.45    35.61



DEGREE DAYS

 HEATING

  YESTERDAY        5                         8     -3        4

  MONTH TO DATE  161                       193    -32      189

  SINCE JUN 1    511                       508      3      403

  SINCE JUL 1    161                       193    -32      189



 COOLING

  YESTERDAY        0                         0      0        0

  MONTH TO DATE    0                         0      0        0

  SINCE JUN 1      0                         1     -1        7

  SINCE JAN 1      0                         1     -1        7

..................................................................


WIND (MPH)

  HIGHEST WIND SPEED    18   HIGHEST WIND DIRECTION    SE (120)

  HIGHEST GUST SPEED    22   HIGHEST GUST DIRECTION    SE (120)

  AVERAGE WIND SPEED     6.0




SKY COVER

  POSSIBLE SUNSHINE  MM

  AVERAGE SKY COVER 0.9




WEATHER CONDITIONS

 THE FOLLOWING WEATHER WAS RECORDED YESTERDAY.

  LIGHT RAIN




RELATIVE HUMIDITY (PERCENT)

 HIGHEST    93           500 AM

 LOWEST     63           100 PM

 AVERAGE    78


..........................................................



THE JUNEAU CLIMATE NORMALS FOR TODAY
                         NORMAL    RECORD    YEAR

 MAXIMUM TEMPERATURE (F)   64        81      1966

 MINIMUM TEMPERATURE (F)   51        37      1967




SUNRISE AND SUNSET

JULY 24 2014..........SUNRISE   433 AM AKDT  SUNSET   935 PM AKDT
JULY 25 2014..........SUNRISE   435 AM AKDT  SUNSET   933 PM AKDT



-  INDICATES NEGATIVE NUMBERS.

R  INDICATES RECORD WAS SET OR TIED.

MM INDICATES DATA IS MISSING.

T  INDICATES TRACE AMOUNT.





$$


&&
----------------------------
AMOUNT OF DAYLIGHT TODAY  (HOUR:MIN)........17:02
GAIN/LOSS SINCE YESTERDAY (HOUR:MIN:SEC)....-0:03:56
