000
CDAK47 PAJK 280031
CLIJNU
AKZ025-281200-
CLIMATE REPORT
NATIONAL WEATHER SERVICE JUNEAU, AK
430 PM AKDT MON JUL 27 2015


...................................

...THE JUNEAU CLIMATE SUMMARY FOR JULY 27 2015...
VALID TODAY AS OF 0300 PM LOCAL TIME.

CLIMATE NORMAL PERIOD 1981 TO 2010
CLIMATE RECORD PERIOD 1936 TO 2015


WEATHER ITEM   OBSERVED TIME   RECORD YEAR NORMAL DEPARTURE LAST
                VALUE   (LST)  VALUE       VALUE  FROM      YEAR
                                                  NORMAL
..................................................................
TEMPERATURE (F)
 TODAY
  MAXIMUM         57   1258 PM  81    1982  64     -7       62
  MINIMUM         54    712 AM  41    1965  51      3       53
  AVERAGE         56                        58     -2       58

PRECIPITATION (IN)
  TODAY            0.44          1.14 2005   0.16   0.28     0.15
  MONTH TO DATE    9.02                      3.95   5.07     7.09
  SINCE JUN 1     13.68                      7.19   6.49    14.57
  SINCE JAN 1     41.50                     26.79  14.71    34.49

DEGREE DAYS
 HEATING
  TODAY            9                         7      2        7
  MONTH TO DATE  189                       223    -34      194
  SINCE JUN 1    423                       538   -115      548
  SINCE JUL 1    189                       223    -34      194

 COOLING
  TODAY            0                         0      0        0
  MONTH TO DATE    5                         0      5        0
  SINCE JUN 1      7                         1      6        0
  SINCE JAN 1      7                         1      6        0
..................................................................


WIND (MPH)
  HIGHEST WIND SPEED    20   HIGHEST WIND DIRECTION     E (110)
  HIGHEST GUST SPEED    27   HIGHEST GUST DIRECTION    SE (130)
  AVERAGE WIND SPEED    12.6


SKY COVER
  AVERAGE SKY COVER 0.9


WEATHER CONDITIONS
 THE FOLLOWING WEATHER WAS RECORDED TODAY.
  RAIN
  LIGHT RAIN
  FOG


RELATIVE HUMIDITY (PERCENT)
 HIGHEST   100           200 AM
 LOWEST     93           700 AM
 AVERAGE    97

..........................................................


THE JUNEAU CLIMATE NORMALS FOR TOMORROW
                         NORMAL    RECORD    YEAR
 MAXIMUM TEMPERATURE (F)   64        81      1982
 MINIMUM TEMPERATURE (F)   51        41      1945


SUNRISE AND SUNSET
JULY 27 2015..........SUNRISE   439 AM AKDT  SUNSET   929 PM AKDT
JULY 28 2015..........SUNRISE   441 AM AKDT  SUNSET   927 PM AKDT


-  INDICATES NEGATIVE NUMBERS.
R  INDICATES RECORD WAS SET OR TIED.
MM INDICATES DATA IS MISSING.
T  INDICATES TRACE AMOUNT.




$$



&&
----------------------------
AMOUNT OF DAYLIGHT TODAY  (HOUR:MIN)........16:51
GAIN/LOSS SINCE YESTERDAY (HOUR:MIN:SEC)....-0:04:07
