000
CDAK47 PAJK 101128
CLIJNU
AKZ025-102300-
CLIMATE REPORT
NATIONAL WEATHER SERVICE JUNEAU, AK
327 AM AKDT THU JUL 10 2014


...................................

...THE JUNEAU CLIMATE SUMMARY FOR JULY 9 2014...

CLIMATE NORMAL PERIOD 1981 TO 2010
CLIMATE RECORD PERIOD 1943 TO 2014


WEATHER ITEM   OBSERVED TIME   RECORD YEAR NORMAL DEPARTURE LAST
                VALUE   (LST)  VALUE       VALUE  FROM      YEAR
                                                  NORMAL
..................................................................
TEMPERATURE (F)
 YESTERDAY
  MAXIMUM         63    437 PM  81    1971  64     -1       55
  MINIMUM         51    123 AM  38    1956  49      2       49
  AVERAGE         57                        56      1       52

PRECIPITATION (IN)
  YESTERDAY        0.04          1.64 2012   0.13  -0.09     0.12
  MONTH TO DATE    2.66                      1.16   1.50     2.98
  SINCE JUN 1     10.05                      4.40   5.65     6.17
  SINCE JAN 1     29.97                     24.00   5.97    34.54

DEGREE DAYS
 HEATING
  YESTERDAY        8                         9     -1       13
  MONTH TO DATE   68                        81    -13       88
  SINCE JUN 1    418                       396     22      302
  SINCE JUL 1     68                        81    -13       88

 COOLING
  YESTERDAY        0                         0      0        0
  MONTH TO DATE    0                         0      0        0
  SINCE JUN 1      0                         1     -1        7
  SINCE JAN 1      0                         1     -1        7
..................................................................


WIND (MPH)
  HIGHEST WIND SPEED    14   HIGHEST WIND DIRECTION    SE (120)
  HIGHEST GUST SPEED    16   HIGHEST GUST DIRECTION     E (90)
  AVERAGE WIND SPEED     8.1


SKY COVER
  POSSIBLE SUNSHINE  MM
  AVERAGE SKY COVER 0.8


WEATHER CONDITIONS
 THE FOLLOWING WEATHER WAS RECORDED YESTERDAY.
  LIGHT RAIN
  FOG


RELATIVE HUMIDITY (PERCENT)
 HIGHEST    93           200 AM
 LOWEST     72           300 PM
 AVERAGE    83

..........................................................


THE JUNEAU CLIMATE NORMALS FOR TODAY
                         NORMAL    RECORD    YEAR
 MAXIMUM TEMPERATURE (F)   64        82      1989
 MINIMUM TEMPERATURE (F)   50        38      1966


SUNRISE AND SUNSET
JULY 10 2014..........SUNRISE   408 AM AKDT  SUNSET   958 PM AKDT
JULY 11 2014..........SUNRISE   410 AM AKDT  SUNSET   957 PM AKDT


-  INDICATES NEGATIVE NUMBERS.
R  INDICATES RECORD WAS SET OR TIED.
MM INDICATES DATA IS MISSING.
T  INDICATES TRACE AMOUNT.




$$


&&
----------------------------
AMOUNT OF DAYLIGHT TODAY  (HOUR:MIN)........17:50
GAIN/LOSS SINCE YESTERDAY (HOUR:MIN:SEC)....-0:02:41
