000
CDAK47 PAJK 251128
CLIJNU
AKZ025-252300-
CLIMATE REPORT
NATIONAL WEATHER SERVICE JUNEAU, AK
226 AM AKST TUE NOV 25 2014

...................................

...THE JUNEAU CLIMATE SUMMARY FOR NOVEMBER 24 2014...

CLIMATE NORMAL PERIOD 1981 TO 2010
CLIMATE RECORD PERIOD 1943 TO 2014


WEATHER ITEM   OBSERVED TIME   RECORD YEAR NORMAL DEPARTURE LAST
                VALUE   (LST)  VALUE       VALUE  FROM      YEAR
                                                  NORMAL
..................................................................
TEMPERATURE (F)
 YESTERDAY
  MAXIMUM         41    309 AM  52    1992  36      5       31
  MINIMUM         35   1127 AM  -1    2006  28      7       21
  AVERAGE         38                        32      6       26

PRECIPITATION (IN)
  YESTERDAY        0.30          1.63 1956   0.20   0.10     0.00
  MONTH TO DATE    3.72                      4.79  -1.07     5.29
  SINCE SEP 1     20.49                     22.06  -1.57    23.01
  SINCE JAN 1     64.68                     55.23   9.45    63.92

SNOWFALL (IN)
  YESTERDAY        0.0          13.8  1963   0.6   -0.6      0.0
  MONTH TO DATE    T                         9.6   -9.6     13.5
  SINCE SEP 1      T                        10.4  -10.4     13.5
  SINCE JUL 1      T                        10.4  -10.4     13.5
  SNOW DEPTH       0

DEGREE DAYS
 HEATING
  YESTERDAY       27                        33     -6       39
  MONTH TO DATE  671                       745    -74      842
  SINCE SEP 1   1709                      1895   -186     1850
  SINCE JUL 1   2185                      2430   -245     2285
..................................................................


WIND (MPH)
  HIGHEST WIND SPEED    13   HIGHEST WIND DIRECTION     E (110)
  HIGHEST GUST SPEED    16   HIGHEST GUST DIRECTION     E (70)
  AVERAGE WIND SPEED     6.0


SKY COVER
  POSSIBLE SUNSHINE  MM
  AVERAGE SKY COVER 0.9


WEATHER CONDITIONS
 THE FOLLOWING WEATHER WAS RECORDED YESTERDAY.
  LIGHT RAIN
  FOG


RELATIVE HUMIDITY (PERCENT)
 HIGHEST   100           600 AM
 LOWEST     92           300 AM
 AVERAGE    96

..........................................................


THE JUNEAU CLIMATE NORMALS FOR TODAY
                         NORMAL    RECORD    YEAR
 MAXIMUM TEMPERATURE (F)   36        49      1956
 MINIMUM TEMPERATURE (F)   28        -3      1985


SUNRISE AND SUNSET
NOVEMBER 25 2014......SUNRISE   809 AM AKST  SUNSET   321 PM AKST
NOVEMBER 26 2014......SUNRISE   811 AM AKST  SUNSET   320 PM AKST


-  INDICATES NEGATIVE NUMBERS.
R  INDICATES RECORD WAS SET OR TIED.
MM INDICATES DATA IS MISSING.
T  INDICATES TRACE AMOUNT.




$$


&&
----------------------------
AMOUNT OF DAYLIGHT TODAY  (HOUR:MIN)........ 7:12
GAIN/LOSS SINCE YESTERDAY (HOUR:MIN:SEC)....-0:03:33
