000
CDAK47 PAJK 241238
CLIJNU
CLIMATE REPORT
NATIONAL WEATHER SERVICE JUNEAU, AK
331 AM AKST SAT FEB 24 2018


...................................

...THE JUNEAU CLIMATE SUMMARY FOR FEBRUARY 23 2018...

CLIMATE NORMAL PERIOD 1981 TO 2010
CLIMATE RECORD PERIOD 1936 TO 2018


WEATHER ITEM   OBSERVED RECORD YEAR NORMAL DEPARTURE LAST
                VALUE   VALUE       VALUE  FROM      YEAR
                                           NORMAL
...........................................................
TEMPERATURE (F)
 YESTERDAY
  MAXIMUM         38     53    2004  36      2       35
  MINIMUM         23     -6    1956  26     -3       21
  AVERAGE         31                 31      0       28

PRECIPITATION (IN)
  YESTERDAY        0.25   1.40 1997   0.14   0.11      T
  MONTH TO DATE    1.59               3.40  -1.81     4.18
  SINCE JAN 1      7.29               8.75  -1.46    10.45

SNOWFALL (IN)
  YESTERDAY        0.5    6.5  1955   0.5    0.0       T
  MONTH TO DATE    6.1               14.4   -8.3      2.7
  SINCE JUL 1     47.8               71.6  -23.8     31.6
  SNOW DEPTH       5

DEGREE DAYS
 HEATING
  YESTERDAY       34                 34      0       37
  MONTH TO DATE  977                808    169      790
...........................................................


WIND (MPH)
  HIGHEST WIND SPEED    21   HIGHEST WIND DIRECTION     E (110)
  HIGHEST GUST SPEED    26   HIGHEST GUST DIRECTION    SE (130)
  AVERAGE WIND SPEED     4.4


SKY COVER
  AVERAGE SKY COVER 0.9


WEATHER CONDITIONS
 THE FOLLOWING WEATHER WAS RECORDED YESTERDAY.
  RAIN
  LIGHT RAIN
  SNOW
  LIGHT SNOW
  FOG
  FOG W/VISIBILITY <= 1/4 MILE


..........................................................


THE JUNEAU CLIMATE NORMALS FOR TODAY
                         NORMAL    RECORD    YEAR
 MAXIMUM TEMPERATURE (F)   36        47      1992
 MINIMUM TEMPERATURE (F)   26         1      2011
                                             1994


SUNRISE AND SUNSET
FEBRUARY 24 2018......SUNRISE   707 AM AKST  SUNSET   517 PM AKST
FEBRUARY 25 2018......SUNRISE   704 AM AKST  SUNSET   520 PM AKST


-  INDICATES NEGATIVE NUMBERS.
R  INDICATES RECORD WAS SET OR TIED.
MM INDICATES DATA IS MISSING.
T  INDICATES TRACE AMOUNT.




$$
--------------------------------------------------------------

AMOUNT OF DAYLIGHT TODAY (HOUR:MIN)......... 10 HOURS 11 MINUTES
GAIN/LOSS SINCE YESTERDAY (HOUR:MIN:SEC).... +0:05:03

$$
