000
CDUS41 KCTP 242216
CLIJST


CLIMATE REPORT
NATIONAL WEATHER SERVICE STATE COLLEGE PA
516 PM EST SAT FEB 24 2018


...................................

...THE JOHNSTOWN CLIMATE SUMMARY FOR FEBRUARY 24 2018...
VALID TODAY AS OF 0500 PM LOCAL TIME.

CLIMATE NORMAL PERIOD 1981 TO 2010
CLIMATE RECORD PERIOD 1892 TO 2018


WEATHER ITEM   OBSERVED TIME   RECORD YEAR NORMAL DEPARTURE LAST
                VALUE   (LST)  VALUE       VALUE  FROM      YEAR
                                                  NORMAL
..................................................................
TEMPERATURE (F)
 TODAY
  MAXIMUM         57   1241 AM  72    2017  36     21       72
                                      1906
  MINIMUM         43    459 PM  -8    2015  22     21       52
  AVERAGE         50                        29     21       62

PRECIPITATION (IN)
  TODAY            0.38          1.38 1962   0.08   0.30     0.00
  MONTH TO DATE    6.43                      2.01   4.42     1.90
  SINCE DEC 1      9.99                      7.46   2.53     9.27
  SINCE JAN 1      8.89                      4.89   4.00     5.09

DEGREE DAYS
 HEATING
  TODAY           15                        36    -21        3
  MONTH TO DATE  707                       920   -213      658
  SINCE DEC 1   3138                      3279   -141     2744
  SINCE JUL 1   4351                      4742   -391     3813

 COOLING
  TODAY            0                         0      0        0
  MONTH TO DATE    0                         0      0        0
  SINCE DEC 1      0                         0      0        0
  SINCE JAN 1      0                         0      0        0
..................................................................


WIND (MPH)
  HIGHEST WIND SPEED    16   HIGHEST WIND DIRECTION     W (260)
  HIGHEST GUST SPEED    22   HIGHEST GUST DIRECTION     W (260)
  AVERAGE WIND SPEED     9.1


SKY COVER
  POSSIBLE SUNSHINE  MM
  AVERAGE SKY COVER 1.0


WEATHER CONDITIONS
 THE FOLLOWING WEATHER WAS RECORDED TODAY.
  HEAVY RAIN
  RAIN
  LIGHT RAIN
  FOG
  FOG W/VISIBILITY <= 1/4 MILE


RELATIVE HUMIDITY (PERCENT)
 HIGHEST    96           500 AM
 LOWEST     86          1200 AM
 AVERAGE    91

..........................................................


THE JOHNSTOWN CLIMATE NORMALS FOR TOMORROW
                         NORMAL    RECORD    YEAR
 MAXIMUM TEMPERATURE (F)   37        70      1930
 MINIMUM TEMPERATURE (F)   22       -10      1914


SUNRISE AND SUNSET
FEBRUARY 24 2018......SUNRISE   656 AM EST   SUNSET   601 PM EST
FEBRUARY 25 2018......SUNRISE   655 AM EST   SUNSET   602 PM EST


-  INDICATES NEGATIVE NUMBERS.
R  INDICATES RECORD WAS SET OR TIED.
MM INDICATES DATA IS MISSING.
T  INDICATES TRACE AMOUNT.




$$
