000
CDUS41 KCTP 220622
CLIJST


CLIMATE REPORT
NATIONAL WEATHER SERVICE STATE COLLEGE PA
121 AM EST SUN JAN 22 2017


...................................

...THE JOHNSTOWN CLIMATE SUMMARY FOR JANUARY 21 2017...

CLIMATE NORMAL PERIOD 1981 TO 2010
CLIMATE RECORD PERIOD 1892 TO 2017


WEATHER ITEM   OBSERVED TIME   RECORD YEAR NORMAL DEPARTURE LAST
                VALUE   (LST)  VALUE       VALUE  FROM      YEAR
                                                  NORMAL
..................................................................
TEMPERATURE (F)
 YESTERDAY
  MAXIMUM         60    333 PM  78    1906  32     28       16
  MINIMUM         45    828 AM -16    1985  18     27       11
  AVERAGE         53                        25     28       14

PRECIPITATION (IN)
  YESTERDAY        0.00          1.80 1917   0.07  -0.07      T
  MONTH TO DATE    2.25                      2.10   0.15     0.72
  SINCE DEC 1      6.43                      4.67   1.76     4.45
  SINCE JAN 1      2.25                      2.10   0.15     0.72

DEGREE DAYS
 HEATING
  YESTERDAY       12                        40    -28       51
  MONTH TO DATE  692                       833   -141      882
  SINCE DEC 1   1765                      1960   -195     1556
  SINCE JUL 1   2834                      3417   -583     2674

 COOLING
  YESTERDAY        0                         0      0        0
  MONTH TO DATE    0                         0      0        0
  SINCE DEC 1      0                         0      0        0
  SINCE JAN 1      0                         0      0        0
..................................................................


WIND (MPH)
  HIGHEST WIND SPEED    13   HIGHEST WIND DIRECTION    SW (210)
  HIGHEST GUST SPEED    16   HIGHEST GUST DIRECTION     S (200)
  AVERAGE WIND SPEED     6.3


SKY COVER
  POSSIBLE SUNSHINE  MM
  AVERAGE SKY COVER 0.3


WEATHER CONDITIONS
 THE FOLLOWING WEATHER WAS RECORDED YESTERDAY.
  FOG
  FOG W/VISIBILITY <= 1/4 MILE


RELATIVE HUMIDITY (PERCENT)
 HIGHEST   100           200 AM
 LOWEST     55           300 PM
 AVERAGE    78

..........................................................


THE JOHNSTOWN CLIMATE NORMALS FOR TODAY
                         NORMAL    RECORD    YEAR
 MAXIMUM TEMPERATURE (F)   32        70      1906
 MINIMUM TEMPERATURE (F)   18        -9      1984


SUNRISE AND SUNSET
JANUARY 22 2017.......SUNRISE   732 AM EST   SUNSET   522 PM EST
JANUARY 23 2017.......SUNRISE   732 AM EST   SUNSET   523 PM EST


-  INDICATES NEGATIVE NUMBERS.
R  INDICATES RECORD WAS SET OR TIED.
MM INDICATES DATA IS MISSING.
T  INDICATES TRACE AMOUNT.




$$
