000
CDUS41 KCTP 250611
CLIJST


CLIMATE REPORT
NATIONAL WEATHER SERVICE STATE COLLEGE PA
210 AM EDT MON JUL 25 2016


...................................

...THE JOHNSTOWN CLIMATE SUMMARY FOR JULY 24 2016...

CLIMATE NORMAL PERIOD 1981 TO 2010
CLIMATE RECORD PERIOD 1892 TO 2016


WEATHER ITEM   OBSERVED TIME   RECORD YEAR NORMAL DEPARTURE LAST
                VALUE   (LST)  VALUE       VALUE  FROM      YEAR
                                                  NORMAL
..................................................................
TEMPERATURE (F)
 YESTERDAY
  MAXIMUM         89    251 PM  96    1952  79     10       78
  MINIMUM         66    556 AM  48    1947  60      6       56
  AVERAGE         78                        70      8       67

PRECIPITATION (IN)
  YESTERDAY        0.13          1.52 1896   0.13   0.00     0.00
  MONTH TO DATE    1.80                      2.90  -1.10     4.48
  SINCE JUN 1      6.48                      2.90   3.58    16.44
  SINCE JAN 1     17.28                     19.54  -2.26    30.84

DEGREE DAYS
 HEATING
  YESTERDAY        0                         0      0        0
  MONTH TO DATE   11                         8      3        7
  SINCE JUN 1     54                        87    -33       68
  SINCE JUL 1     11                         8      3        7

 COOLING
  YESTERDAY       13                         5      8        2
  MONTH TO DATE  169                       115     54       98
  SINCE JUN 1    263                       190     73      188
  SINCE JAN 1    301                       208     93      272
..................................................................


WIND (MPH)
  HIGHEST WIND SPEED    26   HIGHEST WIND DIRECTION    NW (310)
  HIGHEST GUST SPEED    35   HIGHEST GUST DIRECTION    NW (320)
  AVERAGE WIND SPEED     5.3


SKY COVER
  POSSIBLE SUNSHINE  MM
  AVERAGE SKY COVER 0.3


WEATHER CONDITIONS
 THE FOLLOWING WEATHER WAS RECORDED YESTERDAY.
  THUNDERSTORM
  HEAVY RAIN
  RAIN
  LIGHT RAIN
  FOG
  HAZE


RELATIVE HUMIDITY (PERCENT)
 HIGHEST    93           400 AM
 LOWEST     40           300 PM
 AVERAGE    67

..........................................................


THE JOHNSTOWN CLIMATE NORMALS FOR TODAY
                         NORMAL    RECORD    YEAR
 MAXIMUM TEMPERATURE (F)   79        99      1934
 MINIMUM TEMPERATURE (F)   60        45      1957


SUNRISE AND SUNSET
JULY 25 2016..........SUNRISE   607 AM EDT   SUNSET   836 PM EDT
JULY 26 2016..........SUNRISE   608 AM EDT   SUNSET   835 PM EDT


-  INDICATES NEGATIVE NUMBERS.
R  INDICATES RECORD WAS SET OR TIED.
MM INDICATES DATA IS MISSING.
T  INDICATES TRACE AMOUNT.




$$
