000
CDUS41 KCTP 290608
CLIJST


CLIMATE REPORT
NATIONAL WEATHER SERVICE STATE COLLEGE PA
208 AM EDT WED MAR 29 2017


...................................

...THE JOHNSTOWN CLIMATE SUMMARY FOR MARCH 28 2017...

CLIMATE NORMAL PERIOD 1981 TO 2010
CLIMATE RECORD PERIOD 1892 TO 2017


WEATHER ITEM   OBSERVED TIME   RECORD YEAR NORMAL DEPARTURE LAST
                VALUE   (LST)  VALUE       VALUE  FROM      YEAR
                                                  NORMAL
..................................................................
TEMPERATURE (F)
 YESTERDAY
  MAXIMUM         58    131 AM  84    1989  49      9       52
  MINIMUM         46   1159 PM  11    2015  32     14       36
  AVERAGE         52                        40     12       44

PRECIPITATION (IN)
  YESTERDAY        0.27          1.06 1977   0.13   0.14     0.29
  MONTH TO DATE    3.17                      2.88   0.29     1.59
  SINCE MAR 1      3.17                      2.88   0.29     1.59
  SINCE JAN 1      8.83                      8.11   0.72     4.44

DEGREE DAYS
 HEATING
  YESTERDAY       13                        25    -12       21
  MONTH TO DATE  868                       840     28      572
  SINCE MAR 1    868                       840     28      572
  SINCE JUL 1   4788                      5719   -931     4635

 COOLING
  YESTERDAY        0                         0      0        0
  MONTH TO DATE    0                         0      0        0
  SINCE MAR 1      0                         0      0        0
  SINCE JAN 1      0                         0      0        0
..................................................................


WIND (MPH)
  HIGHEST WIND SPEED    17   HIGHEST WIND DIRECTION    NW (310)
  HIGHEST GUST SPEED    20   HIGHEST GUST DIRECTION    NW (320)
  AVERAGE WIND SPEED     7.8


SKY COVER
  POSSIBLE SUNSHINE  MM
  AVERAGE SKY COVER 1.0


WEATHER CONDITIONS
 THE FOLLOWING WEATHER WAS RECORDED YESTERDAY.
  RAIN
  LIGHT RAIN
  FOG


RELATIVE HUMIDITY (PERCENT)
 HIGHEST   100           700 AM
 LOWEST     72          1200 AM
 AVERAGE    86

..........................................................


THE JOHNSTOWN CLIMATE NORMALS FOR TODAY
                         NORMAL    RECORD    YEAR
 MAXIMUM TEMPERATURE (F)   49        85      1907
 MINIMUM TEMPERATURE (F)   32        12      2015
                                             1923


SUNRISE AND SUNSET
MARCH 29 2017.........SUNRISE   704 AM EDT   SUNSET   737 PM EDT
MARCH 30 2017.........SUNRISE   702 AM EDT   SUNSET   738 PM EDT


-  INDICATES NEGATIVE NUMBERS.
R  INDICATES RECORD WAS SET OR TIED.
MM INDICATES DATA IS MISSING.
T  INDICATES TRACE AMOUNT.




$$
