000
CDUS41 KCTP 302121
CLIJST


CLIMATE REPORT
NATIONAL WEATHER SERVICE STATE COLLEGE PA
521 PM EDT SAT AUG 30 2014


...................................

...THE JOHNSTOWN CLIMATE SUMMARY FOR AUGUST 30 2014...
VALID TODAY AS OF 0500 PM LOCAL TIME.

CLIMATE NORMAL PERIOD 1981 TO 2010
CLIMATE RECORD PERIOD 2000 TO 2014


WEATHER ITEM   OBSERVED TIME   RECORD YEAR NORMAL DEPARTURE LAST
                VALUE   (LST)  VALUE       VALUE  FROM      YEAR
                                                  NORMAL
..................................................................
TEMPERATURE (F)
 TODAY
  MAXIMUM         81    128 PM  97    1924  74      7       80
  MINIMUM         59    125 AM  38    1986  58      1       62
  AVERAGE         70                        66      4       71

PRECIPITATION (IN)
  TODAY            0.00          2.23 1932   0.11  -0.11     0.00
  MONTH TO DATE    3.40                      3.70  -0.30     5.56
  SINCE JUN 1     11.73                      7.55   4.18    14.03
  SINCE JAN 1     25.29                     24.19   1.10    24.95

DEGREE DAYS
 HEATING
  TODAY            0                         2     -2        0
  MONTH TO DATE   34                        28      6       48
  SINCE JUN 1    123                       115      8      134
  SINCE JUL 1     83                        41     42       71

 COOLING
  TODAY            5                         2      3        6
  MONTH TO DATE   72                       115    -43       67
  SINCE JUN 1    264                       340    -76      297
  SINCE JAN 1    290                       358    -68      338
..................................................................


WIND (MPH)
  HIGHEST WIND SPEED    13   HIGHEST WIND DIRECTION     S (160)
  HIGHEST GUST SPEED    17   HIGHEST GUST DIRECTION     S (160)
  AVERAGE WIND SPEED     6.8


SKY COVER
  POSSIBLE SUNSHINE  MM
  AVERAGE SKY COVER 0.2


WEATHER CONDITIONS
 THE FOLLOWING WEATHER WAS RECORDED TODAY.
  NO SIGNIFICANT WEATHER WAS OBSERVED.


RELATIVE HUMIDITY (PERCENT)
 HIGHEST    90           600 AM
 LOWEST     64          1100 AM
 AVERAGE    77

..........................................................


THE JOHNSTOWN CLIMATE NORMALS FOR TOMORROW
                         NORMAL    RECORD    YEAR
 MAXIMUM TEMPERATURE (F)   73        98      1924
 MINIMUM TEMPERATURE (F)   57        32      1894


SUNRISE AND SUNSET
AUGUST 30 2014........SUNRISE   641 AM EDT   SUNSET   750 PM EDT
AUGUST 31 2014........SUNRISE   642 AM EDT   SUNSET   749 PM EDT


-  INDICATES NEGATIVE NUMBERS.
R  INDICATES RECORD WAS SET OR TIED.
MM INDICATES DATA IS MISSING.
T  INDICATES TRACE AMOUNT.




$$
