000
CDUS41 KCTP 202218
CLIJST


CLIMATE REPORT
NATIONAL WEATHER SERVICE STATE COLLEGE PA
517 PM EST SAT DEC 20 2014


...................................

...THE JOHNSTOWN CLIMATE SUMMARY FOR DECEMBER 20 2014...
VALID TODAY AS OF 0500 PM LOCAL TIME.

CLIMATE NORMAL PERIOD 1981 TO 2010
CLIMATE RECORD PERIOD 2000 TO 2014


WEATHER ITEM   OBSERVED TIME   RECORD YEAR NORMAL DEPARTURE LAST
                VALUE   (LST)  VALUE       VALUE  FROM      YEAR
                                                  NORMAL
..................................................................
TEMPERATURE (F)
 TODAY
  MAXIMUM         29    315 PM  64    1957  34     -5       51
  MINIMUM         19    550 AM  -3    2004  21     -2       43
  AVERAGE         24                        27     -3       47

PRECIPITATION (IN)
  TODAY            0.00          1.27 1936   0.08  -0.08     0.03
  MONTH TO DATE    2.02                      1.63   0.39     1.55
  SINCE DEC 1      2.02                      1.63   0.39     1.55
  SINCE JAN 1     33.64                     32.68   0.96    35.54

DEGREE DAYS
 HEATING
  TODAY           41                        38      3       18
  MONTH TO DATE  665                       704    -39      705
  SINCE DEC 1    665                       704    -39      705
  SINCE JUL 1   2176                      2161     15     2336

 COOLING
  TODAY            0                         0      0        0
  MONTH TO DATE    0                         0      0        0
  SINCE DEC 1      0                         0      0        0
  SINCE JAN 1    341                       382    -41      393
..................................................................


WIND (MPH)
  HIGHEST WIND SPEED    13   HIGHEST WIND DIRECTION    NW (320)
  HIGHEST GUST SPEED    15   HIGHEST GUST DIRECTION    NW (310)
  AVERAGE WIND SPEED     4.9


SKY COVER
  POSSIBLE SUNSHINE  MM
  AVERAGE SKY COVER 0.7


WEATHER CONDITIONS
 THE FOLLOWING WEATHER WAS RECORDED TODAY.
  NO SIGNIFICANT WEATHER WAS OBSERVED.


RELATIVE HUMIDITY (PERCENT)
 HIGHEST    84           500 AM
 LOWEST     63           200 PM
 AVERAGE    74

..........................................................


THE JOHNSTOWN CLIMATE NORMALS FOR TOMORROW
                         NORMAL    RECORD    YEAR
 MAXIMUM TEMPERATURE (F)   34        62      1957
 MINIMUM TEMPERATURE (F)   20       -10      1942


SUNRISE AND SUNSET
DECEMBER 20 2014......SUNRISE   734 AM EST   SUNSET   452 PM EST
DECEMBER 21 2014......SUNRISE   735 AM EST   SUNSET   452 PM EST


-  INDICATES NEGATIVE NUMBERS.
R  INDICATES RECORD WAS SET OR TIED.
MM INDICATES DATA IS MISSING.
T  INDICATES TRACE AMOUNT.




$$
