000
CDUS41 KCTP 230631
CLIJST


CLIMATE REPORT
NATIONAL WEATHER SERVICE STATE COLLEGE PA
230 AM EDT SUN JUL 23 2017


...................................

...THE JOHNSTOWN CLIMATE SUMMARY FOR JULY 22 2017...

CLIMATE NORMAL PERIOD 1981 TO 2010
CLIMATE RECORD PERIOD 1892 TO 2017


WEATHER ITEM   OBSERVED TIME   RECORD YEAR NORMAL DEPARTURE LAST
                VALUE   (LST)  VALUE       VALUE  FROM      YEAR
                                                  NORMAL
..................................................................
TEMPERATURE (F)
 YESTERDAY
  MAXIMUM         76    254 PM 101    1926  79     -3       83
  MINIMUM         69   1159 PM  47    1944  60      9       68
  AVERAGE         73                        70      3       76

PRECIPITATION (IN)
  YESTERDAY        0.12          4.09 1964   0.13  -0.01     0.09
  MONTH TO DATE    2.26                      2.65  -0.39     1.51
  SINCE JUN 1     10.07                      2.65   7.42     6.19
  SINCE JAN 1     29.96                     19.29  10.67    16.99

DEGREE DAYS
 HEATING
  YESTERDAY        0                         0      0        0
  MONTH TO DATE    1                         8     -7       11
  SINCE JUN 1     60                        87    -27       54
  SINCE JUL 1      1                         8     -7       11

 COOLING
  YESTERDAY        8                         5      3       11
  MONTH TO DATE  144                       105     39      142
  SINCE JUN 1    250                       180     70      236
  SINCE JAN 1    279                       198     81      274
..................................................................


WIND (MPH)
  HIGHEST WIND SPEED    22   HIGHEST WIND DIRECTION    SW (240)
  HIGHEST GUST SPEED    29   HIGHEST GUST DIRECTION    SW (240)
  AVERAGE WIND SPEED     7.5


SKY COVER
  POSSIBLE SUNSHINE  MM
  AVERAGE SKY COVER 0.9


WEATHER CONDITIONS
 THE FOLLOWING WEATHER WAS RECORDED YESTERDAY.
  HEAVY RAIN
  LIGHT RAIN
  FOG
  HAZE


RELATIVE HUMIDITY (PERCENT)
 HIGHEST   100           100 AM
 LOWEST     74           300 PM
 AVERAGE    87

..........................................................


THE JOHNSTOWN CLIMATE NORMALS FOR TODAY
                         NORMAL    RECORD    YEAR
 MAXIMUM TEMPERATURE (F)   79       101      1933
 MINIMUM TEMPERATURE (F)   60        49      1983


SUNRISE AND SUNSET
JULY 23 2017..........SUNRISE   605 AM EDT   SUNSET   838 PM EDT
JULY 24 2017..........SUNRISE   606 AM EDT   SUNSET   837 PM EDT


-  INDICATES NEGATIVE NUMBERS.
R  INDICATES RECORD WAS SET OR TIED.
MM INDICATES DATA IS MISSING.
T  INDICATES TRACE AMOUNT.




$$
