000
CDUS41 KCTP 020621
CLIJST


CLIMATE REPORT
NATIONAL WEATHER SERVICE STATE COLLEGE PA
221 AM EDT THU JUL 2 2015


...................................

...THE JOHNSTOWN CLIMATE SUMMARY FOR JULY 1 2015...

CLIMATE NORMAL PERIOD 1981 TO 2010
CLIMATE RECORD PERIOD 2000 TO 2015


WEATHER ITEM   OBSERVED TIME   RECORD YEAR NORMAL DEPARTURE LAST
                VALUE   (LST)  VALUE       VALUE  FROM      YEAR
                                                  NORMAL
..................................................................
TEMPERATURE (F)
 YESTERDAY
  MAXIMUM         72    323 PM  98    1901  78     -6       85
  MINIMUM         57    322 AM  39    1943  59     -2       65
  AVERAGE         65                        68     -3       75

PRECIPITATION (IN)
  YESTERDAY        T             2.01 1974   0.13  -0.13     0.00
  MONTH TO DATE    T                         0.13  -0.13     0.00
  SINCE JUN 1     11.96                      0.13  11.83     4.84
  SINCE JAN 1     26.36                     16.77   9.59    18.40

DEGREE DAYS
 HEATING
  YESTERDAY        0                         1     -1        0
  MONTH TO DATE    0                         1     -1        0
  SINCE JUN 1     61                        80    -19       40
  SINCE JUL 1      0                         1     -1        0

 COOLING
  YESTERDAY        0                         4     -4       10
  MONTH TO DATE    0                         4     -4       10
  SINCE JUN 1     90                        79     11       94
  SINCE JAN 1    174                        97     77      120
..................................................................


WIND (MPH)
  HIGHEST WIND SPEED    20   HIGHEST WIND DIRECTION     W (260)
  HIGHEST GUST SPEED    24   HIGHEST GUST DIRECTION     W (250)
  AVERAGE WIND SPEED     8.9


SKY COVER
  POSSIBLE SUNSHINE  MM
  AVERAGE SKY COVER 0.6


WEATHER CONDITIONS
 THE FOLLOWING WEATHER WAS RECORDED YESTERDAY.
  LIGHT RAIN
  FOG
  FOG W/VISIBILITY <= 1/4 MILE
  HAZE


RELATIVE HUMIDITY (PERCENT)
 HIGHEST   100           700 AM
 LOWEST     61           400 PM
 AVERAGE    81

..........................................................


THE JOHNSTOWN CLIMATE NORMALS FOR TODAY
                         NORMAL    RECORD    YEAR
 MAXIMUM TEMPERATURE (F)   78        98      1898
 MINIMUM TEMPERATURE (F)   59        42      2001


SUNRISE AND SUNSET
JULY  2 2015..........SUNRISE   550 AM EDT   SUNSET   849 PM EDT
JULY  3 2015..........SUNRISE   550 AM EDT   SUNSET   849 PM EDT


-  INDICATES NEGATIVE NUMBERS.
R  INDICATES RECORD WAS SET OR TIED.
MM INDICATES DATA IS MISSING.
T  INDICATES TRACE AMOUNT.




$$
