000
CDUS43 KGRR 270517
CLIJXN


CLIMATE REPORT
NATIONAL WEATHER SERVICE GRAND RAPIDS, MI
116 AM EDT WED MAY 27 2015


...................................

...THE JACKSON MI CLIMATE SUMMARY FOR MAY 26 2015...

CLIMATE NORMAL PERIOD 1981 TO 2010
CLIMATE RECORD PERIOD 1944 TO 9999


WEATHER ITEM   OBSERVED TIME   NORMAL DEPARTURE LAST
                VALUE   (LST)  VALUE  FROM      YEAR
                                      NORMAL
......................................................
TEMPERATURE (F)
 YESTERDAY
  MAXIMUM         83    331 PM  72     11       83
  MINIMUM         63    511 AM  49     14       54
  AVERAGE         73            61     12       69

PRECIPITATION (IN)
  YESTERDAY        0.07          0.11  -0.04     0.00
  MONTH TO DATE    2.78          2.76   0.02     4.10
  SINCE MAR 1      5.85          7.27  -1.42     8.03
  SINCE JAN 1      7.93         10.05  -2.12    12.31

DEGREE DAYS
 HEATING
  YESTERDAY        0             6     -6        0
  MONTH TO DATE  138           233    -95      236
  SINCE MAR 1   1642          1665    -23     1937
  SINCE JUL 1   7146          6579    567     7501

 COOLING
  YESTERDAY        8             2      6        4
  MONTH TO DATE   45            22     23       22
  SINCE MAR 1     45            28     17       22
  SINCE JAN 1     45            28     17       22
......................................................


WIND (MPH)
  RESULTANT WIND SPEED   9   RESULTANT WIND DIRECTION   S (190)
  HIGHEST WIND SPEED    28   HIGHEST WIND DIRECTION     S (160)
  HIGHEST GUST SPEED    36   HIGHEST GUST DIRECTION     S (170)
  AVERAGE WIND SPEED    10.8


SKY COVER
  AVERAGE SKY COVER 0.6


WEATHER CONDITIONS
 THE FOLLOWING WEATHER WAS RECORDED YESTERDAY.
  HEAVY RAIN
  LIGHT RAIN
  FOG
  HAZE


RELATIVE HUMIDITY (PERCENT)
 HIGHEST    93           300 AM
 LOWEST     54           300 PM
 AVERAGE    74

..........................................................


THE JACKSON MI CLIMATE NORMALS FOR TODAY
                         NORMAL
 MAXIMUM TEMPERATURE (F)   73
 MINIMUM TEMPERATURE (F)   50


SUNRISE AND SUNSET
MAY 27 2015...........SUNRISE   607 AM EDT   SUNSET   904 PM EDT
MAY 28 2015...........SUNRISE   606 AM EDT   SUNSET   904 PM EDT


-  INDICATES NEGATIVE NUMBERS.
R  INDICATES RECORD WAS SET OR TIED.
MM INDICATES DATA IS MISSING.
T  INDICATES TRACE AMOUNT.




$$
