000
CDUS43 KGRR 230608
CLIJXN


CLIMATE REPORT
NATIONAL WEATHER SERVICE GRAND RAPIDS, MI
207 AM EDT SUN JUL 23 2017


...................................

...THE JACKSON MI CLIMATE SUMMARY FOR JULY 22 2017...

CLIMATE NORMAL PERIOD 1981 TO 2010
CLIMATE RECORD PERIOD 1944 TO 9999


WEATHER ITEM   OBSERVED TIME   NORMAL DEPARTURE LAST
                VALUE   (LST)  VALUE  FROM      YEAR
                                      NORMAL
......................................................
TEMPERATURE (F)
 YESTERDAY
  MAXIMUM         85    145 PM  82      3       89
  MINIMUM         71    743 AM  60     11       72
  AVERAGE         78            71      7       81

PRECIPITATION (IN)
  YESTERDAY        0.11          0.12  -0.01     0.00
  MONTH TO DATE    2.14          2.47  -0.33     5.01
  SINCE JUN 1      3.44          5.74  -2.30     6.04
  SINCE JAN 1     21.41         16.34   5.07    15.54

DEGREE DAYS
 HEATING
  YESTERDAY        0             0      0        0
  MONTH TO DATE    0             1     -1        4
  SINCE JUN 1     31            56    -25       34
  SINCE JUL 1      0             1     -1        4

 COOLING
  YESTERDAY       13             6      7       16
  MONTH TO DATE  179           150     29      175
  SINCE JUN 1    343           276     67      327
  SINCE JAN 1    379           313     66      380
......................................................


WIND (MPH)
  RESULTANT WIND SPEED   6   RESULTANT WIND DIRECTION   W (260)
  HIGHEST WIND SPEED    21   HIGHEST WIND DIRECTION     W (290)
  HIGHEST GUST SPEED    26   HIGHEST GUST DIRECTION     W (290)
  AVERAGE WIND SPEED     8.4


SKY COVER
  AVERAGE SKY COVER 0.6


WEATHER CONDITIONS
 THE FOLLOWING WEATHER WAS RECORDED YESTERDAY.
  LIGHT RAIN


RELATIVE HUMIDITY (PERCENT)
 HIGHEST    93           800 AM
 LOWEST     61           100 PM
 AVERAGE    77

..........................................................


THE JACKSON MI CLIMATE NORMALS FOR TODAY
                         NORMAL
 MAXIMUM TEMPERATURE (F)   82
 MINIMUM TEMPERATURE (F)   60


SUNRISE AND SUNSET
JULY 23 2017..........SUNRISE   622 AM EDT   SUNSET   906 PM EDT
JULY 24 2017..........SUNRISE   623 AM EDT   SUNSET   905 PM EDT


-  INDICATES NEGATIVE NUMBERS.
R  INDICATES RECORD WAS SET OR TIED.
MM INDICATES DATA IS MISSING.
T  INDICATES TRACE AMOUNT.




$$
