000
CDUS43 KGRR 270537
CLIJXN


CLIMATE REPORT
NATIONAL WEATHER SERVICE GRAND RAPIDS, MI
137 AM EDT TUE SEP 27 2016


...................................

...THE JACKSON MI CLIMATE SUMMARY FOR SEPTEMBER 26 2016...

CLIMATE NORMAL PERIOD 1981 TO 2010
CLIMATE RECORD PERIOD 1944 TO 9999


WEATHER ITEM   OBSERVED TIME   NORMAL DEPARTURE LAST
                VALUE   (LST)  VALUE  FROM      YEAR
                                      NORMAL
......................................................
TEMPERATURE (F)
 YESTERDAY
  MAXIMUM         68    326 PM  68      0       76
  MINIMUM         53   1113 PM  47      6       56
  AVERAGE         61            58      3       66

PRECIPITATION (IN)
  YESTERDAY        0.04          0.12  -0.08     0.00
  MONTH TO DATE    1.76          3.04  -1.28     0.83
  SINCE SEP 1      1.76          3.04  -1.28     0.83
  SINCE JAN 1     28.07         23.96   4.11    24.52

DEGREE DAYS
 HEATING
  YESTERDAY        4             8     -4        0
  MONTH TO DATE   20           117    -97       68
  SINCE SEP 1     20           117    -97       68
  SINCE JUL 1     24           152   -128      106

 COOLING
  YESTERDAY        0             1     -1        1
  MONTH TO DATE   87            55     32      103
  SINCE SEP 1     87            55     32      103
  SINCE JAN 1    815           584    231      529
......................................................


WIND (MPH)
  RESULTANT WIND SPEED   9   RESULTANT WIND DIRECTION  SW (240)
  HIGHEST WIND SPEED    25   HIGHEST WIND DIRECTION     W (250)
  HIGHEST GUST SPEED    34   HIGHEST GUST DIRECTION     W (260)
  AVERAGE WIND SPEED    10.5


SKY COVER
  AVERAGE SKY COVER 0.5


WEATHER CONDITIONS
 THE FOLLOWING WEATHER WAS RECORDED YESTERDAY.
  LIGHT RAIN


RELATIVE HUMIDITY (PERCENT)
 HIGHEST    97           700 AM
 LOWEST     42           200 PM
 AVERAGE    70

..........................................................


THE JACKSON MI CLIMATE NORMALS FOR TODAY
                         NORMAL
 MAXIMUM TEMPERATURE (F)   68
 MINIMUM TEMPERATURE (F)   46


SUNRISE AND SUNSET
SEPTEMBER 27 2016.....SUNRISE   731 AM EDT   SUNSET   725 PM EDT
SEPTEMBER 28 2016.....SUNRISE   732 AM EDT   SUNSET   724 PM EDT


-  INDICATES NEGATIVE NUMBERS.
R  INDICATES RECORD WAS SET OR TIED.
MM INDICATES DATA IS MISSING.
T  INDICATES TRACE AMOUNT.




$$
