000
CDUS43 KGRR 260522
CLIJXN


CLIMATE REPORT
NATIONAL WEATHER SERVICE GRAND RAPIDS, MI
122 AM EDT WED APR 26 2017


...................................

...THE JACKSON MI CLIMATE SUMMARY FOR APRIL 25 2017...

CLIMATE NORMAL PERIOD 1981 TO 2010
CLIMATE RECORD PERIOD 1944 TO 9999


WEATHER ITEM   OBSERVED TIME   NORMAL DEPARTURE LAST
                VALUE   (LST)  VALUE  FROM      YEAR
                                      NORMAL
......................................................
TEMPERATURE (F)
 YESTERDAY
  MAXIMUM         73    530 PM  63     10       78
  MINIMUM         52    635 AM  40     12       46
  AVERAGE         63            51     12       62

PRECIPITATION (IN)
  YESTERDAY        0.00          0.08  -0.08     0.37
  MONTH TO DATE    3.43          2.16   1.27     2.13
  SINCE MAR 1      7.32          4.06   3.26     4.78
  SINCE JAN 1     12.26          6.84   5.42     6.65

DEGREE DAYS
 HEATING
  YESTERDAY        2            14    -12        3
  MONTH TO DATE  303           456   -153      477
  SINCE MAR 1   1219          1366   -147     1186
  SINCE JUL 1   5227          6280  -1053     5308

 COOLING
  YESTERDAY        0             0      0        0
  MONTH TO DATE    3             0      3        0
  SINCE MAR 1      3             0      3        0
  SINCE JAN 1      3             0      3        0
......................................................


WIND (MPH)
  RESULTANT WIND SPEED  10   RESULTANT WIND DIRECTION  SE (140)
  HIGHEST WIND SPEED    18   HIGHEST WIND DIRECTION    SE (130)
  HIGHEST GUST SPEED    26   HIGHEST GUST DIRECTION    SE (130)
  AVERAGE WIND SPEED    11.0


SKY COVER
  AVERAGE SKY COVER 0.4


WEATHER CONDITIONS
 THE FOLLOWING WEATHER WAS RECORDED YESTERDAY.
  NO SIGNIFICANT WEATHER WAS OBSERVED.


RELATIVE HUMIDITY (PERCENT)
 HIGHEST    83           400 AM
 LOWEST     49           500 PM
 AVERAGE    66

..........................................................


THE JACKSON MI CLIMATE NORMALS FOR TODAY
                         NORMAL
 MAXIMUM TEMPERATURE (F)   63
 MINIMUM TEMPERATURE (F)   40


SUNRISE AND SUNSET
APRIL 26 2017.........SUNRISE   640 AM EDT   SUNSET   832 PM EDT
APRIL 27 2017.........SUNRISE   638 AM EDT   SUNSET   833 PM EDT


-  INDICATES NEGATIVE NUMBERS.
R  INDICATES RECORD WAS SET OR TIED.
MM INDICATES DATA IS MISSING.
T  INDICATES TRACE AMOUNT.




$$
