891
CDUS43 KGRR 261346
CLIJXN


CLIMATE REPORT
NATIONAL WEATHER SERVICE GRAND RAPIDS, MI
945 AM EDT TUE SEP 26 2017


...................................

...THE JACKSON MI CLIMATE SUMMARY FOR SEPTEMBER 26 2017...
VALID AS OF 0900 AM LOCAL TIME.

CLIMATE NORMAL PERIOD 1981 TO 2010
CLIMATE RECORD PERIOD 1944 TO 9999


WEATHER ITEM   OBSERVED TIME   NORMAL DEPARTURE LAST
                VALUE   (LST)  VALUE  FROM      YEAR
                                      NORMAL
......................................................
TEMPERATURE (F)
 TODAY
  MAXIMUM         68    759 AM  68      0       68
  MINIMUM         58    507 AM  47     11       53
  AVERAGE         63            58      5       61

PRECIPITATION (IN)
  TODAY            0.00          0.12  -0.12     0.04
  MONTH TO DATE    0.64          3.04  -2.40     1.76
  SINCE SEP 1      0.64          3.04  -2.40     1.76
  SINCE JAN 1     23.70         23.96  -0.26    28.07

DEGREE DAYS
 HEATING
  TODAY            2             8     -6        4
  MONTH TO DATE   84           117    -33       20
  SINCE SEP 1     84           117    -33       20
  SINCE JUL 1    111           152    -41       24

 COOLING
  TODAY            0             1     -1        0
  MONTH TO DATE  104            55     49       87
  SINCE SEP 1    104            55     49       87
  SINCE JAN 1    631           584     47      815
......................................................


WIND (MPH)
  RESULTANT WIND SPEED   0   RESULTANT WIND DIRECTION  MM
  HIGHEST WIND SPEED     3   HIGHEST WIND DIRECTION    SW (230)
  HIGHEST GUST SPEED     4   HIGHEST GUST DIRECTION     W (260)
  AVERAGE WIND SPEED     0.0


SKY COVER
  AVERAGE SKY COVER 0.0


WEATHER CONDITIONS
 THE FOLLOWING WEATHER WAS RECORDED TODAY.
  FOG
  HAZE


RELATIVE HUMIDITY (PERCENT)
 HIGHEST    93           100 AM
 LOWEST     81          1200 AM
 AVERAGE    87

..........................................................


THE JACKSON MI CLIMATE NORMALS FOR TOMORROW
                         NORMAL
 MAXIMUM TEMPERATURE (F)   68
 MINIMUM TEMPERATURE (F)   46


SUNRISE AND SUNSET
SEPTEMBER 26 2017.....SUNRISE   730 AM EDT   SUNSET   728 PM EDT
SEPTEMBER 27 2017.....SUNRISE   731 AM EDT   SUNSET   726 PM EDT


-  INDICATES NEGATIVE NUMBERS.
R  INDICATES RECORD WAS SET OR TIED.
MM INDICATES DATA IS MISSING.
T  INDICATES TRACE AMOUNT.




$$
