000
CDUS43 KGRR 252128
CLIJXN


CLIMATE REPORT
NATIONAL WEATHER SERVICE GRAND RAPIDS, MI
528 PM EDT WED MAY 25 2016


...................................

...THE JACKSON MI CLIMATE SUMMARY FOR MAY 25 2016...
VALID TODAY AS OF 0500 PM LOCAL TIME.

CLIMATE NORMAL PERIOD 1981 TO 2010
CLIMATE RECORD PERIOD 1944 TO 9999


WEATHER ITEM   OBSERVED TIME   NORMAL DEPARTURE LAST
                VALUE   (LST)  VALUE  FROM      YEAR
                                      NORMAL
......................................................
TEMPERATURE (F)
 TODAY
  MAXIMUM         84    333 PM  72     12       81
  MINIMUM         63    542 AM  49     14       63
  AVERAGE         74            60     14       72

PRECIPITATION (IN)
  TODAY            0.00          0.11  -0.11     0.01
  MONTH TO DATE    1.66          2.65  -0.99     2.71
  SINCE MAR 1      7.58          7.16   0.42     5.78
  SINCE JAN 1      9.45          9.94  -0.49     7.86

DEGREE DAYS
 HEATING
  TODAY            0             6     -6        0
  MONTH TO DATE  252           227     25      138
  SINCE MAR 1   1518          1659   -141     1642
  SINCE JUL 1   5640          6573   -933     7146

 COOLING
  TODAY            9             2      7        7
  MONTH TO DATE   10            20    -10       37
  SINCE MAR 1     10            26    -16       37
  SINCE JAN 1     10            26    -16       37
......................................................


WIND (MPH)
  RESULTANT WIND SPEED   8   RESULTANT WIND DIRECTION  SW (220)
  HIGHEST WIND SPEED    18   HIGHEST WIND DIRECTION     S (170)
  HIGHEST GUST SPEED    23   HIGHEST GUST DIRECTION     S (180)
  AVERAGE WIND SPEED     8.3


SKY COVER
  AVERAGE SKY COVER 0.1


WEATHER CONDITIONS
 THE FOLLOWING WEATHER WAS RECORDED TODAY.
  HAZE


RELATIVE HUMIDITY (PERCENT)
 HIGHEST    67           500 AM
 LOWEST     43           300 PM
 AVERAGE    55

..........................................................


THE JACKSON MI CLIMATE NORMALS FOR TOMORROW
                         NORMAL
 MAXIMUM TEMPERATURE (F)   72
 MINIMUM TEMPERATURE (F)   49


SUNRISE AND SUNSET
MAY 25 2016...........SUNRISE   608 AM EDT   SUNSET   902 PM EDT
MAY 26 2016...........SUNRISE   607 AM EDT   SUNSET   903 PM EDT


-  INDICATES NEGATIVE NUMBERS.
R  INDICATES RECORD WAS SET OR TIED.
MM INDICATES DATA IS MISSING.
T  INDICATES TRACE AMOUNT.




$$
