000
CDUS43 KGRR 302127
CLIJXN


CLIMATE REPORT
NATIONAL WEATHER SERVICE GRAND RAPIDS, MI
526 PM EDT MON MAR 30 2015


...................................

...THE JACKSON MI CLIMATE SUMMARY FOR MARCH 30 2015...
VALID TODAY AS OF 0500 PM LOCAL TIME.

CLIMATE NORMAL PERIOD 1981 TO 2010
CLIMATE RECORD PERIOD 1944 TO 9999


WEATHER ITEM   OBSERVED TIME   NORMAL DEPARTURE LAST
                VALUE   (LST)  VALUE  FROM      YEAR
                                      NORMAL
......................................................
TEMPERATURE (F)
 TODAY
  MAXIMUM         55    326 PM  52      3       50
  MINIMUM         34    644 AM  31      3       23
  AVERAGE         45            41      4       37

PRECIPITATION (IN)
  TODAY            0.00          0.07  -0.07     0.00
  MONTH TO DATE    0.32          1.83  -1.51     1.91
  SINCE MAR 1      0.32          1.83  -1.51     1.91
  SINCE JAN 1      2.40          4.61  -2.21     6.19

DEGREE DAYS
 HEATING
  TODAY           20            24     -4       28
  MONTH TO DATE  968           887     81     1155
  SINCE MAR 1    968           887     81     1155
  SINCE JUL 1   6472          5801    671     6719

 COOLING
  TODAY            0             0      0        0
  MONTH TO DATE    0             0      0        0
  SINCE MAR 1      0             0      0        0
  SINCE JAN 1      0             0      0        0
......................................................


WIND (MPH)
  RESULTANT WIND SPEED  15   RESULTANT WIND DIRECTION   W (280)
  HIGHEST WIND SPEED    32   HIGHEST WIND DIRECTION     W (280)
  HIGHEST GUST SPEED    42   HIGHEST GUST DIRECTION     W (290)
  AVERAGE WIND SPEED    15.7


SKY COVER
  AVERAGE SKY COVER 0.3


WEATHER CONDITIONS
 THE FOLLOWING WEATHER WAS RECORDED TODAY.
  NO SIGNIFICANT WEATHER WAS OBSERVED.


RELATIVE HUMIDITY (PERCENT)
 HIGHEST    76           200 AM
 LOWEST     24           300 PM
 AVERAGE    50

..........................................................


THE JACKSON MI CLIMATE NORMALS FOR TOMORROW
                         NORMAL
 MAXIMUM TEMPERATURE (F)   52
 MINIMUM TEMPERATURE (F)   31


SUNRISE AND SUNSET
MARCH 30 2015.........SUNRISE   724 AM EDT   SUNSET   801 PM EDT
MARCH 31 2015.........SUNRISE   723 AM EDT   SUNSET   802 PM EDT


-  INDICATES NEGATIVE NUMBERS.
R  INDICATES RECORD WAS SET OR TIED.
MM INDICATES DATA IS MISSING.
T  INDICATES TRACE AMOUNT.




$$
