000
CDUS43 KGRR 010523
CLIJXN


CLIMATE REPORT
NATIONAL WEATHER SERVICE GRAND RAPIDS, MI
119 AM EDT FRI AUG 1 2014


...................................

...THE JACKSON MI CLIMATE SUMMARY FOR JULY 31 2014...

CLIMATE NORMAL PERIOD 1981 TO 2010
CLIMATE RECORD PERIOD 9999 TO 9999


WEATHER ITEM   OBSERVED TIME   NORMAL DEPARTURE LAST
                VALUE   (LST)  VALUE  FROM      YEAR
                                      NORMAL
......................................................
TEMPERATURE (F)
 YESTERDAY
  MAXIMUM         79    431 PM  81     -2       71
  MINIMUM         50    530 AM  60    -10       65
  AVERAGE         65            71     -6       68

PRECIPITATION (IN)
  YESTERDAY        0.00          0.12  -0.12     0.13
  MONTH TO DATE    3.14          3.58  -0.44     1.98
  SINCE JUN 1      7.90          6.85   1.05     6.60
  SINCE JAN 1     20.23         17.45   2.78    19.22

DEGREE DAYS
 HEATING
  YESTERDAY        0             0      0        0
  MONTH TO DATE   30             1     29       21
  SINCE JUN 1     61            66     -5       78
  SINCE JUL 1     30            11     19       21

 COOLING
  YESTERDAY        0             6     -6        3
  MONTH TO DATE   98           202   -104      215
  SINCE JUN 1    239           328    -89      332
  SINCE JAN 1    273           365    -92      399
......................................................


WIND (MPH)
  RESULTANT WIND SPEED   5   RESULTANT WIND DIRECTION  SW (240)
  HIGHEST WIND SPEED    15   HIGHEST WIND DIRECTION     W (250)
  HIGHEST GUST SPEED    23   HIGHEST GUST DIRECTION     W (250)
  AVERAGE WIND SPEED     5.3


SKY COVER
  AVERAGE SKY COVER 0.3


WEATHER CONDITIONS
 THE FOLLOWING WEATHER WAS RECORDED YESTERDAY.
  NO SIGNIFICANT WEATHER WAS OBSERVED.


RELATIVE HUMIDITY (PERCENT)
 HIGHEST    96           600 AM
 LOWEST     48           500 PM
 AVERAGE    72

..........................................................


THE JACKSON MI CLIMATE NORMALS FOR TODAY
                         NORMAL
 MAXIMUM TEMPERATURE (F)   81
 MINIMUM TEMPERATURE (F)   60


SUNRISE AND SUNSET
AUGUST  1 2014........SUNRISE   631 AM EDT   SUNSET   857 PM EDT
AUGUST  2 2014........SUNRISE   632 AM EDT   SUNSET   856 PM EDT


-  INDICATES NEGATIVE NUMBERS.
R  INDICATES RECORD WAS SET OR TIED.
MM INDICATES DATA IS MISSING.
T  INDICATES TRACE AMOUNT.




$$
