000
CDUS43 KIND 010532
CLILAF


CLIMATE REPORT
NATIONAL WEATHER SERVICE INDIANAPOLIS IN
131 AM EDT FRI AUG 1 2014


...................................

...THE LAFAYETTE IN CLIMATE SUMMARY FOR JULY 31 2014...

CLIMATE NORMAL PERIOD 1981 TO 2010
CLIMATE RECORD PERIOD 9999 TO 9999


WEATHER ITEM   OBSERVED TIME   NORMAL DEPARTURE LAST
                VALUE   (LST)  VALUE  FROM      YEAR
                                      NORMAL
......................................................
TEMPERATURE (F)
 YESTERDAY
  MAXIMUM         80    449 PM  84     -4       76
  MINIMUM         56    605 AM  64     -8       64
  AVERAGE         68            74     -6       70

PRECIPITATION (IN)
  YESTERDAY        0.00          0.11  -0.11     0.12
  MONTH TO DATE    3.99          3.97   0.02     2.65
  SINCE JUN 1      8.46          8.07   0.39     6.92
  SINCE JAN 1     21.29         22.09  -0.80    25.54

DEGREE DAYS
 HEATING
  YESTERDAY        0             0      0        0
  MONTH TO DATE   18             0     18        9
  SINCE JUN 1     24            23      1       27
  SINCE JUL 1     18             1     17        9

 COOLING
  YESTERDAY        3             9     -6        5
  MONTH TO DATE  126           297   -171      224
  SINCE JUN 1    351           514   -163      402
  SINCE JAN 1    448           591   -143      503
......................................................


WIND (MPH)
  HIGHEST WIND SPEED    14   HIGHEST WIND DIRECTION     W (280)
  HIGHEST GUST SPEED    19   HIGHEST GUST DIRECTION     W (290)
  AVERAGE WIND SPEED     3.1


SKY COVER
  AVERAGE SKY COVER 0.3


WEATHER CONDITIONS
 THE FOLLOWING WEATHER WAS RECORDED YESTERDAY.
  FOG
  FOG W/VISIBILITY <= 1/4 MILE


RELATIVE HUMIDITY (PERCENT)
 HIGHEST   100          1200 AM
 LOWEST     45           200 PM
 AVERAGE    73

..........................................................


THE LAFAYETTE IN CLIMATE NORMALS FOR TODAY
                         NORMAL
 MAXIMUM TEMPERATURE (F)   84
 MINIMUM TEMPERATURE (F)   64


SUNRISE AND SUNSET
AUGUST  1 2014........SUNRISE   645 AM EDT   SUNSET   902 PM EDT
AUGUST  2 2014........SUNRISE   646 AM EDT   SUNSET   901 PM EDT


-  INDICATES NEGATIVE NUMBERS.
R  INDICATES RECORD WAS SET OR TIED.
MM INDICATES DATA IS MISSING.
T  INDICATES TRACE AMOUNT.




$$
