000
CDUS43 KIND 190535
CLILAF


CLIMATE REPORT
NATIONAL WEATHER SERVICE INDIANAPOLIS IN
1234 AM EST MON FEB 19 2018


...................................

...THE LAFAYETTE IN CLIMATE SUMMARY FOR FEBRUARY 18 2018...

CLIMATE NORMAL PERIOD 1981 TO 2010
CLIMATE RECORD PERIOD 9999 TO 9999


WEATHER ITEM   OBSERVED TIME   NORMAL DEPARTURE LAST
                VALUE   (LST)  VALUE  FROM      YEAR
                                      NORMAL
......................................................
TEMPERATURE (F)
 YESTERDAY
  MAXIMUM         44    505 PM  39      5       66
  MINIMUM         23    725 AM  23      0       44
  AVERAGE         34            31      3       55

PRECIPITATION (IN)
  YESTERDAY        0.00          0.06  -0.06     0.00
  MONTH TO DATE    0.61          1.05  -0.44     0.71
  SINCE DEC 1      2.53          5.42  -2.89     6.27
  SINCE JAN 1      1.82          2.91  -1.09     4.71

DEGREE DAYS
 HEATING
  YESTERDAY       31            34     -3       10
  MONTH TO DATE  709           646     63      528
  SINCE DEC 1   3189          2913    276     2679
  SINCE JUL 1   4234          4014    220     3525

 COOLING
  YESTERDAY        0             0      0        0
  MONTH TO DATE    0             0      0        0
  SINCE DEC 1      0             0      0        0
  SINCE JAN 1      0             0      0        0
......................................................


WIND (MPH)
  HIGHEST WIND SPEED    16   HIGHEST WIND DIRECTION    SE (140)
  HIGHEST GUST SPEED    23   HIGHEST GUST DIRECTION     S (170)
  AVERAGE WIND SPEED     9.3


SKY COVER
  AVERAGE SKY COVER 0.5


WEATHER CONDITIONS
 THE FOLLOWING WEATHER WAS RECORDED YESTERDAY.
  FOG


RELATIVE HUMIDITY (PERCENT)
 HIGHEST   100           600 AM
 LOWEST     62           500 PM
 AVERAGE    81

..........................................................


THE LAFAYETTE IN CLIMATE NORMALS FOR TODAY
                         NORMAL
 MAXIMUM TEMPERATURE (F)   40
 MINIMUM TEMPERATURE (F)   23


SUNRISE AND SUNSET
FEBRUARY 19 2018......SUNRISE   736 AM EST   SUNSET   628 PM EST
FEBRUARY 20 2018......SUNRISE   734 AM EST   SUNSET   629 PM EST


-  INDICATES NEGATIVE NUMBERS.
R  INDICATES RECORD WAS SET OR TIED.
MM INDICATES DATA IS MISSING.
T  INDICATES TRACE AMOUNT.




$$
