000
CDUS43 KIND 250541
CLILAF


CLIMATE REPORT
NATIONAL WEATHER SERVICE INDIANAPOLIS IN
140 AM EDT MON SEP 25 2017


...................................

...THE LAFAYETTE IN CLIMATE SUMMARY FOR SEPTEMBER 24 2017...

CLIMATE NORMAL PERIOD 1981 TO 2010
CLIMATE RECORD PERIOD 9999 TO 9999


WEATHER ITEM   OBSERVED TIME   NORMAL DEPARTURE LAST
                VALUE   (LST)  VALUE  FROM      YEAR
                                      NORMAL
......................................................
TEMPERATURE (F)
 YESTERDAY
  MAXIMUM         89    433 PM  75     14       79
  MINIMUM         63    709 AM  51     12       67
  AVERAGE         76            63     13       73

PRECIPITATION (IN)
  YESTERDAY        0.00          0.09  -0.09     0.00
  MONTH TO DATE    1.46          2.12  -0.66     2.80
  SINCE SEP 1      1.46          2.12  -0.66     2.80
  SINCE JAN 1     37.85         27.67  10.18    30.14

DEGREE DAYS
 HEATING
  YESTERDAY        0             4     -4        0
  MONTH TO DATE   54            46      8        2
  SINCE SEP 1     54            46      8        2
  SINCE JUL 1     63            52     11       12

 COOLING
  YESTERDAY       11             2      9        8
  MONTH TO DATE  113           102     11      145
  SINCE SEP 1    113           102     11      145
  SINCE JAN 1    786           954   -168     1057
......................................................


WIND (MPH)
  HIGHEST WIND SPEED    12   HIGHEST WIND DIRECTION    SE (140)
  HIGHEST GUST SPEED    15   HIGHEST GUST DIRECTION     S (160)
  AVERAGE WIND SPEED     1.9


SKY COVER
  AVERAGE SKY COVER 0.0


WEATHER CONDITIONS
 THE FOLLOWING WEATHER WAS RECORDED YESTERDAY.
  FOG


RELATIVE HUMIDITY (PERCENT)
 HIGHEST   100           300 AM
 LOWEST     29           500 PM
 AVERAGE    65

..........................................................


THE LAFAYETTE IN CLIMATE NORMALS FOR TODAY
                         NORMAL
 MAXIMUM TEMPERATURE (F)   74
 MINIMUM TEMPERATURE (F)   51


SUNRISE AND SUNSET
SEPTEMBER 25 2017.....SUNRISE   738 AM EDT   SUNSET   739 PM EDT
SEPTEMBER 26 2017.....SUNRISE   739 AM EDT   SUNSET   738 PM EDT


-  INDICATES NEGATIVE NUMBERS.
R  INDICATES RECORD WAS SET OR TIED.
MM INDICATES DATA IS MISSING.
T  INDICATES TRACE AMOUNT.




$$
