000
CDUS43 KGRR 250520
CLILAN


CLIMATE REPORT
NATIONAL WEATHER SERVICE GRAND RAPIDS, MI
118 AM EDT SUN JUN 25 2017


...................................

...THE LANSING MI CLIMATE SUMMARY FOR JUNE 24 2017...

CLIMATE NORMAL PERIOD 1981 TO 2010
CLIMATE RECORD PERIOD 1864 TO 2017


WEATHER ITEM   OBSERVED TIME   RECORD YEAR NORMAL DEPARTURE LAST
                VALUE   (LST)  VALUE       VALUE  FROM      YEAR
                                                  NORMAL
..................................................................
TEMPERATURE (F)
 YESTERDAY
  MAXIMUM         77    121 PM  96    1870  81     -4       85
  MINIMUM         59   1159 PM  41    1932  59      0       53
  AVERAGE         68                        70     -2       69

PRECIPITATION (IN)
  YESTERDAY        0.00          2.50 1898   0.11  -0.11     0.00
  MONTH TO DATE    3.64                      2.81   0.83     0.58
  SINCE JUN 1      3.64                      2.81   0.83     0.58
  SINCE JAN 1     20.70                     14.38   6.32    13.49

SNOWFALL (IN)
  YESTERDAY        0.0           0.0    MM   0.0    0.0      0.0
  MONTH TO DATE    0.0                       0.0    0.0      0.0
  SINCE JUN 1      0.0                       0.0    0.0      0.0
  SINCE JUL 1     30.2                      51.1  -20.9     50.0
  SNOW DEPTH       0

DEGREE DAYS
 HEATING
  YESTERDAY        0                         1     -1        0
  MONTH TO DATE    7                        51    -44       28
  SINCE JUN 1      7                        51    -44       28
  SINCE JUL 1   5596                      6708  -1112     5800

 COOLING
  YESTERDAY        3                         6     -3        4
  MONTH TO DATE  181                        94     87      109
  SINCE JUN 1    181                        94     87      109
  SINCE JAN 1    216                       135     81      171
..................................................................


WIND (MPH)
  RESULTANT WIND SPEED  12   RESULTANT WIND DIRECTION   W (270)
  HIGHEST WIND SPEED    25   HIGHEST WIND DIRECTION     W (260)
  HIGHEST GUST SPEED    33   HIGHEST GUST DIRECTION     W (250)
  AVERAGE WIND SPEED    12.1


SKY COVER
  AVERAGE SKY COVER 0.4


WEATHER CONDITIONS
 THE FOLLOWING WEATHER WAS RECORDED YESTERDAY.
  NO SIGNIFICANT WEATHER WAS OBSERVED.


RELATIVE HUMIDITY (PERCENT)
 HIGHEST    72           400 AM
 LOWEST     38           600 PM
 AVERAGE    55

..........................................................


THE LANSING MI CLIMATE NORMALS FOR TODAY
                         NORMAL    RECORD    YEAR
 MAXIMUM TEMPERATURE (F)   81        99      1988
                                             1895
                                             1870
 MINIMUM TEMPERATURE (F)   59        38      1979


SUNRISE AND SUNSET
JUNE 25 2017..........SUNRISE   601 AM EDT   SUNSET   921 PM EDT
JUNE 26 2017..........SUNRISE   602 AM EDT   SUNSET   921 PM EDT


-  INDICATES NEGATIVE NUMBERS.
R  INDICATES RECORD WAS SET OR TIED.
MM INDICATES DATA IS MISSING.
T  INDICATES TRACE AMOUNT.




$$

63
