732
CDUS43 KGRR 120522
CLILAN


CLIMATE REPORT
NATIONAL WEATHER SERVICE GRAND RAPIDS, MI
1220 AM EST FRI FEB 12 2016


...................................

...THE LANSING MI CLIMATE SUMMARY FOR FEBRUARY 11 2016...

CLIMATE NORMAL PERIOD 1981 TO 2010
CLIMATE RECORD PERIOD 1864 TO 2016


WEATHER ITEM   OBSERVED TIME   RECORD YEAR NORMAL DEPARTURE LAST
                VALUE   (LST)  VALUE       VALUE  FROM      YEAR
                                                  NORMAL
..................................................................
TEMPERATURE (F)
 YESTERDAY
  MAXIMUM         23    321 PM  69    1999  32     -9       32
  MINIMUM         10    208 AM -22    1899  18     -8       18
                                      1885
  AVERAGE         17                        25     -8       25

PRECIPITATION (IN)
  YESTERDAY        T             1.30 1887   0.05  -0.05      T
  MONTH TO DATE    0.71                      0.51   0.20     0.73
  SINCE DEC 1      4.88                      4.03   0.85     3.64
  SINCE JAN 1      2.16                      2.16   0.00     2.08

SNOWFALL (IN)
  YESTERDAY        T             7.7  1985   0.4   -0.4      0.1
  MONTH TO DATE    3.5                       4.7   -1.2     11.0
  SINCE DEC 1     13.2                      31.5  -18.3     23.7
  SINCE JUL 1     21.4                      35.3  -13.9     29.9
  SNOW DEPTH       1

DEGREE DAYS
 HEATING
  YESTERDAY       48                        40      8       40
  MONTH TO DATE  392                       448    -56      506
  SINCE DEC 1   2400                      2874   -474     2913
  SINCE JUL 1   3508                      4288   -780     4509

 COOLING
  YESTERDAY        0                         0      0        0
  MONTH TO DATE    0                         0      0        0
  SINCE DEC 1      0                         0      0        0
  SINCE JAN 1      0                         0      0        0
..................................................................


WIND (MPH)
  RESULTANT WIND SPEED   8   RESULTANT WIND DIRECTION   W (290)
  HIGHEST WIND SPEED    18   HIGHEST WIND DIRECTION    NW (310)
  HIGHEST GUST SPEED    24   HIGHEST GUST DIRECTION    NW (300)
  AVERAGE WIND SPEED     8.9


SKY COVER
  AVERAGE SKY COVER 0.6


WEATHER CONDITIONS
 THE FOLLOWING WEATHER WAS RECORDED YESTERDAY.
  LIGHT SNOW


RELATIVE HUMIDITY (PERCENT)
 HIGHEST    76           300 AM
 LOWEST     47           400 PM
 AVERAGE    62

..........................................................


THE LANSING MI CLIMATE NORMALS FOR TODAY
                         NORMAL    RECORD    YEAR
 MAXIMUM TEMPERATURE (F)   32        60      1869
 MINIMUM TEMPERATURE (F)   18       -24      1967
                                             1899


SUNRISE AND SUNSET
FEBRUARY 12 2016......SUNRISE   740 AM EST   SUNSET   605 PM EST
FEBRUARY 13 2016......SUNRISE   739 AM EST   SUNSET   607 PM EST


-  INDICATES NEGATIVE NUMBERS.
R  INDICATES RECORD WAS SET OR TIED.
MM INDICATES DATA IS MISSING.
T  INDICATES TRACE AMOUNT.




$$

63
