000
CDUS43 KGRR 192126
CLILAN


CLIMATE REPORT
NATIONAL WEATHER SERVICE GRAND RAPIDS, MI
526 PM EDT SAT AUG 19 2017


...................................

...THE LANSING MI CLIMATE SUMMARY FOR AUGUST 19 2017...
VALID TODAY AS OF 0500 PM LOCAL TIME.

CLIMATE NORMAL PERIOD 1981 TO 2010
CLIMATE RECORD PERIOD 1864 TO 2017


WEATHER ITEM   OBSERVED TIME   RECORD YEAR NORMAL DEPARTURE LAST
                VALUE   (LST)  VALUE       VALUE  FROM      YEAR
                                                  NORMAL
..................................................................
TEMPERATURE (F)
 TODAY
  MAXIMUM         80    359 PM  98    1955  80      0       82
  MINIMUM         61   1259 AM  37    1977  59      2       68
  AVERAGE         71                        70      1       75

PRECIPITATION (IN)
  TODAY            0.00          2.40 1904   0.11  -0.11     0.00
  MONTH TO DATE    1.52                      2.01  -0.49     5.26
  SINCE JUN 1      7.97                      8.30  -0.33     9.20
  SINCE JAN 1     25.03                     19.87   5.16    22.11

SNOWFALL (IN)
  TODAY            0.0           0.0    MM   0.0    0.0      0.0
  MONTH TO DATE    0.0                       0.0    0.0      0.0
  SINCE JUN 1      0.0                       0.0    0.0      0.0
  SINCE JUL 1      0.0                       0.0    0.0      0.0
  SNOW DEPTH       0

DEGREE DAYS
 HEATING
  TODAY            0                         1     -1        0
  MONTH TO DATE    2                        15    -13        0
  SINCE JUN 1     15                        81    -66       37
  SINCE JUL 1      2                        26    -24        3

 COOLING
  TODAY            6                         5      1       10
  MONTH TO DATE  102                       112    -10      204
  SINCE JUN 1    569                       457    112      626
  SINCE JAN 1    604                       498    106      688
..................................................................


WIND (MPH)
  RESULTANT WIND SPEED   4   RESULTANT WIND DIRECTION  NW (300)
  HIGHEST WIND SPEED    13   HIGHEST WIND DIRECTION     W (290)
  HIGHEST GUST SPEED    27   HIGHEST GUST DIRECTION    SW (220)
  AVERAGE WIND SPEED     6.4


SKY COVER
  AVERAGE SKY COVER 0.5


WEATHER CONDITIONS
 THE FOLLOWING WEATHER WAS RECORDED TODAY.
  NO SIGNIFICANT WEATHER WAS OBSERVED.


RELATIVE HUMIDITY (PERCENT)
 HIGHEST    90           300 AM
 LOWEST     42           200 PM
 AVERAGE    66

..........................................................


THE LANSING MI CLIMATE NORMALS FOR TOMORROW
                         NORMAL    RECORD    YEAR
 MAXIMUM TEMPERATURE (F)   80        98      1916
 MINIMUM TEMPERATURE (F)   59        33      1885


SUNRISE AND SUNSET
AUGUST 19 2017........SUNRISE   649 AM EDT   SUNSET   834 PM EDT
AUGUST 20 2017........SUNRISE   650 AM EDT   SUNSET   832 PM EDT


-  INDICATES NEGATIVE NUMBERS.
R  INDICATES RECORD WAS SET OR TIED.
MM INDICATES DATA IS MISSING.
T  INDICATES TRACE AMOUNT.




$$
