000
CDUS43 KGRR 241336
CLILAN


CLIMATE REPORT
NATIONAL WEATHER SERVICE GRAND RAPIDS, MI
936 AM EDT SUN MAY 24 2015


...................................

...THE LANSING MI CLIMATE SUMMARY FOR MAY 24 2015...
VALID AS OF 0900 AM LOCAL TIME.

CLIMATE NORMAL PERIOD 1981 TO 2010
CLIMATE RECORD PERIOD 1864 TO 2015


WEATHER ITEM   OBSERVED TIME   RECORD YEAR NORMAL DEPARTURE LAST
                VALUE   (LST)  VALUE       VALUE  FROM      YEAR
                                                  NORMAL
..................................................................
TEMPERATURE (F)
 TODAY
  MAXIMUM         66    759 AM  88    1975  71     -5       77
  MINIMUM         55   1243 AM  30    1897  49      6       46
  AVERAGE         61                        60      1       62

PRECIPITATION (IN)
  TODAY            0.00          1.28 1971   0.12  -0.12     0.00
  MONTH TO DATE    2.16                      2.57  -0.41     4.13
  SINCE MAR 1      4.19                      7.66  -3.47     7.18
  SINCE JAN 1      6.44                     10.78  -4.34    11.10

SNOWFALL (IN)
  TODAY            0.0           T    1950   0.0    0.0      0.0
                                      1925
  MONTH TO DATE    0.0                       0.0    0.0      0.0
  SINCE MAR 1      1.9                       8.9   -7.0     11.1
  SINCE JUL 1     35.6                      51.1  -15.5     69.1
  SNOW DEPTH       0

DEGREE DAYS
 HEATING
  TODAY            4                         6     -2        3
  MONTH TO DATE  154                       222    -68      227
  SINCE MAR 1   1666                      1685    -19     1971
  SINCE JUL 1   7160                      6620    540     7512

 COOLING
  TODAY            0                         2     -2        0
  MONTH TO DATE   31                        20     11       14
  SINCE MAR 1     31                        27      4       14
  SINCE JAN 1     31                        27      4       14
..................................................................


WIND (MPH)
  RESULTANT WIND SPEED   2   RESULTANT WIND DIRECTION   S (190)
  HIGHEST WIND SPEED     7   HIGHEST WIND DIRECTION     S (190)
  HIGHEST GUST SPEED     8   HIGHEST GUST DIRECTION     S (190)
  AVERAGE WIND SPEED     2.4


SKY COVER
  AVERAGE SKY COVER 0.5


WEATHER CONDITIONS
 THE FOLLOWING WEATHER WAS RECORDED TODAY.
  NO SIGNIFICANT WEATHER WAS OBSERVED.


RELATIVE HUMIDITY (PERCENT)
 HIGHEST    72          1200 AM
 LOWEST     55           300 AM
 AVERAGE    64

..........................................................


THE LANSING MI CLIMATE NORMALS FOR TOMORROW
                         NORMAL    RECORD    YEAR
 MAXIMUM TEMPERATURE (F)   72        89      1977
                                             1875
 MINIMUM TEMPERATURE (F)   50        29      1992


SUNRISE AND SUNSET
MAY 24 2015...........SUNRISE   608 AM EDT   SUNSET   903 PM EDT
MAY 25 2015...........SUNRISE   607 AM EDT   SUNSET   904 PM EDT


-  INDICATES NEGATIVE NUMBERS.
R  INDICATES RECORD WAS SET OR TIED.
MM INDICATES DATA IS MISSING.
T  INDICATES TRACE AMOUNT.




$$
