000
CDUS43 KGRR 050516
CLILAN


CLIMATE REPORT
NATIONAL WEATHER SERVICE GRAND RAPIDS, MI
115 AM EDT WED AUG 5 2015


...................................

...THE LANSING MI CLIMATE SUMMARY FOR AUGUST 4 2015...

CLIMATE NORMAL PERIOD 1981 TO 2010
CLIMATE RECORD PERIOD 1864 TO 2015


WEATHER ITEM   OBSERVED TIME   RECORD YEAR NORMAL DEPARTURE LAST
                VALUE   (LST)  VALUE       VALUE  FROM      YEAR
                                                  NORMAL
..................................................................
TEMPERATURE (F)
 YESTERDAY
  MAXIMUM         80    317 PM  96    1988  81     -1       83
                                      1881
  MINIMUM         59   1159 PM  37    1894  61     -2       63
  AVERAGE         70                        71     -1       73

PRECIPITATION (IN)
  YESTERDAY        0.00          2.19 1919   0.10  -0.10     0.96
  MONTH TO DATE    0.70                      0.41   0.29     2.09
  SINCE JUN 1     12.16                      6.70   5.46    13.35
  SINCE JAN 1     20.21                     18.27   1.94    24.56

SNOWFALL (IN)
  YESTERDAY        0.0           0.0    MM   0.0    0.0      0.0
  MONTH TO DATE    0.0                       0.0    0.0      0.0
  SINCE JUN 1      0.0                       0.0    0.0      0.0
  SINCE JUL 1      0.0                       0.0    0.0      0.0
  SNOW DEPTH       0

DEGREE DAYS
 HEATING
  YESTERDAY        0                         0      0        0
  MONTH TO DATE    0                         0      0        0
  SINCE JUN 1     48                        66    -18       53
  SINCE JUL 1     12                        11      1       29

 COOLING
  YESTERDAY        5                         6     -1        8
  MONTH TO DATE   30                        24      6       20
  SINCE JUN 1    297                       369    -72      271
  SINCE JAN 1    356                       410    -54      310
..................................................................


WIND (MPH)
  RESULTANT WIND SPEED   9   RESULTANT WIND DIRECTION   W (270)
  HIGHEST WIND SPEED    23   HIGHEST WIND DIRECTION     W (270)
  HIGHEST GUST SPEED    28   HIGHEST GUST DIRECTION     W (260)
  AVERAGE WIND SPEED     8.9


SKY COVER
  AVERAGE SKY COVER 0.3


WEATHER CONDITIONS
 THE FOLLOWING WEATHER WAS RECORDED YESTERDAY.
  NO SIGNIFICANT WEATHER WAS OBSERVED.


RELATIVE HUMIDITY (PERCENT)
 HIGHEST    80           600 AM
 LOWEST     39           300 PM
 AVERAGE    60

..........................................................


THE LANSING MI CLIMATE NORMALS FOR TODAY
                         NORMAL    RECORD    YEAR
 MAXIMUM TEMPERATURE (F)   81       100      1881
 MINIMUM TEMPERATURE (F)   61        35      1864


SUNRISE AND SUNSET
AUGUST  5 2015........SUNRISE   634 AM EDT   SUNSET   854 PM EDT
AUGUST  6 2015........SUNRISE   635 AM EDT   SUNSET   853 PM EDT


-  INDICATES NEGATIVE NUMBERS.
R  INDICATES RECORD WAS SET OR TIED.
MM INDICATES DATA IS MISSING.
T  INDICATES TRACE AMOUNT.




$$
