000
CDUS45 KCYS 260733
CLILAR


CLIMATE REPORT
NATIONAL WEATHER SERVICE CHEYENNE WY
1230 AM MST WED NOV 26 2014


...................................

...THE LARAMIE WY AIRPORT CLIMATE SUMMARY FOR NOVEMBER 25 2014...

CLIMATE NORMAL PERIOD 1981 TO 2010
CLIMATE RECORD PERIOD 1948 TO 2014


WEATHER ITEM   OBSERVED TIME   RECORD YEAR NORMAL DEPARTURE LAST
                VALUE   (LST)  VALUE       VALUE  FROM      YEAR
                                                  NORMAL
..................................................................
TEMPERATURE (F)
 YESTERDAY
  MAXIMUM         36    859 PM  61    1990  36      0       36
  MINIMUM         10   1235 AM -26    1993  14     -4       11
  AVERAGE         23                        25     -2       24

PRECIPITATION (IN)
  YESTERDAY        0.01          0.77 1983   0.02  -0.01     0.00
  MONTH TO DATE    0.38                      0.47  -0.09     0.46
  SINCE JAN 1     13.54                     10.53   3.01    11.92

DEGREE DAYS
 HEATING
  YESTERDAY       42                        40      2       41
  MONTH TO DATE  975                       864    111      828
  SINCE SEP 1   1819                      1935   -116     1898
  SINCE JUL 1   1998                      2107   -109     1969

 COOLING
  YESTERDAY        0                         0      0        0
  MONTH TO DATE    0                         0      0        0
  SINCE SEP 1      0                         1     -1       24
  SINCE JAN 1     67                        67      0      162
..................................................................


WIND (MPH)
  HIGHEST WIND SPEED    46   HIGHEST WIND DIRECTION     W (270)
  HIGHEST GUST SPEED    59   HIGHEST GUST DIRECTION     W (270)
  AVERAGE WIND SPEED    23.2


SKY COVER
  AVERAGE SKY COVER 0.5


WEATHER CONDITIONS
 THE FOLLOWING WEATHER WAS RECORDED YESTERDAY.
  LIGHT SNOW
  FOG


RELATIVE HUMIDITY (PERCENT)
 HIGHEST    96          1100 PM
 LOWEST     47          1200 PM
 AVERAGE    72

..........................................................


THE LARAMIE WY AIRPORT CLIMATE NORMALS FOR TODAY
                         NORMAL    RECORD    YEAR
 MAXIMUM TEMPERATURE (F)   36        61      1950
 MINIMUM TEMPERATURE (F)   13       -24      1952


SUNRISE AND SUNSET
NOVEMBER 26 2014......SUNRISE   704 AM MST   SUNSET   436 PM MST
NOVEMBER 27 2014......SUNRISE   705 AM MST   SUNSET   436 PM MST


-  INDICATES NEGATIVE NUMBERS.
R  INDICATES RECORD WAS SET OR TIED.
MM INDICATES DATA IS MISSING.
T  INDICATES TRACE AMOUNT.




$$
