000
CDUS45 KCYS 290734
CLILAR


CLIMATE REPORT
NATIONAL WEATHER SERVICE CHEYENNE WY
1233 AM MST THU JAN 29 2015


...................................

...THE LARAMIE WY AIRPORT CLIMATE SUMMARY FOR JANUARY 28 2015...

CLIMATE NORMAL PERIOD 1981 TO 2010
CLIMATE RECORD PERIOD 1948 TO 2015


WEATHER ITEM   OBSERVED TIME   RECORD YEAR NORMAL DEPARTURE LAST
                VALUE   (LST)  VALUE       VALUE  FROM      YEAR
                                                  NORMAL
..................................................................
TEMPERATURE (F)
 YESTERDAY
  MAXIMUM         45    144 PM  51    1986  33     12       18
  MINIMUM         28   1155 PM -28    1948  10     18      -13
  AVERAGE         37                        22     15        3

PRECIPITATION (IN)
  YESTERDAY        0.02          0.23 1989   0.01   0.01     0.00
                                      1951
  MONTH TO DATE    0.02                      0.24  -0.22     0.60
  SINCE JAN 1      0.02                      0.24  -0.22     0.60

DEGREE DAYS
 HEATING
  YESTERDAY       28                        43    -15       62
  MONTH TO DATE 1082                      1205   -123     1209
  SINCE DEC 1   2395                      2566   -171     2610
  SINCE JUL 1   4523                      4878   -355     4732

 COOLING
  YESTERDAY        0                         0      0        0
  MONTH TO DATE    0                         0      0        0
  SINCE DEC 1      0                         0      0        0
  SINCE JAN 1      0                         0      0        0
..................................................................


WIND (MPH)
  HIGHEST WIND SPEED    35   HIGHEST WIND DIRECTION    NW (300)
  HIGHEST GUST SPEED    41   HIGHEST GUST DIRECTION     W (270)
  AVERAGE WIND SPEED    16.7


SKY COVER
  AVERAGE SKY COVER 0.6


WEATHER CONDITIONS
 THE FOLLOWING WEATHER WAS RECORDED YESTERDAY.
  LIGHT RAIN
  LIGHT SNOW


RELATIVE HUMIDITY (PERCENT)
 HIGHEST    92          1000 PM
 LOWEST     45           200 PM
 AVERAGE    69

..........................................................


THE LARAMIE WY AIRPORT CLIMATE NORMALS FOR TODAY
                         NORMAL    RECORD    YEAR
 MAXIMUM TEMPERATURE (F)   33        55      1986
 MINIMUM TEMPERATURE (F)   10       -34      1949


SUNRISE AND SUNSET
JANUARY 29 2015.......SUNRISE   717 AM MST   SUNSET   515 PM MST
JANUARY 30 2015.......SUNRISE   716 AM MST   SUNSET   516 PM MST


-  INDICATES NEGATIVE NUMBERS.
R  INDICATES RECORD WAS SET OR TIED.
MM INDICATES DATA IS MISSING.
T  INDICATES TRACE AMOUNT.




$$
