000
CDUS45 KCYS 062125
CLILAR


CLIMATE REPORT
NATIONAL WEATHER SERVICE CHEYENNE WY
325 PM MDT FRI MAY 6 2016


...................................

...THE LARAMIE WY AIRPORT CLIMATE SUMMARY FOR MAY 6 2016...
VALID AS OF 0300 PM LOCAL TIME.

CLIMATE NORMAL PERIOD 1981 TO 2010
CLIMATE RECORD PERIOD 1948 TO 2016


WEATHER ITEM   OBSERVED TIME   RECORD YEAR NORMAL DEPARTURE LAST
                VALUE   (LST)  VALUE       VALUE  FROM      YEAR
                                                  NORMAL
..................................................................
TEMPERATURE (F)
 TODAY
  MAXIMUM         71   1110 AM  82    1966  58     13       56
  MINIMUM         39    502 AM  15    1982  31      8       39
  AVERAGE         55                        44     11       48

PRECIPITATION (IN)
  TODAY            0.00          0.70 2015   0.04  -0.04     0.70
  MONTH TO DATE    0.02                      0.27  -0.25     0.72
  SINCE JAN 1      4.95                      2.53   2.42     3.41

DEGREE DAYS
 HEATING
  TODAY           10                        21    -11       17
  MONTH TO DATE  133                       129      4       90
  SINCE MAR 1   2016                      2002     14     1752
  SINCE JUL 1   7798                      8178   -380     7429

 COOLING
  TODAY            0                         0      0        0
  MONTH TO DATE    0                         0      0        0
  SINCE MAR 1      0                         0      0        0
  SINCE JAN 1      0                         0      0        0
..................................................................


WIND (MPH)
  HIGHEST WIND SPEED    29   HIGHEST WIND DIRECTION     W (250)
  HIGHEST GUST SPEED    36   HIGHEST GUST DIRECTION    SW (240)
  AVERAGE WIND SPEED     8.1


SKY COVER
  AVERAGE SKY COVER 0.2


WEATHER CONDITIONS
 THE FOLLOWING WEATHER WAS RECORDED TODAY.
  THUNDERSTORM


RELATIVE HUMIDITY (PERCENT)
 HIGHEST    86           300 AM
 LOWEST     20          1100 AM
 AVERAGE    53

..........................................................


THE LARAMIE WY AIRPORT CLIMATE NORMALS FOR TOMORROW
                         NORMAL    RECORD    YEAR
 MAXIMUM TEMPERATURE (F)   59        75      2004
                                             1963
 MINIMUM TEMPERATURE (F)   31        19      2010


SUNRISE AND SUNSET
MAY  6 2016...........SUNRISE   553 AM MDT   SUNSET   806 PM MDT
MAY  7 2016...........SUNRISE   552 AM MDT   SUNSET   807 PM MDT


-  INDICATES NEGATIVE NUMBERS.
R  INDICATES RECORD WAS SET OR TIED.
MM INDICATES DATA IS MISSING.
T  INDICATES TRACE AMOUNT.




$$
