000
CDUS45 KVEF 310029
CLILAS


CLIMATE REPORT
NATIONAL WEATHER SERVICE LAS VEGAS, NV
529 PM PDT THU MAR 30 2017


...................................

...THE LAS VEGAS NV CLIMATE SUMMARY FOR MARCH 30 2017...
VALID TODAY AS OF 0500 PM LOCAL TIME.

CLIMATE NORMAL PERIOD 1981 TO 2010
CLIMATE RECORD PERIOD 1937 TO 2017


WEATHER ITEM   OBSERVED TIME   RECORD YEAR NORMAL DEPARTURE LAST
                VALUE   (LST)  VALUE       VALUE  FROM      YEAR
                                                  NORMAL
..................................................................
TEMPERATURE (F)
 TODAY
  MAXIMUM         79    133 PM  90    2015  74      5       62
  MINIMUM         56    359 PM  33    1987  52      4       48
                                      1938
  AVERAGE         68                        63      5       55

PRECIPITATION (IN)
  TODAY            T             0.94 1992   0.01  -0.01     0.00
  MONTH TO DATE    0.01                      0.43  -0.42      T
  SINCE OCT 1      2.53                      2.86  -0.33     1.96
  SINCE JAN 1      1.47                      1.73  -0.26     0.55

SNOWFALL (IN)
  TODAY            0.0           T    1992   0.0    0.0      0.0
  MONTH TO DATE    0.0                       0.0    0.0      0.0
  SINCE MAR 1      0.0                       0.0    0.0      0.0
  SINCE JUL 1      0.0                       0.3   -0.3       T
  SNOW DEPTH       0

DEGREE DAYS
 HEATING
  TODAY            0                         4     -4       10
  MONTH TO DATE   72                       185   -113       74
  SINCE MAR 1     72                       185   -113       74
  SINCE JUL 1   1444                      1876   -432     1653

 COOLING
  TODAY            3                         2      1        0
  MONTH TO DATE  111                        26     85       55
  SINCE MAR 1    111                        26     85       55
  SINCE JAN 1    114                        27     87       64
..................................................................


WIND (MPH)
  RESULTANT WIND SPEED  10   RESULTANT WIND DIRECTION  SW (230)
  HIGHEST WIND SPEED    45   HIGHEST WIND DIRECTION    NW (300)
  HIGHEST GUST SPEED    60   HIGHEST GUST DIRECTION    NW (310)
  AVERAGE WIND SPEED    13.2


SKY COVER
  POSSIBLE SUNSHINE  MM
  AVERAGE SKY COVER 0.6


WEATHER CONDITIONS
 THE FOLLOWING WEATHER WAS RECORDED TODAY.
  LIGHT RAIN
  HAZE
  SANDSTORM


RELATIVE HUMIDITY (PERCENT)
 HIGHEST    36           500 AM
 LOWEST     14           200 PM
 AVERAGE    25

..........................................................


THE LAS VEGAS NV CLIMATE NORMALS FOR TOMORROW
                         NORMAL    RECORD    YEAR
 MAXIMUM TEMPERATURE (F)   74        91      1966
 MINIMUM TEMPERATURE (F)   52        25      1938


SUNRISE AND SUNSET
MARCH 30 2017.........SUNRISE   629 AM PDT   SUNSET   701 PM PDT
MARCH 31 2017.........SUNRISE   628 AM PDT   SUNSET   702 PM PDT


-  INDICATES NEGATIVE NUMBERS.
R  INDICATES RECORD WAS SET OR TIED.
MM INDICATES DATA IS MISSING.
T  INDICATES TRACE AMOUNT.




$$
