226
CDUS46 KLOX 250902
CLILAX


CLIMATE REPORT
NATIONAL WEATHER SERVICE LOS ANGELES/OXNARD CA
102 AM PST SAT FEB 25 2017


...................................

...THE LOS ANGELES INTL AIRPORT CA CLIMATE SUMMARY FOR FEBRUARY 24 2017...

CLIMATE NORMAL PERIOD 1981 TO 2010
CLIMATE RECORD PERIOD 1944 TO 2017


WEATHER ITEM   OBSERVED TIME   RECORD YEAR NORMAL DEPARTURE LAST
                VALUE   (LST)  VALUE       VALUE  FROM      YEAR
                                                  NORMAL
..................................................................
TEMPERATURE (F)
 YESTERDAY
  MAXIMUM         61   1205 PM  87    1986  64     -3       81
  MINIMUM         44    434 AM  40    1987  51     -7       60
                                      1960
  AVERAGE         53                        57     -4       71

PRECIPITATION (IN)
  YESTERDAY        0.00          0.75 2008   0.12  -0.12     0.00
  MONTH TO DATE    3.97                      2.82   1.15     0.73
  SINCE OCT 1     15.66                      9.25   6.41     4.91
  SINCE JAN 1     11.41                      5.53   5.88     3.67

SNOWFALL (IN)
  YESTERDAY        0.0
  MONTH TO DATE    0.0
  SINCE DEC 1      0.0
  SINCE JUL 1      0.0

DEGREE DAYS
 HEATING
  YESTERDAY       12                         8      4        0
  MONTH TO DATE  163                       192    -29       91
  SINCE DEC 1    646                       714    -68      570
  SINCE JUL 1    725                       896   -171      681

 COOLING
  YESTERDAY        0                         0      0        6
  MONTH TO DATE    0                         0      0       55
  SINCE DEC 1      2                         5     -3       61
  SINCE JAN 1      0                         4     -4       55
..................................................................


WIND (MPH)
  HIGHEST WIND SPEED    18   HIGHEST WIND DIRECTION     W (270)
  HIGHEST GUST SPEED    20   HIGHEST GUST DIRECTION     W (280)
  AVERAGE WIND SPEED     7.7


SKY COVER
  POSSIBLE SUNSHINE  MM
  AVERAGE SKY COVER 0.2


WEATHER CONDITIONS
 THE FOLLOWING WEATHER WAS RECORDED YESTERDAY.
  NO SIGNIFICANT WEATHER WAS OBSERVED.


RELATIVE HUMIDITY (PERCENT)
 HIGHEST    71          1100 PM
 LOWEST     26          1200 AM
 AVERAGE    49

..........................................................


THE LOS ANGELES INTL AIRPORT CA CLIMATE NORMALS FOR TODAY
                         NORMAL    RECORD    YEAR
 MAXIMUM TEMPERATURE (F)   64        84      1989
 MINIMUM TEMPERATURE (F)   51        39      1962
                                             1945


SUNRISE AND SUNSET
FEBRUARY 25 2017......SUNRISE   627 AM PST   SUNSET   547 PM PST
FEBRUARY 26 2017......SUNRISE   625 AM PST   SUNSET   548 PM PST


-  INDICATES NEGATIVE NUMBERS.
R  INDICATES RECORD WAS SET OR TIED.
MM INDICATES DATA IS MISSING.
T  INDICATES TRACE AMOUNT.




$$
