000
CDUS46 KLOX 230111
CLILAX


CLIMATE REPORT
NATIONAL WEATHER SERVICE LOS ANGELES/OXNARD CA
611 PM PDT TUE APR 22 2014


...................................

...THE LOS ANGELES AIRPORT CLIMATE SUMMARY FOR APRIL 22 2014...
VALID TODAY AS OF 0600 PM LOCAL TIME.

CLIMATE NORMAL PERIOD 1981 TO 2010
CLIMATE RECORD PERIOD 1944 TO 2014


WEATHER ITEM   OBSERVED TIME   RECORD YEAR NORMAL DEPARTURE LAST
                VALUE   (LST)  VALUE       VALUE  FROM      YEAR
                                                  NORMAL
..................................................................
TEMPERATURE (F)
 TODAY
  MAXIMUM         67   1255 PM  90    1987  67      0       66
  MINIMUM         59    132 AM  45    1971  55      4       58
  AVERAGE         63                        61      2       62

PRECIPITATION (IN)
  TODAY            0.00          0.52 1955   0.02  -0.02     0.00
  MONTH TO DATE    0.17                      0.57  -0.40     0.06
  SINCE JUL 1      4.36                     12.39  -8.03     6.50
  SINCE JAN 1      3.32                      8.38  -5.06     2.22

SNOWFALL (IN)
  TODAY            0.0
  MONTH TO DATE    0.0
  SINCE MAR 1      0.0
  SINCE JUL 1      0.0

DEGREE DAYS
 HEATING
  TODAY            2                         5     -3        3
  MONTH TO DATE   78                       123    -45       66
  SINCE MAR 1    168                       344   -176      245
  SINCE JUL 1    723                      1273   -550     1113

 COOLING
  TODAY            0                         1     -1        0
  MONTH TO DATE    9                         1      8        4
  SINCE MAR 1     28                         7     21       12
  SINCE JAN 1     44                        16     28       20
..................................................................


WIND (MPH)
  HIGHEST WIND SPEED    23   HIGHEST WIND DIRECTION     W (260)
  HIGHEST GUST SPEED    26   HIGHEST GUST DIRECTION     W (290)
  AVERAGE WIND SPEED     8.5


SKY COVER
  POSSIBLE SUNSHINE  MM
  AVERAGE SKY COVER 0.7


WEATHER CONDITIONS
 THE FOLLOWING WEATHER WAS RECORDED TODAY.
  FOG
  HAZE


RELATIVE HUMIDITY (PERCENT)
 HIGHEST    80          1200 AM
 LOWEST     52           100 PM
 AVERAGE    66

..........................................................


THE LOS ANGELES AIRPORT CLIMATE NORMALS FOR TOMORROW
                         NORMAL    RECORD    YEAR
 MAXIMUM TEMPERATURE (F)   67        87      2004
 MINIMUM TEMPERATURE (F)   55        46      2010


SUNRISE AND SUNSET
APRIL 22 2014.........SUNRISE   614 AM PDT   SUNSET   730 PM PDT
APRIL 23 2014.........SUNRISE   613 AM PDT   SUNSET   731 PM PDT


-  INDICATES NEGATIVE NUMBERS.
R  INDICATES RECORD WAS SET OR TIED.
MM INDICATES DATA IS MISSING.
T  INDICATES TRACE AMOUNT.




$$
