000
CDUS46 KLOX 050112
CLILAX


CLIMATE REPORT
NATIONAL WEATHER SERVICE LOS ANGELES/OXNARD CA
612 PM PDT TUE AUG 4 2015


...................................

...THE LOS ANGELES AIRPORT CLIMATE SUMMARY FOR AUGUST 4 2015...
VALID TODAY AS OF 0600 PM LOCAL TIME.

CLIMATE NORMAL PERIOD 1981 TO 2010
CLIMATE RECORD PERIOD 1944 TO 2015


WEATHER ITEM   OBSERVED TIME   RECORD YEAR NORMAL DEPARTURE LAST
                VALUE   (LST)  VALUE       VALUE  FROM      YEAR
                                                  NORMAL
..................................................................
TEMPERATURE (F)
 TODAY
  MAXIMUM         80   1024 AM  84    1971  74      6       79
  MINIMUM         66    415 AM  58    2010  64      2       64
                                      1953
  AVERAGE         73                        69      4       72

PRECIPITATION (IN)
  TODAY            0.00          0.01 2006   0.00   0.00     0.00
  MONTH TO DATE    0.00                      0.00   0.00     0.03
  SINCE OCT 1      7.61                     12.56  -4.95     4.59
  SINCE JAN 1      2.91                      8.84  -5.93     3.58

SNOWFALL (IN)
  TODAY            0.0
  MONTH TO DATE    0.0
  SINCE JUN 1      0.0
  SINCE JUL 1      0.0

DEGREE DAYS
 HEATING
  TODAY            0                         0      0        0
  MONTH TO DATE    0                         0      0        0
  SINCE JUN 1     11                        27    -16        1
  SINCE JUL 1      0                         2     -2        0

 COOLING
  TODAY            8                         4      4        7
  MONTH TO DATE   29                        16     13       28
  SINCE JUN 1    256                       177     79      335
  SINCE JAN 1    369                       217    152      546
..................................................................


WIND (MPH)
  HIGHEST WIND SPEED    24   HIGHEST WIND DIRECTION     W (270)
  HIGHEST GUST SPEED    29   HIGHEST GUST DIRECTION     W (280)
  AVERAGE WIND SPEED     8.5


SKY COVER
  POSSIBLE SUNSHINE  MM
  AVERAGE SKY COVER 0.3


WEATHER CONDITIONS
 THE FOLLOWING WEATHER WAS RECORDED TODAY.
  NO SIGNIFICANT WEATHER WAS OBSERVED.


RELATIVE HUMIDITY (PERCENT)
 HIGHEST    87          1200 AM
 LOWEST     48           200 PM
 AVERAGE    68

..........................................................


THE LOS ANGELES AIRPORT CLIMATE NORMALS FOR TOMORROW
                         NORMAL    RECORD    YEAR
 MAXIMUM TEMPERATURE (F)   75        84      1997
 MINIMUM TEMPERATURE (F)   64        56      1950


SUNRISE AND SUNSET
AUGUST  4 2015........SUNRISE   607 AM PDT   SUNSET   752 PM PDT
AUGUST  5 2015........SUNRISE   608 AM PDT   SUNSET   751 PM PDT


-  INDICATES NEGATIVE NUMBERS.
R  INDICATES RECORD WAS SET OR TIED.
MM INDICATES DATA IS MISSING.
T  INDICATES TRACE AMOUNT.




$$
