000
CDUS46 KLOX 180907
CLILAX


CLIMATE REPORT
NATIONAL WEATHER SERVICE LOS ANGELES/OXNARD CA
207 AM PDT THU SEP 18 2014


...................................

...THE LOS ANGELES INTL AIRPORT CA CLIMATE SUMMARY FOR SEPTEMBER 17 2014...

CLIMATE NORMAL PERIOD 1981 TO 2010
CLIMATE RECORD PERIOD 1944 TO 2014


WEATHER ITEM   OBSERVED TIME   RECORD YEAR NORMAL DEPARTURE LAST
                VALUE   (LST)  VALUE       VALUE  FROM      YEAR
                                                  NORMAL
..................................................................
TEMPERATURE (F)
 YESTERDAY
  MAXIMUM         87    830 AM  93    1979  75     12       74
  MINIMUM         69   1159 PM  55    1952  63      6       62
  AVERAGE         78                        69      9       68

PRECIPITATION (IN)
  YESTERDAY        0.00          0.49 1963   0.01  -0.01     0.00
  MONTH TO DATE    0.02                      0.07  -0.05     0.00
  SINCE JUL 1      0.19                      0.15   0.04     0.03
  SINCE JAN 1      3.60                      8.96  -5.36     2.64

SNOWFALL (IN)
  YESTERDAY        0.0
  MONTH TO DATE    0.0
  SINCE SEP 1      0.0
  SINCE JUL 1      0.0

DEGREE DAYS
 HEATING
  YESTERDAY        0                         0      0        0
  MONTH TO DATE    0                         0      0        0
  SINCE SEP 1      0                         0      0        0
  SINCE JUL 1      0                         4     -4        1

 COOLING
  YESTERDAY       13                         4      9        3
  MONTH TO DATE  177                        77    100      109
  SINCE SEP 1    177                        77    100      109
  SINCE JAN 1    895                       423    472      539
..................................................................


WIND (MPH)
  HIGHEST WIND SPEED    24   HIGHEST WIND DIRECTION     W (280)
  HIGHEST GUST SPEED    30   HIGHEST GUST DIRECTION     W (280)
  AVERAGE WIND SPEED     8.9


SKY COVER
  POSSIBLE SUNSHINE  MM
  AVERAGE SKY COVER 0.3


WEATHER CONDITIONS
 THE FOLLOWING WEATHER WAS RECORDED YESTERDAY.
  FOG


RELATIVE HUMIDITY (PERCENT)
 HIGHEST    73           200 AM
 LOWEST     37           300 PM
 AVERAGE    55

..........................................................


THE LOS ANGELES INTL AIRPORT CA CLIMATE NORMALS FOR TODAY
                         NORMAL    RECORD    YEAR
 MAXIMUM TEMPERATURE (F)   75        92      1946
 MINIMUM TEMPERATURE (F)   63        56      1954


SUNRISE AND SUNSET
SEPTEMBER 18 2014.....SUNRISE   639 AM PDT   SUNSET   656 PM PDT
SEPTEMBER 19 2014.....SUNRISE   640 AM PDT   SUNSET   654 PM PDT


-  INDICATES NEGATIVE NUMBERS.
R  INDICATES RECORD WAS SET OR TIED.
MM INDICATES DATA IS MISSING.
T  INDICATES TRACE AMOUNT.




$$
