000
CDUS46 KLOX 290115
CLILAX


CLIMATE REPORT
NATIONAL WEATHER SERVICE LOS ANGELES/OXNARD CA
614 PM PDT TUE MAR 28 2017


...................................

...THE LOS ANGELES AIRPORT CLIMATE SUMMARY FOR MARCH 28 2017...
VALID TODAY AS OF 600 PM LOCAL TIME.

CLIMATE NORMAL PERIOD 1981 TO 2010
CLIMATE RECORD PERIOD 1944 TO 2017


WEATHER ITEM   OBSERVED TIME   RECORD YEAR NORMAL DEPARTURE LAST
                VALUE   (LST)  VALUE       VALUE  FROM      YEAR
                                                  NORMAL
..................................................................
TEMPERATURE (F)
 TODAY
  MAXIMUM         73    228 PM  83    2004  65      8       62
  MINIMUM         54    618 AM  42    1945  52      2       55
  AVERAGE         64                        58      6       59

PRECIPITATION (IN)
  TODAY            0.00          1.75 2006   0.04  -0.04     0.06
  MONTH TO DATE    0.08                      1.73  -1.65     1.46
  SINCE OCT 1     15.81                     11.41   4.40     6.37
  SINCE JAN 1     11.56                      7.69   3.87     5.13

SNOWFALL (IN)
  TODAY            0.0
  MONTH TO DATE    0.0
  SINCE MAR 1      0.0
  SINCE JUL 1      0.0

DEGREE DAYS
 HEATING
  TODAY            1                         7     -6        6
  MONTH TO DATE  107                       199    -92      109
  SINCE MAR 1    107                       199    -92      109
  SINCE JUL 1    880                      1128   -248      805

 COOLING
  TODAY            0                         0      0        0
  MONTH TO DATE    2                         0      2        1
  SINCE MAR 1      2                         0      2        1
  SINCE JAN 1      2                         9     -7       58
..................................................................


WIND (MPH)
  HIGHEST WIND SPEED    20   HIGHEST WIND DIRECTION     N (10)
  HIGHEST GUST SPEED    27   HIGHEST GUST DIRECTION     N (350)
  AVERAGE WIND SPEED     9.5


SKY COVER
  POSSIBLE SUNSHINE  MM
  AVERAGE SKY COVER 0.2


WEATHER CONDITIONS
 THE FOLLOWING WEATHER WAS RECORDED TODAY.
  HAZE


RELATIVE HUMIDITY (PERCENT)
 HIGHEST    77           700 AM
 LOWEST     31           100 PM
 AVERAGE    54

..........................................................


THE LOS ANGELES AIRPORT CLIMATE NORMALS FOR TOMORROW
                         NORMAL    RECORD    YEAR
 MAXIMUM TEMPERATURE (F)   65        89      2004
 MINIMUM TEMPERATURE (F)   52        41      1945


SUNRISE AND SUNSET
MARCH 28 2017.........SUNRISE   646 AM PDT   SUNSET   712 PM PDT
MARCH 29 2017.........SUNRISE   645 AM PDT   SUNSET   712 PM PDT


-  INDICATES NEGATIVE NUMBERS.
R  INDICATES RECORD WAS SET OR TIED.
MM INDICATES DATA IS MISSING.
T  INDICATES TRACE AMOUNT.




$$
