000
CDUS46 KLOX 260125
CLILAX


CLIMATE REPORT
NATIONAL WEATHER SERVICE LOS ANGELES/OXNARD CA
625 PM PDT SUN SEP 25 2016


...................................

...THE LOS ANGELES AIRPORT CLIMATE SUMMARY FOR SEPTEMBER 25 2016...
VALID TODAY AS OF 0600 PM LOCAL TIME.

CLIMATE NORMAL PERIOD 1981 TO 2010
CLIMATE RECORD PERIOD 1944 TO 2016


WEATHER ITEM   OBSERVED TIME   RECORD YEAR NORMAL DEPARTURE LAST
                VALUE   (LST)  VALUE       VALUE  FROM      YEAR
                                                  NORMAL
..................................................................
TEMPERATURE (F)
 TODAY
  MAXIMUM         92   1059 AM 105    1978  74     18       84
  MINIMUM         63    449 AM  52    1948  62      1       70
  AVERAGE         78                        68     10       77

PRECIPITATION (IN)
  TODAY            0.00          0.27 1997   0.01  -0.01     0.00
  MONTH TO DATE    0.01                      0.15  -0.14     1.81
  SINCE OCT 1      7.26                     12.76  -5.50     9.42
  SINCE JAN 1      6.02                      9.04  -3.02     4.72

SNOWFALL (IN)
  TODAY            0.0
  MONTH TO DATE    0.0
  SINCE SEP 1      0.0
  SINCE JUL 1      0.0

DEGREE DAYS
 HEATING
  TODAY            0                         0      0        0
  MONTH TO DATE    0                         0      0        0
  SINCE SEP 1      0                         0      0        0
  SINCE JUL 1      0                         4     -4        0

 COOLING
  TODAY           13                         3     10       12
  MONTH TO DATE  116                       107      9      262
  SINCE SEP 1    116                       107      9      262
  SINCE JAN 1    698                       453    245      849
..................................................................


WIND (MPH)
  HIGHEST WIND SPEED    17   HIGHEST WIND DIRECTION     W (270)
  HIGHEST GUST SPEED    19   HIGHEST GUST DIRECTION     W (270)
  AVERAGE WIND SPEED     7.2


SKY COVER
  POSSIBLE SUNSHINE  MM
  AVERAGE SKY COVER 0.0


WEATHER CONDITIONS
 THE FOLLOWING WEATHER WAS RECORDED TODAY.
  NO SIGNIFICANT WEATHER WAS OBSERVED.


RELATIVE HUMIDITY (PERCENT)
 HIGHEST    58          1200 AM
 LOWEST     11          1100 AM
 AVERAGE    35

..........................................................


THE LOS ANGELES AIRPORT CLIMATE NORMALS FOR TOMORROW
                         NORMAL    RECORD    YEAR
 MAXIMUM TEMPERATURE (F)   74       110      1963
 MINIMUM TEMPERATURE (F)   62        47      1948


SUNRISE AND SUNSET
SEPTEMBER 25 2016.....SUNRISE   644 AM PDT   SUNSET   645 PM PDT
SEPTEMBER 26 2016.....SUNRISE   645 AM PDT   SUNSET   644 PM PDT


-  INDICATES NEGATIVE NUMBERS.
R  INDICATES RECORD WAS SET OR TIED.
MM INDICATES DATA IS MISSING.
T  INDICATES TRACE AMOUNT.




$$
