000
CDUS46 KLOX 011907
CLILAX


CLIMATE REPORT
NATIONAL WEATHER SERVICE LOS ANGELES/OXNARD CA
1206 PM PDT WED JUL 1 2015


...................................

...THE LOS ANGELES INTL AIRPORT CA CLIMATE SUMMARY FOR JUNE 30 2015...

CLIMATE NORMAL PERIOD 1981 TO 2010
CLIMATE RECORD PERIOD 1944 TO 2015


WEATHER ITEM   OBSERVED TIME   RECORD YEAR NORMAL DEPARTURE LAST
                VALUE   (LST)  VALUE       VALUE  FROM      YEAR
                                                  NORMAL
..................................................................
TEMPERATURE (F)
 YESTERDAY
  MAXIMUM         85    652 PM  90    1996  73     12       75
  MINIMUM         65    409 AM  54    2005  62      3       66
  AVERAGE         75                        68      7       71

PRECIPITATION (IN)
  YESTERDAY        T   R         T    1983   0.00   0.00     0.00
                                      1983
                                      2015
  MONTH TO DATE    0.01                      0.08  -0.07     0.00
  SINCE OCT 1      7.26                     12.53  -5.27     4.42
  SINCE JAN 1      2.56                      8.81  -6.25     3.41

SNOWFALL (IN)
  YESTERDAY        0.0
  MONTH TO DATE    0.0
  SINCE JUN 1      0.0
  SINCE JUL 1      0.0

DEGREE DAYS
 HEATING
  YESTERDAY        0                         0      0        0
  MONTH TO DATE   11                        24    -13        1
  SINCE JUN 1     11                        25    -14        1
  SINCE JUL 1    827                      1419   -592      759

 COOLING
  YESTERDAY       10                         3      7        6
  MONTH TO DATE   57                        42     15       87
  SINCE JUN 1     57                        42     15       87
  SINCE JAN 1    170                        82     88      298
..................................................................


WIND (MPH)
  HIGHEST WIND SPEED    18   HIGHEST WIND DIRECTION     W (270)
  HIGHEST GUST SPEED    29   HIGHEST GUST DIRECTION     N (20)
  AVERAGE WIND SPEED     7.8


SKY COVER
  POSSIBLE SUNSHINE  MM
  AVERAGE SKY COVER 0.5


WEATHER CONDITIONS
 THE FOLLOWING WEATHER WAS RECORDED YESTERDAY.
  THUNDERSTORM
  LIGHT RAIN


RELATIVE HUMIDITY (PERCENT)
 HIGHEST    93          1000 PM
 LOWEST     34           700 PM
 AVERAGE    64

..........................................................


THE LOS ANGELES INTL AIRPORT CA CLIMATE NORMALS FOR TODAY
                         NORMAL    RECORD    YEAR
 MAXIMUM TEMPERATURE (F)   73        82      1980
 MINIMUM TEMPERATURE (F)   63        55      1952


SUNRISE AND SUNSET
JULY  1 2015..........SUNRISE   546 AM PDT   SUNSET   809 PM PDT
JULY  2 2015..........SUNRISE   547 AM PDT   SUNSET   809 PM PDT


-  INDICATES NEGATIVE NUMBERS.
R  INDICATES RECORD WAS SET OR TIED.
MM INDICATES DATA IS MISSING.
T  INDICATES TRACE AMOUNT.




$$
