000
CDUS46 KLOX 290114
CLILAX


CLIMATE REPORT
NATIONAL WEATHER SERVICE LOS ANGELES/OXNARD CA
514 PM PST FRI NOV 28 2014


...................................

...THE LOS ANGELES AIRPORT CLIMATE SUMMARY FOR NOVEMBER 28 2014...
VALID TODAY AS OF 0500 PM LOCAL TIME.

CLIMATE NORMAL PERIOD 1981 TO 2010
CLIMATE RECORD PERIOD 1944 TO 2014


WEATHER ITEM   OBSERVED TIME   RECORD YEAR NORMAL DEPARTURE LAST
                VALUE   (LST)  VALUE       VALUE  FROM      YEAR
                                                  NORMAL
..................................................................
TEMPERATURE (F)
 TODAY
  MAXIMUM         77   1222 PM  85    1977  67     10       69
  MINIMUM         54    646 AM  39    1945  51      3       54
  AVERAGE         66                        58      8       62

PRECIPITATION (IN)
  TODAY            0.00          1.79 1970   0.05  -0.05     0.00
  MONTH TO DATE    0.20                      1.02  -0.82     0.38
  SINCE JUL 1      0.63                      1.87  -1.24     0.43
  SINCE JAN 1      4.04                     10.68  -6.64     3.04

SNOWFALL (IN)
  TODAY            0.0
  MONTH TO DATE    0.0
  SINCE SEP 1      0.0
  SINCE JUL 1      0.0

DEGREE DAYS
 HEATING
  TODAY            0                         7     -7        3
  MONTH TO DATE   37                       124    -87       52
  SINCE SEP 1     37                       164   -127       91
  SINCE JUL 1     37                       168   -131       92

 COOLING
  TODAY            1                         0      1        0
  MONTH TO DATE   46                        18     28       40
  SINCE SEP 1    456                       203    253      272
  SINCE JAN 1   1174                       549    625      702
..................................................................


WIND (MPH)
  HIGHEST WIND SPEED    13   HIGHEST WIND DIRECTION     W (270)
  HIGHEST GUST SPEED    15   HIGHEST GUST DIRECTION     W (280)
  AVERAGE WIND SPEED     4.6


SKY COVER
  POSSIBLE SUNSHINE  MM
  AVERAGE SKY COVER 0.1


WEATHER CONDITIONS
 THE FOLLOWING WEATHER WAS RECORDED TODAY.
  NO SIGNIFICANT WEATHER WAS OBSERVED.


RELATIVE HUMIDITY (PERCENT)
 HIGHEST    68           400 PM
 LOWEST     24           900 AM
 AVERAGE    46

..........................................................


THE LOS ANGELES AIRPORT CLIMATE NORMALS FOR TOMORROW
                         NORMAL    RECORD    YEAR
 MAXIMUM TEMPERATURE (F)   66        85      1977
 MINIMUM TEMPERATURE (F)   50        41      1975


SUNRISE AND SUNSET
NOVEMBER 28 2014......SUNRISE   638 AM PST   SUNSET   445 PM PST
NOVEMBER 29 2014......SUNRISE   639 AM PST   SUNSET   445 PM PST


-  INDICATES NEGATIVE NUMBERS.
R  INDICATES RECORD WAS SET OR TIED.
MM INDICATES DATA IS MISSING.
T  INDICATES TRACE AMOUNT.




$$
