000
CDUS44 KLUB 290132
CLILBB


CLIMATE REPORT
NATIONAL WEATHER SERVICE LUBBOCK, TX
831 PM CDT FRI APR 28 2017


...................................

...THE LUBBOCK CLIMATE SUMMARY FOR APRIL 28 2017...
VALID TODAY AS OF 0800 PM LOCAL TIME.

CLIMATE NORMAL PERIOD 1981 TO 2010
CLIMATE RECORD PERIOD 1911 TO 2017


WEATHER ITEM   OBSERVED TIME   RECORD YEAR NORMAL DEPARTURE LAST
                VALUE   (LST)  VALUE       VALUE  FROM      YEAR
                                                  NORMAL
..................................................................
TEMPERATURE (F)
 TODAY
  MAXIMUM         85    430 PM  94    1992  79      6       85
  MINIMUM         51    547 AM  35    1994  50      1       48
                                      1921
  AVERAGE         68                        64      4       67

PRECIPITATION (IN)
  TODAY            0.00          0.75 1999   0.06  -0.06      T
                                      1932
  MONTH TO DATE    0.81                      1.29  -0.48     1.02
  SINCE MAR 1      1.48                      2.39  -0.91     1.22
  SINCE JAN 1      4.40                      3.79   0.61     1.61

SNOWFALL (IN)
  TODAY            0.0           T    1999   0.0    0.0      0.0
  MONTH TO DATE    0.0                       0.2   -0.2       T
  SINCE MAR 1      0.0                       0.8   -0.8       T
  SINCE JUL 1      0.2                       8.2   -8.0     13.3
  SNOW DEPTH       0

DEGREE DAYS
 HEATING
  TODAY            0                         3     -3        0
  MONTH TO DATE  107                       176    -69      116
  SINCE MAR 1    327                       591   -264      365
  SINCE JUL 1   2411                      3330   -919     2765

 COOLING
  TODAY            3                         3      0        2
  MONTH TO DATE   79                        44     35       34
  SINCE MAR 1    125                        51     74       46
  SINCE JAN 1    129                        51     78       50
..................................................................


WIND (MPH)
  RESULTANT WIND SPEED   2   RESULTANT WIND DIRECTION  SE (150)
  HIGHEST WIND SPEED    26   HIGHEST WIND DIRECTION     S (190)
  HIGHEST GUST SPEED    34   HIGHEST GUST DIRECTION     S (160)
  AVERAGE WIND SPEED    13.2


SKY COVER
  AVERAGE SKY COVER 0.7


WEATHER CONDITIONS
 THE FOLLOWING WEATHER WAS RECORDED TODAY.
  NO SIGNIFICANT WEATHER WAS OBSERVED.


RELATIVE HUMIDITY (PERCENT)
 HIGHEST    83           500 AM
 LOWEST     18           400 PM
 AVERAGE    51

..........................................................


THE LUBBOCK CLIMATE NORMALS FOR TOMORROW
                         NORMAL    RECORD    YEAR
 MAXIMUM TEMPERATURE (F)   79        97      2011
 MINIMUM TEMPERATURE (F)   50        31      1968


SUNRISE AND SUNSET
APRIL 28 2017.........SUNRISE   701 AM CDT   SUNSET   828 PM CDT
APRIL 29 2017.........SUNRISE   700 AM CDT   SUNSET   829 PM CDT


-  INDICATES NEGATIVE NUMBERS.
R  INDICATES RECORD WAS SET OR TIED.
MM INDICATES DATA IS MISSING.
T  INDICATES TRACE AMOUNT.




$$
