000
CDUS44 KLUB 010645
CLILBB


CLIMATE REPORT
NATIONAL WEATHER SERVICE LUBBOCK, TX
145 AM CDT SAT OCT 1 2016


...................................

...THE LUBBOCK CLIMATE SUMMARY FOR SEPTEMBER 30 2016...

CLIMATE NORMAL PERIOD 1981 TO 2010
CLIMATE RECORD PERIOD 1911 TO 2016


WEATHER ITEM   OBSERVED TIME   RECORD YEAR NORMAL DEPARTURE LAST
                VALUE   (LST)  VALUE       VALUE  FROM      YEAR
                                                  NORMAL
..................................................................
TEMPERATURE (F)
 YESTERDAY
  MAXIMUM         80    345 PM  99    1977  80      0       87
  MINIMUM         50    653 AM  35    1985  53     -3       58
  AVERAGE         65                        67     -2       73

PRECIPITATION (IN)
  YESTERDAY        T             1.78 1941   0.07  -0.07     0.00
  MONTH TO DATE    1.47                      2.51  -1.04     0.49
  SINCE SEP 1      1.47                      2.51  -1.04     0.49
  SINCE JAN 1     11.39                     15.58  -4.19    22.78

SNOWFALL (IN)
  YESTERDAY        0.0           0.0  2002   0.0    0.0      0.0
  MONTH TO DATE    0.0                       0.0    0.0      0.0
  SINCE SEP 1      0.0                       0.0    0.0      0.0
  SINCE JUL 1      0.0                       0.0    0.0      0.0
  SNOW DEPTH       0

DEGREE DAYS
 HEATING
  YESTERDAY        0                         2     -2        0
  MONTH TO DATE    2                        23    -21        0
  SINCE SEP 1      2                        23    -21        0
  SINCE JUL 1      2                        23    -21        0

 COOLING
  YESTERDAY        0                         4     -4        8
  MONTH TO DATE  254                       223     31      348
  SINCE SEP 1    254                       223     31      348
  SINCE JAN 1   1980                      1749    231     1853
..................................................................


WIND (MPH)
  RESULTANT WIND SPEED   8   RESULTANT WIND DIRECTION   S (170)
  HIGHEST WIND SPEED    18   HIGHEST WIND DIRECTION     S (200)
  HIGHEST GUST SPEED    23   HIGHEST GUST DIRECTION     S (200)
  AVERAGE WIND SPEED     9.2


SKY COVER
  AVERAGE SKY COVER 0.6


WEATHER CONDITIONS
 THE FOLLOWING WEATHER WAS RECORDED YESTERDAY.
  NO SIGNIFICANT WEATHER WAS OBSERVED.


RELATIVE HUMIDITY (PERCENT)
 HIGHEST    86           700 AM
 LOWEST     35           300 PM
 AVERAGE    61

..........................................................


THE LUBBOCK CLIMATE NORMALS FOR TODAY
                         NORMAL    RECORD    YEAR
 MAXIMUM TEMPERATURE (F)   80        98      2000
 MINIMUM TEMPERATURE (F)   53        39      1985


SUNRISE AND SUNSET
OCTOBER  1 2016.......SUNRISE   742 AM CDT   SUNSET   731 PM CDT
OCTOBER  2 2016.......SUNRISE   743 AM CDT   SUNSET   730 PM CDT


-  INDICATES NEGATIVE NUMBERS.
R  INDICATES RECORD WAS SET OR TIED.
MM INDICATES DATA IS MISSING.
T  INDICATES TRACE AMOUNT.




$$
