000
CDUS44 KLUB 130225
CLILBB


CLIMATE REPORT
NATIONAL WEATHER SERVICE LUBBOCK, TX
825 PM CST TUE DEC 12 2017


...................................

...THE LUBBOCK CLIMATE SUMMARY FOR DECEMBER 12 2017...
VALID TODAY AS OF 0800 PM LOCAL TIME.

CLIMATE NORMAL PERIOD 1981 TO 2010
CLIMATE RECORD PERIOD 1911 TO 2017


WEATHER ITEM   OBSERVED TIME   RECORD YEAR NORMAL DEPARTURE LAST
                VALUE   (LST)  VALUE       VALUE  FROM      YEAR
                                                  NORMAL
..................................................................
TEMPERATURE (F)
 TODAY
  MAXIMUM         60    432 PM  82    1937  54      6       60
  MINIMUM         23    737 AM   6    1961  27     -4       27
  AVERAGE         42                        41      1       44

PRECIPITATION (IN)
  TODAY            0.00          0.53 1941   0.02  -0.02     0.00
  MONTH TO DATE    T                         0.30  -0.30     0.43
  SINCE DEC 1      T                         0.30  -0.30     0.43
  SINCE JAN 1     21.95                     18.66   3.29    13.41

SNOWFALL (IN)
  TODAY            0.0           0.5  1911   0.1   -0.1      0.0
  MONTH TO DATE    T                         0.7   -0.7       T
  SINCE DEC 1      T                         0.7   -0.7       T
  SINCE JUL 1      T                         1.6   -1.6       T
  SNOW DEPTH       0

DEGREE DAYS
 HEATING
  TODAY           23                        24     -1       21
  MONTH TO DATE  224                       276    -52      292
  SINCE DEC 1    224                       276    -52      292
  SINCE JUL 1    730                       918   -188      656

 COOLING
  TODAY            0                         0      0        0
  MONTH TO DATE    0                         0      0        0
  SINCE DEC 1      0                         0      0        0
  SINCE JAN 1   1991                      1804    187     2114
..................................................................


WIND (MPH)
  RESULTANT WIND SPEED   5   RESULTANT WIND DIRECTION  NW (300)
  HIGHEST WIND SPEED    18   HIGHEST WIND DIRECTION    NE (30)
  HIGHEST GUST SPEED    22   HIGHEST GUST DIRECTION    NE (30)
  AVERAGE WIND SPEED     9.0


SKY COVER
  AVERAGE SKY COVER 0.0


WEATHER CONDITIONS
 THE FOLLOWING WEATHER WAS RECORDED TODAY.
  NO SIGNIFICANT WEATHER WAS OBSERVED.


RELATIVE HUMIDITY (PERCENT)
 HIGHEST    55           700 AM
 LOWEST     12           400 PM
 AVERAGE    34

..........................................................


THE LUBBOCK CLIMATE NORMALS FOR TOMORROW
                         NORMAL    RECORD    YEAR
 MAXIMUM TEMPERATURE (F)   54        79      1921
 MINIMUM TEMPERATURE (F)   27         5      1917


SUNRISE AND SUNSET
DECEMBER 12 2017......SUNRISE   743 AM CST   SUNSET   540 PM CST
DECEMBER 13 2017......SUNRISE   743 AM CST   SUNSET   540 PM CST


-  INDICATES NEGATIVE NUMBERS.
R  INDICATES RECORD WAS SET OR TIED.
MM INDICATES DATA IS MISSING.
T  INDICATES TRACE AMOUNT.




$$
