000
CDUS44 KLUB 060126
CLILBB


CLIMATE REPORT
NATIONAL WEATHER SERVICE LUBBOCK, TX
825 PM CDT SUN JUL 5 2015


...................................

...THE LUBBOCK CLIMATE SUMMARY FOR JULY 5 2015...
VALID TODAY AS OF 0800 PM LOCAL TIME.

CLIMATE NORMAL PERIOD 1981 TO 2010
CLIMATE RECORD PERIOD 1911 TO 2015


WEATHER ITEM   OBSERVED TIME   RECORD YEAR NORMAL DEPARTURE LAST
                VALUE   (LST)  VALUE       VALUE  FROM      YEAR
                                                  NORMAL
..................................................................
TEMPERATURE (F)
 TODAY
  MAXIMUM         92    327 PM 104    1971  93     -1       91
  MINIMUM         72    629 AM  49    1915  67      5       67
  AVERAGE         82                        80      2       79

PRECIPITATION (IN)
  TODAY            0.00          1.06 1960   0.07  -0.07     0.00
  MONTH TO DATE    0.00                      0.38  -0.38     2.16
  SINCE JUN 1      2.15                      3.42  -1.27     4.75
  SINCE JAN 1     18.08                      9.63   8.45    10.88

SNOWFALL (IN)
  TODAY            0.0                       0.0    0.0      0.0
  MONTH TO DATE    0.0                       0.0    0.0      0.0
  SINCE JUN 1      0.0                       0.0    0.0      0.0
  SINCE JUL 1      0.0                       0.0    0.0      0.0
  SNOW DEPTH       0

DEGREE DAYS
 HEATING
  TODAY            0                         0      0        0
  MONTH TO DATE    0                         0      0        0
  SINCE JUN 1      0                         2     -2        0
  SINCE JUL 1      0                         0      0        0

 COOLING
  TODAY           17                        15      2       14
  MONTH TO DATE   79                        75      4       53
  SINCE JUN 1    456                       449      7      460
  SINCE JAN 1    594                       695   -101      739
..................................................................


WIND (MPH)
  RESULTANT WIND SPEED  13   RESULTANT WIND DIRECTION   S (180)
  HIGHEST WIND SPEED    18   HIGHEST WIND DIRECTION     S (180)
  HIGHEST GUST SPEED    26   HIGHEST GUST DIRECTION     S (170)
  AVERAGE WIND SPEED    13.1


SKY COVER
  AVERAGE SKY COVER 0.6


WEATHER CONDITIONS
 THE FOLLOWING WEATHER WAS RECORDED TODAY.
  NO SIGNIFICANT WEATHER WAS OBSERVED.


RELATIVE HUMIDITY (PERCENT)
 HIGHEST    79           500 AM
 LOWEST     38           400 PM
 AVERAGE    59

..........................................................


THE LUBBOCK CLIMATE NORMALS FOR TOMORROW
                         NORMAL    RECORD    YEAR
 MAXIMUM TEMPERATURE (F)   93       105      1994
 MINIMUM TEMPERATURE (F)   67        53      1946


SUNRISE AND SUNSET
JULY  5 2015..........SUNRISE   642 AM CDT   SUNSET   901 PM CDT
JULY  6 2015..........SUNRISE   643 AM CDT   SUNSET   901 PM CDT


-  INDICATES NEGATIVE NUMBERS.
R  INDICATES RECORD WAS SET OR TIED.
MM INDICATES DATA IS MISSING.
T  INDICATES TRACE AMOUNT.




$$
