000
CDUS44 KLUB 290128
CLILBB


CLIMATE REPORT
NATIONAL WEATHER SERVICE LUBBOCK, TX
827 PM CDT SUN AUG 28 2016


...................................

...THE LUBBOCK CLIMATE SUMMARY FOR AUGUST 28 2016...
VALID TODAY AS OF 0800 PM LOCAL TIME.

CLIMATE NORMAL PERIOD 1981 TO 2010
CLIMATE RECORD PERIOD 1911 TO 2016


WEATHER ITEM   OBSERVED TIME   RECORD YEAR NORMAL DEPARTURE LAST
                VALUE   (LST)  VALUE       VALUE  FROM      YEAR
                                                  NORMAL
..................................................................
TEMPERATURE (F)
 TODAY
  MAXIMUM         89    218 PM 103    2011  90     -1       96
  MINIMUM         64    632 AM  54    1916  65     -1       70
  AVERAGE         77                        77      0       83

PRECIPITATION (IN)
  TODAY            T             3.30 1946   0.06  -0.06     0.23
  MONTH TO DATE    1.34                      1.70  -0.36     0.25
  SINCE JUN 1      2.96                      6.65  -3.69     6.36
  SINCE JAN 1      8.23                     12.86  -4.63    22.29

SNOWFALL (IN)
  TODAY            0.0                       0.0    0.0      0.0
  MONTH TO DATE    0.0                       0.0    0.0      0.0
  SINCE JUN 1      0.0                       0.0    0.0      0.0
  SINCE JUL 1      0.0                       0.0    0.0      0.0
  SNOW DEPTH       0

DEGREE DAYS
 HEATING
  TODAY            0                         0      0        0
  MONTH TO DATE    0                         0      0        0
  SINCE JUN 1      3                         2      1        0
  SINCE JUL 1      0                         0      0        0

 COOLING
  TODAY           12                        12      0       18
  MONTH TO DATE  402                       397      5      449
  SINCE JUN 1   1470                      1244    226     1335
  SINCE JAN 1   1697                      1490    207     1473
..................................................................


WIND (MPH)
  RESULTANT WIND SPEED   3   RESULTANT WIND DIRECTION  SE (150)
  HIGHEST WIND SPEED    24   HIGHEST WIND DIRECTION     E (80)
  HIGHEST GUST SPEED    30   HIGHEST GUST DIRECTION     E (90)
  AVERAGE WIND SPEED     6.6


SKY COVER
  AVERAGE SKY COVER 0.7


WEATHER CONDITIONS
 THE FOLLOWING WEATHER WAS RECORDED TODAY.
  THUNDERSTORM
  LIGHT RAIN


RELATIVE HUMIDITY (PERCENT)
 HIGHEST    93           200 AM
 LOWEST     39           200 PM
 AVERAGE    66

..........................................................


THE LUBBOCK CLIMATE NORMALS FOR TOMORROW
                         NORMAL    RECORD    YEAR
 MAXIMUM TEMPERATURE (F)   90        99      1991
                                             1990
                                             1943
 MINIMUM TEMPERATURE (F)   65        51      1917


SUNRISE AND SUNSET
AUGUST 28 2016........SUNRISE   719 AM CDT   SUNSET   817 PM CDT
AUGUST 29 2016........SUNRISE   719 AM CDT   SUNSET   816 PM CDT


-  INDICATES NEGATIVE NUMBERS.
R  INDICATES RECORD WAS SET OR TIED.
MM INDICATES DATA IS MISSING.
T  INDICATES TRACE AMOUNT.




$$
