650
CDUS44 KLUB 100627
CLILBB


CLIMATE REPORT
NATIONAL WEATHER SERVICE LUBBOCK, TX
1226 AM CST WED FEB 10 2016


...................................

...THE LUBBOCK CLIMATE SUMMARY FOR FEBRUARY 9 2016...

CLIMATE NORMAL PERIOD 1981 TO 2010
CLIMATE RECORD PERIOD 1911 TO 2016


WEATHER ITEM   OBSERVED TIME   RECORD YEAR NORMAL DEPARTURE LAST
                VALUE   (LST)  VALUE       VALUE  FROM      YEAR
                                                  NORMAL
..................................................................
TEMPERATURE (F)
 YESTERDAY
  MAXIMUM         67    406 PM  83    1976  58      9       78
  MINIMUM         26    313 AM   0    1933  29     -3       33
  AVERAGE         47                        43      4       56

PRECIPITATION (IN)
  YESTERDAY        0.00          0.34 1990   0.03  -0.03     0.00
  MONTH TO DATE    0.00                      0.24  -0.24      T
  SINCE DEC 1      1.87                      1.65   0.22     2.00
  SINCE JAN 1      0.30                      0.89  -0.59     1.61

SNOWFALL (IN)
  YESTERDAY        0.0           2.2  1980   0.1   -0.1      0.0
  MONTH TO DATE    0.0                       0.7   -0.7      0.0
  SINCE DEC 1     13.3                       5.6    7.7      6.6
  SINCE JUL 1     13.3                       6.5    6.8      7.1
  SNOW DEPTH       0

DEGREE DAYS
 HEATING
  YESTERDAY       18                        22     -4        9
  MONTH TO DATE  220                       203     17      137
  SINCE DEC 1   1614                      1726   -112     1591
  SINCE JUL 1   2133                      2368   -235     2266

 COOLING
  YESTERDAY        0                         0      0        0
  MONTH TO DATE    0                         0      0        0
  SINCE DEC 1      0                         0      0        0
  SINCE JAN 1      0                         0      0        0
..................................................................


WIND (MPH)
  RESULTANT WIND SPEED   7   RESULTANT WIND DIRECTION   W (290)
  HIGHEST WIND SPEED    17   HIGHEST WIND DIRECTION    NW (300)
  HIGHEST GUST SPEED    23   HIGHEST GUST DIRECTION     W (270)
  AVERAGE WIND SPEED     7.8


SKY COVER
  AVERAGE SKY COVER 0.0


WEATHER CONDITIONS
 THE FOLLOWING WEATHER WAS RECORDED YESTERDAY.
  NO SIGNIFICANT WEATHER WAS OBSERVED.


RELATIVE HUMIDITY (PERCENT)
 HIGHEST    68           200 AM
 LOWEST     16           500 PM
 AVERAGE    42

..........................................................


THE LUBBOCK CLIMATE NORMALS FOR TODAY
                         NORMAL    RECORD    YEAR
 MAXIMUM TEMPERATURE (F)   58        84      1962
 MINIMUM TEMPERATURE (F)   29         1      1929


SUNRISE AND SUNSET
FEBRUARY 10 2016......SUNRISE   737 AM CST   SUNSET   627 PM CST
FEBRUARY 11 2016......SUNRISE   736 AM CST   SUNSET   628 PM CST


-  INDICATES NEGATIVE NUMBERS.
R  INDICATES RECORD WAS SET OR TIED.
MM INDICATES DATA IS MISSING.
T  INDICATES TRACE AMOUNT.




$$
