000
CDUS44 KLUB 310629
CLILBB


CLIMATE REPORT
NATIONAL WEATHER SERVICE LUBBOCK, TX
128 AM CDT SUN JUL 31 2016


...................................

...THE LUBBOCK CLIMATE SUMMARY FOR JULY 30 2016...

CLIMATE NORMAL PERIOD 1981 TO 2010
CLIMATE RECORD PERIOD 1911 TO 2016


WEATHER ITEM   OBSERVED TIME   RECORD YEAR NORMAL DEPARTURE LAST
                VALUE   (LST)  VALUE       VALUE  FROM      YEAR
                                                  NORMAL
..................................................................
TEMPERATURE (F)
 YESTERDAY
  MAXIMUM         94    439 PM 104    1946  93      1       92
  MINIMUM         69    506 AM  60    2000  68      1       68
                                      1971
                                      1965
  AVERAGE         82                        80      2       80

PRECIPITATION (IN)
  YESTERDAY        T             1.12 1925   0.05  -0.05      T
  MONTH TO DATE    0.58                      1.85  -1.27     3.96
  SINCE JUN 1      1.62                      4.89  -3.27     6.11
  SINCE JAN 1      6.89                     11.10  -4.21    22.04

SNOWFALL (IN)
  YESTERDAY        0.0                       0.0    0.0      0.0
  MONTH TO DATE    0.0                       0.0    0.0      0.0
  SINCE JUN 1      0.0                       0.0    0.0      0.0
  SINCE JUL 1      0.0                       0.0    0.0      0.0
  SNOW DEPTH       0

DEGREE DAYS
 HEATING
  YESTERDAY        0                         0      0        0
  MONTH TO DATE    0                         0      0        0
  SINCE JUN 1      3                         2      1        0
  SINCE JUL 1      0                         0      0        0

 COOLING
  YESTERDAY       17                        15      2       15
  MONTH TO DATE  621                       450    171      491
  SINCE JUN 1   1047                       824    223      868
  SINCE JAN 1   1274                      1070    204     1006
..................................................................


WIND (MPH)
  RESULTANT WIND SPEED   5   RESULTANT WIND DIRECTION  SE (150)
  HIGHEST WIND SPEED    25   HIGHEST WIND DIRECTION     N (360)
  HIGHEST GUST SPEED    31   HIGHEST GUST DIRECTION     N (360)
  AVERAGE WIND SPEED    10.2


SKY COVER
  AVERAGE SKY COVER 0.6


WEATHER CONDITIONS
 THE FOLLOWING WEATHER WAS RECORDED YESTERDAY.
  LIGHT RAIN
  HAZE


RELATIVE HUMIDITY (PERCENT)
 HIGHEST    70           200 AM
 LOWEST     26           500 PM
 AVERAGE    48

..........................................................


THE LUBBOCK CLIMATE NORMALS FOR TODAY
                         NORMAL    RECORD    YEAR
 MAXIMUM TEMPERATURE (F)   93       104      1934
 MINIMUM TEMPERATURE (F)   68        56      1971


SUNRISE AND SUNSET
JULY 31 2016..........SUNRISE   659 AM CDT   SUNSET   848 PM CDT
AUGUST  1 2016........SUNRISE   700 AM CDT   SUNSET   847 PM CDT


-  INDICATES NEGATIVE NUMBERS.
R  INDICATES RECORD WAS SET OR TIED.
MM INDICATES DATA IS MISSING.
T  INDICATES TRACE AMOUNT.




$$
