000
CDUS44 KLUB 310626
CLILBB


CLIMATE REPORT
NATIONAL WEATHER SERVICE LUBBOCK, TX
1226 AM CST SAT JAN 31 2015


...................................

...THE LUBBOCK CLIMATE SUMMARY FOR JANUARY 30 2015...

CLIMATE NORMAL PERIOD 1981 TO 2010
CLIMATE RECORD PERIOD 1911 TO 2015


WEATHER ITEM   OBSERVED TIME   RECORD YEAR NORMAL DEPARTURE LAST
                VALUE   (LST)  VALUE       VALUE  FROM      YEAR
                                                  NORMAL
..................................................................
TEMPERATURE (F)
 YESTERDAY
  MAXIMUM         44    332 PM  80    1967  56    -12       78
  MINIMUM         37   1159 PM   6    1951  27     10       31
  AVERAGE         41                        42     -1       55

PRECIPITATION (IN)
  YESTERDAY        0.03          0.53 2002   0.02   0.01     0.00
  MONTH TO DATE    1.06                      0.62   0.44     0.00
  SINCE DEC 1      1.45                      1.38   0.07     0.60
  SINCE JAN 1      1.06                      0.62   0.44     0.00

SNOWFALL (IN)
  YESTERDAY        0.0           1.4  1994   0.1   -0.1      0.0
  MONTH TO DATE    4.2                       2.5    1.7      0.0
  SINCE DEC 1      6.6                       4.8    1.8      0.2
  SINCE JUL 1      7.1                       5.7    1.4      2.4
  SNOW DEPTH       0

DEGREE DAYS
 HEATING
  YESTERDAY       24                        23      1       10
  MONTH TO DATE  771                       743     28      760
  SINCE DEC 1   1430                      1499    -69     1564
  SINCE JUL 1   2105                      2141    -36     2217

 COOLING
  YESTERDAY        0                         0      0        0
  MONTH TO DATE    0                         0      0        0
  SINCE DEC 1      0                         0      0        0
  SINCE JAN 1      0                         0      0        0
..................................................................


WIND (MPH)
  RESULTANT WIND SPEED   9   RESULTANT WIND DIRECTION   E (110)
  HIGHEST WIND SPEED    16   HIGHEST WIND DIRECTION     E (110)
  HIGHEST GUST SPEED    19   HIGHEST GUST DIRECTION    SE (120)
  AVERAGE WIND SPEED     9.9


SKY COVER
  AVERAGE SKY COVER 1.0


WEATHER CONDITIONS
 THE FOLLOWING WEATHER WAS RECORDED YESTERDAY.
  LIGHT RAIN
  SLEET


RELATIVE HUMIDITY (PERCENT)
 HIGHEST    76          1100 PM
 LOWEST     53           300 PM
 AVERAGE    65

..........................................................


THE LUBBOCK CLIMATE NORMALS FOR TODAY
                         NORMAL    RECORD    YEAR
 MAXIMUM TEMPERATURE (F)   56        84      1911
 MINIMUM TEMPERATURE (F)   28         2      1985


SUNRISE AND SUNSET
JANUARY 31 2015.......SUNRISE   744 AM CST   SUNSET   617 PM CST
FEBRUARY  1 2015......SUNRISE   744 AM CST   SUNSET   618 PM CST


-  INDICATES NEGATIVE NUMBERS.
R  INDICATES RECORD WAS SET OR TIED.
MM INDICATES DATA IS MISSING.
T  INDICATES TRACE AMOUNT.




$$
