000
CDUS44 KLUB 310627
CLILBB


CLIMATE REPORT
NATIONAL WEATHER SERVICE LUBBOCK, TX
127 AM CDT TUE MAY 31 2016


...................................

...THE LUBBOCK CLIMATE SUMMARY FOR MAY 30 2016...

CLIMATE NORMAL PERIOD 1981 TO 2010
CLIMATE RECORD PERIOD 1911 TO 2016


WEATHER ITEM   OBSERVED TIME   RECORD YEAR NORMAL DEPARTURE LAST
                VALUE   (LST)  VALUE       VALUE  FROM      YEAR
                                                  NORMAL
..................................................................
TEMPERATURE (F)
 YESTERDAY
  MAXIMUM         83    522 PM 103    1998  87     -4       73
  MINIMUM         54    538 AM  45    1983  60     -6       57
                                      1947
  AVERAGE         69                        74     -5       65

PRECIPITATION (IN)
  YESTERDAY        0.11          1.70 1971   0.09   0.02      T
  MONTH TO DATE    3.65                      2.20   1.45    12.12
  SINCE MAR 1      4.87                      4.71   0.16    13.66
  SINCE JAN 1      5.26                      6.11  -0.85    15.93

SNOWFALL (IN)
  YESTERDAY        0.0           0.0  2002   0.0    0.0      0.0
  MONTH TO DATE    0.0                       0.0    0.0      0.0
  SINCE MAR 1      T                         0.8   -0.8      1.1
  SINCE JUL 1     13.3                       8.2    5.1     14.7
  SNOW DEPTH       0

DEGREE DAYS
 HEATING
  YESTERDAY        0                         0      0        0
  MONTH TO DATE   83                        39     44       44
  SINCE MAR 1    454                       637   -183      556
  SINCE JUL 1   2854                      3376   -522     3275

 COOLING
  YESTERDAY        4                         9     -5        0
  MONTH TO DATE  169                       180    -11       81
  SINCE MAR 1    216                       236    -20      136
  SINCE JAN 1    220                       236    -16      136
..................................................................


WIND (MPH)
  RESULTANT WIND SPEED   6   RESULTANT WIND DIRECTION  SE (140)
  HIGHEST WIND SPEED    33   HIGHEST WIND DIRECTION    NW (320)
  HIGHEST GUST SPEED    44   HIGHEST GUST DIRECTION    NW (320)
  AVERAGE WIND SPEED    10.1


SKY COVER
  AVERAGE SKY COVER 0.4


WEATHER CONDITIONS
 THE FOLLOWING WEATHER WAS RECORDED YESTERDAY.
  THUNDERSTORM
  RAIN
  LIGHT RAIN
  HAIL
  FOG
  HAZE


RELATIVE HUMIDITY (PERCENT)
 HIGHEST    93           200 AM
 LOWEST     55           500 PM
 AVERAGE    74

..........................................................


THE LUBBOCK CLIMATE NORMALS FOR TODAY
                         NORMAL    RECORD    YEAR
 MAXIMUM TEMPERATURE (F)   88       102      1916
 MINIMUM TEMPERATURE (F)   61        43      1983


SUNRISE AND SUNSET
MAY 31 2016...........SUNRISE   638 AM CDT   SUNSET   852 PM CDT
JUNE  1 2016..........SUNRISE   638 AM CDT   SUNSET   853 PM CDT


-  INDICATES NEGATIVE NUMBERS.
R  INDICATES RECORD WAS SET OR TIED.
MM INDICATES DATA IS MISSING.
T  INDICATES TRACE AMOUNT.




$$
