000
CDUS43 KLBF 230937
CLILBF

CLIMATE REPORT
NATIONAL WEATHER SERVICE NORTH PLATTE
435 AM CDT TUE MAY 23 2017


...................................

...THE NORTH PLATTE NE CLIMATE SUMMARY FOR MAY 22 2017...

CLIMATE NORMAL PERIOD 1981 TO 2010
CLIMATE RECORD PERIOD 1874 TO 2017


WEATHER ITEM   OBSERVED TIME   RECORD YEAR NORMAL DEPARTURE LAST
                VALUE   (LST)  VALUE       VALUE  FROM      YEAR
                                                  NORMAL
..................................................................
TEMPERATURE (F)
 YESTERDAY
  MAXIMUM         70   1124 AM  94    2012  73     -3       83
  MINIMUM         38    545 AM  30    2001  46     -8       55
                                      1963
  AVERAGE         54                        60     -6       69

PRECIPITATION (IN)
  YESTERDAY        0.20          2.52 2008   0.11   0.09     0.05
  MONTH TO DATE    3.17                      2.20   0.97     1.43
  SINCE MAR 1      7.22                      5.52   1.70     7.45
  SINCE JAN 1      8.41                      6.36   2.05     8.71

SNOWFALL (IN)
  YESTERDAY        0.0           0.0    MM   0.0    0.0      0.0
  MONTH TO DATE    T                         0.0    0.0      0.0
  SINCE MAR 1      1.0                       7.6   -6.6      6.8
  SINCE JUL 1     21.3                      28.5   -7.2     32.4
  SNOW DEPTH       0

DEGREE DAYS
 HEATING
  YESTERDAY       11                         6      5        0
  MONTH TO DATE  204                       199      5      246
  SINCE MAR 1   1276                      1561   -285     1410
  SINCE JUL 1   5598                      6589   -991     5687

 COOLING
  YESTERDAY        0                         1     -1        4
  MONTH TO DATE   15                        12      3        7
  SINCE MAR 1     17                        15      2        8
  SINCE JAN 1     17                        15      2        8
..................................................................


WIND (MPH)
  HIGHEST WIND SPEED    29   HIGHEST WIND DIRECTION    NW (300)
  HIGHEST GUST SPEED    34   HIGHEST GUST DIRECTION    NW (300)
  AVERAGE WIND SPEED    10.0


SKY COVER
  POSSIBLE SUNSHINE  MM
  AVERAGE SKY COVER 0.3


WEATHER CONDITIONS
 THE FOLLOWING WEATHER WAS RECORDED YESTERDAY.
  RAIN
  LIGHT RAIN
  FOG


RELATIVE HUMIDITY (PERCENT)
 HIGHEST   100           400 AM
 LOWEST     37           300 PM
 AVERAGE    69

..........................................................


THE NORTH PLATTE NE CLIMATE NORMALS FOR TODAY
                         NORMAL    RECORD    YEAR
 MAXIMUM TEMPERATURE (F)   74        98      1926
 MINIMUM TEMPERATURE (F)   47        30      2001


SUNRISE AND SUNSET
MAY 23 2017...........SUNRISE   618 AM CDT   SUNSET   902 PM CDT
MAY 24 2017...........SUNRISE   617 AM CDT   SUNSET   903 PM CDT


-  INDICATES NEGATIVE NUMBERS.
R  INDICATES RECORD WAS SET OR TIED.
MM INDICATES DATA IS MISSING.
T  INDICATES TRACE AMOUNT.




$$
