000
CDUS43 KLBF 200931
CLILBF

CLIMATE REPORT
NATIONAL WEATHER SERVICE NORTH PLATTE
430 AM CDT MON OCT 20 2014


...................................

...THE NORTH PLATTE NE CLIMATE SUMMARY FOR OCTOBER 19 2014...

CLIMATE NORMAL PERIOD 1981 TO 2010
CLIMATE RECORD PERIOD 1874 TO 2014


WEATHER ITEM   OBSERVED TIME   RECORD YEAR NORMAL DEPARTURE LAST
                VALUE   (LST)  VALUE       VALUE  FROM      YEAR
                                                  NORMAL
..................................................................
TEMPERATURE (F)
 YESTERDAY
  MAXIMUM         78    358 PM  89    2003  63     15       64
  MINIMUM         40   1149 PM  11    1989  32      8       27
  AVERAGE         59                        48     11       46

PRECIPITATION (IN)
  YESTERDAY        0.00          3.24 1908   0.05  -0.05     0.00
  MONTH TO DATE    0.70                      1.02  -0.32     1.60
  SINCE SEP 1      2.09                      2.43  -0.34     6.68
  SINCE JAN 1     20.37                     18.65   1.72    21.04

SNOWFALL (IN)
  YESTERDAY        0.0           2.0  1885   0.1   -0.1      0.0
  MONTH TO DATE    0.0                       1.0   -1.0      0.0
  SINCE SEP 1      T                         1.2   -1.2      0.0
  SINCE JUL 1      T                         1.2   -1.2      0.0
  SNOW DEPTH       0

DEGREE DAYS
 HEATING
  YESTERDAY        6                        17    -11       19
  MONTH TO DATE  233                       261    -28      285
  SINCE SEP 1    356                       412    -56      355
  SINCE JUL 1    373                       432    -59      368

 COOLING
  YESTERDAY        0                         0      0        0
  MONTH TO DATE    0                         0      0        0
  SINCE SEP 1     75                        70      5      161
  SINCE JAN 1    744                       765    -21      998
..................................................................


WIND (MPH)
  HIGHEST WIND SPEED    14   HIGHEST WIND DIRECTION     S (180)
  HIGHEST GUST SPEED    21   HIGHEST GUST DIRECTION     S (180)
  AVERAGE WIND SPEED     4.0


SKY COVER
  POSSIBLE SUNSHINE  MM
  AVERAGE SKY COVER 0.0


WEATHER CONDITIONS
 THE FOLLOWING WEATHER WAS RECORDED YESTERDAY.
  HAZE


RELATIVE HUMIDITY (PERCENT)
 HIGHEST    85           600 AM
 LOWEST     24           400 PM
 AVERAGE    55

..........................................................


THE NORTH PLATTE NE CLIMATE NORMALS FOR TODAY
                         NORMAL    RECORD    YEAR
 MAXIMUM TEMPERATURE (F)   63        92      1947
 MINIMUM TEMPERATURE (F)   32        14      1916


SUNRISE AND SUNSET
OCTOBER 20 2014.......SUNRISE   800 AM CDT   SUNSET   654 PM CDT
OCTOBER 21 2014.......SUNRISE   801 AM CDT   SUNSET   653 PM CDT


-  INDICATES NEGATIVE NUMBERS.
R  INDICATES RECORD WAS SET OR TIED.
MM INDICATES DATA IS MISSING.
T  INDICATES TRACE AMOUNT.




$$
