000
CDUS43 KLBF 121056
CLILBF


CLIMATE REPORT
NATIONAL WEATHER SERVICE NORTH PLATTE
453 AM CST FRI FEB 12 2016


...................................

...THE NORTH PLATTE NE CLIMATE SUMMARY FOR FEBRUARY 11 2016...

CLIMATE NORMAL PERIOD 1981 TO 2010
CLIMATE RECORD PERIOD 1874 TO 2016


WEATHER ITEM   OBSERVED TIME   RECORD YEAR NORMAL DEPARTURE LAST
                VALUE   (LST)  VALUE       VALUE  FROM      YEAR
                                                  NORMAL
..................................................................
TEMPERATURE (F)
 YESTERDAY
  MAXIMUM         53    520 PM  79    1962  42     11       52
  MINIMUM         22    410 AM -29    1899  14      8       25
  AVERAGE         38                        28     10       39

PRECIPITATION (IN)
  YESTERDAY        0.00          0.29 1908   0.01  -0.01     0.00
  MONTH TO DATE    0.75                      0.14   0.61     0.43
  SINCE DEC 1      1.51                      0.89   0.62     1.75
  SINCE JAN 1      1.23                      0.48   0.75     0.71

SNOWFALL (IN)
  YESTERDAY        0.0           4.6  1993   0.2   -0.2      0.0
  MONTH TO DATE   12.0                       2.0   10.0      6.1
  SINCE DEC 1     21.0                      11.4    9.6     18.3
  SINCE JUL 1     25.6                      17.6    8.0     18.7
  SNOW DEPTH       3

DEGREE DAYS
 HEATING
  YESTERDAY       27                        37    -10       26
  MONTH TO DATE  415                       419     -4      349
  SINCE DEC 1   2623                      2888   -265     2681
  SINCE JUL 1   3809                      4439   -630     4201

 COOLING
  YESTERDAY        0                         0      0        0
  MONTH TO DATE    0                         0      0        0
  SINCE DEC 1      0                         0      0        0
  SINCE JAN 1      0                         0      0        0
..................................................................


WIND (MPH)
  HIGHEST WIND SPEED    15   HIGHEST WIND DIRECTION     S (180)
  HIGHEST GUST SPEED    19   HIGHEST GUST DIRECTION     S (180)
  AVERAGE WIND SPEED     5.7


SKY COVER
  POSSIBLE SUNSHINE  MM
  AVERAGE SKY COVER 0.3


WEATHER CONDITIONS
 THE FOLLOWING WEATHER WAS RECORDED YESTERDAY.
  FOG


RELATIVE HUMIDITY (PERCENT)
 HIGHEST    92           600 AM
 LOWEST     46           500 PM
 AVERAGE    69

..........................................................


THE NORTH PLATTE NE CLIMATE NORMALS FOR TODAY
                         NORMAL    RECORD    YEAR
 MAXIMUM TEMPERATURE (F)   42        76      1962
 MINIMUM TEMPERATURE (F)   14       -35      1899


SUNRISE AND SUNSET
FEBRUARY 12 2016......SUNRISE   742 AM CST   SUNSET   613 PM CST
FEBRUARY 13 2016......SUNRISE   740 AM CST   SUNSET   614 PM CST


-  INDICATES NEGATIVE NUMBERS.
R  INDICATES RECORD WAS SET OR TIED.
MM INDICATES DATA IS MISSING.
T  INDICATES TRACE AMOUNT.




$$
