000
CDUS43 KLBF 310903
CLILBF

CLIMATE REPORT
NATIONAL WEATHER SERVICE NORTH PLATTE
402 AM CDT FRI OCT 31 2014


...................................

...THE NORTH PLATTE NE CLIMATE SUMMARY FOR OCTOBER 30 2014...

CLIMATE NORMAL PERIOD 1981 TO 2010
CLIMATE RECORD PERIOD 1874 TO 2014


WEATHER ITEM   OBSERVED TIME   RECORD YEAR NORMAL DEPARTURE LAST
                VALUE   (LST)  VALUE       VALUE  FROM      YEAR
                                                  NORMAL
..................................................................
TEMPERATURE (F)
 YESTERDAY
  MAXIMUM         65    212 PM  91    1950  59      6       50
  MINIMUM         29   1150 PM   8    1925  28      1       27
  AVERAGE         47                        43      4       39

PRECIPITATION (IN)
  YESTERDAY        0.00          1.18 1943   0.03  -0.03     0.00
  MONTH TO DATE    0.73                      1.51  -0.78     1.66
  SINCE SEP 1      2.12                      2.92  -0.80     6.74
  SINCE JAN 1     20.40                     19.14   1.26    21.10

SNOWFALL (IN)
  YESTERDAY        0.0           7.3  2009   0.1   -0.1      0.0
  MONTH TO DATE    0.0                       2.0   -2.0      0.0
  SINCE SEP 1      T                         2.2   -2.2      0.0
  SINCE JUL 1      T                         2.2   -2.2      0.0
  SNOW DEPTH       0

DEGREE DAYS
 HEATING
  YESTERDAY       18                        22     -4       26
  MONTH TO DATE  364                       476   -112      508
  SINCE SEP 1    487                       627   -140      578
  SINCE JUL 1    504                       647   -143      591

 COOLING
  YESTERDAY        0                         0      0        0
  MONTH TO DATE    0                         0      0        0
  SINCE SEP 1     75                        70      5      161
  SINCE JAN 1    744                       765    -21      998
..................................................................


WIND (MPH)
  HIGHEST WIND SPEED    25   HIGHEST WIND DIRECTION     N (350)
  HIGHEST GUST SPEED    33   HIGHEST GUST DIRECTION     N (360)
  AVERAGE WIND SPEED    11.5


SKY COVER
  POSSIBLE SUNSHINE  MM
  AVERAGE SKY COVER 0.0


WEATHER CONDITIONS
 THE FOLLOWING WEATHER WAS RECORDED YESTERDAY.
  NO SIGNIFICANT WEATHER WAS OBSERVED.


RELATIVE HUMIDITY (PERCENT)
 HIGHEST    82           800 AM
 LOWEST     28           200 PM
 AVERAGE    55

..........................................................


THE NORTH PLATTE NE CLIMATE NORMALS FOR TODAY
                         NORMAL    RECORD    YEAR
 MAXIMUM TEMPERATURE (F)   58        82      1950
 MINIMUM TEMPERATURE (F)   28        11      1923


SUNRISE AND SUNSET
OCTOBER 31 2014.......SUNRISE   813 AM CDT   SUNSET   639 PM CDT
NOVEMBER  1 2014......SUNRISE   814 AM CDT   SUNSET   638 PM CDT


-  INDICATES NEGATIVE NUMBERS.
R  INDICATES RECORD WAS SET OR TIED.
MM INDICATES DATA IS MISSING.
T  INDICATES TRACE AMOUNT.

$$
