000
CDUS43 KLBF 040944
CLILBF


CLIMATE REPORT
NATIONAL WEATHER SERVICE NORTH PLATTE
440 AM CDT WED MAY 4 2016


...................................

...THE NORTH PLATTE NE CLIMATE SUMMARY FOR MAY 3 2016...

CLIMATE NORMAL PERIOD 1981 TO 2010
CLIMATE RECORD PERIOD 1874 TO 2016


WEATHER ITEM   OBSERVED TIME   RECORD YEAR NORMAL DEPARTURE LAST
                VALUE   (LST)  VALUE       VALUE  FROM      YEAR
                                                  NORMAL
..................................................................
TEMPERATURE (F)
 YESTERDAY
  MAXIMUM         70    528 PM  94    1949  68      2       80
  MINIMUM         36    416 AM  20    1976  39     -3       43
                                      1907
  AVERAGE         53                        54     -1       62

PRECIPITATION (IN)
  YESTERDAY        T             1.03 1933   0.09  -0.09     0.00
  MONTH TO DATE    0.19                      0.27  -0.08     0.20
  SINCE MAR 1      6.21                      3.59   2.62     3.22
  SINCE JAN 1      7.47                      4.43   3.04     3.96

SNOWFALL (IN)
  YESTERDAY        0.0           1.0  1967   0.0    0.0      0.0
  MONTH TO DATE    0.0                       0.0    0.0      0.0
  SINCE MAR 1      6.8                       7.6   -0.8      2.4
  SINCE JUL 1     32.4                      28.5    3.9     21.3
  SNOW DEPTH       0

DEGREE DAYS
 HEATING
  YESTERDAY       12                        12      0        3
  MONTH TO DATE   54                        36     18        6
  SINCE MAR 1   1218                      1398   -180     1101
  SINCE JUL 1   5495                      6426   -931     5990

 COOLING
  YESTERDAY        0                         0      0        0
  MONTH TO DATE    0                         0      0        0
  SINCE MAR 1      1                         3     -2        2
  SINCE JAN 1      1                         3     -2        2
..................................................................


WIND (MPH)
  HIGHEST WIND SPEED    16   HIGHEST WIND DIRECTION    NW (330)
  HIGHEST GUST SPEED    22   HIGHEST GUST DIRECTION    NW (310)
  AVERAGE WIND SPEED     6.6


SKY COVER
  POSSIBLE SUNSHINE  MM
  AVERAGE SKY COVER 0.3


WEATHER CONDITIONS
 THE FOLLOWING WEATHER WAS RECORDED YESTERDAY.
  RAIN
  FOG
  FOG W/VISIBILITY <= 1/4 MILE


RELATIVE HUMIDITY (PERCENT)
 HIGHEST   100           400 AM
 LOWEST     26           600 PM
 AVERAGE    63

..........................................................


THE NORTH PLATTE NE CLIMATE NORMALS FOR TODAY
                         NORMAL    RECORD    YEAR
 MAXIMUM TEMPERATURE (F)   68        93      1952
 MINIMUM TEMPERATURE (F)   40        23      2013


SUNRISE AND SUNSET
MAY  4 2016...........SUNRISE   636 AM CDT   SUNSET   843 PM CDT
MAY  5 2016...........SUNRISE   635 AM CDT   SUNSET   845 PM CDT


-  INDICATES NEGATIVE NUMBERS.
R  INDICATES RECORD WAS SET OR TIED.
MM INDICATES DATA IS MISSING.
T  INDICATES TRACE AMOUNT.




$$
