000
CDUS43 KLBF 220025
CLILBF


CLIMATE REPORT
NATIONAL WEATHER SERVICE NORTH PLATTE
611 PM CST TUE FEB 21 2017


...................................

...THE NORTH PLATTE NE CLIMATE SUMMARY FOR FEBRUARY 21 2017...
VALID TODAY AS OF 0500 PM LOCAL TIME.

CLIMATE NORMAL PERIOD 1981 TO 2010
CLIMATE RECORD PERIOD 1874 TO 2017


WEATHER ITEM   OBSERVED TIME   RECORD YEAR NORMAL DEPARTURE LAST
                VALUE   (LST)  VALUE       VALUE  FROM      YEAR
                                                  NORMAL
..................................................................
TEMPERATURE (F)
 TODAY
  MAXIMUM         79R   400 PM  75    2000  45     34       53
                                      1995
  MINIMUM         24        MM -11    1978  17      7       26
  AVERAGE         52                        31     21       40

PRECIPITATION (IN)
  TODAY            0.00          0.37 2013   0.02  -0.02     0.00
  MONTH TO DATE    0.22                      0.33  -0.11     0.78
  SINCE DEC 1      1.51                      1.08   0.43     1.54
  SINCE JAN 1      0.89                      0.67   0.22     1.26

SNOWFALL (IN)
  TODAY            0.0           4.6  2013   0.2   -0.2      0.0
  MONTH TO DATE    1.5                       4.0   -2.5     12.0
  SINCE DEC 1     10.9                      13.4   -2.5     21.0
  SINCE JUL 1     15.9                      19.6   -3.7     25.6
  SNOW DEPTH       0

DEGREE DAYS
 HEATING
  TODAY           13                        34    -21       25
  MONTH TO DATE  574                       776   -202      675
  SINCE DEC 1   3036                      3245   -209     2883
  SINCE JUL 1   4077                      4796   -719     4069

 COOLING
  TODAY            0                         0      0        0
  MONTH TO DATE    0                         0      0        0
  SINCE DEC 1      0                         0      0        0
  SINCE JAN 1      0                         0      0        0
..................................................................


WIND (MPH)
  HIGHEST WIND SPEED    23   HIGHEST WIND DIRECTION     W (260)
  HIGHEST GUST SPEED    30   HIGHEST GUST DIRECTION     W (260)
  AVERAGE WIND SPEED     5.7


SKY COVER
  POSSIBLE SUNSHINE  MM
  AVERAGE SKY COVER 0.0


WEATHER CONDITIONS
 THE FOLLOWING WEATHER WAS RECORDED TODAY.
  NO SIGNIFICANT WEATHER WAS OBSERVED.


RELATIVE HUMIDITY (PERCENT)
 HIGHEST    81           300 AM
 LOWEST     15           400 PM
 AVERAGE    48

..........................................................


THE NORTH PLATTE NE CLIMATE NORMALS FOR TOMORROW
                         NORMAL    RECORD    YEAR
 MAXIMUM TEMPERATURE (F)   45        76      1982
 MINIMUM TEMPERATURE (F)   17        -9      1914


SUNRISE AND SUNSET
FEBRUARY 21 2017......SUNRISE   729 AM CST   SUNSET   625 PM CST
FEBRUARY 22 2017......SUNRISE   727 AM CST   SUNSET   626 PM CST


-  INDICATES NEGATIVE NUMBERS.
R  INDICATES RECORD WAS SET OR TIED.
MM INDICATES DATA IS MISSING.
T  INDICATES TRACE AMOUNT.




$$
