282
CDUS43 KLBF 240944
CLILBF


CLIMATE REPORT
NATIONAL WEATHER SERVICE NORTH PLATTE
444 AM CDT MON APR 24 2017


...................................

...THE NORTH PLATTE NE CLIMATE SUMMARY FOR APRIL 23 2017...

CLIMATE NORMAL PERIOD 1981 TO 2010
CLIMATE RECORD PERIOD 1874 TO 2017


WEATHER ITEM   OBSERVED TIME   RECORD YEAR NORMAL DEPARTURE LAST
                VALUE   (LST)  VALUE       VALUE  FROM      YEAR
                                                  NORMAL
..................................................................
TEMPERATURE (F)
 YESTERDAY
  MAXIMUM         72    240 PM  91    1939  65      7       81
  MINIMUM         30    601 AM  18    2013  36     -6       50
  AVERAGE         51                        50      1       66

PRECIPITATION (IN)
  YESTERDAY        0.00          2.09 1929   0.09  -0.09     0.00
  MONTH TO DATE    0.31                      1.65  -1.34     3.46
  SINCE MAR 1      2.13                      2.70  -0.57     4.12
  SINCE JAN 1      3.32                      3.54  -0.22     5.38

SNOWFALL (IN)
  YESTERDAY        0.0           4.0  1937   0.1   -0.1      0.0
  MONTH TO DATE    0.0                       2.9   -2.9       T
  SINCE MAR 1      T                         7.3   -7.3      4.3
  SINCE JUL 1     20.3                      28.2   -7.9     29.9
  SNOW DEPTH       0

DEGREE DAYS
 HEATING
  YESTERDAY       14                        15     -1        0
  MONTH TO DATE  279                       429   -150      337
  SINCE MAR 1    930                      1266   -336     1023
  SINCE JUL 1   5252                      6294  -1042     5300

 COOLING
  YESTERDAY        0                         0      0        1
  MONTH TO DATE    2                         0      2        1
  SINCE MAR 1      2                         0      2        1
  SINCE JAN 1      2                         0      2        1
..................................................................


WIND (MPH)
  HIGHEST WIND SPEED    29   HIGHEST WIND DIRECTION     S (180)
  HIGHEST GUST SPEED    40   HIGHEST GUST DIRECTION     S (180)
  AVERAGE WIND SPEED    14.4


SKY COVER
  POSSIBLE SUNSHINE  MM
  AVERAGE SKY COVER 0.0


WEATHER CONDITIONS
 THE FOLLOWING WEATHER WAS RECORDED YESTERDAY.
  NO SIGNIFICANT WEATHER WAS OBSERVED.


RELATIVE HUMIDITY (PERCENT)
 HIGHEST    85           600 AM
 LOWEST     22           100 PM
 AVERAGE    54

..........................................................


THE NORTH PLATTE NE CLIMATE NORMALS FOR TODAY
                         NORMAL    RECORD    YEAR
 MAXIMUM TEMPERATURE (F)   65        93      2012
 MINIMUM TEMPERATURE (F)   36        14      2013


SUNRISE AND SUNSET
APRIL 24 2017.........SUNRISE   650 AM CDT   SUNSET   833 PM CDT
APRIL 25 2017.........SUNRISE   648 AM CDT   SUNSET   834 PM CDT


-  INDICATES NEGATIVE NUMBERS.
R  INDICATES RECORD WAS SET OR TIED.
MM INDICATES DATA IS MISSING.
T  INDICATES TRACE AMOUNT.




$$
