000
CDUS43 KLBF 171102
CLILBF


CLIMATE REPORT
NATIONAL WEATHER SERVICE NORTH PLATTE
501 AM CST WED JAN 17 2018


...................................

...THE NORTH PLATTE NE CLIMATE SUMMARY FOR JANUARY 16 2018...

CLIMATE NORMAL PERIOD 1981 TO 2010
CLIMATE RECORD PERIOD 1874 TO 2018


WEATHER ITEM   OBSERVED TIME   RECORD YEAR NORMAL DEPARTURE LAST
                VALUE   (LST)  VALUE       VALUE  FROM      YEAR
                                                  NORMAL
..................................................................
TEMPERATURE (F)
 YESTERDAY
  MAXIMUM         16    514 PM  65    1951  39    -23       39
  MINIMUM         -6    529 AM -19    1930  11    -17       24
  AVERAGE          5                        25    -20       32

PRECIPITATION (IN)
  YESTERDAY        0.00          0.32 1889   0.01  -0.01     0.06
  MONTH TO DATE    0.22                      0.18   0.04     0.56
  SINCE DEC 1      0.77                      0.59   0.18     1.18
  SINCE JAN 1      0.22                      0.18   0.04     0.56

SNOWFALL (IN)
  YESTERDAY        0.0           3.5  1889   0.1   -0.1       T
  MONTH TO DATE    2.8                       2.5    0.3      7.2
  SINCE DEC 1     10.3                       7.1    3.2      8.0
  SINCE JUL 1     11.3                      13.3   -2.0     13.0
  SNOW DEPTH       0

DEGREE DAYS
 HEATING
  YESTERDAY       60                        40     20       33
  MONTH TO DATE  739                       645     94      765
  SINCE DEC 1   1960                      1874     86     1991
  SINCE JUL 1   3251                      3425   -174     3032

 COOLING
  YESTERDAY        0                         0      0        0
  MONTH TO DATE    0                         0      0        0
  SINCE DEC 1      0                         0      0        0
  SINCE JAN 1      0                         0      0        0
..................................................................


WIND (MPH)
  HIGHEST WIND SPEED    15   HIGHEST WIND DIRECTION    NW (330)
  HIGHEST GUST SPEED    19   HIGHEST GUST DIRECTION    NW (320)
  AVERAGE WIND SPEED     6.6


SKY COVER
  POSSIBLE SUNSHINE  MM
  AVERAGE SKY COVER 0.0


WEATHER CONDITIONS
 THE FOLLOWING WEATHER WAS RECORDED YESTERDAY.
  NO SIGNIFICANT WEATHER WAS OBSERVED.


RELATIVE HUMIDITY (PERCENT)
 HIGHEST    69          1100 PM
 LOWEST     51           400 PM
 AVERAGE    60

..........................................................


THE NORTH PLATTE NE CLIMATE NORMALS FOR TODAY
                         NORMAL    RECORD    YEAR
 MAXIMUM TEMPERATURE (F)   39        65      1923
 MINIMUM TEMPERATURE (F)   11       -26      1930


SUNRISE AND SUNSET
JANUARY 17 2018.......SUNRISE   805 AM CST   SUNSET   541 PM CST
JANUARY 18 2018.......SUNRISE   804 AM CST   SUNSET   542 PM CST


-  INDICATES NEGATIVE NUMBERS.
R  INDICATES RECORD WAS SET OR TIED.
MM INDICATES DATA IS MISSING.
T  INDICATES TRACE AMOUNT.




$$
