000
CDUS43 KLBF 100940
CLILBF

CLIMATE REPORT
NATIONAL WEATHER SERVICE NORTH PLATTE
440 AM CDT THU JUL 10 2014


...................................

...THE NORTH PLATTE NE CLIMATE SUMMARY FOR JULY 9 2014...

CLIMATE NORMAL PERIOD 1981 TO 2010
CLIMATE RECORD PERIOD 1874 TO 2014


WEATHER ITEM   OBSERVED TIME   RECORD YEAR NORMAL DEPARTURE LAST
                VALUE   (LST)  VALUE       VALUE  FROM      YEAR
                                                  NORMAL
..................................................................
TEMPERATURE (F)
 YESTERDAY
  MAXIMUM         89    407 PM 103    1980  88      1       99
  MINIMUM         53    543 AM  42    1959  60     -7       60
  AVERAGE         71                        74     -3       80

PRECIPITATION (IN)
  YESTERDAY        0.08          2.35 1909   0.10  -0.02     0.00
  MONTH TO DATE    0.08                      0.83  -0.75     0.04
  SINCE JUN 1      8.83                      4.25   4.58     1.99
  SINCE JAN 1     13.12                     11.69   1.43     8.15

SNOWFALL (IN)
  YESTERDAY        0.0           0.0  2002   0.0    0.0      0.0
                                      2001
  MONTH TO DATE    0.0                       0.0    0.0      0.0
  SINCE JUN 1      T                         0.0    0.0       T
  SINCE JUL 1      0.0                       0.0    0.0      0.0
  SNOW DEPTH       0

DEGREE DAYS
 HEATING
  YESTERDAY        0                         0      0        0
  MONTH TO DATE    3                         0      3        4
  SINCE JUN 1     42                        51     -9       51
  SINCE JUL 1      3                         0      3        4

 COOLING
  YESTERDAY        6                         9     -3       15
  MONTH TO DATE   56                        78    -22       86
  SINCE JUN 1    187                       216    -29      265
  SINCE JAN 1    236                       244     -8      313
..................................................................


WIND (MPH)
  HIGHEST WIND SPEED    29   HIGHEST WIND DIRECTION    SE (120)
  HIGHEST GUST SPEED    37   HIGHEST GUST DIRECTION     E (110)
  AVERAGE WIND SPEED    11.3


SKY COVER
  POSSIBLE SUNSHINE  MM
  AVERAGE SKY COVER 0.1


WEATHER CONDITIONS
 THE FOLLOWING WEATHER WAS RECORDED YESTERDAY.
  THUNDERSTORM
  RAIN
  LIGHT RAIN


RELATIVE HUMIDITY (PERCENT)
 HIGHEST    93           300 AM
 LOWEST     39           300 PM
 AVERAGE    66

..........................................................


THE NORTH PLATTE NE CLIMATE NORMALS FOR TODAY
                         NORMAL    RECORD    YEAR
 MAXIMUM TEMPERATURE (F)   88       106      1954
 MINIMUM TEMPERATURE (F)   60        46      1999


SUNRISE AND SUNSET
JULY 10 2014..........SUNRISE   619 AM CDT   SUNSET   916 PM CDT
JULY 11 2014..........SUNRISE   620 AM CDT   SUNSET   916 PM CDT


-  INDICATES NEGATIVE NUMBERS.
R  INDICATES RECORD WAS SET OR TIED.
MM INDICATES DATA IS MISSING.
T  INDICATES TRACE AMOUNT.

$$
