000
CDUS43 KLBF 180930
CLILBF

CLIMATE REPORT
NATIONAL WEATHER SERVICE NORTH PLATTE
429 AM CDT THU SEP 18 2014


...................................

...THE NORTH PLATTE NE CLIMATE SUMMARY FOR SEPTEMBER 17 2014...

CLIMATE NORMAL PERIOD 1981 TO 2010
CLIMATE RECORD PERIOD 1874 TO 2014


WEATHER ITEM   OBSERVED TIME   RECORD YEAR NORMAL DEPARTURE LAST
                VALUE   (LST)  VALUE       VALUE  FROM      YEAR
                                                  NORMAL
..................................................................
TEMPERATURE (F)
 YESTERDAY
  MAXIMUM         85    255 PM 101    1895  77      8       82
  MINIMUM         46    449 AM  24    1903  46      0       55
  AVERAGE         66                        62      4       69

PRECIPITATION (IN)
  YESTERDAY        0.00          0.82 1959   0.05  -0.05     0.00
  MONTH TO DATE    0.82                      0.80   0.02     3.69
  SINCE SEP 1      0.82                      0.80   0.02     3.69
  SINCE JAN 1     19.10                     17.02   2.08    18.05

SNOWFALL (IN)
  YESTERDAY        0.0           0.0  2002   0.0    0.0      0.0
                                      2001
  MONTH TO DATE    T                         0.0    0.0      0.0
  SINCE SEP 1      T                         0.0    0.0      0.0
  SINCE JUL 1      T                         0.0    0.0      0.0
  SNOW DEPTH       0

DEGREE DAYS
 HEATING
  YESTERDAY        0                         5     -5        0
  MONTH TO DATE  112                        54     58       14
  SINCE SEP 1    112                        54     58       14
  SINCE JUL 1    129                        74     55       27

 COOLING
  YESTERDAY        1                         2     -1        4
  MONTH TO DATE   31                        57    -26      144
  SINCE SEP 1     31                        57    -26      144
  SINCE JAN 1    700                       752    -52      981
..................................................................


WIND (MPH)
  HIGHEST WIND SPEED    16   HIGHEST WIND DIRECTION    SE (120)
  HIGHEST GUST SPEED    20   HIGHEST GUST DIRECTION    SE (120)
  AVERAGE WIND SPEED     5.7


SKY COVER
  POSSIBLE SUNSHINE  MM
  AVERAGE SKY COVER 0.4


WEATHER CONDITIONS
 THE FOLLOWING WEATHER WAS RECORDED YESTERDAY.
  FOG
  FOG W/VISIBILITY <= 1/4 MILE
  HAZE


RELATIVE HUMIDITY (PERCENT)
 HIGHEST   100          1200 AM
 LOWEST     44           200 PM
 AVERAGE    72

..........................................................


THE NORTH PLATTE NE CLIMATE NORMALS FOR TODAY
                         NORMAL    RECORD    YEAR
 MAXIMUM TEMPERATURE (F)   77       101      1895
 MINIMUM TEMPERATURE (F)   46        31      1971
                                             1901


SUNRISE AND SUNSET
SEPTEMBER 18 2014.....SUNRISE   726 AM CDT   SUNSET   747 PM CDT
SEPTEMBER 19 2014.....SUNRISE   727 AM CDT   SUNSET   745 PM CDT


-  INDICATES NEGATIVE NUMBERS.
R  INDICATES RECORD WAS SET OR TIED.
MM INDICATES DATA IS MISSING.
T  INDICATES TRACE AMOUNT.




$$
