000
CDUS43 KLBF 220940
CLILBF

CLIMATE REPORT
NATIONAL WEATHER SERVICE NORTH PLATTE
437 AM CDT FRI MAY 22 2015


...................................

...THE NORTH PLATTE NE CLIMATE SUMMARY FOR MAY 21 2015...

CLIMATE NORMAL PERIOD 1981 TO 2010
CLIMATE RECORD PERIOD 1874 TO 2015


WEATHER ITEM   OBSERVED TIME   RECORD YEAR NORMAL DEPARTURE LAST
                VALUE   (LST)  VALUE       VALUE  FROM      YEAR
                                                  NORMAL
..................................................................
TEMPERATURE (F)
 YESTERDAY
  MAXIMUM         64    357 PM  94    1927  73     -9       78
                                      1925
  MINIMUM         30R   539 AM  30    1963  46    -16       53
                                      1931
  AVERAGE         47                        60    -13       66

PRECIPITATION (IN)
  YESTERDAY        0.00          1.64 1949   0.11  -0.11     0.00
  MONTH TO DATE    3.19                      2.09   1.10     0.86
  SINCE MAR 1      6.21                      5.41   0.80     2.29
  SINCE JAN 1      6.95                      6.25   0.70     3.34

SNOWFALL (IN)
  YESTERDAY        0.0           0.0    MM   0.0    0.0      0.0
  MONTH TO DATE    T                         0.0    0.0       T
  SINCE MAR 1      2.4                       7.6   -5.2      7.4
  SINCE JUL 1     21.3                      28.5   -7.2     29.8
  SNOW DEPTH       0

DEGREE DAYS
 HEATING
  YESTERDAY       18                         6     12        0
  MONTH TO DATE  214                       193     21      260
  SINCE MAR 1   1309                      1555   -246     1636
  SINCE JUL 1   6198                      6583   -385     6827

 COOLING
  YESTERDAY        0                         1     -1        1
  MONTH TO DATE    0                        11    -11        5
  SINCE MAR 1      2                        14    -12        7
  SINCE JAN 1      2                        14    -12        7
..................................................................


WIND (MPH)
  HIGHEST WIND SPEED    10   HIGHEST WIND DIRECTION     S (160)
  HIGHEST GUST SPEED    13   HIGHEST GUST DIRECTION     S (160)
  AVERAGE WIND SPEED     4.1


SKY COVER
  POSSIBLE SUNSHINE  MM
  AVERAGE SKY COVER 0.3


WEATHER CONDITIONS
 THE FOLLOWING WEATHER WAS RECORDED YESTERDAY.
  FOG


RELATIVE HUMIDITY (PERCENT)
 HIGHEST   100           400 AM
 LOWEST     43           300 PM
 AVERAGE    72

..........................................................


THE NORTH PLATTE NE CLIMATE NORMALS FOR TODAY
                         NORMAL    RECORD    YEAR
 MAXIMUM TEMPERATURE (F)   73        94      2012
 MINIMUM TEMPERATURE (F)   46        30      2001
                                             1963


SUNRISE AND SUNSET
MAY 22 2015...........SUNRISE   619 AM CDT   SUNSET   901 PM CDT
MAY 23 2015...........SUNRISE   618 AM CDT   SUNSET   901 PM CDT


-  INDICATES NEGATIVE NUMBERS.
R  INDICATES RECORD WAS SET OR TIED.
MM INDICATES DATA IS MISSING.
T  INDICATES TRACE AMOUNT.




$$
