000
CDUS43 KLBF 300936
CLILBF

CLIMATE REPORT NATIONAL WEATHER SERVICE NORTH PLATTE

434 AM CDT THU JUL 30 2015


...................................

...THE NORTH PLATTE NE CLIMATE SUMMARY FOR JULY 29 2015...

CLIMATE NORMAL PERIOD 1981 TO 2010
CLIMATE RECORD PERIOD 1874 TO 2015


WEATHER ITEM   OBSERVED TIME   RECORD YEAR NORMAL DEPARTURE LAST
                VALUE   (LST)  VALUE       VALUE  FROM      YEAR
                                                  NORMAL
..................................................................
TEMPERATURE (F)
 YESTERDAY
  MAXIMUM         83    456 PM 106    1980  88     -5       83
  MINIMUM         52    219 AM  49    1971  61     -9       56
                                      1892
  AVERAGE         68                        75     -7       70

PRECIPITATION (IN)
  YESTERDAY        0.00          1.30 1915   0.10  -0.10      T
  MONTH TO DATE    2.55                      2.86  -0.31     0.14
  SINCE JUN 1      5.28                      6.28  -1.00     8.89
  SINCE JAN 1     13.38                     13.72  -0.34    13.18

SNOWFALL (IN)
  YESTERDAY        0.0           0.0  2002   0.0    0.0      0.0
                                      2001
  MONTH TO DATE    0.0                       0.0    0.0      0.0
  SINCE JUN 1      0.0                       0.0    0.0       T
  SINCE JUL 1      0.0                       0.0    0.0      0.0
  SNOW DEPTH       0

DEGREE DAYS
 HEATING
  YESTERDAY        0                         0      0        0
  MONTH TO DATE    6                         0      6       17
  SINCE JUN 1     11                        51    -40       56
  SINCE JUL 1      6                         0      6       17

 COOLING
  YESTERDAY        3                        10     -7        5
  MONTH TO DATE  278                       276      2      225
  SINCE JUN 1    456                       414     42      356
  SINCE JAN 1    458                       442     16      405
..................................................................


WIND (MPH)
  HIGHEST WIND SPEED    12   HIGHEST WIND DIRECTION     S (190)
  HIGHEST GUST SPEED    17   HIGHEST GUST DIRECTION     S (160)
  AVERAGE WIND SPEED     4.7


SKY COVER
  POSSIBLE SUNSHINE  MM
  AVERAGE SKY COVER 0.1


WEATHER CONDITIONS
 THE FOLLOWING WEATHER WAS RECORDED YESTERDAY.
  NO SIGNIFICANT WEATHER WAS OBSERVED.


RELATIVE HUMIDITY (PERCENT)
 HIGHEST    93           200 AM
 LOWEST     28           400 PM
 AVERAGE    61

..........................................................


THE NORTH PLATTE NE CLIMATE NORMALS FOR TODAY
                         NORMAL    RECORD    YEAR
 MAXIMUM TEMPERATURE (F)   88       105      2005
                                             2002
 MINIMUM TEMPERATURE (F)   61        41      1971


SUNRISE AND SUNSET
JULY 30 2015..........SUNRISE   636 AM CDT   SUNSET   901 PM CDT
JULY 31 2015..........SUNRISE   637 AM CDT   SUNSET   900 PM CDT


-  INDICATES NEGATIVE NUMBERS.
R  INDICATES RECORD WAS SET OR TIED.
MM INDICATES DATA IS MISSING.
T  INDICATES TRACE AMOUNT.




$$
