000
CDUS43 KLBF 282234
CLILBF

CLIMATE REPORT
NATIONAL WEATHER SERVICE NORTH PLATTE
433 PM CST SAT FEB 28 2015


...................................

...THE NORTH PLATTE NE CLIMATE SUMMARY FOR FEBRUARY 28 2015...
VALID TODAY AS OF 0400 PM LOCAL TIME.

CLIMATE NORMAL PERIOD 1981 TO 2010
CLIMATE RECORD PERIOD 1874 TO 2015


WEATHER ITEM   OBSERVED TIME   RECORD YEAR NORMAL DEPARTURE LAST
                VALUE   (LST)  VALUE       VALUE  FROM      YEAR
                                                  NORMAL
..................................................................
TEMPERATURE (F)
 TODAY
  MAXIMUM         30    401 PM  76    2006  47    -17       32
                                      1972
  MINIMUM         13    821 AM -22    1962  19     -6       11
  AVERAGE         22                        33    -11       22

PRECIPITATION (IN)
  TODAY            T             0.40 1958   0.02  -0.02      T
  MONTH TO DATE    0.46                      0.50  -0.04     0.73
  SINCE DEC 1      1.78                      1.25   0.53     1.21
  SINCE JAN 1      0.74                      0.84  -0.10     1.05

SNOWFALL (IN)
  TODAY            T             4.9  1958   0.2   -0.2       T
  MONTH TO DATE    6.3                       5.3    1.0     11.6
  SINCE DEC 1     18.5                      14.7    3.8     19.3
  SINCE JUL 1     18.9                      20.9   -2.0     22.4
  SNOW DEPTH       0

DEGREE DAYS
 HEATING
  TODAY           43                        32     11       43
  MONTH TO DATE 1037                      1007     30     1243
  SINCE DEC 1   3369                      3477   -108     3706
  SINCE JUL 1   4889                      5028   -139     5191

 COOLING
  TODAY            0                         0      0        0
  MONTH TO DATE    0                         0      0        0
  SINCE DEC 1      0                         0      0        0
  SINCE JAN 1      0                         0      0        0
..................................................................


WIND (MPH)
  HIGHEST WIND SPEED    17   HIGHEST WIND DIRECTION     S (180)
  HIGHEST GUST SPEED    23   HIGHEST GUST DIRECTION     S (170)
  AVERAGE WIND SPEED    11.5


SKY COVER
  POSSIBLE SUNSHINE  MM
  AVERAGE SKY COVER 0.9


WEATHER CONDITIONS
 THE FOLLOWING WEATHER WAS RECORDED TODAY.
  LIGHT SNOW


RELATIVE HUMIDITY (PERCENT)
 HIGHEST    76           700 AM
 LOWEST     46           200 PM
 AVERAGE    61

..........................................................


THE NORTH PLATTE NE CLIMATE NORMALS FOR TOMORROW
                         NORMAL    RECORD    YEAR
 MAXIMUM TEMPERATURE (F)   47        77      2008
 MINIMUM TEMPERATURE (F)   19       -11      1980


SUNRISE AND SUNSET
FEBRUARY 28 2015......SUNRISE   719 AM CST   SUNSET   632 PM CST
MARCH  1 2015.........SUNRISE   717 AM CST   SUNSET   633 PM CST


-  INDICATES NEGATIVE NUMBERS.
R  INDICATES RECORD WAS SET OR TIED.
MM INDICATES DATA IS MISSING.
T  INDICATES TRACE AMOUNT.

$$
