000
CDUS43 KLBF 271024
CLILBF

CLIMATE REPORT
NATIONAL WEATHER SERVICE NORTH PLATTE
422 AM CST SAT DEC 27 2014


...................................

...THE NORTH PLATTE NE CLIMATE SUMMARY FOR DECEMBER 26 2014...

CLIMATE NORMAL PERIOD 1981 TO 2010
CLIMATE RECORD PERIOD 1874 TO 2014


WEATHER ITEM   OBSERVED TIME   RECORD YEAR NORMAL DEPARTURE LAST
                VALUE   (LST)  VALUE       VALUE  FROM      YEAR
                                                  NORMAL
..................................................................
TEMPERATURE (F)
 YESTERDAY
  MAXIMUM         26   1257 AM  66    2005  38    -12       54
  MINIMUM         17   1159 PM -25    1876  11      6       12
  AVERAGE         22                        24     -2       33

PRECIPITATION (IN)
  YESTERDAY        0.22          0.27 1883   0.02   0.20     0.00
  MONTH TO DATE    0.94                      0.35   0.59     0.16
  SINCE DEC 1      0.94                      0.35   0.59     0.16
  SINCE JAN 1     21.42                     20.17   1.25    21.77

SNOWFALL (IN)
  YESTERDAY        4.7           4.8  1886   0.1    4.6      0.0
  MONTH TO DATE    7.1                       3.8    3.3      3.6
  SINCE DEC 1      7.1                       3.8    3.3      3.6
  SINCE JUL 1      7.5                      10.0   -2.5      6.7
  SNOW DEPTH       5

DEGREE DAYS
 HEATING
  YESTERDAY       43                        41      2       32
  MONTH TO DATE  865                      1027   -162     1096
  SINCE DEC 1    865                      1027   -162     1096
  SINCE JUL 1   2385                      2578   -193     2581

 COOLING
  YESTERDAY        0                         0      0        0
  MONTH TO DATE    0                         0      0        0
  SINCE DEC 1      0                         0      0        0
  SINCE JAN 1    744                       768    -24      998
..................................................................


WIND (MPH)
  HIGHEST WIND SPEED    23   HIGHEST WIND DIRECTION     N (10)
  HIGHEST GUST SPEED    28   HIGHEST GUST DIRECTION     N (360)
  AVERAGE WIND SPEED    12.1


SKY COVER
  POSSIBLE SUNSHINE  MM
  AVERAGE SKY COVER 1.0


WEATHER CONDITIONS
 THE FOLLOWING WEATHER WAS RECORDED YESTERDAY.
  LT FREEZING RAIN
  SNOW
  LIGHT SNOW
  FOG


RELATIVE HUMIDITY (PERCENT)
 HIGHEST    88           300 AM
 LOWEST     77           800 PM
 AVERAGE    83

..........................................................


THE NORTH PLATTE NE CLIMATE NORMALS FOR TODAY
                         NORMAL    RECORD    YEAR
 MAXIMUM TEMPERATURE (F)   38        71      1980
 MINIMUM TEMPERATURE (F)   11       -14      1876


SUNRISE AND SUNSET
DECEMBER 27 2014......SUNRISE   807 AM CST   SUNSET   521 PM CST
DECEMBER 28 2014......SUNRISE   807 AM CST   SUNSET   522 PM CST


-  INDICATES NEGATIVE NUMBERS.
R  INDICATES RECORD WAS SET OR TIED.
MM INDICATES DATA IS MISSING.
T  INDICATES TRACE AMOUNT.

$$
