000
CDUS43 KLBF 240936
CLILBF

CLIMATE REPORT
NATIONAL WEATHER SERVICE NORTH PLATTE
435 AM CDT THU AUG 24 2017


...................................

...THE NORTH PLATTE NE CLIMATE SUMMARY FOR AUGUST 23 2017...

CLIMATE NORMAL PERIOD 1981 TO 2010
CLIMATE RECORD PERIOD 1874 TO 2017


WEATHER ITEM   OBSERVED TIME   RECORD YEAR NORMAL DEPARTURE LAST
                VALUE   (LST)  VALUE       VALUE  FROM      YEAR
                                                  NORMAL
..................................................................
TEMPERATURE (F)
 YESTERDAY
  MAXIMUM         83    459 PM 106    1938  85     -2       92
  MINIMUM         57    116 AM  40    2015  57      0       55
  AVERAGE         70                        71     -1       74

PRECIPITATION (IN)
  YESTERDAY        0.00          1.34 1906   0.06  -0.06     0.00
  MONTH TO DATE    3.56                      1.86   1.70     0.80
  SINCE JUN 1      9.18                      8.35   0.83     7.90
  SINCE JAN 1     17.72                     15.79   1.93    19.08

SNOWFALL (IN)
  YESTERDAY        0.0           0.0  2002   0.0    0.0      0.0
                                      2001
  MONTH TO DATE    0.0                       0.0    0.0      0.0
  SINCE JUN 1      T                         0.0    0.0      0.0
  SINCE JUL 1      T                         0.0    0.0      0.0
  SNOW DEPTH       0

DEGREE DAYS
 HEATING
  YESTERDAY        0                         1     -1        0
  MONTH TO DATE    4                         2      2        5
  SINCE JUN 1     11                        58    -47       21
  SINCE JUL 1      4                         7     -3       11

 COOLING
  YESTERDAY        5                         7     -2        9
  MONTH TO DATE  119                       189    -70      205
  SINCE JUN 1    750                       620    130      757
  SINCE JAN 1    767                       648    119      767
..................................................................


WIND (MPH)
  HIGHEST WIND SPEED    21   HIGHEST WIND DIRECTION     S (190)
  HIGHEST GUST SPEED    27   HIGHEST GUST DIRECTION     S (180)
  AVERAGE WIND SPEED    10.7


SKY COVER
  POSSIBLE SUNSHINE  MM
  AVERAGE SKY COVER 0.0


WEATHER CONDITIONS
 THE FOLLOWING WEATHER WAS RECORDED YESTERDAY.
  NO SIGNIFICANT WEATHER WAS OBSERVED.


RELATIVE HUMIDITY (PERCENT)
 HIGHEST    93          1200 AM
 LOWEST     41          1100 PM
 AVERAGE    67

..........................................................


THE NORTH PLATTE NE CLIMATE NORMALS FOR TODAY
                         NORMAL    RECORD    YEAR
 MAXIMUM TEMPERATURE (F)   85       105      1936
 MINIMUM TEMPERATURE (F)   56        39      1928


SUNRISE AND SUNSET
AUGUST 24 2017........SUNRISE   702 AM CDT   SUNSET   828 PM CDT
AUGUST 25 2017........SUNRISE   703 AM CDT   SUNSET   826 PM CDT


-  INDICATES NEGATIVE NUMBERS.
R  INDICATES RECORD WAS SET OR TIED.
MM INDICATES DATA IS MISSING.
T  INDICATES TRACE AMOUNT.




$$
