000
CDUS43 KLBF 272242
CLILBF


CLIMATE REPORT
NATIONAL WEATHER SERVICE NORTH PLATTE
541 PM CDT SAT AUG 27 2016


...................................

...THE NORTH PLATTE NE CLIMATE SUMMARY FOR AUGUST 27 2016...
VALID TODAY AS OF 0500 PM LOCAL TIME.

CLIMATE NORMAL PERIOD 1981 TO 2010
CLIMATE RECORD PERIOD 1874 TO 2016


WEATHER ITEM   OBSERVED TIME   RECORD YEAR NORMAL DEPARTURE LAST
                VALUE   (LST)  VALUE       VALUE  FROM      YEAR
                                                  NORMAL
..................................................................
TEMPERATURE (F)
 TODAY
  MAXIMUM         86    400 PM 104    1990  85      1       89
  MINIMUM         50    124 AM  40    1992  55     -5       59
  AVERAGE         68                        70     -2       74

PRECIPITATION (IN)
  TODAY            0.00          1.33 2014   0.06  -0.06     0.00
  MONTH TO DATE    0.85                      2.09  -1.24     3.19
  SINCE JUN 1      7.95                      8.58  -0.63     8.47
  SINCE JAN 1     19.13                     16.02   3.11    16.57

SNOWFALL (IN)
  TODAY            0.0           0.0  2002   0.0    0.0      0.0
                                      2001
  MONTH TO DATE    0.0                       0.0    0.0      0.0
  SINCE JUN 1      0.0                       0.0    0.0      0.0
  SINCE JUL 1      0.0                       0.0    0.0      0.0
  SNOW DEPTH       0

DEGREE DAYS
 HEATING
  TODAY            0                         1     -1        0
  MONTH TO DATE    6                         6      0       23
  SINCE JUN 1     22                        62    -40       34
  SINCE JUL 1     12                        11      1       29

 COOLING
  TODAY            3                         6     -3        9
  MONTH TO DATE  212                       213     -1      164
  SINCE JUN 1    764                       644    120      640
  SINCE JAN 1    774                       672    102      642
..................................................................


WIND (MPH)
  HIGHEST WIND SPEED    15   HIGHEST WIND DIRECTION     S (180)
  HIGHEST GUST SPEED    20   HIGHEST GUST DIRECTION     S (200)
  AVERAGE WIND SPEED     5.1


SKY COVER
  POSSIBLE SUNSHINE  MM
  AVERAGE SKY COVER 0.5


WEATHER CONDITIONS
 THE FOLLOWING WEATHER WAS RECORDED TODAY.
  FOG
  FOG W/VISIBILITY <= 1/4 MILE


RELATIVE HUMIDITY (PERCENT)
 HIGHEST   100          1200 AM
 LOWEST     42           300 PM
 AVERAGE    71

..........................................................


THE NORTH PLATTE NE CLIMATE NORMALS FOR TOMORROW
                         NORMAL    RECORD    YEAR
 MAXIMUM TEMPERATURE (F)   84       102      2012
 MINIMUM TEMPERATURE (F)   55        35      1976


SUNRISE AND SUNSET
AUGUST 27 2016........SUNRISE   705 AM CDT   SUNSET   823 PM CDT
AUGUST 28 2016........SUNRISE   706 AM CDT   SUNSET   821 PM CDT


-  INDICATES NEGATIVE NUMBERS.
R  INDICATES RECORD WAS SET OR TIED.
MM INDICATES DATA IS MISSING.
T  INDICATES TRACE AMOUNT.




$$
