000
CDUS43 KLBF 272237
CLILBF


CLIMATE REPORT
NATIONAL WEATHER SERVICE NORTH PLATTE
536 PM CDT TUE SEP 27 2016


...................................

...THE NORTH PLATTE NE CLIMATE SUMMARY FOR SEPTEMBER 27 2016...
VALID TODAY AS OF 0500 PM LOCAL TIME.

CLIMATE NORMAL PERIOD 1981 TO 2010
CLIMATE RECORD PERIOD 1874 TO 2016


WEATHER ITEM   OBSERVED TIME   RECORD YEAR NORMAL DEPARTURE LAST
                VALUE   (LST)  VALUE       VALUE  FROM      YEAR
                                                  NORMAL
..................................................................
TEMPERATURE (F)
 TODAY
  MAXIMUM         87    419 PM  93    2005  73     14       88
                                      1956
                                      1904
  MINIMUM         37    655 AM  23    1964  41     -4       56
  AVERAGE         62                        57      5       72

PRECIPITATION (IN)
  TODAY            0.00          0.90 1973   0.05  -0.05     0.00
  MONTH TO DATE    0.94                      1.27  -0.33     1.23
  SINCE SEP 1      0.94                      1.27  -0.33     1.23
  SINCE JAN 1     20.10                     17.49   2.61    17.80

SNOWFALL (IN)
  TODAY            0.0           T    1984   0.0    0.0      0.0
                                      1945
  MONTH TO DATE    0.0                       0.1   -0.1      0.0
  SINCE SEP 1      0.0                       0.1   -0.1      0.0
  SINCE JUL 1      0.0                       0.1   -0.1      0.0
  SNOW DEPTH       0

DEGREE DAYS
 HEATING
  TODAY            3                         9     -6        0
  MONTH TO DATE   53                       124    -71       24
  SINCE SEP 1     53                       124    -71       24
  SINCE JUL 1     65                       144    -79       53

 COOLING
  TODAY            0                         1     -1        7
  MONTH TO DATE  101                        69     32      146
  SINCE SEP 1    101                        69     32      146
  SINCE JAN 1    908                       764    144      814
..................................................................


WIND (MPH)
  HIGHEST WIND SPEED    15   HIGHEST WIND DIRECTION     W (260)
  HIGHEST GUST SPEED    21   HIGHEST GUST DIRECTION     W (250)
  AVERAGE WIND SPEED     6.9


SKY COVER
  POSSIBLE SUNSHINE  MM
  AVERAGE SKY COVER 0.0


WEATHER CONDITIONS
 THE FOLLOWING WEATHER WAS RECORDED TODAY.
  NO SIGNIFICANT WEATHER WAS OBSERVED.


RELATIVE HUMIDITY (PERCENT)
 HIGHEST    92           500 AM
 LOWEST     21           400 PM
 AVERAGE    57

..........................................................


THE NORTH PLATTE NE CLIMATE NORMALS FOR TOMORROW
                         NORMAL    RECORD    YEAR
 MAXIMUM TEMPERATURE (F)   72        92      2011
                                             1953
 MINIMUM TEMPERATURE (F)   41        24      1976
                                             1951


SUNRISE AND SUNSET
SEPTEMBER 27 2016.....SUNRISE   736 AM CDT   SUNSET   730 PM CDT
SEPTEMBER 28 2016.....SUNRISE   737 AM CDT   SUNSET   729 PM CDT


-  INDICATES NEGATIVE NUMBERS.
R  INDICATES RECORD WAS SET OR TIED.
MM INDICATES DATA IS MISSING.
T  INDICATES TRACE AMOUNT.




$$
