000
CDUS43 KLBF 311039
CLILBF

CLIMATE REPORT
NATIONAL WEATHER SERVICE NORTH PLATTE
435 AM CST SAT JAN 31 2015


...................................

...THE NORTH PLATTE NE CLIMATE SUMMARY FOR JANUARY 30 2015...

CLIMATE NORMAL PERIOD 1981 TO 2010
CLIMATE RECORD PERIOD 1874 TO 2015


WEATHER ITEM   OBSERVED TIME   RECORD YEAR NORMAL DEPARTURE LAST
                VALUE   (LST)  VALUE       VALUE  FROM      YEAR
                                                  NORMAL
..................................................................
TEMPERATURE (F)
 YESTERDAY
  MAXIMUM         49    303 PM  68    2012  40      9       44
  MINIMUM         16   1238 AM -20    1918  12      4       21
  AVERAGE         33                        26      7       33

PRECIPITATION (IN)
  YESTERDAY        0.00          1.03 1879   0.01  -0.01     0.04
  MONTH TO DATE    0.06                      0.33  -0.27     0.11
  SINCE DEC 1      1.10                      0.74   0.36     0.27
  SINCE JAN 1      0.06                      0.33  -0.27     0.11

SNOWFALL (IN)
  YESTERDAY        0.0           2.0  1971   0.1   -0.1      0.4
  MONTH TO DATE    1.5                       4.6   -3.1      1.2
  SINCE DEC 1     10.2                       9.2    1.0      4.8
  SINCE JUL 1     10.6                      15.4   -4.8      7.9
  SNOW DEPTH       0

DEGREE DAYS
 HEATING
  YESTERDAY       32                        39     -7       32
  MONTH TO DATE 1128                      1200    -72     1149
  SINCE DEC 1   2295                      2429   -134     2416
  SINCE JUL 1   3815                      3980   -165     3901

 COOLING
  YESTERDAY        0                         0      0        0
  MONTH TO DATE    0                         0      0        0
  SINCE DEC 1      0                         0      0        0
  SINCE JAN 1      0                         0      0        0
..................................................................


WIND (MPH)
  HIGHEST WIND SPEED    18   HIGHEST WIND DIRECTION     S (190)
  HIGHEST GUST SPEED    25   HIGHEST GUST DIRECTION     S (180)
  AVERAGE WIND SPEED     9.0


SKY COVER
  POSSIBLE SUNSHINE  MM
  AVERAGE SKY COVER 0.1


WEATHER CONDITIONS
 THE FOLLOWING WEATHER WAS RECORDED YESTERDAY.
  NO SIGNIFICANT WEATHER WAS OBSERVED.


RELATIVE HUMIDITY (PERCENT)
 HIGHEST    84           400 AM
 LOWEST     42           200 PM
 AVERAGE    63

..........................................................


THE NORTH PLATTE NE CLIMATE NORMALS FOR TODAY
                         NORMAL    RECORD    YEAR
 MAXIMUM TEMPERATURE (F)   40        69      1962
                                             1911
 MINIMUM TEMPERATURE (F)   12       -20      1979


SUNRISE AND SUNSET
JANUARY 31 2015.......SUNRISE   755 AM CST   SUNSET   558 PM CST
FEBRUARY  1 2015......SUNRISE   754 AM CST   SUNSET   559 PM CST


-  INDICATES NEGATIVE NUMBERS.
R  INDICATES RECORD WAS SET OR TIED.
MM INDICATES DATA IS MISSING.
T  INDICATES TRACE AMOUNT.

$$
