051
CDUS42 KILM 232041
CLILBT


CLIMATE REPORT
NATIONAL WEATHER SERVICE WILMINGTON NC
441 PM EDT TUE MAY 23 2017


...................................

...THE LUMBERTON NC CLIMATE SUMMARY FOR MAY 23 2017...
VALID TODAY AS OF 0400 PM LOCAL TIME.

CLIMATE NORMAL PERIOD 1981 TO 2010
CLIMATE RECORD PERIOD 9999 TO 9999


WEATHER ITEM   OBSERVED TIME   NORMAL DEPARTURE LAST
                VALUE   (LST)  VALUE  FROM      YEAR
                                      NORMAL
......................................................
TEMPERATURE (F)
 TODAY
  MAXIMUM         76    259 PM  84     -8       71
  MINIMUM         67    531 AM  60      7       53
  AVERAGE         72            72      0       62

PRECIPITATION (IN)
  TODAY            0.30          0.11   0.19      T
  MONTH TO DATE    3.24          2.06   1.18     5.01
  SINCE MAR 1     13.21          8.21   5.00     9.36
  SINCE JAN 1     16.70         14.08   2.62    17.64

DEGREE DAYS
 HEATING
  TODAY            0             0      0        3
  MONTH TO DATE   14            30    -16       22
  SINCE MAR 1    432           529    -97      339
  SINCE JUL 1   2079          2759   -680     2018

 COOLING
  TODAY            7             7      0        0
  MONTH TO DATE  155           114     41      114
  SINCE MAR 1    304           179    125      230
  SINCE JAN 1    314           182    132      231
......................................................


WIND (MPH)
  HIGHEST WIND SPEED    16   HIGHEST WIND DIRECTION    SW (230)
  HIGHEST GUST SPEED    20   HIGHEST GUST DIRECTION    SW (240)
  AVERAGE WIND SPEED     4.3


SKY COVER
  POSSIBLE SUNSHINE  MM
  AVERAGE SKY COVER 1.0


WEATHER CONDITIONS
 THE FOLLOWING WEATHER WAS RECORDED TODAY.
  HEAVY RAIN
  RAIN
  LIGHT RAIN
  FOG


RELATIVE HUMIDITY (PERCENT)
 HIGHEST   100          1200 AM
 LOWEST     87          1000 AM
 AVERAGE    94

..........................................................


THE LUMBERTON NC CLIMATE NORMALS FOR TOMORROW
                         NORMAL
 MAXIMUM TEMPERATURE (F)   84
 MINIMUM TEMPERATURE (F)   60


SUNRISE AND SUNSET
MAY 23 2017...........SUNRISE   608 AM EDT   SUNSET   818 PM EDT
MAY 24 2017...........SUNRISE   608 AM EDT   SUNSET   819 PM EDT


-  INDICATES NEGATIVE NUMBERS.
R  INDICATES RECORD WAS SET OR TIED.
MM INDICATES DATA IS MISSING.
T  INDICATES TRACE AMOUNT.




$$
