000
CDUS42 KILM 260841
CLILBT


CLIMATE REPORT
NATIONAL WEATHER SERVICE WILMINGTON NC
440 AM EDT MON SEP 26 2016


...................................

...THE LUMBERTON NC CLIMATE SUMMARY FOR SEPTEMBER 25 2016...

CLIMATE NORMAL PERIOD 1981 TO 2010
CLIMATE RECORD PERIOD 9999 TO 9999


WEATHER ITEM   OBSERVED TIME   NORMAL DEPARTURE LAST
                VALUE   (LST)  VALUE  FROM      YEAR
                                      NORMAL
......................................................
TEMPERATURE (F)
 YESTERDAY
  MAXIMUM         87    234 PM  81      6       83
  MINIMUM         67    446 AM  59      8       68
  AVERAGE         77            70      7       76

PRECIPITATION (IN)
  YESTERDAY        0.00          0.15  -0.15     0.27
  MONTH TO DATE    5.71          4.01   1.70     1.60
  SINCE SEP 1      5.71          4.01   1.70     1.60
  SINCE JAN 1     38.22         34.40   3.82    30.58

DEGREE DAYS
 HEATING
  YESTERDAY        0             1     -1        0
  MONTH TO DATE    0             3     -3        0
  SINCE SEP 1      0             3     -3        0
  SINCE JUL 1      0             3     -3        0

 COOLING
  YESTERDAY       12             6      6       11
  MONTH TO DATE  320           221     99      302
  SINCE SEP 1    320           221     99      302
  SINCE JAN 1   2219          1793    426     2244
......................................................


WIND (MPH)
  HIGHEST WIND SPEED    12   HIGHEST WIND DIRECTION    NE (50)
  HIGHEST GUST SPEED    15   HIGHEST GUST DIRECTION    NE (60)
  AVERAGE WIND SPEED     4.6


SKY COVER
  POSSIBLE SUNSHINE  MM
  AVERAGE SKY COVER 0.5


WEATHER CONDITIONS
 THE FOLLOWING WEATHER WAS RECORDED YESTERDAY.
  FOG


RELATIVE HUMIDITY (PERCENT)
 HIGHEST   100          1200 AM
 LOWEST     61           100 PM
 AVERAGE    81

..........................................................


THE LUMBERTON NC CLIMATE NORMALS FOR TODAY
                         NORMAL
 MAXIMUM TEMPERATURE (F)   81
 MINIMUM TEMPERATURE (F)   59


SUNRISE AND SUNSET
SEPTEMBER 26 2016.....SUNRISE   708 AM EDT   SUNSET   707 PM EDT
SEPTEMBER 27 2016.....SUNRISE   708 AM EDT   SUNSET   705 PM EDT


-  INDICATES NEGATIVE NUMBERS.
R  INDICATES RECORD WAS SET OR TIED.
MM INDICATES DATA IS MISSING.
T  INDICATES TRACE AMOUNT.




$$
