000
CDUS42 KILM 230946
CLILBT


CLIMATE REPORT
NATIONAL WEATHER SERVICE WILMINGTON NC
445 AM EST FRI FEB 23 2018


...................................

...THE LUMBERTON NORTH CAROLINA CLIMATE SUMMARY FOR FEBRUARY 22 2018...

CLIMATE NORMAL PERIOD 1981 TO 2010
CLIMATE RECORD PERIOD 1903 TO 2018


WEATHER ITEM   OBSERVED TIME   RECORD YEAR NORMAL DEPARTURE LAST
                VALUE   (LST)  VALUE       VALUE  FROM      YEAR
                                                  NORMAL
..................................................................
TEMPERATURE (F)
 YESTERDAY
  MAXIMUM         79R   325 PM  78    2003  60     19       76
  MINIMUM         59    148 AM  18    1963  37     22       52
  AVERAGE         69                        48     21       64

PRECIPITATION (IN)
  YESTERDAY        0.00          1.41 1904   0.12  -0.12     0.00
  MONTH TO DATE    0.82                      2.24  -1.42     1.09
  SINCE DEC 1      6.80                      8.10  -1.30     7.79
  SINCE JAN 1      2.72                      5.21  -2.49     3.49

SNOWFALL (IN)
  YESTERDAY       MM             T    1978  MM
  MONTH TO DATE   MM                        MM
  SINCE DEC 1     MM                        MM
  SINCE JUL 1     MM                        MM
  SNOW DEPTH      MM

DEGREE DAYS
 HEATING
  YESTERDAY        0                        17    -17        1
  MONTH TO DATE  230                       416   -186      242
  SINCE DEC 1   1591                      1669    -78     1253
  SINCE JUL 1   2051                      2135    -84     1615

 COOLING
  YESTERDAY        4                         0      4        0
  MONTH TO DATE   30                         0     30        7
  SINCE DEC 1     31                         3     28        7
  SINCE JAN 1     31                         1     30        7
..................................................................


WIND (MPH)
  RESULTANT WIND SPEED   4   RESULTANT WIND DIRECTION  SW (210)
  HIGHEST WIND SPEED    14   HIGHEST WIND DIRECTION    SW (240)
  HIGHEST GUST SPEED    18   HIGHEST GUST DIRECTION    SW (220)
  AVERAGE WIND SPEED     4.5


SKY COVER
  POSSIBLE SUNSHINE  MM
  AVERAGE SKY COVER 0.6


WEATHER CONDITIONS
 THE FOLLOWING WEATHER WAS RECORDED YESTERDAY.
  FOG
  FOG W/VISIBILITY <= 1/4 MILE


RELATIVE HUMIDITY (PERCENT)
 HIGHEST   100          1200 AM
 LOWEST     54           400 PM
 AVERAGE    77

..........................................................


THE LUMBERTON NORTH CAROLINA CLIMATE NORMALS FOR TODAY
                         NORMAL    RECORD    YEAR
 MAXIMUM TEMPERATURE (F)   60        78      1971
                                             1925
                                             1922
 MINIMUM TEMPERATURE (F)   37        15      1963


SUNRISE AND SUNSET
FEBRUARY 23 2018......SUNRISE   653 AM EST   SUNSET   607 PM EST
FEBRUARY 24 2018......SUNRISE   651 AM EST   SUNSET   608 PM EST


-  INDICATES NEGATIVE NUMBERS.
R  INDICATES RECORD WAS SET OR TIED.
MM INDICATES DATA IS MISSING.
T  INDICATES TRACE AMOUNT.




$$
