000
CDUS42 KILM 301002
CLILBT


CLIMATE REPORT
NATIONAL WEATHER SERVICE WILMINGTON NC
502 AM EST FRI JAN 30 2015


...................................

...THE LUMBERTON NC CLIMATE SUMMARY FOR JANUARY 29 2015...

CLIMATE NORMAL PERIOD 1981 TO 2010
CLIMATE RECORD PERIOD 9999 TO 9999


WEATHER ITEM   OBSERVED TIME   NORMAL DEPARTURE LAST
                VALUE   (LST)  VALUE  FROM      YEAR
                                      NORMAL
......................................................
TEMPERATURE (F)
 YESTERDAY
  MAXIMUM         53    342 PM  55     -2       27
  MINIMUM         25    714 AM  33     -8       16
  AVERAGE         39            44     -5       22

PRECIPITATION (IN)
  YESTERDAY        T             0.11  -0.11     0.07
  MONTH TO DATE    4.69          2.73   1.96     3.07
  SINCE DEC 1      7.47          5.62   1.85     7.73
  SINCE JAN 1      4.69          2.73   1.96     3.07

SNOWFALL (IN)
  YESTERDAY       MM
  MONTH TO DATE   MM
  SINCE DEC 1     MM
  SINCE JUL 1     MM
  SNOW DEPTH      MM

DEGREE DAYS
 HEATING
  YESTERDAY       26            21      5       43
  MONTH TO DATE  610           630    -20      703
  SINCE DEC 1   1120          1214    -94     1184
  SINCE JUL 1   1663          1680    -17     1700

 COOLING
  YESTERDAY        0             0      0        0
  MONTH TO DATE    0             0      0        0
  SINCE DEC 1      0             2     -2       15
  SINCE JAN 1      0             0      0        0
......................................................


WIND (MPH)
  HIGHEST WIND SPEED    13   HIGHEST WIND DIRECTION     S (200)
  HIGHEST GUST SPEED    16   HIGHEST GUST DIRECTION    SW (220)
  AVERAGE WIND SPEED     4.1


SKY COVER
  POSSIBLE SUNSHINE  MM
  AVERAGE SKY COVER 0.2


WEATHER CONDITIONS
 THE FOLLOWING WEATHER WAS RECORDED YESTERDAY.
  LIGHT RAIN
  FOG


RELATIVE HUMIDITY (PERCENT)
 HIGHEST    92           800 AM
 LOWEST     28           300 PM
 AVERAGE    60

..........................................................


THE LUMBERTON NC CLIMATE NORMALS FOR TODAY
                         NORMAL
 MAXIMUM TEMPERATURE (F)   55
 MINIMUM TEMPERATURE (F)   34


SUNRISE AND SUNSET
JANUARY 30 2015.......SUNRISE   716 AM EST   SUNSET   544 PM EST
JANUARY 31 2015.......SUNRISE   715 AM EST   SUNSET   545 PM EST


-  INDICATES NEGATIVE NUMBERS.
R  INDICATES RECORD WAS SET OR TIED.
MM INDICATES DATA IS MISSING.
T  INDICATES TRACE AMOUNT.




$$
