000
CDUS42 KILM 220940
CLILBT


CLIMATE REPORT
NATIONAL WEATHER SERVICE WILMINGTON NC
440 AM EST SAT NOV 22 2014


...................................

...THE LUMBERTON NC CLIMATE SUMMARY FOR NOVEMBER 21 2014...

CLIMATE NORMAL PERIOD 1981 TO 2010
CLIMATE RECORD PERIOD 9999 TO 9999


WEATHER ITEM   OBSERVED TIME   NORMAL DEPARTURE LAST
                VALUE   (LST)  VALUE  FROM      YEAR
                                      NORMAL
......................................................
TEMPERATURE (F)
 YESTERDAY
  MAXIMUM         58    313 PM  66     -8       69
  MINIMUM         32    730 AM  40     -8       45
  AVERAGE         45            53     -8       57

PRECIPITATION (IN)
  YESTERDAY        0.00          0.10  -0.10     0.00
  MONTH TO DATE    0.21          1.95  -1.74     0.61
  SINCE SEP 1      4.83          9.32  -4.49     2.36
  SINCE JAN 1     36.99         39.71  -2.72    38.34

SNOWFALL (IN)
  YESTERDAY       MM
  MONTH TO DATE   MM
  SINCE SEP 1     MM
  SINCE JUL 1     MM
  SNOW DEPTH      MM

DEGREE DAYS
 HEATING
  YESTERDAY       20            13      7        8
  MONTH TO DATE  318           209    109      233
  SINCE SEP 1    406           341     65      337
  SINCE JUL 1    406           341     65      337

 COOLING
  YESTERDAY        0             0      0        0
  MONTH TO DATE    6            10     -4       14
  SINCE SEP 1    401           332     69      350
  SINCE JAN 1   2058          1904    154     1861
......................................................


WIND (MPH)
  HIGHEST WIND SPEED    14   HIGHEST WIND DIRECTION     N (20)
  HIGHEST GUST SPEED    17   HIGHEST GUST DIRECTION     N (10)
  AVERAGE WIND SPEED     5.8


SKY COVER
  POSSIBLE SUNSHINE  MM
  AVERAGE SKY COVER 0.0


WEATHER CONDITIONS
 THE FOLLOWING WEATHER WAS RECORDED YESTERDAY.
  NO SIGNIFICANT WEATHER WAS OBSERVED.


RELATIVE HUMIDITY (PERCENT)
 HIGHEST    89           700 AM
 LOWEST     17           300 PM
 AVERAGE    53

..........................................................


THE LUMBERTON NC CLIMATE NORMALS FOR TODAY
                         NORMAL
 MAXIMUM TEMPERATURE (F)   65
 MINIMUM TEMPERATURE (F)   40


SUNRISE AND SUNSET
NOVEMBER 22 2014......SUNRISE   657 AM EST   SUNSET   508 PM EST
NOVEMBER 23 2014......SUNRISE   658 AM EST   SUNSET   508 PM EST


-  INDICATES NEGATIVE NUMBERS.
R  INDICATES RECORD WAS SET OR TIED.
MM INDICATES DATA IS MISSING.
T  INDICATES TRACE AMOUNT.




$$
