041
CDUS42 KILM 060842
CLILBT


CLIMATE REPORT
NATIONAL WEATHER SERVICE WILMINGTON NC
442 AM EDT FRI MAY 6 2016


...................................

...THE LUMBERTON NC CLIMATE SUMMARY FOR MAY 5 2016...

CLIMATE NORMAL PERIOD 1981 TO 2010
CLIMATE RECORD PERIOD 9999 TO 9999


WEATHER ITEM   OBSERVED TIME   NORMAL DEPARTURE LAST
                VALUE   (LST)  VALUE  FROM      YEAR
                                      NORMAL
......................................................
TEMPERATURE (F)
 YESTERDAY
  MAXIMUM         67        MM  80    -13       83
  MINIMUM         50        MM  54     -4       49
  AVERAGE         59            67     -8       66

PRECIPITATION (IN)
  YESTERDAY        0.00          0.07  -0.07     0.00
  MONTH TO DATE    2.19          0.33   1.86     0.02
  SINCE MAR 1      6.54          6.48   0.06     6.09
  SINCE JAN 1     14.82         12.35   2.47    15.55

DEGREE DAYS
 HEATING
  YESTERDAY        6             2      4        0
  MONTH TO DATE    6            12     -6       12
  SINCE MAR 1    323           511   -188      414
  SINCE JUL 1   2002          2741   -739     2778

 COOLING
  YESTERDAY        0             4     -4        1
  MONTH TO DATE   27            17     10        3
  SINCE MAR 1    143            82     61       97
  SINCE JAN 1    144            85     59       97
......................................................


WIND (MPH)
  HIGHEST WIND SPEED    20   HIGHEST WIND DIRECTION    NW (330)
  HIGHEST GUST SPEED    30   HIGHEST GUST DIRECTION    NW (320)
  AVERAGE WIND SPEED     8.2


SKY COVER
  POSSIBLE SUNSHINE   0 PERCENT
  AVERAGE SKY COVER 0.0


WEATHER CONDITIONS
 THE FOLLOWING WEATHER WAS RECORDED YESTERDAY.
  NO SIGNIFICANT WEATHER WAS OBSERVED.


RELATIVE HUMIDITY (PERCENT)
 HIGHEST     0          1200 AM
 LOWEST      0          1200 AM
 AVERAGE     0

..........................................................


THE LUMBERTON NC CLIMATE NORMALS FOR TODAY
                         NORMAL
 MAXIMUM TEMPERATURE (F)   80
 MINIMUM TEMPERATURE (F)   54


SUNRISE AND SUNSET
MAY  6 2016...........SUNRISE   621 AM EDT   SUNSET   805 PM EDT
MAY  7 2016...........SUNRISE   620 AM EDT   SUNSET   806 PM EDT


-  INDICATES NEGATIVE NUMBERS.
R  INDICATES RECORD WAS SET OR TIED.
MM INDICATES DATA IS MISSING.
T  INDICATES TRACE AMOUNT.




$$
