000
CDUS44 KLCH 210839
CLILCH


CLIMATE REPORT
NATIONAL WEATHER SERVICE LAKE CHARLES, LA
339 AM CDT TUE OCT 21 2014


...................................

...THE LAKE CHARLES CLIMATE SUMMARY FOR OCTOBER 20 2014...

CLIMATE NORMAL PERIOD 1981 TO 2010
CLIMATE RECORD PERIOD 1895 TO 2014


WEATHER ITEM   OBSERVED TIME   RECORD YEAR NORMAL DEPARTURE LAST
                VALUE   (LST)  VALUE       VALUE  FROM      YEAR
                                                  NORMAL
..................................................................
TEMPERATURE (F)
 YESTERDAY
  MAXIMUM         81    344 PM  93    1927  80      1       73
  MINIMUM         56    620 AM  32    1989  58     -2       49
                                      1917
  AVERAGE         69                        69      0       61

PRECIPITATION (IN)
  YESTERDAY        0.00          2.16 1949   0.18  -0.18     0.00
  MONTH TO DATE    2.50                      2.99  -0.49     1.28
  SINCE SEP 1      7.47                      8.25  -0.78    10.97
  SINCE JAN 1     59.54                     46.47  13.07    49.97

SNOWFALL (IN)
  YESTERDAY        0.0           0.0    MM   0.0    0.0      0.0
  MONTH TO DATE    0.0                       0.0    0.0      0.0
  SINCE SEP 1      0.0                       0.0    0.0      0.0
  SINCE JUL 1      0.0                       0.0    0.0      0.0
  SNOW DEPTH       0

DEGREE DAYS
 HEATING
  YESTERDAY        0                         1     -1        4
  MONTH TO DATE    1                        11    -10        9
  SINCE SEP 1      1                        12    -11        9
  SINCE JUL 1      1                        12    -11        9

 COOLING
  YESTERDAY        4                         5     -1        0
  MONTH TO DATE  176                       146     30      168
  SINCE SEP 1    625                       557     68      672
  SINCE JAN 1   2635                      2686    -51     2877
..................................................................


WIND (MPH)
  HIGHEST WIND SPEED    10   HIGHEST WIND DIRECTION    NE (50)
  HIGHEST GUST SPEED    13   HIGHEST GUST DIRECTION    NE (40)
  AVERAGE WIND SPEED     5.7


SKY COVER
  POSSIBLE SUNSHINE  MM
  AVERAGE SKY COVER 0.0


WEATHER CONDITIONS
 THE FOLLOWING WEATHER WAS RECORDED YESTERDAY.
  HAZE


RELATIVE HUMIDITY (PERCENT)
 HIGHEST    93           600 AM
 LOWEST     42           200 PM
 AVERAGE    68

..........................................................


THE LAKE CHARLES CLIMATE NORMALS FOR TODAY
                         NORMAL    RECORD    YEAR
 MAXIMUM TEMPERATURE (F)   80        92      1927
 MINIMUM TEMPERATURE (F)   58        32      1917


SUNRISE AND SUNSET
OCTOBER 21 2014.......SUNRISE   719 AM CDT   SUNSET   636 PM CDT
OCTOBER 22 2014.......SUNRISE   720 AM CDT   SUNSET   635 PM CDT


-  INDICATES NEGATIVE NUMBERS.
R  INDICATES RECORD WAS SET OR TIED.
MM INDICATES DATA IS MISSING.
T  INDICATES TRACE AMOUNT.




$$
