889
CDUS44 KLCH 180827
CLILCH


CLIMATE REPORT
NATIONAL WEATHER SERVICE LAKE CHARLES, LA
327 AM CDT FRI AUG 18 2017


...................................

...THE LAKE CHARLES CLIMATE SUMMARY FOR AUGUST 17 2017...

CLIMATE NORMAL PERIOD 1981 TO 2010
CLIMATE RECORD PERIOD 1895 TO 2017


WEATHER ITEM   OBSERVED TIME   RECORD YEAR NORMAL DEPARTURE LAST
                VALUE   (LST)  VALUE       VALUE  FROM      YEAR
                                                  NORMAL
..................................................................
TEMPERATURE (F)
 YESTERDAY
  MAXIMUM         93   1221 PM 102    1909  92      1       87
  MINIMUM         80   1149 PM  62    2004  74      6       74
                                      1992
  AVERAGE         87                        83      4       81

PRECIPITATION (IN)
  YESTERDAY        T             4.12 1915   0.15  -0.15     0.43
  MONTH TO DATE    8.48                      2.68   5.80    11.65
  SINCE JUN 1     22.02                     15.16   6.86    23.54
  SINCE JAN 1     48.67                     36.04  12.63    52.86

SNOWFALL (IN)
  YESTERDAY        0.0           0.0    MM   0.0    0.0      0.0
  MONTH TO DATE    0.0                       0.0    0.0      0.0
  SINCE JUN 1      0.0                       0.0    0.0      0.0
  SINCE JUL 1      0.0                       0.0    0.0      0.0
  SNOW DEPTH       0

DEGREE DAYS
 HEATING
  YESTERDAY        0                         0      0        0
  MONTH TO DATE    0                         0      0        0
  SINCE JUN 1      0                         0      0        0
  SINCE JUL 1      0                         0      0        0

 COOLING
  YESTERDAY       22                        18      4       16
  MONTH TO DATE  319                       306     13      329
  SINCE JUN 1   1396                      1339     57     1461
  SINCE JAN 1   2099                      1877    222     2077
..................................................................


WIND (MPH)
  HIGHEST WIND SPEED    15   HIGHEST WIND DIRECTION    SW (210)
  HIGHEST GUST SPEED    21   HIGHEST GUST DIRECTION     S (200)
  AVERAGE WIND SPEED     6.5


SKY COVER
  POSSIBLE SUNSHINE  MM
  AVERAGE SKY COVER 0.1


WEATHER CONDITIONS
 THE FOLLOWING WEATHER WAS RECORDED YESTERDAY.
  THUNDERSTORM


RELATIVE HUMIDITY (PERCENT)
 HIGHEST    94          1100 PM
 LOWEST     66          1100 AM
 AVERAGE    80

..........................................................


THE LAKE CHARLES CLIMATE NORMALS FOR TODAY
                         NORMAL    RECORD    YEAR
 MAXIMUM TEMPERATURE (F)   92       105      1909
 MINIMUM TEMPERATURE (F)   74        66      1992
                                             1913


SUNRISE AND SUNSET
AUGUST 18 2017........SUNRISE   642 AM CDT   SUNSET   751 PM CDT
AUGUST 19 2017........SUNRISE   643 AM CDT   SUNSET   750 PM CDT


-  INDICATES NEGATIVE NUMBERS.
R  INDICATES RECORD WAS SET OR TIED.
MM INDICATES DATA IS MISSING.
T  INDICATES TRACE AMOUNT.




$$
