000
CDUS44 KLCH 310829
CLILCH


CLIMATE REPORT
NATIONAL WEATHER SERVICE LAKE CHARLES, LA
329 AM CDT THU JUL 31 2014


...................................

...THE LAKE CHARLES CLIMATE SUMMARY FOR JULY 30 2014...

CLIMATE NORMAL PERIOD 1981 TO 2010
CLIMATE RECORD PERIOD 1895 TO 2014


WEATHER ITEM   OBSERVED TIME   RECORD YEAR NORMAL DEPARTURE LAST
                VALUE   (LST)  VALUE       VALUE  FROM      YEAR
                                                  NORMAL
..................................................................
TEMPERATURE (F)
 YESTERDAY
  MAXIMUM         91    405 PM  99    1948  92     -1       94
                                      1925
                                      1907
  MINIMUM         71    526 AM  65    1917  75     -4       73
  AVERAGE         81                        83     -2       84

PRECIPITATION (IN)
  YESTERDAY        0.00          2.31 1946   0.17  -0.17     0.00
  MONTH TO DATE    6.61                      5.46   1.15     1.71
  SINCE JUN 1     21.15                     12.31   8.84     5.77
  SINCE JAN 1     36.32                     33.19   3.13    35.29

SNOWFALL (IN)
  YESTERDAY        0.0           0.0    MM   0.0    0.0      0.0
  MONTH TO DATE    0.0                       0.0    0.0      0.0
  SINCE JUN 1      0.0                       0.0    0.0      0.0
  SINCE JUL 1      0.0                       0.0    0.0      0.0
  SNOW DEPTH       0

DEGREE DAYS
 HEATING
  YESTERDAY        0                         0      0        0
  MONTH TO DATE    0                         0      0        0
  SINCE JUN 1      0                         0      0        0
  SINCE JUL 1      0                         0      0        0

 COOLING
  YESTERDAY       16                        18     -2       19
  MONTH TO DATE  519                       537    -18      554
  SINCE JUN 1    995                      1017    -22     1099
  SINCE JAN 1   1434                      1555   -121     1584
..................................................................


WIND (MPH)
  HIGHEST WIND SPEED    13   HIGHEST WIND DIRECTION     E (110)
  HIGHEST GUST SPEED    15   HIGHEST GUST DIRECTION     E (110)
  AVERAGE WIND SPEED     5.6


SKY COVER
  POSSIBLE SUNSHINE  MM
  AVERAGE SKY COVER 0.0


WEATHER CONDITIONS
 THE FOLLOWING WEATHER WAS RECORDED YESTERDAY.
  NO SIGNIFICANT WEATHER WAS OBSERVED.


RELATIVE HUMIDITY (PERCENT)
 HIGHEST    93          1200 AM
 LOWEST     47           200 PM
 AVERAGE    70

..........................................................


THE LAKE CHARLES CLIMATE NORMALS FOR TODAY
                         NORMAL    RECORD    YEAR
 MAXIMUM TEMPERATURE (F)   92       100      1948
                                             1914
                                             1899
 MINIMUM TEMPERATURE (F)   75        67      1984
                                             1923
                                             1913


SUNRISE AND SUNSET
JULY 31 2014..........SUNRISE   631 AM CDT   SUNSET   807 PM CDT
AUGUST  1 2014........SUNRISE   632 AM CDT   SUNSET   806 PM CDT


-  INDICATES NEGATIVE NUMBERS.
R  INDICATES RECORD WAS SET OR TIED.
MM INDICATES DATA IS MISSING.
T  INDICATES TRACE AMOUNT.




$$
