000
CDUS44 KLCH 190843
CLILCH


CLIMATE REPORT
NATIONAL WEATHER SERVICE LAKE CHARLES, LA
243 AM CST THU JAN 19 2017


...................................

...THE LAKE CHARLES CLIMATE SUMMARY FOR JANUARY 18 2017...

CLIMATE NORMAL PERIOD 1981 TO 2010
CLIMATE RECORD PERIOD 1895 TO 2017


WEATHER ITEM   OBSERVED TIME   RECORD YEAR NORMAL DEPARTURE LAST
                VALUE   (LST)  VALUE       VALUE  FROM      YEAR
                                                  NORMAL
..................................................................
TEMPERATURE (F)
 YESTERDAY
  MAXIMUM         78   1245 PM  79    1952  61     17       60
                                      1950
                                      1935
  MINIMUM         70   1159 PM  13    1930  42     28       32
  AVERAGE         74                        52     22       46

PRECIPITATION (IN)
  YESTERDAY        0.17          2.60 1915   0.18  -0.01     0.00
  MONTH TO DATE    1.50                      3.16  -1.66     2.48
  SINCE DEC 1     13.55                      7.84   5.71     5.72
  SINCE JAN 1      1.50                      3.16  -1.66     2.48

SNOWFALL (IN)
  YESTERDAY        0.0           0.3  1940   0.0    0.0      0.0
  MONTH TO DATE    T                         0.0    0.0      0.0
  SINCE DEC 1      T                         T      0.0      0.0
  SINCE JUL 1      T                         T      0.0      0.0
  SNOW DEPTH       0

DEGREE DAYS
 HEATING
  YESTERDAY        0                        14    -14       19
  MONTH TO DATE  136                       252   -116      276
  SINCE DEC 1    389                       619   -230      482
  SINCE JUL 1    483                       826   -343      558

 COOLING
  YESTERDAY        9                         0      9        0
  MONTH TO DATE   48                         0     48        0
  SINCE DEC 1    104                        20     84       57
  SINCE JAN 1     48                         0     48        0
..................................................................


WIND (MPH)
  HIGHEST WIND SPEED    18   HIGHEST WIND DIRECTION     S (190)
  HIGHEST GUST SPEED    26   HIGHEST GUST DIRECTION     S (190)
  AVERAGE WIND SPEED     9.6


SKY COVER
  POSSIBLE SUNSHINE  MM
  AVERAGE SKY COVER 1.0


WEATHER CONDITIONS
 THE FOLLOWING WEATHER WAS RECORDED YESTERDAY.
  HEAVY RAIN
  LIGHT RAIN
  FOG


RELATIVE HUMIDITY (PERCENT)
 HIGHEST   100           100 AM
 LOWEST     76          1200 PM
 AVERAGE    88

..........................................................


THE LAKE CHARLES CLIMATE NORMALS FOR TODAY
                         NORMAL    RECORD    YEAR
 MAXIMUM TEMPERATURE (F)   61        86      1914
 MINIMUM TEMPERATURE (F)   42        14      1940


SUNRISE AND SUNSET
JANUARY 19 2017.......SUNRISE   709 AM CST   SUNSET   539 PM CST
JANUARY 20 2017.......SUNRISE   709 AM CST   SUNSET   540 PM CST


-  INDICATES NEGATIVE NUMBERS.
R  INDICATES RECORD WAS SET OR TIED.
MM INDICATES DATA IS MISSING.
T  INDICATES TRACE AMOUNT.




$$
