000
CDUS44 KLCH 262215
CLILCH


CLIMATE REPORT
NATIONAL WEATHER SERVICE LAKE CHARLES, LA
515 PM CDT MON JUN 26 2017


...................................

...THE LAKE CHARLES CLIMATE SUMMARY FOR JUNE 26 2017...
VALID TODAY AS OF 0500 PM LOCAL TIME.

CLIMATE NORMAL PERIOD 1981 TO 2010
CLIMATE RECORD PERIOD 1895 TO 2017


WEATHER ITEM   OBSERVED TIME   RECORD YEAR NORMAL DEPARTURE LAST
                VALUE   (LST)  VALUE       VALUE  FROM      YEAR
                                                  NORMAL
..................................................................
TEMPERATURE (F)
 TODAY
  MAXIMUM         88   1249 PM 103    1930  90     -2       92
  MINIMUM         74    613 AM  60    1912  74      0       78
  AVERAGE         81                        82     -1       85

PRECIPITATION (IN)
  TODAY            T             4.14 1919   0.24  -0.24     0.30
  MONTH TO DATE    7.20                      5.91   1.29     9.14
  SINCE JUN 1      7.20                      5.91   1.29     9.14
  SINCE JAN 1     33.85                     26.79   7.06    38.46

SNOWFALL (IN)
  TODAY            0.0           0.0    MM   0.0    0.0      0.0
  MONTH TO DATE    0.0                       0.0    0.0      0.0
  SINCE JUN 1      0.0                       0.0    0.0      0.0
  SINCE JUL 1      T                         0.1   -0.1      0.0
  SNOW DEPTH       0

DEGREE DAYS
 HEATING
  TODAY            0                         0      0        0
  MONTH TO DATE    0                         0      0        0
  SINCE JUN 1      0                         0      0        0
  SINCE JUL 1    743                      1490   -747     1034

 COOLING
  TODAY           16                        17     -1       20
  MONTH TO DATE  420                       411      9      431
  SINCE JUN 1    420                       411      9      431
  SINCE JAN 1   1123                       949    174     1047
..................................................................


WIND (MPH)
  HIGHEST WIND SPEED    13   HIGHEST WIND DIRECTION     E (80)
  HIGHEST GUST SPEED    16   HIGHEST GUST DIRECTION     E (110)
  AVERAGE WIND SPEED     7.4


SKY COVER
  POSSIBLE SUNSHINE  MM
  AVERAGE SKY COVER 0.4


WEATHER CONDITIONS
 THE FOLLOWING WEATHER WAS RECORDED TODAY.
  THUNDERSTORM
  LIGHT RAIN


RELATIVE HUMIDITY (PERCENT)
 HIGHEST   100           400 AM
 LOWEST     70           100 PM
 AVERAGE    85

..........................................................


THE LAKE CHARLES CLIMATE NORMALS FOR TOMORROW
                         NORMAL    RECORD    YEAR
 MAXIMUM TEMPERATURE (F)   90       106      1930
 MINIMUM TEMPERATURE (F)   74        58      1974


SUNRISE AND SUNSET
JUNE 26 2017..........SUNRISE   613 AM CDT   SUNSET   818 PM CDT
JUNE 27 2017..........SUNRISE   614 AM CDT   SUNSET   818 PM CDT


-  INDICATES NEGATIVE NUMBERS.
R  INDICATES RECORD WAS SET OR TIED.
MM INDICATES DATA IS MISSING.
T  INDICATES TRACE AMOUNT.




$$
