433
CDUS44 KLCH 250836
CLILCH


CLIMATE REPORT
NATIONAL WEATHER SERVICE LAKE CHARLES, LA
336 AM CDT TUE APR 25 2017


...................................

...THE LAKE CHARLES CLIMATE SUMMARY FOR APRIL 24 2017...

CLIMATE NORMAL PERIOD 1981 TO 2010
CLIMATE RECORD PERIOD 1895 TO 2017


WEATHER ITEM   OBSERVED TIME   RECORD YEAR NORMAL DEPARTURE LAST
                VALUE   (LST)  VALUE       VALUE  FROM      YEAR
                                                  NORMAL
..................................................................
TEMPERATURE (F)
 YESTERDAY
  MAXIMUM         79    320 PM  88    1958  80     -1       80
  MINIMUM         50    214 AM  37    1910  61    -11       59
  AVERAGE         65                        70     -5       70

PRECIPITATION (IN)
  YESTERDAY        0.00          5.08 1953   0.12  -0.12     0.00
  MONTH TO DATE    2.51                      2.62  -0.11     5.58
  SINCE MAR 1      6.62                      6.28   0.34     9.03
  SINCE JAN 1     13.57                     14.97  -1.40    14.20

SNOWFALL (IN)
  YESTERDAY        0.0           0.0    MM   0.0    0.0      0.0
  MONTH TO DATE    0.0                       0.0    0.0      0.0
  SINCE MAR 1      0.0                       0.0    0.0      0.0
  SINCE JUL 1      T                         0.1   -0.1      0.0
  SNOW DEPTH       0

DEGREE DAYS
 HEATING
  YESTERDAY        0                         1     -1        0
  MONTH TO DATE    3                        43    -40       17
  SINCE MAR 1     80                       205   -125       85
  SINCE JUL 1    738                      1487   -749     1034

 COOLING
  YESTERDAY        0                         6     -6        5
  MONTH TO DATE  134                        99     35       96
  SINCE MAR 1    242                       148     94      206
  SINCE JAN 1    373                       171    202      221
..................................................................


WIND (MPH)
  HIGHEST WIND SPEED    13   HIGHEST WIND DIRECTION    SW (210)
  HIGHEST GUST SPEED    18   HIGHEST GUST DIRECTION    SW (220)
  AVERAGE WIND SPEED     4.2


SKY COVER
  POSSIBLE SUNSHINE  MM
  AVERAGE SKY COVER 0.0


WEATHER CONDITIONS
 THE FOLLOWING WEATHER WAS RECORDED YESTERDAY.
  LIGHT RAIN
  FOG


RELATIVE HUMIDITY (PERCENT)
 HIGHEST   100          1200 AM
 LOWEST     30           200 PM
 AVERAGE    65

..........................................................


THE LAKE CHARLES CLIMATE NORMALS FOR TODAY
                         NORMAL    RECORD    YEAR
 MAXIMUM TEMPERATURE (F)   80        89      1999
                                             1908
 MINIMUM TEMPERATURE (F)   61        33      1910


SUNRISE AND SUNSET
APRIL 25 2017.........SUNRISE   635 AM CDT   SUNSET   747 PM CDT
APRIL 26 2017.........SUNRISE   634 AM CDT   SUNSET   747 PM CDT


-  INDICATES NEGATIVE NUMBERS.
R  INDICATES RECORD WAS SET OR TIED.
MM INDICATES DATA IS MISSING.
T  INDICATES TRACE AMOUNT.




$$
