000
CDUS43 KLMK 210628
CLILEX


CLIMATE REPORT
NATIONAL WEATHER SERVICE LOUISVILLE KY
227 AM EDT FRI JUL 21 2017


...................................

...THE LEXINGTON KY CLIMATE SUMMARY FOR JULY 20 2017...

CLIMATE NORMAL PERIOD 1981 TO 2010
CLIMATE RECORD PERIOD 1872 TO 2017


WEATHER ITEM   OBSERVED TIME   RECORD YEAR NORMAL DEPARTURE LAST
                VALUE   (LST)  VALUE       VALUE  FROM      YEAR
                                                  NORMAL
..................................................................
TEMPERATURE (F)
 YESTERDAY
  MAXIMUM         92    357 PM  99    1954  86      6       92
  MINIMUM         68    328 AM  52    1947  67      1       70
                                      1929
  AVERAGE         80                        76      4       81

PRECIPITATION (IN)
  YESTERDAY        0.00          4.38 1998   0.15  -0.15      T
  MONTH TO DATE    3.23                      2.99   0.24     2.93
  SINCE JUN 1      9.01                      7.43   1.58     7.49
  SINCE JAN 1     27.87                     26.76   1.11    25.78

SNOWFALL (IN)
  YESTERDAY        0.0          MM      MM   0.0    0.0      0.0
  MONTH TO DATE    0.0                       0.0    0.0      0.0
  SINCE JUN 1      0.0                       0.0    0.0      0.0
  SINCE JUL 1      0.0                       0.0    0.0      0.0
  SNOW DEPTH       0

DEGREE DAYS
 HEATING
  YESTERDAY        0                         0      0        0
  MONTH TO DATE    0                         0      0        0
  SINCE JUN 1      5                        11     -6        1
  SINCE JUL 1      0                         0      0        0

 COOLING
  YESTERDAY       15                        11      4       16
  MONTH TO DATE  248                       220     28      246
  SINCE JUN 1    491                       462     29      559
  SINCE JAN 1    688                       569    119      673
..................................................................


WIND (MPH)
  HIGHEST WIND SPEED    14   HIGHEST WIND DIRECTION    SW (230)
  HIGHEST GUST SPEED    18   HIGHEST GUST DIRECTION    SW (210)
  AVERAGE WIND SPEED     4.6


SKY COVER
  POSSIBLE SUNSHINE  MM
  AVERAGE SKY COVER 0.1


WEATHER CONDITIONS
 THE FOLLOWING WEATHER WAS RECORDED YESTERDAY.
  FOG
  HAZE


RELATIVE HUMIDITY (PERCENT)
 HIGHEST    90           600 AM
 LOWEST     52           400 PM
 AVERAGE    71

..........................................................


THE LEXINGTON KY CLIMATE NORMALS FOR TODAY
                         NORMAL    RECORD    YEAR
 MAXIMUM TEMPERATURE (F)   86       100      1934
 MINIMUM TEMPERATURE (F)   66        53      1970
                                             1966
                                             1944


SUNRISE AND SUNSET
JULY 21 2017..........SUNRISE   633 AM EDT   SUNSET   857 PM EDT
JULY 22 2017..........SUNRISE   633 AM EDT   SUNSET   856 PM EDT


-  INDICATES NEGATIVE NUMBERS.
R  INDICATES RECORD WAS SET OR TIED.
MM INDICATES DATA IS MISSING.
T  INDICATES TRACE AMOUNT.




$$
