000
CDUS43 KLMK 020627
CLILEX


CLIMATE REPORT
NATIONAL WEATHER SERVICE LOUISVILLE KY
227 AM EDT SUN AUG 2 2015


...................................

...THE LEXINGTON KY CLIMATE SUMMARY FOR AUGUST 1 2015...

CLIMATE NORMAL PERIOD 1981 TO 2010
CLIMATE RECORD PERIOD 1872 TO 2015


WEATHER ITEM   OBSERVED TIME   RECORD YEAR NORMAL DEPARTURE LAST
                VALUE   (LST)  VALUE       VALUE  FROM      YEAR
                                                  NORMAL
..................................................................
TEMPERATURE (F)
 YESTERDAY
  MAXIMUM         86    328 PM  97    1953  86      0       86
                                      1942
  MINIMUM         63    537 AM  54    1925  66     -3       59
  AVERAGE         75                        76     -1       73

PRECIPITATION (IN)
  YESTERDAY        0.00          2.12 1915   0.13  -0.13     0.00
  MONTH TO DATE    0.00                      0.13  -0.13     0.00
  SINCE JUN 1     15.30                      9.22   6.08     8.82
  SINCE JAN 1     41.09                     28.55  12.54    30.17

SNOWFALL (IN)
  YESTERDAY        0.0          MM      MM   0.0    0.0      0.0
  MONTH TO DATE    0.0                       0.0    0.0      0.0
  SINCE JUN 1      0.0                       0.0    0.0      0.0
  SINCE JUL 1      0.0                       0.0    0.0      0.0
  SNOW DEPTH       0

DEGREE DAYS
 HEATING
  YESTERDAY        0                         0      0        0
  MONTH TO DATE    0                         0      0        0
  SINCE JUN 1     18                        11      7        2
  SINCE JUL 1      0                         0      0        2

 COOLING
  YESTERDAY       10                        11     -1        8
  MONTH TO DATE   10                        11     -1        8
  SINCE JUN 1    648                       600     48      583
  SINCE JAN 1    816                       707    109      744
..................................................................


WIND (MPH)
  HIGHEST WIND SPEED    13   HIGHEST WIND DIRECTION    NW (300)
  HIGHEST GUST SPEED    17   HIGHEST GUST DIRECTION     W (280)
  AVERAGE WIND SPEED     3.7


SKY COVER
  POSSIBLE SUNSHINE  MM
  AVERAGE SKY COVER 0.0


WEATHER CONDITIONS
 THE FOLLOWING WEATHER WAS RECORDED YESTERDAY.
  NO SIGNIFICANT WEATHER WAS OBSERVED.


RELATIVE HUMIDITY (PERCENT)
 HIGHEST    87           600 AM
 LOWEST     40           300 PM
 AVERAGE    64

..........................................................


THE LEXINGTON KY CLIMATE NORMALS FOR TODAY
                         NORMAL    RECORD    YEAR
 MAXIMUM TEMPERATURE (F)   86        98      2002
                                             1942
 MINIMUM TEMPERATURE (F)   66        55      1920


SUNRISE AND SUNSET
AUGUST  2 2015........SUNRISE   642 AM EDT   SUNSET   847 PM EDT
AUGUST  3 2015........SUNRISE   643 AM EDT   SUNSET   846 PM EDT


-  INDICATES NEGATIVE NUMBERS.
R  INDICATES RECORD WAS SET OR TIED.
MM INDICATES DATA IS MISSING.
T  INDICATES TRACE AMOUNT.




$$
