000
CDUS43 KLMK 290629
CLILEX


CLIMATE REPORT
NATIONAL WEATHER SERVICE LOUISVILLE KY
228 AM EDT SUN MAR 29 2015


...................................

...THE LEXINGTON KY CLIMATE SUMMARY FOR MARCH 28 2015...

CLIMATE NORMAL PERIOD 1981 TO 2010
CLIMATE RECORD PERIOD 1872 TO 2015


WEATHER ITEM   OBSERVED TIME   RECORD YEAR NORMAL DEPARTURE LAST
                VALUE   (LST)  VALUE       VALUE  FROM      YEAR
                                                  NORMAL
..................................................................
TEMPERATURE (F)
 YESTERDAY
  MAXIMUM         41    341 PM  83    1910  60    -19       68
                                      1907
  MINIMUM         19    652 AM   1    1947  39    -20       50
  AVERAGE         30                        49    -19       59

PRECIPITATION (IN)
  YESTERDAY        0.00          2.45 1975   0.13  -0.13     0.22
  MONTH TO DATE    7.46                      3.67   3.79     2.13
  SINCE MAR 1      7.46                      3.67   3.79     2.13
  SINCE JAN 1     12.31                     10.07   2.24     9.17

SNOWFALL (IN)
  YESTERDAY        0.0           1.8  1889   0.0    0.0      0.0
  MONTH TO DATE   17.1                       1.3   15.8      7.5
  SINCE MAR 1     17.1                       1.3   15.8      7.5
  SINCE JUL 1     40.0                      12.6   27.4     26.8
  SNOW DEPTH       0

DEGREE DAYS
 HEATING
  YESTERDAY       35                        16     19        6
  MONTH TO DATE  604                       560     44      661
  SINCE MAR 1    604                       560     44      661
  SINCE JUL 1   4582                      4131    451     4504

 COOLING
  YESTERDAY        0                         0      0        0
  MONTH TO DATE    0                         0      0        0
  SINCE MAR 1      0                         0      0        0
  SINCE JAN 1      0                         0      0        0
..................................................................


WIND (MPH)
  HIGHEST WIND SPEED    15   HIGHEST WIND DIRECTION     N (340)
  HIGHEST GUST SPEED    19   HIGHEST GUST DIRECTION    NW (320)
  AVERAGE WIND SPEED     6.4


SKY COVER
  POSSIBLE SUNSHINE  MM
  AVERAGE SKY COVER 0.2


WEATHER CONDITIONS
 THE FOLLOWING WEATHER WAS RECORDED YESTERDAY.
  NO SIGNIFICANT WEATHER WAS OBSERVED.


RELATIVE HUMIDITY (PERCENT)
 HIGHEST    74           300 AM
 LOWEST     32           600 PM
 AVERAGE    53

..........................................................


THE LEXINGTON KY CLIMATE NORMALS FOR TODAY
                         NORMAL    RECORD    YEAR
 MAXIMUM TEMPERATURE (F)   60        83      1910
 MINIMUM TEMPERATURE (F)   39        17      1964


SUNRISE AND SUNSET
MARCH 29 2015.........SUNRISE   729 AM EDT   SUNSET   758 PM EDT
MARCH 30 2015.........SUNRISE   727 AM EDT   SUNSET   759 PM EDT


-  INDICATES NEGATIVE NUMBERS.
R  INDICATES RECORD WAS SET OR TIED.
MM INDICATES DATA IS MISSING.
T  INDICATES TRACE AMOUNT.




$$
