000
CDUS44 KSHV 280739
CLILFK


CLIMATE REPORT
NATIONAL WEATHER SERVICE SHREVEPORT, LA
237 AM CDT SAT MAY 28 2016


...................................

...THE LUFKIN CLIMATE SUMMARY FOR MAY 27 2016...

CLIMATE NORMAL PERIOD 1981 TO 2010
CLIMATE RECORD PERIOD 1906 TO 2016


WEATHER ITEM   OBSERVED TIME   RECORD YEAR NORMAL DEPARTURE LAST
                VALUE   (LST)  VALUE       VALUE  FROM      YEAR
                                                  NORMAL
..................................................................
TEMPERATURE (F)
 YESTERDAY
  MAXIMUM         70    205 AM  98    1958  87    -17       90
  MINIMUM         65   1159 PM  48    1988  66     -1       66
  AVERAGE         68                        77     -9       78

PRECIPITATION (IN)
  YESTERDAY        3.82R         3.11 1948   0.17   3.65     1.04
  MONTH TO DATE    5.73                      3.98   1.75    15.30
  SINCE DEC 1     29.62                     23.30   6.32    37.68
  SINCE JAN 1     25.57                     18.86   6.71    35.63

SNOWFALL (IN)
  YESTERDAY        0.0
  MONTH TO DATE    0.0
  SINCE MAR 1      0.0
  SINCE JUL 1      0.0
  SNOW DEPTH       0

DEGREE DAYS
 HEATING
  YESTERDAY        0                         0      0        0
  MONTH TO DATE    2                         1      1        0
  SINCE MAR 1    150                       280   -130      171
  SINCE JUL 1   1472                      1914   -442     1691

 COOLING
  YESTERDAY        3                        12     -9       13
  MONTH TO DATE  198                       242    -44      319
  SINCE MAR 1    386                       399    -13      616
  SINCE JAN 1    400                       418    -18      622
..................................................................


WIND (MPH)
  HIGHEST WIND SPEED    25   HIGHEST WIND DIRECTION     E (110)
  HIGHEST GUST SPEED    35   HIGHEST GUST DIRECTION     E (100)
  AVERAGE WIND SPEED     9.4


SKY COVER
  POSSIBLE SUNSHINE  MM
  AVERAGE SKY COVER 0.6


WEATHER CONDITIONS
 THE FOLLOWING WEATHER WAS RECORDED YESTERDAY.
  THUNDERSTORM
  HEAVY RAIN
  RAIN
  LIGHT RAIN
  FOG


RELATIVE HUMIDITY (PERCENT)
 HIGHEST   100           100 PM
 LOWEST     84           100 AM
 AVERAGE    92

..........................................................


THE LUFKIN CLIMATE NORMALS FOR TODAY
                         NORMAL    RECORD    YEAR
 MAXIMUM TEMPERATURE (F)   88        99      1996
 MINIMUM TEMPERATURE (F)   67        48      1961


SUNRISE AND SUNSET
MAY 28 2016...........SUNRISE   617 AM CDT   SUNSET   816 PM CDT
MAY 29 2016...........SUNRISE   616 AM CDT   SUNSET   817 PM CDT


-  INDICATES NEGATIVE NUMBERS.
R  INDICATES RECORD WAS SET OR TIED.
MM INDICATES DATA IS MISSING.
T  INDICATES TRACE AMOUNT.




$$
