000
CDUS44 KSHV 020742
CLILFK


CLIMATE REPORT
NATIONAL WEATHER SERVICE SHREVEPORT, LA
240 AM CDT SAT AUG 2 2014


...................................

...THE LUFKIN CLIMATE SUMMARY FOR AUGUST 1 2014...

CLIMATE NORMAL PERIOD 1981 TO 2010
CLIMATE RECORD PERIOD 1906 TO 2014


WEATHER ITEM   OBSERVED TIME   RECORD YEAR NORMAL DEPARTURE LAST
                VALUE   (LST)  VALUE       VALUE  FROM      YEAR
                                                  NORMAL
..................................................................
TEMPERATURE (F)
 YESTERDAY
  MAXIMUM         79   1126 AM 107    1998  94    -15       99
  MINIMUM         72   1147 PM  64    1936  72      0       75
  AVERAGE         76                        83     -7       87

PRECIPITATION (IN)
  YESTERDAY        T             1.70 1979   0.10  -0.10     0.08
  MONTH TO DATE    T                         0.10  -0.10     0.08
  SINCE DEC 1     31.53                     31.79  -0.26    29.12
  SINCE JAN 1     29.32                     27.35   1.97    24.81

SNOWFALL (IN)
  YESTERDAY        0.0
  MONTH TO DATE    0.0
  SINCE JUN 1      0.0
  SINCE JUL 1      0.0
  SNOW DEPTH       0

DEGREE DAYS
 HEATING
  YESTERDAY        0                         0      0        0
  MONTH TO DATE    0                         0      0        0
  SINCE JUN 1      0                         0      0        0
  SINCE JUL 1      0                         0      0        0

 COOLING
  YESTERDAY       11                        18     -7       22
  MONTH TO DATE   11                        18     -7       22
  SINCE JUN 1   1130                      1020    110     1081
  SINCE JAN 1   1626                      1489    137     1595
..................................................................


WIND (MPH)
  HIGHEST WIND SPEED    10   HIGHEST WIND DIRECTION    NW (300)
  HIGHEST GUST SPEED    15   HIGHEST GUST DIRECTION    NW (320)
  AVERAGE WIND SPEED     5.1


SKY COVER
  POSSIBLE SUNSHINE  MM
  AVERAGE SKY COVER 1.0


WEATHER CONDITIONS
 THE FOLLOWING WEATHER WAS RECORDED YESTERDAY.
  LIGHT RAIN
  FOG
  HAZE


RELATIVE HUMIDITY (PERCENT)
 HIGHEST    94           400 AM
 LOWEST     74           900 AM
 AVERAGE    84

..........................................................


THE LUFKIN CLIMATE NORMALS FOR TODAY
                         NORMAL    RECORD    YEAR
 MAXIMUM TEMPERATURE (F)   95       108      1998
 MINIMUM TEMPERATURE (F)   72        61      1965


SUNRISE AND SUNSET
AUGUST  2 2014........SUNRISE   636 AM CDT   SUNSET   814 PM CDT
AUGUST  3 2014........SUNRISE   637 AM CDT   SUNSET   813 PM CDT


-  INDICATES NEGATIVE NUMBERS.
R  INDICATES RECORD WAS SET OR TIED.
MM INDICATES DATA IS MISSING.
T  INDICATES TRACE AMOUNT.




$$
