000
CDUS44 KSHV 292139
CLILFK


CLIMATE REPORT
NATIONAL WEATHER SERVICE SHREVEPORT, LA
438 PM CDT FRI MAY 29 2015


...................................

...THE LUFKIN CLIMATE SUMMARY FOR MAY 29 2015...
VALID TODAY AS OF 0400 PM LOCAL TIME.

CLIMATE NORMAL PERIOD 1981 TO 2010
CLIMATE RECORD PERIOD 1906 TO 2015


WEATHER ITEM   OBSERVED TIME   RECORD YEAR NORMAL DEPARTURE LAST
                VALUE   (LST)  VALUE       VALUE  FROM      YEAR
                                                  NORMAL
..................................................................
TEMPERATURE (F)
 TODAY
  MAXIMUM         88    259 PM  99    1996  88      0       86
  MINIMUM         76    110 AM  55    1961  67      9       66
  AVERAGE         82                        77      5       76

PRECIPITATION (IN)
  TODAY            T             3.14 1967   0.16  -0.16     0.00
  MONTH TO DATE   14.26                      4.31   9.95     8.11
  SINCE DEC 1     36.64                     23.63  13.01    18.56
  SINCE JAN 1     34.59                     19.19  15.40    16.35

DEGREE DAYS
 HEATING
  TODAY            0                         0      0        0
  MONTH TO DATE    0                         1     -1       11
  SINCE MAR 1    171                       280   -109      322
  SINCE JUL 1   1691                      1914   -223     2125

 COOLING
  TODAY           17                        12      5       11
  MONTH TO DATE  353                       266     87      272
  SINCE MAR 1    650                       423    227      448
  SINCE JAN 1    656                       442    214      466
..................................................................


WIND (MPH)
  HIGHEST WIND SPEED    21   HIGHEST WIND DIRECTION    SE (130)
  HIGHEST GUST SPEED    26   HIGHEST GUST DIRECTION    SE (130)
  AVERAGE WIND SPEED     9.7


SKY COVER
  POSSIBLE SUNSHINE  MM
  AVERAGE SKY COVER 0.5


WEATHER CONDITIONS
 THE FOLLOWING WEATHER WAS RECORDED TODAY.
  THUNDERSTORM
  LIGHT RAIN


RELATIVE HUMIDITY (PERCENT)
 HIGHEST    87           100 AM
 LOWEST     55           300 PM
 AVERAGE    71

..........................................................


THE LUFKIN CLIMATE NORMALS FOR TOMORROW
                         NORMAL    RECORD    YEAR
 MAXIMUM TEMPERATURE (F)   88        99      1998
 MINIMUM TEMPERATURE (F)   67        49      1984


SUNRISE AND SUNSET
MAY 29 2015...........SUNRISE   616 AM CDT   SUNSET   817 PM CDT
MAY 30 2015...........SUNRISE   616 AM CDT   SUNSET   817 PM CDT


-  INDICATES NEGATIVE NUMBERS.
R  INDICATES RECORD WAS SET OR TIED.
MM INDICATES DATA IS MISSING.
T  INDICATES TRACE AMOUNT.




$$
