000
CDUS44 KSHV 250842
CLILFK


CLIMATE REPORT
NATIONAL WEATHER SERVICE SHREVEPORT, LA
242 AM CST SUN JAN 25 2015


...................................

...THE LUFKIN CLIMATE SUMMARY FOR JANUARY 24 2015...

CLIMATE NORMAL PERIOD 1981 TO 2010
CLIMATE RECORD PERIOD 1906 TO 2015


WEATHER ITEM   OBSERVED TIME   RECORD YEAR NORMAL DEPARTURE LAST
                VALUE   (LST)  VALUE       VALUE  FROM      YEAR
                                                  NORMAL
..................................................................
TEMPERATURE (F)
 YESTERDAY
  MAXIMUM         61    422 PM  81    1943  60      1       38
  MINIMUM         30    720 AM  10    1940  39     -9       26
  AVERAGE         46                        49     -3       32

PRECIPITATION (IN)
  YESTERDAY        0.00          3.07 1974   0.14  -0.14     0.05
  MONTH TO DATE    7.36                      3.18   4.18     1.13
  SINCE DEC 1      9.41                      7.62   1.79     3.34
  SINCE JAN 1      7.36                      3.18   4.18     1.13

SNOWFALL (IN)
  YESTERDAY        0.0
  MONTH TO DATE    0.0
  SINCE DEC 1      0.0
  SINCE JUL 1      0.0
  SNOW DEPTH       0

DEGREE DAYS
 HEATING
  YESTERDAY       19                        16      3       33
  MONTH TO DATE  452                       396     56      427
  SINCE DEC 1    776                       867    -91      942
  SINCE JUL 1   1072                      1174   -102     1298

 COOLING
  YESTERDAY        0                         0      0        0
  MONTH TO DATE    0                         0      0        0
  SINCE DEC 1     12                        13     -1       16
  SINCE JAN 1      0                         0      0        0
..................................................................


WIND (MPH)
  HIGHEST WIND SPEED    12   HIGHEST WIND DIRECTION     W (250)
  HIGHEST GUST SPEED    16   HIGHEST GUST DIRECTION    SW (210)
  AVERAGE WIND SPEED     3.2


SKY COVER
  POSSIBLE SUNSHINE  MM
  AVERAGE SKY COVER 0.0


WEATHER CONDITIONS
 THE FOLLOWING WEATHER WAS RECORDED YESTERDAY.
  FOG
  HAZE


RELATIVE HUMIDITY (PERCENT)
 HIGHEST    89           200 AM
 LOWEST     36           400 PM
 AVERAGE    63

..........................................................


THE LUFKIN CLIMATE NORMALS FOR TODAY
                         NORMAL    RECORD    YEAR
 MAXIMUM TEMPERATURE (F)   60        83      1950
 MINIMUM TEMPERATURE (F)   39        18      1930


SUNRISE AND SUNSET
JANUARY 25 2015.......SUNRISE   715 AM CST   SUNSET   548 PM CST
JANUARY 26 2015.......SUNRISE   715 AM CST   SUNSET   549 PM CST


-  INDICATES NEGATIVE NUMBERS.
R  INDICATES RECORD WAS SET OR TIED.
MM INDICATES DATA IS MISSING.
T  INDICATES TRACE AMOUNT.




$$
