000
CDUS44 KSHV 260744
CLILFK


CLIMATE REPORT
NATIONAL WEATHER SERVICE SHREVEPORT, LA
241 AM CDT TUE JUL 26 2016


...................................

...THE LUFKIN CLIMATE SUMMARY FOR JULY 25 2016...

CLIMATE NORMAL PERIOD 1981 TO 2010
CLIMATE RECORD PERIOD 1906 TO 2016


WEATHER ITEM   OBSERVED TIME   RECORD YEAR NORMAL DEPARTURE LAST
                VALUE   (LST)  VALUE       VALUE  FROM      YEAR
                                                  NORMAL
..................................................................
TEMPERATURE (F)
 YESTERDAY
  MAXIMUM         94    226 PM 107    1954  94      0       99
  MINIMUM         74    319 AM  64    2000  72      2       74
  AVERAGE         84                        83      1       87

PRECIPITATION (IN)
  YESTERDAY        0.15          3.46 1959   0.09   0.06     0.00
  MONTH TO DATE    0.50                      2.53  -2.03     0.23
  SINCE DEC 1     36.27                     31.17   5.10    48.51
  SINCE JAN 1     32.22                     26.73   5.49    46.46

SNOWFALL (IN)
  YESTERDAY        0.0
  MONTH TO DATE    0.0
  SINCE JUN 1      0.0
  SINCE JUL 1      0.0
  SNOW DEPTH       0

DEGREE DAYS
 HEATING
  YESTERDAY        0                         0      0        0
  MONTH TO DATE    0                         0      0        0
  SINCE JUN 1      0                         0      0        0
  SINCE JUL 1      0                         0      0        0

 COOLING
  YESTERDAY       19                        18      1       22
  MONTH TO DATE  499                       441     58      495
  SINCE JUN 1    974                       893     81     1048
  SINCE JAN 1   1420                      1362     58     1731
..................................................................


WIND (MPH)
  HIGHEST WIND SPEED    15   HIGHEST WIND DIRECTION     S (160)
  HIGHEST GUST SPEED    21   HIGHEST GUST DIRECTION     S (170)
  AVERAGE WIND SPEED     3.5


SKY COVER
  POSSIBLE SUNSHINE  MM
  AVERAGE SKY COVER 0.2


WEATHER CONDITIONS
 THE FOLLOWING WEATHER WAS RECORDED YESTERDAY.
  THUNDERSTORM
  RAIN
  LIGHT RAIN
  FOG
  FOG W/VISIBILITY <= 1/4 MILE


RELATIVE HUMIDITY (PERCENT)
 HIGHEST   100           300 AM
 LOWEST     52           100 PM
 AVERAGE    76

..........................................................


THE LUFKIN CLIMATE NORMALS FOR TODAY
                         NORMAL    RECORD    YEAR
 MAXIMUM TEMPERATURE (F)   94       104      1925
 MINIMUM TEMPERATURE (F)   72        64      1920


SUNRISE AND SUNSET
JULY 26 2016..........SUNRISE   632 AM CDT   SUNSET   818 PM CDT
JULY 27 2016..........SUNRISE   633 AM CDT   SUNSET   818 PM CDT


-  INDICATES NEGATIVE NUMBERS.
R  INDICATES RECORD WAS SET OR TIED.
MM INDICATES DATA IS MISSING.
T  INDICATES TRACE AMOUNT.




$$
