000
CDUS44 KSHV 060947
CLILFK


CLIMATE REPORT
NATIONAL WEATHER SERVICE SHREVEPORT, LA
250 AM CST TUE DEC 6 2016


...................................

...THE LUFKIN CLIMATE SUMMARY FOR DECEMBER 5 2016...

CLIMATE NORMAL PERIOD 1981 TO 2010
CLIMATE RECORD PERIOD 1906 TO 2016


WEATHER ITEM   OBSERVED TIME   RECORD YEAR NORMAL DEPARTURE LAST
                VALUE   (LST)  VALUE       VALUE  FROM      YEAR
                                                  NORMAL
..................................................................
TEMPERATURE (F)
 YESTERDAY
  MAXIMUM         49   1159 PM  83    1906  63    -14       63
  MINIMUM         46    918 AM  22    2009  41      5       31
  AVERAGE         48                        52     -4       47

PRECIPITATION (IN)
  YESTERDAY        0.75          2.10 1944   0.16   0.59     0.00
  MONTH TO DATE    4.73                      0.78   3.95     0.03
  SINCE DEC 1      4.73                      0.78   3.95     0.03
  SINCE JAN 1     50.06                     45.29   4.77    61.70

SNOWFALL (IN)
  YESTERDAY       MM
  MONTH TO DATE    0.0
  SINCE DEC 1      0.0
  SINCE JUL 1      0.0
  SNOW DEPTH       0

DEGREE DAYS
 HEATING
  YESTERDAY       17                        13      4       18
  MONTH TO DATE   79                        64     15       84
  SINCE DEC 1     79                        64     15       84
  SINCE JUL 1    227                       371   -144      269

 COOLING
  YESTERDAY        0                         0      0        0
  MONTH TO DATE    0                         4     -4        0
  SINCE DEC 1      0                         4     -4        0
  SINCE JAN 1   2809                      2587    222     3068
..................................................................


WIND (MPH)
  HIGHEST WIND SPEED    14   HIGHEST WIND DIRECTION     E (70)
  HIGHEST GUST SPEED    20   HIGHEST GUST DIRECTION     N (20)
  AVERAGE WIND SPEED     6.2


SKY COVER
  POSSIBLE SUNSHINE  MM
  AVERAGE SKY COVER 1.0


WEATHER CONDITIONS
 THE FOLLOWING WEATHER WAS RECORDED YESTERDAY.
  RAIN
  LIGHT RAIN
  FOG


RELATIVE HUMIDITY (PERCENT)
 HIGHEST   100           200 AM
 LOWEST     86          1200 AM
 AVERAGE    93

..........................................................


THE LUFKIN CLIMATE NORMALS FOR TODAY
                         NORMAL    RECORD    YEAR
 MAXIMUM TEMPERATURE (F)   63        86      1927
 MINIMUM TEMPERATURE (F)   41        15      1950


SUNRISE AND SUNSET
DECEMBER  6 2016......SUNRISE   704 AM CST   SUNSET   516 PM CST
DECEMBER  7 2016......SUNRISE   705 AM CST   SUNSET   516 PM CST


-  INDICATES NEGATIVE NUMBERS.
R  INDICATES RECORD WAS SET OR TIED.
MM INDICATES DATA IS MISSING.
T  INDICATES TRACE AMOUNT.




$$
