000
CDUS44 KSHV 060008
CLILFK


CLIMATE REPORT
NATIONAL WEATHER SERVICE SHREVEPORT, LA
607 PM CST FRI FEB 5 2016


...................................

...THE LUFKIN CLIMATE SUMMARY FOR FEBRUARY 5 2016...
VALID TODAY AS OF 0600 PM LOCAL TIME.

CLIMATE NORMAL PERIOD 1981 TO 2010
CLIMATE RECORD PERIOD 1906 TO 2016


WEATHER ITEM   OBSERVED TIME   RECORD YEAR NORMAL DEPARTURE LAST
                VALUE   (LST)  VALUE       VALUE  FROM      YEAR
                                                  NORMAL
..................................................................
TEMPERATURE (F)
 TODAY
  MAXIMUM         58    303 PM  83    1911  62     -4       52
  MINIMUM         25    507 AM  17    1912  40    -15       44
  AVERAGE         42                        51     -9       48

PRECIPITATION (IN)
  TODAY            0.00          1.36 2002   0.13  -0.13     0.04
  MONTH TO DATE    0.00                      0.68  -0.68     0.11
  SINCE DEC 1      6.52                      9.30  -2.78     9.52
  SINCE JAN 1      2.47                      4.86  -2.39     7.47

SNOWFALL (IN)
  TODAY            0.0
  MONTH TO DATE    0.0
  SINCE DEC 1      0.0
  SINCE JUL 1      0.0
  SNOW DEPTH       0

DEGREE DAYS
 HEATING
  TODAY           23                        14      9       17
  MONTH TO DATE   70                        74     -4       82
  SINCE DEC 1    903                      1047   -144      911
  SINCE JUL 1   1088                      1354   -266     1207

 COOLING
  TODAY            0                         0      0        0
  MONTH TO DATE    3                         0      3        0
  SINCE DEC 1     39                        21     18       13
  SINCE JAN 1      6                         8     -2        1
..................................................................


WIND (MPH)
  HIGHEST WIND SPEED    12   HIGHEST WIND DIRECTION     S (170)
  HIGHEST GUST SPEED    17   HIGHEST GUST DIRECTION    SE (150)
  AVERAGE WIND SPEED     3.4


SKY COVER
  POSSIBLE SUNSHINE  MM
  AVERAGE SKY COVER 0.0


WEATHER CONDITIONS
 THE FOLLOWING WEATHER WAS RECORDED TODAY.
  NO SIGNIFICANT WEATHER WAS OBSERVED.


RELATIVE HUMIDITY (PERCENT)
 HIGHEST    85           300 AM
 LOWEST     19           100 PM
 AVERAGE    52

..........................................................


THE LUFKIN CLIMATE NORMALS FOR TOMORROW
                         NORMAL    RECORD    YEAR
 MAXIMUM TEMPERATURE (F)   62        79      1969
 MINIMUM TEMPERATURE (F)   40        22      1984


SUNRISE AND SUNSET
FEBRUARY  5 2016......SUNRISE   709 AM CST   SUNSET   557 PM CST
FEBRUARY  6 2016......SUNRISE   708 AM CST   SUNSET   558 PM CST


-  INDICATES NEGATIVE NUMBERS.
R  INDICATES RECORD WAS SET OR TIED.
MM INDICATES DATA IS MISSING.
T  INDICATES TRACE AMOUNT.




$$
