000
CDUS44 KLCH 281245
CLILFT


CLIMATE REPORT
NATIONAL WEATHER SERVICE LAKE CHARLES, LA
745 AM CDT SAT MAY 28 2016


...................................

...THE LAFAYETTE CLIMATE SUMMARY FOR MAY 27 2016...

CLIMATE NORMAL PERIOD 1981 TO 2010
CLIMATE RECORD PERIOD 1893 TO 2016


WEATHER ITEM   OBSERVED TIME   RECORD YEAR NORMAL DEPARTURE LAST
                VALUE   (LST)  VALUE       VALUE  FROM      YEAR
                                                  NORMAL
..................................................................
TEMPERATURE (F)
 YESTERDAY
  MAXIMUM         86   1206 PM  95    1900  89     -3       81
  MINIMUM         67    922 PM  46    1901  70     -3       67
  AVERAGE         77                        79     -2       74

PRECIPITATION (IN)
  YESTERDAY        1.49          2.93 1932   0.17   1.32     0.64
  MONTH TO DATE    6.70                      4.08   2.62     5.51
  SINCE MAR 1     19.25                     11.80   7.45    20.55
  SINCE JAN 1     28.38                     21.92   6.46    27.65

DEGREE DAYS
 COOLING
  YESTERDAY       12                        14     -2        9
  MONTH TO DATE  282                       303    -21      322
  SINCE MAR 1    584                       525     59      628
  SINCE JAN 1    594                       557     37      633
..................................................................


WIND (MPH)
  HIGHEST WIND SPEED    26   HIGHEST WIND DIRECTION    NW (310)
  HIGHEST GUST SPEED    33   HIGHEST GUST DIRECTION    NW (320)
  AVERAGE WIND SPEED     6.9


SKY COVER
  POSSIBLE SUNSHINE  MM
  AVERAGE SKY COVER 0.5


WEATHER CONDITIONS
 THE FOLLOWING WEATHER WAS RECORDED YESTERDAY.
  THUNDERSTORM
  HEAVY RAIN
  LIGHT RAIN
  FOG


RELATIVE HUMIDITY (PERCENT)
 HIGHEST    88           200 AM
 LOWEST     55           200 PM
 AVERAGE    72

..........................................................


THE LAFAYETTE CLIMATE NORMALS FOR TODAY
                         NORMAL    RECORD    YEAR
 MAXIMUM TEMPERATURE (F)   89        96      1998
                                             1953
                                             1896
 MINIMUM TEMPERATURE (F)   70        51      1901


SUNRISE AND SUNSET
MAY 28 2016...........SUNRISE   608 AM CDT   SUNSET   803 PM CDT
MAY 29 2016...........SUNRISE   608 AM CDT   SUNSET   804 PM CDT


-  INDICATES NEGATIVE NUMBERS.
R  INDICATES RECORD WAS SET OR TIED.
MM INDICATES DATA IS MISSING.
T  INDICATES TRACE AMOUNT.




$$
