000
CDUS44 KLCH 302247
CLILFT


CLIMATE REPORT
NATIONAL WEATHER SERVICE LAKE CHARLES, LA
545 PM CDT SAT JUL 30 2016


...................................

...THE LAFAYETTE CLIMATE SUMMARY FOR JULY 30 2016...
VALID TODAY AS OF 0500 PM LOCAL TIME.

CLIMATE NORMAL PERIOD 1981 TO 2010
CLIMATE RECORD PERIOD 1893 TO 2016


WEATHER ITEM   OBSERVED TIME   RECORD YEAR NORMAL DEPARTURE LAST
                VALUE   (LST)  VALUE       VALUE  FROM      YEAR
                                                  NORMAL
..................................................................
TEMPERATURE (F)
 TODAY
  MAXIMUM         94   1223 PM 101    2015  93      1      101
  MINIMUM         77    506 AM  65    1897  75      2       77
  AVERAGE         86                        84      2       89

PRECIPITATION (IN)
  TODAY            0.00          2.22 1972   0.17  -0.17     0.09
  MONTH TO DATE    4.91                      6.13  -1.22     2.03
  SINCE JUN 1     11.90                     13.21  -1.31     9.64
  SINCE JAN 1     40.29                     35.83   4.46    40.24

DEGREE DAYS
 COOLING
  TODAY           21                        19      2       24
  MONTH TO DATE  606                       554     52      619
  SINCE JUN 1   1133                      1052     81     1121
  SINCE JAN 1   1790                      1666    124     1813
..................................................................


WIND (MPH)
  HIGHEST WIND SPEED    14   HIGHEST WIND DIRECTION     S (170)
  HIGHEST GUST SPEED    20   HIGHEST GUST DIRECTION     S (190)
  AVERAGE WIND SPEED     2.8


SKY COVER
  POSSIBLE SUNSHINE  MM
  AVERAGE SKY COVER 0.3


WEATHER CONDITIONS
 THE FOLLOWING WEATHER WAS RECORDED TODAY.
  THUNDERSTORM


RELATIVE HUMIDITY (PERCENT)
 HIGHEST    97           600 AM
 LOWEST     56          1200 PM
 AVERAGE    77

..........................................................


THE LAFAYETTE CLIMATE NORMALS FOR TOMORROW
                         NORMAL    RECORD    YEAR
 MAXIMUM TEMPERATURE (F)   93       103      1899
 MINIMUM TEMPERATURE (F)   75        67      1936
                                             1914


SUNRISE AND SUNSET
JULY 30 2016..........SUNRISE   626 AM CDT   SUNSET   803 PM CDT
JULY 31 2016..........SUNRISE   626 AM CDT   SUNSET   802 PM CDT


-  INDICATES NEGATIVE NUMBERS.
R  INDICATES RECORD WAS SET OR TIED.
MM INDICATES DATA IS MISSING.
T  INDICATES TRACE AMOUNT.




$$
