000
CDUS44 KLCH 280823
CLILFT


CLIMATE REPORT
NATIONAL WEATHER SERVICE LAKE CHARLES, LA
323 AM CDT SUN AUG 28 2016


...................................

...THE LAFAYETTE CLIMATE SUMMARY FOR AUGUST 27 2016...

CLIMATE NORMAL PERIOD 1981 TO 2010
CLIMATE RECORD PERIOD 1893 TO 2016


WEATHER ITEM   OBSERVED TIME   RECORD YEAR NORMAL DEPARTURE LAST
                VALUE   (LST)  VALUE       VALUE  FROM      YEAR
                                                  NORMAL
..................................................................
TEMPERATURE (F)
 YESTERDAY
  MAXIMUM         89    303 PM 101    1924  92     -3       89
  MINIMUM         74    354 PM  61    1927  74      0       64
                                      1896
  AVERAGE         82                        83     -1       77

PRECIPITATION (IN)
  YESTERDAY        0.32          3.77 1967   0.14   0.18     0.00
  MONTH TO DATE   24.57                      4.03  20.54     2.87
  SINCE JUN 1     36.53                     17.41  19.12    12.51
  SINCE JAN 1     64.92                     40.03  24.89    43.11

DEGREE DAYS
 COOLING
  YESTERDAY       17                        18     -1       12
  MONTH TO DATE  505                       508     -3      538
  SINCE JUN 1   1658                      1578     80     1679
  SINCE JAN 1   2315                      2192    123     2371
..................................................................


WIND (MPH)
  HIGHEST WIND SPEED    16   HIGHEST WIND DIRECTION    NE (40)
  HIGHEST GUST SPEED    24   HIGHEST GUST DIRECTION    SE (140)
  AVERAGE WIND SPEED     3.5


SKY COVER
  POSSIBLE SUNSHINE  MM
  AVERAGE SKY COVER 0.4


WEATHER CONDITIONS
 THE FOLLOWING WEATHER WAS RECORDED YESTERDAY.
  THUNDERSTORM
  HEAVY RAIN
  LIGHT RAIN
  FOG
  HAZE


RELATIVE HUMIDITY (PERCENT)
 HIGHEST    94          1000 PM
 LOWEST     64           300 PM
 AVERAGE    79

..........................................................


THE LAFAYETTE CLIMATE NORMALS FOR TODAY
                         NORMAL    RECORD    YEAR
 MAXIMUM TEMPERATURE (F)   92       100      2011
 MINIMUM TEMPERATURE (F)   74        61      1896


SUNRISE AND SUNSET
AUGUST 28 2016........SUNRISE   643 AM CDT   SUNSET   735 PM CDT
AUGUST 29 2016........SUNRISE   643 AM CDT   SUNSET   733 PM CDT


-  INDICATES NEGATIVE NUMBERS.
R  INDICATES RECORD WAS SET OR TIED.
MM INDICATES DATA IS MISSING.
T  INDICATES TRACE AMOUNT.




$$
