000
CDUS44 KLCH 170848
CLILFT


CLIMATE REPORT
NATIONAL WEATHER SERVICE LAKE CHARLES, LA
247 AM CST WED JAN 17 2018


...................................

...THE LAFAYETTE CLIMATE SUMMARY FOR JANUARY 16 2018...

CLIMATE NORMAL PERIOD 1981 TO 2010
CLIMATE RECORD PERIOD 1893 TO 2018


WEATHER ITEM   OBSERVED TIME   RECORD YEAR NORMAL DEPARTURE LAST
                VALUE   (LST)  VALUE       VALUE  FROM      YEAR
                                                  NORMAL
..................................................................
TEMPERATURE (F)
 YESTERDAY
  MAXIMUM         46    626 AM  80    1914  62    -16       79
  MINIMUM         24   1159 PM  20    1905  43    -19       64
  AVERAGE         35                        52    -17       72

PRECIPITATION (IN)
  YESTERDAY        0.12          2.89 1924   0.18  -0.06     0.00
  MONTH TO DATE    1.48                      2.93  -1.45     0.99
  SINCE DEC 1      7.77                      8.51  -0.74    10.08
  SINCE JAN 1      1.48                      2.93  -1.45     0.99

SNOWFALL (IN)
  YESTERDAY       MM             0.0    MM   0.0   MM        0.0
  MONTH TO DATE    T                         0.0    0.0      0.0
  SINCE DEC 1      1.7                       0.0    1.7      0.0
  SINCE JUL 1      1.7                       0.0    1.7      0.0
  SNOW DEPTH       0

DEGREE DAYS
 HEATING
  YESTERDAY       30                        13     17        0
  MONTH TO DATE  338                       208    130      123
  SINCE DEC 1    708                       563    145      358
  SINCE JUL 1    875                       762    113      444
..................................................................


WIND (MPH)
  HIGHEST WIND SPEED    26   HIGHEST WIND DIRECTION     N (10)
  HIGHEST GUST SPEED    35   HIGHEST GUST DIRECTION     N (10)
  AVERAGE WIND SPEED    14.2


SKY COVER
  POSSIBLE SUNSHINE  MM
  AVERAGE SKY COVER 0.9


WEATHER CONDITIONS
 THE FOLLOWING WEATHER WAS RECORDED YESTERDAY.
  LIGHT RAIN
  LT FREEZING RAIN
  LIGHT SNOW
  FOG


RELATIVE HUMIDITY (PERCENT)
 HIGHEST   100          1200 PM
 LOWEST     70           700 AM
 AVERAGE    85

..........................................................


THE LAFAYETTE CLIMATE NORMALS FOR TODAY
                         NORMAL    RECORD    YEAR
 MAXIMUM TEMPERATURE (F)   62        81      1935
 MINIMUM TEMPERATURE (F)   43        19      1982


SUNRISE AND SUNSET
JANUARY 17 2018.......SUNRISE   705 AM CST   SUNSET   532 PM CST
JANUARY 18 2018.......SUNRISE   704 AM CST   SUNSET   533 PM CST


-  INDICATES NEGATIVE NUMBERS.
R  INDICATES RECORD WAS SET OR TIED.
MM INDICATES DATA IS MISSING.
T  INDICATES TRACE AMOUNT.




$$
