000
CDUS44 KLCH 092204
CLILFT


CLIMATE REPORT
NATIONAL WEATHER SERVICE LAKE CHARLES, LA
404 PM CST TUE FEB 9 2016


...................................

...THE LAFAYETTE CLIMATE SUMMARY FOR FEBRUARY 9 2016...
VALID TODAY AS OF 0400 PM LOCAL TIME.

CLIMATE NORMAL PERIOD 1981 TO 2010
CLIMATE RECORD PERIOD 1893 TO 2016


WEATHER ITEM   OBSERVED TIME   RECORD YEAR NORMAL DEPARTURE LAST
                VALUE   (LST)  VALUE       VALUE  FROM      YEAR
                                                  NORMAL
..................................................................
TEMPERATURE (F)
 TODAY
  MAXIMUM         59    359 PM  83    1911  64     -5       77
  MINIMUM         39    718 AM  19    1933  45     -6       57
                                      1895
  AVERAGE         49                        55     -6       67

PRECIPITATION (IN)
  TODAY            0.00          1.28 1984   0.17  -0.17     0.00
  MONTH TO DATE    2.92                      1.53   1.39     0.73
  SINCE DEC 1     11.45                     12.78  -1.33     8.84
  SINCE JAN 1      7.59                      7.20   0.39     5.34

SNOWFALL (IN)
  TODAY            0.0           2.0  1973   0.0    0.0      0.0
  MONTH TO DATE    0.0                       0.0    0.0      0.0
  SINCE DEC 1      0.0                       0.0    0.0      0.0
  SINCE JUL 1      0.0                       0.0    0.0      0.0
  SNOW DEPTH       0

DEGREE DAYS
 HEATING
  TODAY           16                        11      5        0
  MONTH TO DATE  113                       104      9      115
  SINCE DEC 1    706                       861   -155      846
  SINCE JUL 1    794                      1060   -266     1147
..................................................................


WIND (MPH)
  HIGHEST WIND SPEED    25   HIGHEST WIND DIRECTION    NW (320)
  HIGHEST GUST SPEED    30   HIGHEST GUST DIRECTION    NW (310)
  AVERAGE WIND SPEED    14.1


SKY COVER
  POSSIBLE SUNSHINE  MM
  AVERAGE SKY COVER 0.0


WEATHER CONDITIONS
 THE FOLLOWING WEATHER WAS RECORDED TODAY.
  NO SIGNIFICANT WEATHER WAS OBSERVED.


RELATIVE HUMIDITY (PERCENT)
 HIGHEST    44           700 AM
 LOWEST     19           300 PM
 AVERAGE    32

..........................................................


THE LAFAYETTE CLIMATE NORMALS FOR TOMORROW
                         NORMAL    RECORD    YEAR
 MAXIMUM TEMPERATURE (F)   64        84      1898
 MINIMUM TEMPERATURE (F)   45        21      1947


SUNRISE AND SUNSET
FEBRUARY  9 2016......SUNRISE   653 AM CST   SUNSET   551 PM CST
FEBRUARY 10 2016......SUNRISE   653 AM CST   SUNSET   552 PM CST


-  INDICATES NEGATIVE NUMBERS.
R  INDICATES RECORD WAS SET OR TIED.
MM INDICATES DATA IS MISSING.
T  INDICATES TRACE AMOUNT.




$$
