000
CDUS44 KLCH 062312
CLILFT


CLIMATE REPORT
NATIONAL WEATHER SERVICE LAKE CHARLES, LA
512 PM CST FRI MAR 6 2015


...................................

...THE LAFAYETTE CLIMATE SUMMARY FOR MARCH 6 2015...
VALID TODAY AS OF 0500 PM LOCAL TIME.

CLIMATE NORMAL PERIOD 1981 TO 2010
CLIMATE RECORD PERIOD 1893 TO 2015


WEATHER ITEM   OBSERVED TIME   RECORD YEAR NORMAL DEPARTURE LAST
                VALUE   (LST)  VALUE       VALUE  FROM      YEAR
                                                  NORMAL
..................................................................
TEMPERATURE (F)
 TODAY
  MAXIMUM         50    359 PM  88    1909  70    -20       52
  MINIMUM         29    704 AM  27    1989  50    -21       45
  AVERAGE         40                        60    -20       49

PRECIPITATION (IN)
  TODAY            0.00          3.14 1933   0.14  -0.14      T
  MONTH TO DATE    1.56                      0.84   0.72     0.99
  SINCE MAR 1      1.56                      0.84   0.72     0.99
  SINCE JAN 1      8.66                     10.96  -2.30     8.24

SNOWFALL (IN)
  TODAY            0.0           0.0    MM   0.0    0.0     MM
  MONTH TO DATE    T                         0.0    0.0      0.0
  SINCE MAR 1      T                         0.0    0.0      0.0
  SINCE JUL 1      T                         T      0.0      0.8
  SNOW DEPTH       0

DEGREE DAYS
 HEATING
  TODAY           25                         6     19       16
  MONTH TO DATE   44                        41      3       84
  SINCE MAR 1     44                        41      3       84
  SINCE JUL 1   1487                      1271    216     1744

 COOLING
  TODAY            0                         1     -1        0
  MONTH TO DATE   10                         6      4        9
  SINCE MAR 1     10                         6      4        9
  SINCE JAN 1     15                        38    -23       23
..................................................................


WIND (MPH)
  HIGHEST WIND SPEED    21   HIGHEST WIND DIRECTION     N (20)
  HIGHEST GUST SPEED    27   HIGHEST GUST DIRECTION    NE (40)
  AVERAGE WIND SPEED    13.7


SKY COVER
  POSSIBLE SUNSHINE  MM
  AVERAGE SKY COVER 0.0


WEATHER CONDITIONS
 THE FOLLOWING WEATHER WAS RECORDED TODAY.
  NO SIGNIFICANT WEATHER WAS OBSERVED.


RELATIVE HUMIDITY (PERCENT)
 HIGHEST    59          1200 AM
 LOWEST     29           200 PM
 AVERAGE    44

..........................................................


THE LAFAYETTE CLIMATE NORMALS FOR TOMORROW
                         NORMAL    RECORD    YEAR
 MAXIMUM TEMPERATURE (F)   70        87      1911
 MINIMUM TEMPERATURE (F)   51        27      1902


SUNRISE AND SUNSET
MARCH  6 2015.........SUNRISE   629 AM CST   SUNSET   610 PM CST
MARCH  7 2015.........SUNRISE   628 AM CST   SUNSET   611 PM CST


-  INDICATES NEGATIVE NUMBERS.
R  INDICATES RECORD WAS SET OR TIED.
MM INDICATES DATA IS MISSING.
T  INDICATES TRACE AMOUNT.




$$
