000
CDUS44 KLCH 290829
CLILFT


CLIMATE REPORT
NATIONAL WEATHER SERVICE LAKE CHARLES, LA
328 AM CDT MON MAY 29 2017


...................................

...THE LAFAYETTE CLIMATE SUMMARY FOR MAY 28 2017...

CLIMATE NORMAL PERIOD 1981 TO 2010
CLIMATE RECORD PERIOD 1893 TO 2017


WEATHER ITEM   OBSERVED TIME   RECORD YEAR NORMAL DEPARTURE LAST
                VALUE   (LST)  VALUE       VALUE  FROM      YEAR
                                                  NORMAL
..................................................................
TEMPERATURE (F)
 YESTERDAY
  MAXIMUM         88   1210 PM  96    1998  89     -1       87
                                      1953
                                      1896
  MINIMUM         71   1159 PM  51    1901  70      1       68
  AVERAGE         80                        79      1       78

PRECIPITATION (IN)
  YESTERDAY        0.17          6.87 2014   0.17   0.00     0.01
  MONTH TO DATE    7.59                      4.25   3.34     6.71
  SINCE MAR 1     14.90                     11.97   2.93    19.26
  SINCE JAN 1     18.42                     22.09  -3.67    28.39

DEGREE DAYS
 COOLING
  YESTERDAY       15                        14      1       13
  MONTH TO DATE  258                       317    -59      295
  SINCE MAR 1    704                       539    165      597
  SINCE JAN 1    888                       571    317      607
..................................................................


WIND (MPH)
  HIGHEST WIND SPEED    22   HIGHEST WIND DIRECTION     N (10)
  HIGHEST GUST SPEED    30   HIGHEST GUST DIRECTION     N (10)
  AVERAGE WIND SPEED     5.7


SKY COVER
  POSSIBLE SUNSHINE  MM
  AVERAGE SKY COVER 0.6


WEATHER CONDITIONS
 THE FOLLOWING WEATHER WAS RECORDED YESTERDAY.
  THUNDERSTORM
  LIGHT RAIN
  FOG


RELATIVE HUMIDITY (PERCENT)
 HIGHEST    97           100 AM
 LOWEST     68          1200 PM
 AVERAGE    83

..........................................................


THE LAFAYETTE CLIMATE NORMALS FOR TODAY
                         NORMAL    RECORD    YEAR
 MAXIMUM TEMPERATURE (F)   89        98      1896
 MINIMUM TEMPERATURE (F)   70        54      1934


SUNRISE AND SUNSET
MAY 29 2017...........SUNRISE   608 AM CDT   SUNSET   804 PM CDT
MAY 30 2017...........SUNRISE   607 AM CDT   SUNSET   804 PM CDT


-  INDICATES NEGATIVE NUMBERS.
R  INDICATES RECORD WAS SET OR TIED.
MM INDICATES DATA IS MISSING.
T  INDICATES TRACE AMOUNT.




$$
