000
CDUS44 KLCH 290848
CLILFT


CLIMATE REPORT
NATIONAL WEATHER SERVICE LAKE CHARLES, LA
348 AM CDT TUE JUL 29 2014


...................................

...THE LAFAYETTE CLIMATE SUMMARY FOR JULY 28 2014...

CLIMATE NORMAL PERIOD 1981 TO 2010
CLIMATE RECORD PERIOD 1893 TO 2014


WEATHER ITEM   OBSERVED TIME   RECORD YEAR NORMAL DEPARTURE LAST
                VALUE   (LST)  VALUE       VALUE  FROM      YEAR
                                                  NORMAL
..................................................................
TEMPERATURE (F)
 YESTERDAY
  MAXIMUM         90    200 PM 100    1960  93     -3       89
                                      1925
  MINIMUM         77    900 PM  67    1911  75      2       74
                                      1897
  AVERAGE         84                        84      0       82

PRECIPITATION (IN)
  YESTERDAY        0.00          2.27 1951   0.18  -0.18      T
  MONTH TO DATE    5.98                      5.79   0.19     3.84
  SINCE JUN 1     14.57                     12.87   1.70     7.00
  SINCE JAN 1     37.61                     35.49   2.12    39.12

DEGREE DAYS
 COOLING
  YESTERDAY       19                        19      0       17
  MONTH TO DATE  478                       516    -38      474
  SINCE JUN 1    985                      1014    -29     1015
  SINCE JAN 1   1454                      1628   -174     1479
..................................................................


WIND (MPH)
  HIGHEST WIND SPEED    16   HIGHEST WIND DIRECTION     N (340)
  HIGHEST GUST SPEED    30   HIGHEST GUST DIRECTION     N (340)
  AVERAGE WIND SPEED     7.2


SKY COVER
  POSSIBLE SUNSHINE  MM
  AVERAGE SKY COVER 0.3


WEATHER CONDITIONS
 THE FOLLOWING WEATHER WAS RECORDED YESTERDAY.
  HEAVY RAIN
  FOG W/VISIBILITY <= 1/4 MILE


RELATIVE HUMIDITY (PERCENT)
 HIGHEST    91           500 AM
 LOWEST     64           200 PM
 AVERAGE    78

..........................................................


THE LAFAYETTE CLIMATE NORMALS FOR TODAY
                         NORMAL    RECORD    YEAR
 MAXIMUM TEMPERATURE (F)   93        98      1986
                                             1925
                                             1922
 MINIMUM TEMPERATURE (F)   75        64      1897


SUNRISE AND SUNSET
JULY 29 2014..........SUNRISE   625 AM CDT   SUNSET   804 PM CDT
JULY 30 2014..........SUNRISE   625 AM CDT   SUNSET   803 PM CDT


-  INDICATES NEGATIVE NUMBERS.
R  INDICATES RECORD WAS SET OR TIED.
MM INDICATES DATA IS MISSING.
T  INDICATES TRACE AMOUNT.




$$
