000
CDUS44 KLCH 230822
CLILFT


CLIMATE REPORT
NATIONAL WEATHER SERVICE LAKE CHARLES, LA
322 AM CDT WED JUL 23 2014


...................................

...THE LAFAYETTE CLIMATE SUMMARY FOR JULY 22 2014...

CLIMATE NORMAL PERIOD 1981 TO 2010
CLIMATE RECORD PERIOD 1893 TO 2014


WEATHER ITEM   OBSERVED TIME   RECORD YEAR NORMAL DEPARTURE LAST
                VALUE   (LST)  VALUE       VALUE  FROM      YEAR
                                                  NORMAL
..................................................................
TEMPERATURE (F)
 YESTERDAY
  MAXIMUM         90    451 PM 100    1924  92     -2       92
  MINIMUM         74    553 AM  64    1921  75     -1       76
                                      1915
  AVERAGE         82                        84     -2       84

PRECIPITATION (IN)
  YESTERDAY        0.00          2.82 1967   0.17  -0.17     0.05
  MONTH TO DATE    5.41                      4.75   0.66     3.42
  SINCE JUN 1     14.00                     11.83   2.17     6.58
  SINCE JAN 1     37.04                     34.45   2.59    38.70

DEGREE DAYS
 COOLING
  YESTERDAY       17                        19     -2       19
  MONTH TO DATE  365                       402    -37      363
  SINCE JUN 1    872                       900    -28      904
  SINCE JAN 1   1341                      1514   -173     1368
..................................................................


WIND (MPH)
  HIGHEST WIND SPEED    13   HIGHEST WIND DIRECTION     N (20)
  HIGHEST GUST SPEED    17   HIGHEST GUST DIRECTION     N (20)
  AVERAGE WIND SPEED     3.9


SKY COVER
  POSSIBLE SUNSHINE  MM
  AVERAGE SKY COVER 0.3


WEATHER CONDITIONS
 THE FOLLOWING WEATHER WAS RECORDED YESTERDAY.
  NO SIGNIFICANT WEATHER WAS OBSERVED.


RELATIVE HUMIDITY (PERCENT)
 HIGHEST    94           300 AM
 LOWEST     47           500 PM
 AVERAGE    71

..........................................................


THE LAFAYETTE CLIMATE NORMALS FOR TODAY
                         NORMAL    RECORD    YEAR
 MAXIMUM TEMPERATURE (F)   92       100      1924
                                             1923
 MINIMUM TEMPERATURE (F)   75        62      1947
                                             1915


SUNRISE AND SUNSET
JULY 23 2014..........SUNRISE   621 AM CDT   SUNSET   807 PM CDT
JULY 24 2014..........SUNRISE   622 AM CDT   SUNSET   807 PM CDT


-  INDICATES NEGATIVE NUMBERS.
R  INDICATES RECORD WAS SET OR TIED.
MM INDICATES DATA IS MISSING.
T  INDICATES TRACE AMOUNT.




$$
