000
CDUS44 KLCH 230843
CLILFT


CLIMATE REPORT
NATIONAL WEATHER SERVICE LAKE CHARLES, LA
343 AM CDT SUN APR 23 2017


...................................

...THE LAFAYETTE CLIMATE SUMMARY FOR APRIL 22 2017...

CLIMATE NORMAL PERIOD 1981 TO 2010
CLIMATE RECORD PERIOD 1893 TO 2017


WEATHER ITEM   OBSERVED TIME   RECORD YEAR NORMAL DEPARTURE LAST
                VALUE   (LST)  VALUE       VALUE  FROM      YEAR
                                                  NORMAL
..................................................................
TEMPERATURE (F)
 YESTERDAY
  MAXIMUM         90    318 PM  92    1925  81      9       82
  MINIMUM         65   1159 PM  40    1931  60      5       60
  AVERAGE         78                        71      7       71

PRECIPITATION (IN)
  YESTERDAY       MM             2.71 1979   0.13  MM        0.00
  MONTH TO DATE    4.85                      2.82   2.03     5.04
  SINCE MAR 1      6.63                      6.61   0.02    10.45
  SINCE JAN 1     10.15                     16.73  -6.58    19.58

SNOWFALL (IN)
  YESTERDAY        0.0           0.0  2002   0.0    0.0      0.0
                                      2001
  MONTH TO DATE    0.0                       0.0    0.0      0.0
  SINCE MAR 1      0.0                       0.0    0.0      0.0
  SINCE JUL 1      0.0                       T      0.0      0.0
  SNOW DEPTH       0

DEGREE DAYS
 HEATING
  YESTERDAY        0                         1     -1        0
  MONTH TO DATE    0                        37    -37       10
  SINCE MAR 1     60                       187   -127       71
  SINCE JUL 1    637                      1417   -780      989

 COOLING
  YESTERDAY       13                         6      7        6
  MONTH TO DATE  210                       102    108      104
  SINCE MAR 1    369                       165    204      217
  SINCE JAN 1    553                       197    356      227
..................................................................


WIND (MPH)
  HIGHEST WIND SPEED    22   HIGHEST WIND DIRECTION    NW (320)
  HIGHEST GUST SPEED    28   HIGHEST GUST DIRECTION     W (260)
  AVERAGE WIND SPEED     8.9


SKY COVER
  POSSIBLE SUNSHINE  MM
  AVERAGE SKY COVER 0.5


WEATHER CONDITIONS
 THE FOLLOWING WEATHER WAS RECORDED YESTERDAY.
  HEAVY RAIN
  LIGHT RAIN
  FOG


RELATIVE HUMIDITY (PERCENT)
 HIGHEST    90           200 AM
 LOWEST     47           100 PM
 AVERAGE    69

..........................................................


THE LAFAYETTE CLIMATE NORMALS FOR TODAY
                         NORMAL    RECORD    YEAR
 MAXIMUM TEMPERATURE (F)   81        90      2006
                                             1925
 MINIMUM TEMPERATURE (F)   61        41      1927


SUNRISE AND SUNSET
APRIL 23 2017.........SUNRISE   632 AM CDT   SUNSET   741 PM CDT
APRIL 24 2017.........SUNRISE   631 AM CDT   SUNSET   741 PM CDT


-  INDICATES NEGATIVE NUMBERS.
R  INDICATES RECORD WAS SET OR TIED.
MM INDICATES DATA IS MISSING.
T  INDICATES TRACE AMOUNT.




$$
