000
CDUS41 KOKX 250616
CLILGA


CLIMATE REPORT
NATIONAL WEATHER SERVICE NEW YORK NY
216 AM EDT SUN SEP 25 2016


...................................

...THE LAGUARDIA NY CLIMATE SUMMARY FOR SEPTEMBER 24 2016...

CLIMATE NORMAL PERIOD 1981 TO 2010
CLIMATE RECORD PERIOD 1939 TO 2016


WEATHER ITEM   OBSERVED TIME   RECORD YEAR NORMAL DEPARTURE LAST
                VALUE   (LST)  VALUE       VALUE  FROM      YEAR
                                                  NORMAL
..................................................................
TEMPERATURE (F)
 YESTERDAY
  MAXIMUM         72    311 PM  89    1959  73     -1       81
  MINIMUM         59    710 AM  44    1974  59      0       63
                                      1963
                                      1950
  AVERAGE         66                        66      0       72

PRECIPITATION (IN)
  YESTERDAY        0.20          1.34 1975   0.12   0.08     0.00
  MONTH TO DATE    1.99                      2.93  -0.94     1.40
  SINCE SEP 1      1.99                      2.93  -0.94     1.40
  SINCE JAN 1     25.71                     33.18  -7.47    26.67

SNOWFALL (IN)
  YESTERDAY        0.0          MM      MM   0.0    0.0      0.0
  MONTH TO DATE    0.0                       0.0    0.0      0.0
  SINCE OCT 1     36.2                      26.9    9.3     53.8
  SINCE JUL 1      0.0                       0.0    0.0      0.0
  SNOW DEPTH       0

DEGREE DAYS
 HEATING
  YESTERDAY        0                         2     -2        0
  MONTH TO DATE    0                        16    -16        0
  SINCE SEP 1      0                        16    -16        0
  SINCE JUL 1      0                        17    -17        0

 COOLING
  YESTERDAY        1                         3     -2        7
  MONTH TO DATE  269                       144    125      258
  SINCE SEP 1    269                       144    125      258
  SINCE JAN 1   1686                      1177    509     1507
..................................................................


WIND (MPH)
  HIGHEST WIND SPEED    22   HIGHEST WIND DIRECTION    NE (50)
  HIGHEST GUST SPEED    26   HIGHEST GUST DIRECTION    NE (50)
  AVERAGE WIND SPEED    10.3


SKY COVER
  AVERAGE SKY COVER 0.6


WEATHER CONDITIONS
 THE FOLLOWING WEATHER WAS RECORDED YESTERDAY.
  HEAVY RAIN
  RAIN
  LIGHT RAIN
  FOG


RELATIVE HUMIDITY (PERCENT)
 HIGHEST    87           100 AM
 LOWEST     35           300 PM
 AVERAGE    61

..........................................................


THE LAGUARDIA NY CLIMATE NORMALS FOR TODAY
                         NORMAL    RECORD    YEAR
 MAXIMUM TEMPERATURE (F)   73        90      2010
                                             1970
 MINIMUM TEMPERATURE (F)   59        41      1943


SUNRISE AND SUNSET
SEPTEMBER 25 2016.....SUNRISE   647 AM EDT   SUNSET   647 PM EDT
SEPTEMBER 26 2016.....SUNRISE   648 AM EDT   SUNSET   645 PM EDT


-  INDICATES NEGATIVE NUMBERS.
R  INDICATES RECORD WAS SET OR TIED.
MM INDICATES DATA IS MISSING.
T  INDICATES TRACE AMOUNT.




$$
