000
CDUS41 KOKX 290618
CLILGA


CLIMATE REPORT
NATIONAL WEATHER SERVICE NEW YORK NY
217 AM EDT WED MAR 29 2017


...................................

...THE LAGUARDIA NY CLIMATE SUMMARY FOR MARCH 28 2017...

CLIMATE NORMAL PERIOD 1981 TO 2010
CLIMATE RECORD PERIOD 1939 TO 2017


WEATHER ITEM   OBSERVED TIME   RECORD YEAR NORMAL DEPARTURE LAST
                VALUE   (LST)  VALUE       VALUE  FROM      YEAR
                                                  NORMAL
..................................................................
TEMPERATURE (F)
 YESTERDAY
  MAXIMUM         45    746 PM  83    1945  54     -9       63
  MINIMUM         42    716 PM  23    1982  38      4       43
  AVERAGE         44                        46     -2       53

PRECIPITATION (IN)
  YESTERDAY        0.65          2.83 2005   0.13   0.52     0.51
  MONTH TO DATE    2.59                      3.56  -0.97     1.26
  SINCE MAR 1      2.59                      3.56  -0.97     1.26
  SINCE JAN 1      8.59                      9.49  -0.90     9.79

SNOWFALL (IN)
  YESTERDAY        0.0           0.3  1959   0.1   -0.1      0.0
  MONTH TO DATE    9.8                       4.2    5.6      1.8
  SINCE OCT 1     33.2                      26.2    7.0     36.2
  SINCE JUL 1     33.2                      26.2    7.0     36.2
  SNOW DEPTH       0

DEGREE DAYS
 HEATING
  YESTERDAY       21                        19      2       12
  MONTH TO DATE  682                       651     31      454
  SINCE MAR 1    682                       651     31      454
  SINCE JUL 1   3369                      4080   -711     3116

 COOLING
  YESTERDAY        0                         0      0        0
  MONTH TO DATE    0                         0      0        5
  SINCE MAR 1      0                         0      0        5
  SINCE JAN 1      0                         0      0        5
..................................................................


WIND (MPH)
  HIGHEST WIND SPEED    22   HIGHEST WIND DIRECTION    NE (50)
  HIGHEST GUST SPEED    26   HIGHEST GUST DIRECTION    NE (60)
  AVERAGE WIND SPEED    10.9


SKY COVER
  AVERAGE SKY COVER 1.0


WEATHER CONDITIONS
 THE FOLLOWING WEATHER WAS RECORDED YESTERDAY.
  RAIN
  LIGHT RAIN
  FOG
  FOG W/VISIBILITY <= 1/4 MILE
  HAZE


RELATIVE HUMIDITY (PERCENT)
 HIGHEST    96           300 AM
 LOWEST     82           700 PM
 AVERAGE    89

..........................................................


THE LAGUARDIA NY CLIMATE NORMALS FOR TODAY
                         NORMAL    RECORD    YEAR
 MAXIMUM TEMPERATURE (F)   54        86      1945
 MINIMUM TEMPERATURE (F)   39        25      1959


SUNRISE AND SUNSET
MARCH 29 2017.........SUNRISE   644 AM EDT   SUNSET   717 PM EDT
MARCH 30 2017.........SUNRISE   642 AM EDT   SUNSET   719 PM EDT


-  INDICATES NEGATIVE NUMBERS.
R  INDICATES RECORD WAS SET OR TIED.
MM INDICATES DATA IS MISSING.
T  INDICATES TRACE AMOUNT.




$$
