811
CDUS41 KOKX 230616
CLILGA


CLIMATE REPORT
NATIONAL WEATHER SERVICE NEW YORK NY
216 AM EDT FRI JUN 23 2017


...................................

...THE LAGUARDIA NY CLIMATE SUMMARY FOR JUNE 22 2017...

CLIMATE NORMAL PERIOD 1981 TO 2010
CLIMATE RECORD PERIOD 1939 TO 2017


WEATHER ITEM   OBSERVED TIME   RECORD YEAR NORMAL DEPARTURE LAST
                VALUE   (LST)  VALUE       VALUE  FROM      YEAR
                                                  NORMAL
..................................................................
TEMPERATURE (F)
 YESTERDAY
  MAXIMUM         84    339 PM  99    1988  82      2       86
  MINIMUM         68    507 AM  53    1992  66      2       67
  AVERAGE         76                        74      2       77

PRECIPITATION (IN)
  YESTERDAY        0.00          3.43 1973   0.11  -0.11     0.00
  MONTH TO DATE    3.08                      2.98   0.10     1.63
  SINCE JUN 1      3.08                      2.98   0.10     1.63
  SINCE JAN 1     23.85                     20.67   3.18    17.00

SNOWFALL (IN)
  YESTERDAY        0.0          MM      MM   0.0    0.0      0.0
  MONTH TO DATE    0.0                       0.0    0.0      0.0
  SINCE OCT 1     33.2                      26.9    6.3     36.2
  SINCE JUL 1     33.2                      26.9    6.3     36.2
  SNOW DEPTH       0

DEGREE DAYS
 HEATING
  YESTERDAY        0                         0      0        0
  MONTH TO DATE   16                        15      1        2
  SINCE JUN 1     16                        15      1        2
  SINCE JUL 1   3806                      4663   -857     3654

 COOLING
  YESTERDAY       11                         9      2       12
  MONTH TO DATE  187                       149     38      177
  SINCE JUN 1    187                       149     38      177
  SINCE JAN 1    292                       215     77      296
..................................................................


WIND (MPH)
  HIGHEST WIND SPEED    20   HIGHEST WIND DIRECTION     S (190)
  HIGHEST GUST SPEED    26   HIGHEST GUST DIRECTION     S (190)
  AVERAGE WIND SPEED     8.8


SKY COVER
  AVERAGE SKY COVER 0.6


WEATHER CONDITIONS
 THE FOLLOWING WEATHER WAS RECORDED YESTERDAY.
  NO SIGNIFICANT WEATHER WAS OBSERVED.


RELATIVE HUMIDITY (PERCENT)
 HIGHEST    76           900 PM
 LOWEST     40           100 PM
 AVERAGE    58

..........................................................


THE LAGUARDIA NY CLIMATE NORMALS FOR TODAY
                         NORMAL    RECORD    YEAR
 MAXIMUM TEMPERATURE (F)   83        95      1965
 MINIMUM TEMPERATURE (F)   66        53      1940


SUNRISE AND SUNSET
JUNE 23 2017..........SUNRISE   525 AM EDT   SUNSET   831 PM EDT
JUNE 24 2017..........SUNRISE   525 AM EDT   SUNSET   831 PM EDT


-  INDICATES NEGATIVE NUMBERS.
R  INDICATES RECORD WAS SET OR TIED.
MM INDICATES DATA IS MISSING.
T  INDICATES TRACE AMOUNT.




$$
