000
CDUS41 KOKX 311748 CCA
CLILGA

CLIMATE REPORT...CORRECTED
NATIONAL WEATHER SERVICE NEW YORK NY
1246 PM EST SAT JAN 31 2015


...................................

...THE LAGUARDIA NY CLIMATE SUMMARY FOR JANUARY 30 2015...

CLIMATE NORMAL PERIOD 1981 TO 2010
CLIMATE RECORD PERIOD 1945 TO 2015


WEATHER ITEM   OBSERVED TIME   RECORD YEAR NORMAL DEPARTURE LAST
                VALUE   (LST)  VALUE       VALUE  FROM      YEAR
                                                  NORMAL
..................................................................
TEMPERATURE (F)
 YESTERDAY
  MAXIMUM         37    335 PM  63    2006  40     -3       29
  MINIMUM         20   1159 PM   4    1948  27     -7       18
  AVERAGE         29                        33     -4       24

PRECIPITATION (IN)
  YESTERDAY        0.15          0.79 1946   0.10   0.05     0.00
  MONTH TO DATE    4.98                      3.07   1.91     2.36
  SINCE DEC 1     11.18                      6.63   4.55     6.82
  SINCE JAN 1      4.98                      3.07   1.91     2.36

SNOWFALL (IN)
  YESTERDAY        1.5           4.6  1966   0.3    1.2      0.0
  MONTH TO DATE   19.7                       7.1   12.6     16.7
  SINCE OCT 1     21.4                      12.6    8.8     24.5
  SINCE JUL 1     21.4                      12.6    8.8     24.5
  SNOW DEPTH       7

DEGREE DAYS
 HEATING
  YESTERDAY       36                        32      4       41
  MONTH TO DATE 1038                       956     82     1084
  SINCE DEC 1   1787                      1787      0     1909
  SINCE JUL 1   2541                      2562    -21     2691

 COOLING
  YESTERDAY        0                         0      0        0
  MONTH TO DATE    0                         0      0        0
  SINCE DEC 1      0                         0      0        0
  SINCE JAN 1      0                         0      0        0
..................................................................


WIND (MPH)
  HIGHEST WIND SPEED    36   HIGHEST WIND DIRECTION    NW (310)
  HIGHEST GUST SPEED    46   HIGHEST GUST DIRECTION    NW (310)
  AVERAGE WIND SPEED    17.9


SKY COVER
  AVERAGE SKY COVER 0.7


WEATHER CONDITIONS
 THE FOLLOWING WEATHER WAS RECORDED YESTERDAY.
  LIGHT SNOW
  FOG
  HAZE


RELATIVE HUMIDITY (PERCENT)
 HIGHEST    92           100 AM
 LOWEST     50           700 PM
 AVERAGE    71

..........................................................


THE LAGUARDIA NY CLIMATE NORMALS FOR TODAY
                         NORMAL    RECORD    YEAR
 MAXIMUM TEMPERATURE (F)   40        61      1974
 MINIMUM TEMPERATURE (F)   27         2      1948


SUNRISE AND SUNSET
JANUARY 31 2015.......SUNRISE   707 AM EST   SUNSET   512 PM EST
FEBRUARY  1 2015......SUNRISE   706 AM EST   SUNSET   513 PM EST


-  INDICATES NEGATIVE NUMBERS.
R  INDICATES RECORD WAS SET OR TIED.
MM INDICATES DATA IS MISSING.
T  INDICATES TRACE AMOUNT.




$$
