000
CDUS41 KOKX 130639
CLILGA


CLIMATE REPORT
NATIONAL WEATHER SERVICE NEW YORK NY
135 AM EST WED DEC 13 2017


...................................

...THE LAGUARDIA NY CLIMATE SUMMARY FOR DECEMBER 12 2017...

CLIMATE NORMAL PERIOD 1981 TO 2010
CLIMATE RECORD PERIOD 1939 TO 2017


WEATHER ITEM   OBSERVED TIME   RECORD YEAR NORMAL DEPARTURE LAST
                VALUE   (LST)  VALUE       VALUE  FROM      YEAR
                                                  NORMAL
..................................................................
TEMPERATURE (F)
 YESTERDAY
  MAXIMUM         51   1204 PM  66    2015  45      6       48
  MINIMUM         32   1159 PM   8    1988  33     -1       35
  AVERAGE         42                        39      3       42

PRECIPITATION (IN)
  YESTERDAY        T             1.32 1967   0.12  -0.12     0.53
  MONTH TO DATE    1.03                      1.48  -0.45     1.20
  SINCE DEC 1      1.03                      1.48  -0.45     1.20
  SINCE JAN 1     41.70                     42.65  -0.95    37.64

SNOWFALL (IN)
  YESTERDAY        T             7.5  1960   0.2   -0.2      0.0
  MONTH TO DATE    4.6                       1.3    3.3      0.4
  SINCE OCT 1      4.6                       1.6    3.0      0.4
  SINCE JUL 1      4.6                       1.6    3.0      0.4
  SNOW DEPTH       0

DEGREE DAYS
 HEATING
  YESTERDAY       23                        26     -3       23
  MONTH TO DATE  259                       286    -27      268
  SINCE DEC 1    259                       286    -27      268
  SINCE JUL 1    850                      1061   -211      806

 COOLING
  YESTERDAY        0                         0      0        0
  MONTH TO DATE    0                         0      0        0
  SINCE DEC 1      0                         0      0        0
  SINCE JAN 1   1439                      1214    225     1745
..................................................................


WIND (MPH)
  HIGHEST WIND SPEED    33   HIGHEST WIND DIRECTION    NW (300)
  HIGHEST GUST SPEED    43   HIGHEST GUST DIRECTION    NW (300)
  AVERAGE WIND SPEED    15.0


SKY COVER
  AVERAGE SKY COVER 0.9


WEATHER CONDITIONS
 THE FOLLOWING WEATHER WAS RECORDED YESTERDAY.
  LIGHT RAIN
  LIGHT SNOW


RELATIVE HUMIDITY (PERCENT)
 HIGHEST    71           600 AM
 LOWEST     50          1200 AM
 AVERAGE    61

..........................................................


THE LAGUARDIA NY CLIMATE NORMALS FOR TODAY
                         NORMAL    RECORD    YEAR
 MAXIMUM TEMPERATURE (F)   45        63      1946
 MINIMUM TEMPERATURE (F)   33         8      1960


SUNRISE AND SUNSET
DECEMBER 13 2017......SUNRISE   711 AM EST   SUNSET   428 PM EST
DECEMBER 14 2017......SUNRISE   712 AM EST   SUNSET   429 PM EST


-  INDICATES NEGATIVE NUMBERS.
R  INDICATES RECORD WAS SET OR TIED.
MM INDICATES DATA IS MISSING.
T  INDICATES TRACE AMOUNT.




$$
