000
CDUS46 KLOX 300857
CLILGB


CLIMATE REPORT
NATIONAL WEATHER SERVICE LOS ANGELES/OXNARD CA
157 AM PDT SAT MAY 30 2015


...................................

...THE LONG BEACH AIRPORT CA CLIMATE SUMMARY FOR MAY 29 2015...

CLIMATE NORMAL PERIOD 1981 TO 2010
CLIMATE RECORD PERIOD 1958 TO 2015


WEATHER ITEM   OBSERVED TIME   RECORD YEAR NORMAL DEPARTURE LAST
                VALUE   (LST)  VALUE       VALUE  FROM      YEAR
                                                  NORMAL
..................................................................
TEMPERATURE (F)
 YESTERDAY
  MAXIMUM         75    506 PM  99    1978  74      1       75
  MINIMUM         60   1159 PM  50    1964  59      1       63
  AVERAGE         68                        66      2       69

PRECIPITATION (IN)
  YESTERDAY        0.00          0.04 2011   0.00   0.00     0.00
  MONTH TO DATE    0.77                      0.20   0.57     0.00
  SINCE OCT 1      7.85                     11.94  -4.09     4.43
  SINCE JAN 1      2.59                      8.36  -5.77     3.19

SNOWFALL (IN)
  YESTERDAY        0.0
  MONTH TO DATE    0.0
  SINCE MAR 1      0.0
  SINCE JUL 1      0.0

DEGREE DAYS
 HEATING
  YESTERDAY        0                         1     -1        0
  MONTH TO DATE   33                        38     -5        7
  SINCE MAR 1    111                       323   -212      138
  SINCE JUL 1    534                      1214   -680      716

 COOLING
  YESTERDAY        3                         2      1        4
  MONTH TO DATE   26                        58    -32      155
  SINCE MAR 1    216                        97    119      242
  SINCE JAN 1    253                       105    148      257
..................................................................


WIND (MPH)
  HIGHEST WIND SPEED    13   HIGHEST WIND DIRECTION    NW (320)
  HIGHEST GUST SPEED    18   HIGHEST GUST DIRECTION     S (200)
  AVERAGE WIND SPEED     5.3


SKY COVER
  POSSIBLE SUNSHINE  MM
  AVERAGE SKY COVER 0.4


WEATHER CONDITIONS
 THE FOLLOWING WEATHER WAS RECORDED YESTERDAY.
  FOG
  HAZE


RELATIVE HUMIDITY (PERCENT)
 HIGHEST    90           500 AM
 LOWEST     54           400 PM
 AVERAGE    72

..........................................................


THE LONG BEACH AIRPORT CA CLIMATE NORMALS FOR TODAY
                         NORMAL    RECORD    YEAR
 MAXIMUM TEMPERATURE (F)   74        88      1972
 MINIMUM TEMPERATURE (F)   59        51      1961


SUNRISE AND SUNSET
MAY 30 2015...........SUNRISE   544 AM PDT   SUNSET   757 PM PDT
MAY 31 2015...........SUNRISE   543 AM PDT   SUNSET   758 PM PDT


-  INDICATES NEGATIVE NUMBERS.
R  INDICATES RECORD WAS SET OR TIED.
MM INDICATES DATA IS MISSING.
T  INDICATES TRACE AMOUNT.




$$
