000
CDUS46 KLOX 280912
CLILGB


CLIMATE REPORT
NATIONAL WEATHER SERVICE LOS ANGELES/OXNARD CA
112 AM PST SUN DEC 28 2014


...................................

...THE LONG BEACH AIRPORT CA CLIMATE SUMMARY FOR DECEMBER 27 2014...

CLIMATE NORMAL PERIOD 1981 TO 2010
CLIMATE RECORD PERIOD 1958 TO 2014


WEATHER ITEM   OBSERVED TIME   RECORD YEAR NORMAL DEPARTURE LAST
                VALUE   (LST)  VALUE       VALUE  FROM      YEAR
                                                  NORMAL
..................................................................
TEMPERATURE (F)
 YESTERDAY
  MAXIMUM         62    325 PM  84    2013  67     -5       84
  MINIMUM         40    626 AM  34    1987  45     -5       48
  AVERAGE         51                        56     -5       66

PRECIPITATION (IN)
  YESTERDAY        0.00          1.43 1971   0.08  -0.08     0.00
  MONTH TO DATE    4.37                      1.63   2.74     0.34
  SINCE JUL 1      5.41                      3.50   1.91     1.31
  SINCE JAN 1      8.60                     11.94  -3.34     4.18

SNOWFALL (IN)
  YESTERDAY        0.0
  MONTH TO DATE    0.0
  SINCE DEC 1      0.0
  SINCE JUL 1      0.0

DEGREE DAYS
 HEATING
  YESTERDAY       14                         9      5        0
  MONTH TO DATE  127                       234   -107      193
  SINCE DEC 1    127                       234   -107      193
  SINCE JUL 1    163                       383   -220      288

 COOLING
  YESTERDAY        0                         0      0        1
  MONTH TO DATE    5                         0      5       12
  SINCE DEC 1      5                         0      5       12
  SINCE JAN 1   1707                      1125    582     1239
..................................................................


WIND (MPH)
  HIGHEST WIND SPEED    13   HIGHEST WIND DIRECTION     E (80)
  HIGHEST GUST SPEED    20   HIGHEST GUST DIRECTION     E (80)
  AVERAGE WIND SPEED     4.6


SKY COVER
  POSSIBLE SUNSHINE  MM
  AVERAGE SKY COVER 0.0


WEATHER CONDITIONS
 THE FOLLOWING WEATHER WAS RECORDED YESTERDAY.
  NO SIGNIFICANT WEATHER WAS OBSERVED.


RELATIVE HUMIDITY (PERCENT)
 HIGHEST    66           900 PM
 LOWEST     20           200 PM
 AVERAGE    43

..........................................................


THE LONG BEACH AIRPORT CA CLIMATE NORMALS FOR TODAY
                         NORMAL    RECORD    YEAR
 MAXIMUM TEMPERATURE (F)   67        84      1975
 MINIMUM TEMPERATURE (F)   46        32      1962


SUNRISE AND SUNSET
DECEMBER 28 2014......SUNRISE   657 AM PST   SUNSET   452 PM PST
DECEMBER 29 2014......SUNRISE   657 AM PST   SUNSET   453 PM PST


-  INDICATES NEGATIVE NUMBERS.
R  INDICATES RECORD WAS SET OR TIED.
MM INDICATES DATA IS MISSING.
T  INDICATES TRACE AMOUNT.




$$
