000
CDUS46 KLOX 250939
CLILGB


CLIMATE REPORT
NATIONAL WEATHER SERVICE LOS ANGELES/OXNARD CA
239 AM PDT MON JUL 25 2016


...................................

...THE LONG BEACH AIRPORT CA CLIMATE SUMMARY FOR JULY 24 2016...

CLIMATE NORMAL PERIOD 1981 TO 2010
CLIMATE RECORD PERIOD 1958 TO 2016


WEATHER ITEM   OBSERVED TIME   RECORD YEAR NORMAL DEPARTURE LAST
                VALUE   (LST)  VALUE       VALUE  FROM      YEAR
                                                  NORMAL
..................................................................
TEMPERATURE (F)
 YESTERDAY
  MAXIMUM         81    359 PM  99    2006  83     -2       88
  MINIMUM         69    542 AM  58    1999  65      4       69
  AVERAGE         75                        74      1       79

PRECIPITATION (IN)
  YESTERDAY        0.00          T    1993   0.00   0.00     0.00
  MONTH TO DATE    0.00                      0.02  -0.02     0.54
  SINCE OCT 1      4.99                     12.04  -7.05     8.40
  SINCE JAN 1      3.99                      8.46  -4.47     3.14

SNOWFALL (IN)
  YESTERDAY        0.0
  MONTH TO DATE    0.0
  SINCE JUN 1      0.0
  SINCE JUL 1      0.0

DEGREE DAYS
 HEATING
  YESTERDAY        0                         0      0        0
  MONTH TO DATE    0                         0      0        0
  SINCE JUN 1      0                         6     -6        0
  SINCE JUL 1      0                         0      0        0

 COOLING
  YESTERDAY       10                         9      1       14
  MONTH TO DATE  227                       192     35      245
  SINCE JUN 1    404                       313     91      456
  SINCE JAN 1    541                       416    125      712
..................................................................


WIND (MPH)
  HIGHEST WIND SPEED    13   HIGHEST WIND DIRECTION     S (160)
  HIGHEST GUST SPEED    18   HIGHEST GUST DIRECTION     S (190)
  AVERAGE WIND SPEED     5.2


SKY COVER
  POSSIBLE SUNSHINE  MM
  AVERAGE SKY COVER 0.2


WEATHER CONDITIONS
 THE FOLLOWING WEATHER WAS RECORDED YESTERDAY.
  FOG


RELATIVE HUMIDITY (PERCENT)
 HIGHEST    90           100 AM
 LOWEST     58           100 PM
 AVERAGE    74

..........................................................


THE LONG BEACH AIRPORT CA CLIMATE NORMALS FOR TODAY
                         NORMAL    RECORD    YEAR
 MAXIMUM TEMPERATURE (F)   83        95      1977
 MINIMUM TEMPERATURE (F)   65        59      2012
                                             1999


SUNRISE AND SUNSET
JULY 25 2016..........SUNRISE   600 AM PDT   SUNSET   758 PM PDT
JULY 26 2016..........SUNRISE   601 AM PDT   SUNSET   757 PM PDT


-  INDICATES NEGATIVE NUMBERS.
R  INDICATES RECORD WAS SET OR TIED.
MM INDICATES DATA IS MISSING.
T  INDICATES TRACE AMOUNT.




$$
