442
CDUS46 KLOX 220943
CLILGB


CLIMATE REPORT
NATIONAL WEATHER SERVICE LOS ANGELES/OXNARD CA
243 AM PDT FRI SEP 22 2017


...................................

...THE LONG BEACH AIRPORT CA CLIMATE SUMMARY FOR SEPTEMBER 21 2017...

CLIMATE NORMAL PERIOD 1981 TO 2010
CLIMATE RECORD PERIOD 1958 TO 2017


WEATHER ITEM   OBSERVED TIME   RECORD YEAR NORMAL DEPARTURE LAST
                VALUE   (LST)  VALUE       VALUE  FROM      YEAR
                                                  NORMAL
..................................................................
TEMPERATURE (F)
 YESTERDAY
  MAXIMUM         73    325 PM  97    1989  81     -8       86
  MINIMUM         61   1159 PM  53    1965  63     -2       67
  AVERAGE         67                        72     -5       77

PRECIPITATION (IN)
  YESTERDAY        0.05          0.13 2007   0.01   0.04     0.00
  MONTH TO DATE    0.12                      0.09   0.03      T
  SINCE OCT 1     20.10                     12.17   7.93     4.99
  SINCE JAN 1     14.90                      8.59   6.31     3.99

SNOWFALL (IN)
  YESTERDAY        0.0
  MONTH TO DATE    0.0
  SINCE SEP 1      0.0
  SINCE JUL 1      0.0

DEGREE DAYS
 HEATING
  YESTERDAY        0                         0      0        0
  MONTH TO DATE    0                         0      0        0
  SINCE SEP 1      0                         0      0        0
  SINCE JUL 1      0                         0      0        0

 COOLING
  YESTERDAY        2                         7     -5       12
  MONTH TO DATE  210                       174     36      143
  SINCE SEP 1    210                       174     36      143
  SINCE JAN 1   1176                       942    234     1087
..................................................................


WIND (MPH)
  HIGHEST WIND SPEED    18   HIGHEST WIND DIRECTION     W (290)
  HIGHEST GUST SPEED    24   HIGHEST GUST DIRECTION     W (290)
  AVERAGE WIND SPEED     7.6


SKY COVER
  POSSIBLE SUNSHINE  MM
  AVERAGE SKY COVER 0.5


WEATHER CONDITIONS
 THE FOLLOWING WEATHER WAS RECORDED YESTERDAY.
  LIGHT RAIN
  FOG


RELATIVE HUMIDITY (PERCENT)
 HIGHEST    87           300 AM
 LOWEST     41           300 PM
 AVERAGE    64

..........................................................


THE LONG BEACH AIRPORT CA CLIMATE NORMALS FOR TODAY
                         NORMAL    RECORD    YEAR
 MAXIMUM TEMPERATURE (F)   81       100      1975
 MINIMUM TEMPERATURE (F)   63        53      1964


SUNRISE AND SUNSET
SEPTEMBER 22 2017.....SUNRISE   641 AM PDT   SUNSET   649 PM PDT
SEPTEMBER 23 2017.....SUNRISE   642 AM PDT   SUNSET   647 PM PDT


-  INDICATES NEGATIVE NUMBERS.
R  INDICATES RECORD WAS SET OR TIED.
MM INDICATES DATA IS MISSING.
T  INDICATES TRACE AMOUNT.




$$
