000
CDUS46 KLOX 180926
CLILGB


CLIMATE REPORT
NATIONAL WEATHER SERVICE LOS ANGELES/OXNARD CA
126 AM PST SAT NOV 18 2017


...................................

...THE LONG BEACH AIRPORT CA CLIMATE SUMMARY FOR NOVEMBER 17 2017...

CLIMATE NORMAL PERIOD 1981 TO 2010
CLIMATE RECORD PERIOD 1958 TO 2017


WEATHER ITEM   OBSERVED TIME   RECORD YEAR NORMAL DEPARTURE LAST
                VALUE   (LST)  VALUE       VALUE  FROM      YEAR
                                                  NORMAL
..................................................................
TEMPERATURE (F)
 YESTERDAY
  MAXIMUM         74    102 PM  87    2008  72      2       74
                                      1976
  MINIMUM         60   1159 PM  34    1958  50     10       50
  AVERAGE         67                        61      6       62

PRECIPITATION (IN)
  YESTERDAY        T             0.87 1986   0.03  -0.03     0.00
  MONTH TO DATE    0.04                      0.47  -0.43     0.00
  SINCE OCT 1      0.04                      1.10  -1.06     0.41
  SINCE JAN 1     14.94                      9.78   5.16     4.40

SNOWFALL (IN)
  YESTERDAY        0.0
  MONTH TO DATE    0.0
  SINCE SEP 1      0.0
  SINCE JUL 1      0.0

DEGREE DAYS
 HEATING
  YESTERDAY        0                         4     -4        3
  MONTH TO DATE    7                        50    -43        7
  SINCE SEP 1      7                        71    -64       10
  SINCE JUL 1      7                        71    -64       10

 COOLING
  YESTERDAY        2                         1      1        0
  MONTH TO DATE   19                        19      0       80
  SINCE SEP 1    523                       355    168      500
  SINCE JAN 1   1489                      1123    366     1444
..................................................................


WIND (MPH)
  HIGHEST WIND SPEED    16   HIGHEST WIND DIRECTION     W (290)
  HIGHEST GUST SPEED    20   HIGHEST GUST DIRECTION     W (290)
  AVERAGE WIND SPEED     6.0


SKY COVER
  POSSIBLE SUNSHINE  MM
  AVERAGE SKY COVER 0.4


WEATHER CONDITIONS
 THE FOLLOWING WEATHER WAS RECORDED YESTERDAY.
  LIGHT RAIN


RELATIVE HUMIDITY (PERCENT)
 HIGHEST    84          1100 PM
 LOWEST     59           100 AM
 AVERAGE    72

..........................................................


THE LONG BEACH AIRPORT CA CLIMATE NORMALS FOR TODAY
                         NORMAL    RECORD    YEAR
 MAXIMUM TEMPERATURE (F)   72        90      1989
 MINIMUM TEMPERATURE (F)   50        35      1964


SUNRISE AND SUNSET
NOVEMBER 18 2017......SUNRISE   628 AM PST   SUNSET   448 PM PST
NOVEMBER 19 2017......SUNRISE   629 AM PST   SUNSET   447 PM PST


-  INDICATES NEGATIVE NUMBERS.
R  INDICATES RECORD WAS SET OR TIED.
MM INDICATES DATA IS MISSING.
T  INDICATES TRACE AMOUNT.




$$
