440
CDUS46 KLOX 230114
CLILGB


CLIMATE REPORT
NATIONAL WEATHER SERVICE LOS ANGELES/OXNARD CA
614 PM PDT MON MAY 22 2017


...................................

...THE LONG BEACH AIRPORT CA CLIMATE SUMMARY FOR MAY 22 2017...
VALID TODAY AS OF 0600 PM LOCAL TIME.

CLIMATE NORMAL PERIOD 1981 TO 2010
CLIMATE RECORD PERIOD 1958 TO 2017


WEATHER ITEM   OBSERVED TIME   RECORD YEAR NORMAL DEPARTURE LAST
                VALUE   (LST)  VALUE       VALUE  FROM      YEAR
                                                  NORMAL
..................................................................
TEMPERATURE (F)
 TODAY
  MAXIMUM         80    241 PM  89    1967  74      6       72
  MINIMUM         59    111 AM  48    1962  58      1       55
  AVERAGE         70                        66      4       64

PRECIPITATION (IN)
  TODAY            0.00          0.29 2006   0.01  -0.01     0.00
  MONTH TO DATE    0.40                      0.17   0.23     0.05
  SINCE OCT 1     19.98                     11.91   8.07     4.98
  SINCE JAN 1     14.78                      8.33   6.45     3.98

SNOWFALL (IN)
  TODAY            0.0
  MONTH TO DATE    0.0
  SINCE MAR 1      0.0
  SINCE JUL 1      0.0

DEGREE DAYS
 HEATING
  TODAY            0                         1     -1        1
  MONTH TO DATE   34                        31      3       13
  SINCE MAR 1    133                       316   -183      147
  SINCE JUL 1    911                      1207   -296      790

 COOLING
  TODAY            5                         2      3        0
  MONTH TO DATE   59                        44     15       17
  SINCE MAR 1    149                        83     66       86
  SINCE JAN 1    150                        91     59      133
..................................................................


WIND (MPH)
  HIGHEST WIND SPEED    13   HIGHEST WIND DIRECTION    NW (320)
  HIGHEST GUST SPEED    16   HIGHEST GUST DIRECTION    NW (320)
  AVERAGE WIND SPEED     5.6


SKY COVER
  POSSIBLE SUNSHINE  MM
  AVERAGE SKY COVER 0.5


WEATHER CONDITIONS
 THE FOLLOWING WEATHER WAS RECORDED TODAY.
  FOG
  HAZE


RELATIVE HUMIDITY (PERCENT)
 HIGHEST    93           100 AM
 LOWEST     42           300 PM
 AVERAGE    68

..........................................................


THE LONG BEACH AIRPORT CA CLIMATE NORMALS FOR TOMORROW
                         NORMAL    RECORD    YEAR
 MAXIMUM TEMPERATURE (F)   74        87      1967
 MINIMUM TEMPERATURE (F)   58        46      1960


SUNRISE AND SUNSET
MAY 22 2017...........SUNRISE   547 AM PDT   SUNSET   752 PM PDT
MAY 23 2017...........SUNRISE   546 AM PDT   SUNSET   753 PM PDT


-  INDICATES NEGATIVE NUMBERS.
R  INDICATES RECORD WAS SET OR TIED.
MM INDICATES DATA IS MISSING.
T  INDICATES TRACE AMOUNT.




$$
