000
CDUS46 KLOX 270130
CLILGB


CLIMATE REPORT
NATIONAL WEATHER SERVICE LOS ANGELES/OXNARD CA
530 PM PST SUN FEB 26 2017


...................................

...THE LONG BEACH AIRPORT CA CLIMATE SUMMARY FOR FEBRUARY 26 2017...
VALID TODAY AS OF 0500 PM LOCAL TIME.

CLIMATE NORMAL PERIOD 1981 TO 2010
CLIMATE RECORD PERIOD 1958 TO 2017


WEATHER ITEM   OBSERVED TIME   RECORD YEAR NORMAL DEPARTURE LAST
                VALUE   (LST)  VALUE       VALUE  FROM      YEAR
                                                  NORMAL
..................................................................
TEMPERATURE (F)
 TODAY
  MAXIMUM         57    233 PM  87    2002  67    -10       77
  MINIMUM         49    736 AM  36    1987  49      0       50
  AVERAGE         53                        58     -5       64

PRECIPITATION (IN)
  TODAY            0.06          1.70 1983   0.11  -0.05     0.00
  MONTH TO DATE    4.72                      2.89   1.83     0.61
  SINCE OCT 1     19.25                      9.07  10.18     3.90
  SINCE JAN 1     14.05                      5.49   8.56     2.90

SNOWFALL (IN)
  TODAY           MM
  MONTH TO DATE    0.0
  SINCE DEC 1      0.0
  SINCE JUL 1      0.0

DEGREE DAYS
 HEATING
  TODAY           12                         7      5        1
  MONTH TO DATE  168                       199    -31       81
  SINCE DEC 1    676                       729    -53      547
  SINCE JUL 1    756                       878   -122      639

 COOLING
  TODAY            0                         0      0        0
  MONTH TO DATE    1                         0      1       47
  SINCE DEC 1      2                         4     -2       53
  SINCE JAN 1      1                         3     -2       47
..................................................................


WIND (MPH)
  HIGHEST WIND SPEED    12   HIGHEST WIND DIRECTION     W (250)
  HIGHEST GUST SPEED    16   HIGHEST GUST DIRECTION    NW (310)
  AVERAGE WIND SPEED     5.2


SKY COVER
  POSSIBLE SUNSHINE  MM
  AVERAGE SKY COVER 0.9


WEATHER CONDITIONS
 THE FOLLOWING WEATHER WAS RECORDED TODAY.
  LIGHT RAIN
  FOG
  HAZE


RELATIVE HUMIDITY (PERCENT)
 HIGHEST    83          1200 PM
 LOWEST     64           300 AM
 AVERAGE    74

..........................................................


THE LONG BEACH AIRPORT CA CLIMATE NORMALS FOR TOMORROW
                         NORMAL    RECORD    YEAR
 MAXIMUM TEMPERATURE (F)   67        83      1992
 MINIMUM TEMPERATURE (F)   49        35      2011


SUNRISE AND SUNSET
FEBRUARY 26 2017......SUNRISE   624 AM PST   SUNSET   547 PM PST
FEBRUARY 27 2017......SUNRISE   623 AM PST   SUNSET   548 PM PST


-  INDICATES NEGATIVE NUMBERS.
R  INDICATES RECORD WAS SET OR TIED.
MM INDICATES DATA IS MISSING.
T  INDICATES TRACE AMOUNT.




$$
