000
CDHW41 PHFO 230230
CLILIH


CLIMATE REPORT
NATIONAL WEATHER SERVICE HONOLULU HI
429 PM HST SAT JUL 22 2017


...................................

...THE LIHUE HI CLIMATE SUMMARY FOR JULY 22 2017...
VALID TODAY AS OF 0400 PM LOCAL TIME.

CLIMATE NORMAL PERIOD 1981 TO 2010
CLIMATE RECORD PERIOD 1946 TO 2017


WEATHER ITEM   OBSERVED TIME   RECORD YEAR NORMAL DEPARTURE LAST
                VALUE   (LST)  VALUE       VALUE  FROM      YEAR
                                                  NORMAL
..................................................................
TEMPERATURE (F)
 TODAY
  MAXIMUM         87R   243 PM  87    1982  84      3       85
                                      1963
  MINIMUM         78    403 AM  66    1955  74      4       74
  AVERAGE         83                        79      4       80

PRECIPITATION (IN)
  TODAY            T             0.66 1997   0.06  -0.06     0.05
  MONTH TO DATE    0.48                      1.26  -0.78     1.31
  SINCE JUN 1      1.23                      2.87  -1.64     2.39
  SINCE JAN 1     15.79                     18.71  -2.92     8.83

SNOWFALL (IN)
  TODAY            0.0
  MONTH TO DATE    0.0
  SINCE JUN 1      0.0
  SINCE JUL 1      0.0
  SNOW DEPTH      MM

DEGREE DAYS
 HEATING
  TODAY            0                         0      0        0
  MONTH TO DATE    0                         0      0        0
  SINCE JUN 1      0                         0      0        0
  SINCE JUL 1      0                         0      0        0

 COOLING
  TODAY           18                        14      4       15
  MONTH TO DATE  296                       308    -12      279
  SINCE JUN 1    694                       702     -8      624
  SINCE JAN 1   2162                      1941    221     2026
..................................................................


WIND (MPH)
  HIGHEST WIND SPEED    20   HIGHEST WIND DIRECTION     E (90)
  HIGHEST GUST SPEED    22   HIGHEST GUST DIRECTION     E (90)
  AVERAGE WIND SPEED    MM


SKY COVER
  POSSIBLE SUNSHINE  MM
  AVERAGE SKY COVER  MM


WEATHER CONDITIONS
 THE FOLLOWING WEATHER WAS RECORDED TODAY.
  NO SIGNIFICANT WEATHER WAS OBSERVED.


RELATIVE HUMIDITY (PERCENT)
 HIGHEST    MM
 LOWEST     MM
 AVERAGE    MM

..........................................................


THE LIHUE HI CLIMATE NORMALS FOR TOMORROW
                         NORMAL    RECORD    YEAR
 MAXIMUM TEMPERATURE (F)   84        88      1981
 MINIMUM TEMPERATURE (F)   74        65      1955


SUNRISE AND SUNSET
JULY 22 2017..........SUNRISE   606 AM HST   SUNSET   722 PM HST
JULY 23 2017..........SUNRISE   606 AM HST   SUNSET   721 PM HST


-  INDICATES NEGATIVE NUMBERS.
R  INDICATES RECORD WAS SET OR TIED.
MM INDICATES DATA IS MISSING.
T  INDICATES TRACE AMOUNT.




$$
