000
CDHW41 PHFO 211245
CLILIH


CLIMATE REPORT
NATIONAL WEATHER SERVICE HONOLULU HI
245 AM HST TUE NOV 21 2017


...................................

...THE LIHUE HI CLIMATE SUMMARY FOR NOVEMBER 20 2017...

CLIMATE NORMAL PERIOD 1981 TO 2010
CLIMATE RECORD PERIOD 1946 TO 2017


WEATHER ITEM   OBSERVED TIME   RECORD YEAR NORMAL DEPARTURE LAST
                VALUE   (LST)  VALUE       VALUE  FROM      YEAR
                                                  NORMAL
..................................................................
TEMPERATURE (F)
 YESTERDAY
  MAXIMUM         77   1213 PM  85    1954  80     -3       83
  MINIMUM         61R   631 AM  63    1985  71    -10       73
                                      1980
                                      1952
  AVERAGE         69                        75     -6       78

PRECIPITATION (IN)
  YESTERDAY        0.01          4.30 1957   0.14  -0.13      T
  MONTH TO DATE    0.81                      3.01  -2.20     0.13
  SINCE SEP 1      4.15                      8.95  -4.80     1.22
  SINCE JAN 1     21.85                     30.40  -8.55    11.96

SNOWFALL (IN)
  YESTERDAY        0.0
  MONTH TO DATE    0.0
  SINCE SEP 1      0.0
  SINCE JUL 1      0.0
  SNOW DEPTH      MM

DEGREE DAYS
 HEATING
  YESTERDAY        0                         0      0        0
  MONTH TO DATE    0                         0      0        0
  SINCE SEP 1      0                         0      0        0
  SINCE JUL 1      0                         0      0        0

 COOLING
  YESTERDAY        4                        10     -6       13
  MONTH TO DATE  234                       226      8      238
  SINCE SEP 1   1140                      1067     73     1181
  SINCE JAN 1   4013                      3593    420     3840
..................................................................


WIND (MPH)
  HIGHEST WIND SPEED    22   HIGHEST WIND DIRECTION     N (350)
  HIGHEST GUST SPEED    28   HIGHEST GUST DIRECTION     N (340)
  AVERAGE WIND SPEED    10.5


SKY COVER
  POSSIBLE SUNSHINE  MM
  AVERAGE SKY COVER  MM


WEATHER CONDITIONS
 THE FOLLOWING WEATHER WAS RECORDED YESTERDAY.
  NO SIGNIFICANT WEATHER WAS OBSERVED.


RELATIVE HUMIDITY (PERCENT)
 HIGHEST    MM
 LOWEST     MM
 AVERAGE    MM

..........................................................


THE LIHUE HI CLIMATE NORMALS FOR TODAY
                         NORMAL    RECORD    YEAR
 MAXIMUM TEMPERATURE (F)   80        85      2015
 MINIMUM TEMPERATURE (F)   70        60      1958


SUNRISE AND SUNSET
NOVEMBER 21 2017......SUNRISE   653 AM HST   SUNSET   553 PM HST
NOVEMBER 22 2017......SUNRISE   654 AM HST   SUNSET   553 PM HST


-  INDICATES NEGATIVE NUMBERS.
R  INDICATES RECORD WAS SET OR TIED.
MM INDICATES DATA IS MISSING.
T  INDICATES TRACE AMOUNT.




$$
