000
CDHW41 PHFO 230246
CLILIH


CLIMATE REPORT
NATIONAL WEATHER SERVICE HONOLULU HI
446 PM HST WED FEB 22 2017


...................................

...THE LIHUE HI CLIMATE SUMMARY FOR FEBRUARY 22 2017...
VALID TODAY AS OF 0400 PM LOCAL TIME.

CLIMATE NORMAL PERIOD 1981 TO 2010
CLIMATE RECORD PERIOD 1946 TO 2017


WEATHER ITEM   OBSERVED TIME   RECORD YEAR NORMAL DEPARTURE LAST
                VALUE   (LST)  VALUE       VALUE  FROM      YEAR
                                                  NORMAL
..................................................................
TEMPERATURE (F)
 TODAY
  MAXIMUM         78    145 PM  84    1980  78      0       78
                                      1963
  MINIMUM         67    651 AM  52    1962  66      1       59
  AVERAGE         73                        72      1       69

PRECIPITATION (IN)
  TODAY            T             3.85 1972   0.11  -0.11     0.00
  MONTH TO DATE    4.49                      2.43   2.06     0.84
  SINCE DEC 1      5.86                     11.38  -5.52     2.58
  SINCE JAN 1      4.69                      6.18  -1.49     1.16

SNOWFALL (IN)
  TODAY            0.0
  MONTH TO DATE    0.0
  SINCE DEC 1      0.0
  SINCE JUL 1      0.0
  SNOW DEPTH       0

DEGREE DAYS
 HEATING
  TODAY            0                         0      0        0
  MONTH TO DATE    0                         0      0        0
  SINCE DEC 1      0                         0      0        0
  SINCE JUL 1      0                         0      0        0

 COOLING
  TODAY            8                         7      1        4
  MONTH TO DATE  164                       154     10      167
  SINCE DEC 1    678                       617     61      765
  SINCE JAN 1    408                       363     45      409
..................................................................


WIND (MPH)
  HIGHEST WIND SPEED    30   HIGHEST WIND DIRECTION    NE (60)
  HIGHEST GUST SPEED    36   HIGHEST GUST DIRECTION    NE (60)
  AVERAGE WIND SPEED    19.5


SKY COVER
  POSSIBLE SUNSHINE  MM
  AVERAGE SKY COVER 0.7


WEATHER CONDITIONS
 THE FOLLOWING WEATHER WAS RECORDED TODAY.
  LIGHT RAIN


RELATIVE HUMIDITY (PERCENT)
 HIGHEST    87           700 AM
 LOWEST     50          1100 AM
 AVERAGE    69

..........................................................


THE LIHUE HI CLIMATE NORMALS FOR TOMORROW
                         NORMAL    RECORD    YEAR
 MAXIMUM TEMPERATURE (F)   78        83      1980
 MINIMUM TEMPERATURE (F)   66        56      1957


SUNRISE AND SUNSET
FEBRUARY 22 2017......SUNRISE   703 AM HST   SUNSET   638 PM HST
FEBRUARY 23 2017......SUNRISE   703 AM HST   SUNSET   639 PM HST


-  INDICATES NEGATIVE NUMBERS.
R  INDICATES RECORD WAS SET OR TIED.
MM INDICATES DATA IS MISSING.
T  INDICATES TRACE AMOUNT.




$$
