000
CDHW41 PHFO 181245
CLILIH


CLIMATE REPORT
NATIONAL WEATHER SERVICE HONOLULU HI
245 AM HST SUN FEB 18 2018


...................................

...THE LIHUE HI CLIMATE SUMMARY FOR FEBRUARY 17 2018...

CLIMATE NORMAL PERIOD 1981 TO 2010
CLIMATE RECORD PERIOD 1946 TO 2018


WEATHER ITEM   OBSERVED TIME   RECORD YEAR NORMAL DEPARTURE LAST
                VALUE   (LST)  VALUE       VALUE  FROM      YEAR
                                                  NORMAL
..................................................................
TEMPERATURE (F)
 YESTERDAY
  MAXIMUM         77    352 PM  86    1982  78     -1       80
  MINIMUM         62    731 AM  55    1957  66     -4       67
  AVERAGE         70                        72     -2       74

PRECIPITATION (IN)
  YESTERDAY        0.00          0.57 1953   0.11  -0.11      T
  MONTH TO DATE    8.24                      1.88   6.36     4.49
  SINCE DEC 1      9.79                     10.83  -1.04     5.86
  SINCE JAN 1      8.68                      5.63   3.05     4.69

SNOWFALL (IN)
  YESTERDAY        0.0
  MONTH TO DATE    0.0
  SINCE DEC 1      0.0
  SINCE JUL 1      0.0
  SNOW DEPTH      MM

DEGREE DAYS
 HEATING
  YESTERDAY        0                         0      0        0
  MONTH TO DATE    0                         0      0        0
  SINCE DEC 1      0                         0      0        0
  SINCE JUL 1      0                         0      0        0

 COOLING
  YESTERDAY        5                         7     -2        9
  MONTH TO DATE   96                       119    -23      123
  SINCE DEC 1    478                       582   -104      637
  SINCE JAN 1    365                       328     37      367
..................................................................


WIND (MPH)
  HIGHEST WIND SPEED    15   HIGHEST WIND DIRECTION     N (20)
  HIGHEST GUST SPEED    21   HIGHEST GUST DIRECTION     N (10)
  AVERAGE WIND SPEED     9.5


SKY COVER
  POSSIBLE SUNSHINE  MM
  AVERAGE SKY COVER  MM


WEATHER CONDITIONS
 THE FOLLOWING WEATHER WAS RECORDED YESTERDAY.
  NO SIGNIFICANT WEATHER WAS OBSERVED.


RELATIVE HUMIDITY (PERCENT)
 HIGHEST    MM
 LOWEST     MM
 AVERAGE    MM

..........................................................


THE LIHUE HI CLIMATE NORMALS FOR TODAY
                         NORMAL    RECORD    YEAR
 MAXIMUM TEMPERATURE (F)   78        86      1982
 MINIMUM TEMPERATURE (F)   66        53      1958


SUNRISE AND SUNSET
FEBRUARY 18 2018......SUNRISE   706 AM HST   SUNSET   636 PM HST
FEBRUARY 19 2018......SUNRISE   706 AM HST   SUNSET   637 PM HST


-  INDICATES NEGATIVE NUMBERS.
R  INDICATES RECORD WAS SET OR TIED.
MM INDICATES DATA IS MISSING.
T  INDICATES TRACE AMOUNT.




$$
