000
CDHW41 PHFO 281245
CLILIH


CLIMATE REPORT
NATIONAL WEATHER SERVICE HONOLULU HI
245 AM HST THU AUG 28 2014


...................................

...THE LIHUE HI CLIMATE SUMMARY FOR AUGUST 27 2014...

CLIMATE NORMAL PERIOD 1981 TO 2010
CLIMATE RECORD PERIOD 1946 TO 2014


WEATHER ITEM   OBSERVED TIME   RECORD YEAR NORMAL DEPARTURE LAST
                VALUE   (LST)  VALUE       VALUE  FROM      YEAR
                                                  NORMAL
..................................................................
TEMPERATURE (F)
 YESTERDAY
  MAXIMUM         85    223 PM  89    1981  85      0       86
  MINIMUM         74    151 AM  68    1979  75     -1       75
                                      1964
  AVERAGE         80                        80      0       81

PRECIPITATION (IN)
  YESTERDAY        T             0.36 1998   0.06  -0.06     0.03
  MONTH TO DATE    3.75                      1.89   1.86     0.66
  SINCE JUN 1      8.33                      5.37   2.96     2.32
  SINCE JAN 1     24.12                     21.21   2.91    17.12

SNOWFALL (IN)
  YESTERDAY        0.0
  MONTH TO DATE    0.0
  SINCE JUN 1      0.0
  SINCE JUL 1      0.0
  SNOW DEPTH       0

DEGREE DAYS
 HEATING
  YESTERDAY        0                         0      0        0
  MONTH TO DATE    0                         0      0        0
  SINCE JUN 1      0                         0      0        0
  SINCE JUL 1      0                         0      0        0

 COOLING
  YESTERDAY       15                        15      0       16
  MONTH TO DATE  396                       404     -8      390
  SINCE JUN 1   1239                      1237      2     1153
  SINCE JAN 1   2460                      2476    -16     2235
..................................................................


WIND (MPH)
  HIGHEST WIND SPEED    24   HIGHEST WIND DIRECTION    NE (40)
  HIGHEST GUST SPEED    29   HIGHEST GUST DIRECTION    NE (50)
  AVERAGE WIND SPEED    13.6


SKY COVER
  POSSIBLE SUNSHINE  MM
  AVERAGE SKY COVER 0.7


WEATHER CONDITIONS
 THE FOLLOWING WEATHER WAS RECORDED YESTERDAY.
  LIGHT RAIN


RELATIVE HUMIDITY (PERCENT)
 HIGHEST    82           100 AM
 LOWEST     59           200 PM
 AVERAGE    71

..........................................................


THE LIHUE HI CLIMATE NORMALS FOR TODAY
                         NORMAL    RECORD    YEAR
 MAXIMUM TEMPERATURE (F)   85        89      2013
 MINIMUM TEMPERATURE (F)   75        68      2013
                                             1979
                                             1964


SUNRISE AND SUNSET
AUGUST 28 2014........SUNRISE   619 AM HST   SUNSET   657 PM HST
AUGUST 29 2014........SUNRISE   620 AM HST   SUNSET   656 PM HST


-  INDICATES NEGATIVE NUMBERS.
R  INDICATES RECORD WAS SET OR TIED.
MM INDICATES DATA IS MISSING.
T  INDICATES TRACE AMOUNT.




$$
