000
CDHW41 PHFO 011245
CLILIH


CLIMATE REPORT
NATIONAL WEATHER SERVICE HONOLULU HI
245 AM HST TUE SEP 1 2015


...................................

...THE LIHUE HI CLIMATE SUMMARY FOR AUGUST 31 2015...

CLIMATE NORMAL PERIOD 1981 TO 2010
CLIMATE RECORD PERIOD 1946 TO 2015


WEATHER ITEM   OBSERVED TIME   RECORD YEAR NORMAL DEPARTURE LAST
                VALUE   (LST)  VALUE       VALUE  FROM      YEAR
                                                  NORMAL
..................................................................
TEMPERATURE (F)
 YESTERDAY
  MAXIMUM         85   1234 PM  88    2002  85      0       85
                                      1996
                                      1981
  MINIMUM         77   1138 PM  69    1954  74      3       75
  AVERAGE         81                        80      1       80

PRECIPITATION (IN)
  YESTERDAY        1.02R         0.36 1993   0.06   0.96      T
  MONTH TO DATE    9.86                      2.13   7.73     3.80
  SINCE JUN 1     11.60                      5.61   5.99     8.38
  SINCE JAN 1     17.49                     21.45  -3.96    24.17

SNOWFALL (IN)
  YESTERDAY        0.0
  MONTH TO DATE    0.0
  SINCE JUN 1      0.0
  SINCE JUL 1      0.0
  SNOW DEPTH       0

DEGREE DAYS
 HEATING
  YESTERDAY        0                         0      0        0
  MONTH TO DATE    0                         0      0        0
  SINCE JUN 1      0                         0      0        0
  SINCE JUL 1      0                         0      0        0

 COOLING
  YESTERDAY       16                        15      1       15
  MONTH TO DATE  515                       454     61      454
  SINCE JUN 1   1403                      1287    116     1297
  SINCE JAN 1   2826                      2526    300     2518
..................................................................


WIND (MPH)
  HIGHEST WIND SPEED    22   HIGHEST WIND DIRECTION    NE (50)
  HIGHEST GUST SPEED    26   HIGHEST GUST DIRECTION    NE (40)
  AVERAGE WIND SPEED    12.9


SKY COVER
  POSSIBLE SUNSHINE  MM
  AVERAGE SKY COVER 0.8


WEATHER CONDITIONS
 THE FOLLOWING WEATHER WAS RECORDED YESTERDAY.
  THUNDERSTORM
  HEAVY RAIN
  LIGHT RAIN
  FOG


RELATIVE HUMIDITY (PERCENT)
 HIGHEST   100          1200 AM
 LOWEST     82           400 PM
 AVERAGE    91

..........................................................


THE LIHUE HI CLIMATE NORMALS FOR TODAY
                         NORMAL    RECORD    YEAR
 MAXIMUM TEMPERATURE (F)   85        88      1979
                                             1965
                                             1961
 MINIMUM TEMPERATURE (F)   74        69      1975
                                             1955


SUNRISE AND SUNSET
SEPTEMBER  1 2015.....SUNRISE   620 AM HST   SUNSET   654 PM HST
SEPTEMBER  2 2015.....SUNRISE   621 AM HST   SUNSET   653 PM HST


-  INDICATES NEGATIVE NUMBERS.
R  INDICATES RECORD WAS SET OR TIED.
MM INDICATES DATA IS MISSING.
T  INDICATES TRACE AMOUNT.




$$
