000
CDUS44 KLZK 011007
CLILIT


CLIMATE REPORT
NATIONAL WEATHER SERVICE LITTLE ROCK AR
407 AM CST SUN FEB 1 2015


...................................

...THE LITTLE ROCK ADAMS FIELD CLIMATE SUMMARY FOR JANUARY 31 2015...

CLIMATE NORMAL PERIOD 1981 TO 2010
CLIMATE RECORD PERIOD 1874 TO 2015


WEATHER ITEM   OBSERVED TIME   RECORD YEAR NORMAL DEPARTURE LAST
                VALUE   (LST)  VALUE       VALUE  FROM      YEAR
                                                  NORMAL
..................................................................
TEMPERATURE (F)
 YESTERDAY
  MAXIMUM         48    320 PM  77    2002  52     -4       58
  MINIMUM         39    728 AM   7    1899  32      7       36
  AVERAGE         44                        42      2       47

PRECIPITATION (IN)
  YESTERDAY        0.00          2.76 1891   0.12  -0.12     0.00
  MONTH TO DATE    2.97                      3.55  -0.58     2.34
  SINCE DEC 1      6.13                      8.52  -2.39     9.28
  SINCE JAN 1      2.97                      3.55  -0.58     2.34

SNOWFALL (IN)
  YESTERDAY        0.0           3.3  1985   0.1   -0.1      0.0
  MONTH TO DATE    T                         1.6   -1.6       T
  SINCE DEC 1      T                         1.8   -1.8      1.3
  SINCE JUL 1      0.1                       1.8   -1.7      1.3
  SNOW DEPTH       0

DEGREE DAYS
 HEATING
  YESTERDAY       21                        23     -2       18
  MONTH TO DATE  724                       742    -18      833
  SINCE DEC 1   1329                      1432   -103     1519
  SINCE JUL 1   1900                      1946    -46     2103

 COOLING
  YESTERDAY        0                         0      0        0
  MONTH TO DATE    0                         1     -1        0
  SINCE DEC 1      0                         3     -3        5
  SINCE JAN 1      0                         1     -1        0
..................................................................


WIND (MPH)
  HIGHEST WIND SPEED    12   HIGHEST WIND DIRECTION    SE (120)
  HIGHEST GUST SPEED    14   HIGHEST GUST DIRECTION    SE (120)
  AVERAGE WIND SPEED     5.5


SKY COVER
  POSSIBLE SUNSHINE  MM
  AVERAGE SKY COVER 1.0


WEATHER CONDITIONS
 THE FOLLOWING WEATHER WAS RECORDED YESTERDAY.
  NO SIGNIFICANT WEATHER WAS OBSERVED.


RELATIVE HUMIDITY (PERCENT)
 HIGHEST    64          1200 AM
 LOWEST     39           300 PM
 AVERAGE    52

..........................................................


THE LITTLE ROCK ADAMS FIELD CLIMATE NORMALS FOR TODAY
                         NORMAL    RECORD    YEAR
 MAXIMUM TEMPERATURE (F)   52        80      1989
                                             1911
 MINIMUM TEMPERATURE (F)   32         7      1951


SUNRISE AND SUNSET
FEBRUARY  1 2015......SUNRISE   707 AM CST   SUNSET   538 PM CST
FEBRUARY  2 2015......SUNRISE   707 AM CST   SUNSET   539 PM CST


-  INDICATES NEGATIVE NUMBERS.
R  INDICATES RECORD WAS SET OR TIED.
MM INDICATES DATA IS MISSING.
T  INDICATES TRACE AMOUNT.




$$
