000
CDUS44 KLZK 160635
CLILIT


CLIMATE REPORT
NATIONAL WEATHER SERVICE LITTLE ROCK AR
1235 AM CST MON JAN 16 2017


...................................

...THE LITTLE ROCK ADAMS FIELD CLIMATE SUMMARY FOR JANUARY 15 2017...

CLIMATE NORMAL PERIOD 1981 TO 2010
CLIMATE RECORD PERIOD 1874 TO 2017


WEATHER ITEM   OBSERVED TIME   RECORD YEAR NORMAL DEPARTURE LAST
                VALUE   (LST)  VALUE       VALUE  FROM      YEAR
                                                  NORMAL
..................................................................
TEMPERATURE (F)
 YESTERDAY
  MAXIMUM         46    331 PM  75    1950  50     -4       67
  MINIMUM         41    825 AM   9    1905  31     10       40
                                      1888
  AVERAGE         44                        41      3       54

PRECIPITATION (IN)
  YESTERDAY        T             2.11 1959   0.11  -0.11     0.02
  MONTH TO DATE    0.29                      1.79  -1.50     1.54
  SINCE DEC 1      4.68                      6.76  -2.08     9.92
  SINCE JAN 1      0.29                      1.79  -1.50     1.54

SNOWFALL (IN)
  YESTERDAY        0.0           5.5  1917   0.0    0.0      0.0
  MONTH TO DATE    0.2                       0.7   -0.5       T
  SINCE DEC 1      0.2                       0.9   -0.7       T
  SINCE JUL 1      0.2                       0.9   -0.7       T
  SNOW DEPTH       0

DEGREE DAYS
 HEATING
  YESTERDAY       21                        24     -3       11
  MONTH TO DATE  335                       360    -25      334
  SINCE DEC 1   1002                      1043    -41      742
  SINCE JUL 1   1341                      1557   -216     1066

 COOLING
  YESTERDAY        0                         0      0        0
  MONTH TO DATE    0                         0      0        0
  SINCE DEC 1      2                         2      0       11
  SINCE JAN 1      0                         0      0        0
..................................................................


WIND (MPH)
  HIGHEST WIND SPEED    13   HIGHEST WIND DIRECTION     E (70)
  HIGHEST GUST SPEED    16   HIGHEST GUST DIRECTION     E (70)
  AVERAGE WIND SPEED     7.7


SKY COVER
  POSSIBLE SUNSHINE  MM
  AVERAGE SKY COVER 1.0


WEATHER CONDITIONS
 THE FOLLOWING WEATHER WAS RECORDED YESTERDAY.
  LIGHT RAIN
  FOG
  FOG W/VISIBILITY <= 1/4 MILE


RELATIVE HUMIDITY (PERCENT)
 HIGHEST   100          1200 AM
 LOWEST    100          1200 AM
 AVERAGE   100

..........................................................


THE LITTLE ROCK ADAMS FIELD CLIMATE NORMALS FOR TODAY
                         NORMAL    RECORD    YEAR
 MAXIMUM TEMPERATURE (F)   50        78      1943
 MINIMUM TEMPERATURE (F)   31         7      1888


SUNRISE AND SUNSET
JANUARY 16 2017.......SUNRISE   715 AM CST   SUNSET   522 PM CST
JANUARY 17 2017.......SUNRISE   715 AM CST   SUNSET   523 PM CST


-  INDICATES NEGATIVE NUMBERS.
R  INDICATES RECORD WAS SET OR TIED.
MM INDICATES DATA IS MISSING.
T  INDICATES TRACE AMOUNT.




$$
