000
CDUS44 KLZK 220902
CLILIT


CLIMATE REPORT
NATIONAL WEATHER SERVICE LITTLE ROCK AR
401 AM CDT WED OCT 22 2014


...................................

...THE LITTLE ROCK ADAMS FIELD CLIMATE SUMMARY FOR OCTOBER 21 2014...

CLIMATE NORMAL PERIOD 1981 TO 2010
CLIMATE RECORD PERIOD 1874 TO 2014


WEATHER ITEM   OBSERVED TIME   RECORD YEAR NORMAL DEPARTURE LAST
                VALUE   (LST)  VALUE       VALUE  FROM      YEAR
                                                  NORMAL
..................................................................
TEMPERATURE (F)
 YESTERDAY
  MAXIMUM         81    303 PM  90    2003  73      8       72
  MINIMUM         52    511 AM  32    1952  51      1       49
  AVERAGE         67                        62      5       61

PRECIPITATION (IN)
  YESTERDAY        0.00          2.33 1996   0.17  -0.17     0.18
  MONTH TO DATE    3.28                      3.24   0.04     2.22
  SINCE SEP 1      5.29                      6.42  -1.13     5.43
  SINCE JAN 1     42.42                     37.83   4.59    40.03

SNOWFALL (IN)
  YESTERDAY        0.0          MM      MM   0.0    0.0      0.0
  MONTH TO DATE    0.0                       0.0    0.0      0.0
  SINCE SEP 1      0.0                       0.0    0.0      0.0
  SINCE JUL 1      0.0                       0.0    0.0      0.0
  SNOW DEPTH       0

DEGREE DAYS
 HEATING
  YESTERDAY        0                         5     -5        4
  MONTH TO DATE   27                        60    -33       46
  SINCE SEP 1     31                        71    -40       46
  SINCE JUL 1     31                        71    -40       46

 COOLING
  YESTERDAY        2                         2      0        0
  MONTH TO DATE   89                        67     22       82
  SINCE SEP 1    419                       379     40      486
  SINCE JAN 1   2029                      2180   -151     2192
..................................................................


WIND (MPH)
  HIGHEST WIND SPEED     9   HIGHEST WIND DIRECTION     N (340)
  HIGHEST GUST SPEED    13   HIGHEST GUST DIRECTION     W (290)
  AVERAGE WIND SPEED     2.4


SKY COVER
  POSSIBLE SUNSHINE  MM
  AVERAGE SKY COVER 0.0


WEATHER CONDITIONS
 THE FOLLOWING WEATHER WAS RECORDED YESTERDAY.
  NO SIGNIFICANT WEATHER WAS OBSERVED.


RELATIVE HUMIDITY (PERCENT)
 HIGHEST    93           500 AM
 LOWEST     33           300 PM
 AVERAGE    63

..........................................................


THE LITTLE ROCK ADAMS FIELD CLIMATE NORMALS FOR TODAY
                         NORMAL    RECORD    YEAR
 MAXIMUM TEMPERATURE (F)   73        89      1963
 MINIMUM TEMPERATURE (F)   51        32      1898


SUNRISE AND SUNSET
OCTOBER 22 2014.......SUNRISE   721 AM CDT   SUNSET   626 PM CDT
OCTOBER 23 2014.......SUNRISE   721 AM CDT   SUNSET   625 PM CDT


-  INDICATES NEGATIVE NUMBERS.
R  INDICATES RECORD WAS SET OR TIED.
MM INDICATES DATA IS MISSING.
T  INDICATES TRACE AMOUNT.




$$
