000
CDUS44 KLZK 241002
CLILIT


CLIMATE REPORT
NATIONAL WEATHER SERVICE LITTLE ROCK AR
402 AM CST MON NOV 24 2014


...................................

...THE LITTLE ROCK ADAMS FIELD CLIMATE SUMMARY FOR NOVEMBER 23 2014...

CLIMATE NORMAL PERIOD 1981 TO 2010
CLIMATE RECORD PERIOD 1874 TO 2014


WEATHER ITEM   OBSERVED TIME   RECORD YEAR NORMAL DEPARTURE LAST
                VALUE   (LST)  VALUE       VALUE  FROM      YEAR
                                                  NORMAL
..................................................................
TEMPERATURE (F)
 YESTERDAY
  MAXIMUM         64    352 PM  78    2005  60      4       50
  MINIMUM         57    449 AM  17    1964  40     17       34
  AVERAGE         61                        50     11       42

PRECIPITATION (IN)
  YESTERDAY        0.58          2.47 1973   0.18   0.40     0.10
  MONTH TO DATE    2.19                      3.96  -1.77     4.41
  SINCE SEP 1      7.84                     12.05  -4.21    10.93
  SINCE JAN 1     44.97                     43.46   1.51    45.53

SNOWFALL (IN)
  YESTERDAY        0.0           4.4  1971   0.0    0.0      0.0
  MONTH TO DATE    0.1                       0.0    0.1      0.0
  SINCE SEP 1      0.1                       0.0    0.1      0.0
  SINCE JUL 1      0.1                       0.0    0.1      0.0
  SNOW DEPTH       0

DEGREE DAYS
 HEATING
  YESTERDAY        4                        15    -11       23
  MONTH TO DATE  402                       263    139      277
  SINCE SEP 1    470                       395     75      391
  SINCE JUL 1    470                       395     75      391

 COOLING
  YESTERDAY        0                         0      0        0
  MONTH TO DATE    0                         9     -9        8
  SINCE SEP 1    439                       402     37      496
  SINCE JAN 1   2049                      2203   -154     2202
..................................................................


WIND (MPH)
  HIGHEST WIND SPEED    25   HIGHEST WIND DIRECTION     W (270)
  HIGHEST GUST SPEED    31   HIGHEST GUST DIRECTION     W (270)
  AVERAGE WIND SPEED    10.4


SKY COVER
  POSSIBLE SUNSHINE  MM
  AVERAGE SKY COVER 0.8


WEATHER CONDITIONS
 THE FOLLOWING WEATHER WAS RECORDED YESTERDAY.
  RAIN
  LIGHT RAIN
  FOG


RELATIVE HUMIDITY (PERCENT)
 HIGHEST    93           700 AM
 LOWEST     69           200 AM
 AVERAGE    81

..........................................................


THE LITTLE ROCK ADAMS FIELD CLIMATE NORMALS FOR TODAY
                         NORMAL    RECORD    YEAR
 MAXIMUM TEMPERATURE (F)   59        80      1973
 MINIMUM TEMPERATURE (F)   39        17      1950


SUNRISE AND SUNSET
NOVEMBER 24 2014......SUNRISE   651 AM CST   SUNSET   500 PM CST
NOVEMBER 25 2014......SUNRISE   652 AM CST   SUNSET   459 PM CST


-  INDICATES NEGATIVE NUMBERS.
R  INDICATES RECORD WAS SET OR TIED.
MM INDICATES DATA IS MISSING.
T  INDICATES TRACE AMOUNT.




$$
