000
CDUS44 KLZK 222353
CLILIT


CLIMATE REPORT
NATIONAL WEATHER SERVICE LITTLE ROCK AR
552 PM CST MON JAN 22 2018


...................................

...THE LITTLE ROCK ADAMS FIELD CLIMATE SUMMARY FOR JANUARY 22 2018...
VALID TODAY AS OF 0500 PM LOCAL TIME.

CLIMATE NORMAL PERIOD 1981 TO 2010
CLIMATE RECORD PERIOD 1874 TO 2018


WEATHER ITEM   OBSERVED TIME   RECORD YEAR NORMAL DEPARTURE LAST
                VALUE   (LST)  VALUE       VALUE  FROM      YEAR
                                                  NORMAL
..................................................................
TEMPERATURE (F)
 TODAY
  MAXIMUM         65   1204 AM  75    1982  51     14       56
                                      1943
  MINIMUM         48    658 AM   2    1930  31     17       48
  AVERAGE         57                        41     16       52

PRECIPITATION (IN)
  TODAY            0.51          3.62 1962   0.10   0.41     0.10
  MONTH TO DATE    1.51                      2.55  -1.04     1.47
  SINCE DEC 1      9.25                      7.52   1.73     5.86
  SINCE JAN 1      1.51                      2.55  -1.04     1.47

SNOWFALL (IN)
  TODAY            0.0           7.0  1995   0.0    0.0      0.0
  MONTH TO DATE    1.7                       1.1    0.6      0.2
  SINCE DEC 1      1.7                       1.3    0.4      0.2
  SINCE JUL 1      1.7                       1.3    0.4      0.2
  SNOW DEPTH       0

DEGREE DAYS
 HEATING
  TODAY            8                        24    -16       13
  MONTH TO DATE  667                       528    139      418
  SINCE DEC 1   1340                      1211    129     1085
  SINCE JUL 1   1806                      1725     81     1424

 COOLING
  TODAY            0                         0      0        0
  MONTH TO DATE    0                         0      0        0
  SINCE DEC 1      0                         2     -2        2
  SINCE JAN 1      0                         0      0        0
..................................................................


WIND (MPH)
  HIGHEST WIND SPEED    38   HIGHEST WIND DIRECTION     W (260)
  HIGHEST GUST SPEED    53   HIGHEST GUST DIRECTION     W (260)
  AVERAGE WIND SPEED    15.6


SKY COVER
  POSSIBLE SUNSHINE  MM
  AVERAGE SKY COVER 0.5


WEATHER CONDITIONS
 THE FOLLOWING WEATHER WAS RECORDED TODAY.
  THUNDERSTORM
  HEAVY RAIN
  RAIN
  LIGHT RAIN
  FOG


RELATIVE HUMIDITY (PERCENT)
 HIGHEST   100           400 AM
 LOWEST     35           200 PM
 AVERAGE    68

..........................................................


THE LITTLE ROCK ADAMS FIELD CLIMATE NORMALS FOR TOMORROW
                         NORMAL    RECORD    YEAR
 MAXIMUM TEMPERATURE (F)   51        81      1943
 MINIMUM TEMPERATURE (F)   31         6      1963


SUNRISE AND SUNSET
JANUARY 22 2018.......SUNRISE   713 AM CST   SUNSET   528 PM CST
JANUARY 23 2018.......SUNRISE   713 AM CST   SUNSET   529 PM CST


-  INDICATES NEGATIVE NUMBERS.
R  INDICATES RECORD WAS SET OR TIED.
MM INDICATES DATA IS MISSING.
T  INDICATES TRACE AMOUNT.




$$
