184
CDUS44 KLZK 120641
CLILIT


CLIMATE REPORT
NATIONAL WEATHER SERVICE LITTLE ROCK AR
1241 AM CST FRI FEB 12 2016


...................................

...THE LITTLE ROCK ADAMS FIELD CLIMATE SUMMARY FOR FEBRUARY 11 2016...

CLIMATE NORMAL PERIOD 1981 TO 2010
CLIMATE RECORD PERIOD 1874 TO 2016


WEATHER ITEM   OBSERVED TIME   RECORD YEAR NORMAL DEPARTURE LAST
                VALUE   (LST)  VALUE       VALUE  FROM      YEAR
                                                  NORMAL
..................................................................
TEMPERATURE (F)
 YESTERDAY
  MAXIMUM         54    223 PM  78    1922  54      0       64
  MINIMUM         31    707 AM  -2    1899  33     -2       34
  AVERAGE         43                        44     -1       49

PRECIPITATION (IN)
  YESTERDAY        0.00          2.98 1965   0.13  -0.13     0.00
  MONTH TO DATE    T                         1.35  -1.35     0.55
  SINCE DEC 1     11.93                      9.87   2.06     6.68
  SINCE JAN 1      3.55                      4.90  -1.35     3.52

SNOWFALL (IN)
  YESTERDAY        0.0           2.5  1988   0.1   -0.1      0.0
  MONTH TO DATE    0.0                       0.6   -0.6      0.0
  SINCE DEC 1      5.7                       2.4    3.3       T
  SINCE JUL 1      5.7                       2.4    3.3      0.1
  SNOW DEPTH       0

DEGREE DAYS
 HEATING
  YESTERDAY       22                        21      1       16
  MONTH TO DATE  209                       246    -37      218
  SINCE DEC 1   1321                      1678   -357     1547
  SINCE JUL 1   1645                      2192   -547     2118

 COOLING
  YESTERDAY        0                         0      0        0
  MONTH TO DATE    0                         0      0        0
  SINCE DEC 1     12                         3      9        0
  SINCE JAN 1      1                         1      0        0
..................................................................


WIND (MPH)
  HIGHEST WIND SPEED    18   HIGHEST WIND DIRECTION    NE (50)
  HIGHEST GUST SPEED    21   HIGHEST GUST DIRECTION    NE (50)
  AVERAGE WIND SPEED     7.6


SKY COVER
  POSSIBLE SUNSHINE  MM
  AVERAGE SKY COVER 0.4


WEATHER CONDITIONS
 THE FOLLOWING WEATHER WAS RECORDED YESTERDAY.
  NO SIGNIFICANT WEATHER WAS OBSERVED.


RELATIVE HUMIDITY (PERCENT)
 HIGHEST    78           700 AM
 LOWEST     32           200 PM
 AVERAGE    55

..........................................................


THE LITTLE ROCK ADAMS FIELD CLIMATE NORMALS FOR TODAY
                         NORMAL    RECORD    YEAR
 MAXIMUM TEMPERATURE (F)   54        83      1962
 MINIMUM TEMPERATURE (F)   34       -12      1899


SUNRISE AND SUNSET
FEBRUARY 12 2016......SUNRISE   658 AM CST   SUNSET   549 PM CST
FEBRUARY 13 2016......SUNRISE   657 AM CST   SUNSET   550 PM CST


-  INDICATES NEGATIVE NUMBERS.
R  INDICATES RECORD WAS SET OR TIED.
MM INDICATES DATA IS MISSING.
T  INDICATES TRACE AMOUNT.




$$
