000
CDUS44 KLZK 012057
CLILIT


CLIMATE REPORT
NATIONAL WEATHER SERVICE LITTLE ROCK AR
356 PM CDT TUE SEP 1 2015


...................................

...THE LITTLE ROCK ADAMS FIELD CLIMATE SUMMARY FOR SEPTEMBER 1 2015...
VALID TODAY AS OF 0300 PM LOCAL TIME.

CLIMATE NORMAL PERIOD 1981 TO 2010
CLIMATE RECORD PERIOD 1874 TO 2015


WEATHER ITEM   OBSERVED TIME   RECORD YEAR NORMAL DEPARTURE LAST
                VALUE   (LST)  VALUE       VALUE  FROM      YEAR
                                                  NORMAL
..................................................................
TEMPERATURE (F)
 TODAY
  MAXIMUM         93    159 PM 106    1947  90      3       91
  MINIMUM         72    606 AM  52    1967  70      2       75
  AVERAGE         83                        80      3       83

PRECIPITATION (IN)
  TODAY            0.00          3.36 1933   0.10  -0.10     0.00
  MONTH TO DATE    0.00                      0.10  -0.10     0.00
  SINCE SEP 1      0.00                      0.10  -0.10     0.00
  SINCE JAN 1     37.87                     31.51   6.36    37.13

SNOWFALL (IN)
  TODAY            0.0          MM      MM   0.0    0.0      0.0
  MONTH TO DATE    0.0                       0.0    0.0      0.0
  SINCE SEP 1      0.0                       0.0    0.0      0.0
  SINCE JUL 1      0.0                       0.0    0.0      0.0
  SNOW DEPTH       0

DEGREE DAYS
 HEATING
  TODAY            0                         0      0        0
  MONTH TO DATE    0                         0      0        0
  SINCE SEP 1      0                         0      0        0
  SINCE JUL 1      0                         0      0        0

 COOLING
  TODAY           18                        15      3       18
  MONTH TO DATE   18                        15      3       18
  SINCE SEP 1     18                        15      3       18
  SINCE JAN 1   1988                      1816    172     1628
..................................................................


WIND (MPH)
  HIGHEST WIND SPEED     9   HIGHEST WIND DIRECTION    SE (140)
  HIGHEST GUST SPEED    13   HIGHEST GUST DIRECTION    SE (140)
  AVERAGE WIND SPEED     2.1


SKY COVER
  POSSIBLE SUNSHINE  MM
  AVERAGE SKY COVER 0.8


WEATHER CONDITIONS
 THE FOLLOWING WEATHER WAS RECORDED TODAY.
  NO SIGNIFICANT WEATHER WAS OBSERVED.


RELATIVE HUMIDITY (PERCENT)
 HIGHEST    93           500 AM
 LOWEST     39           100 PM
 AVERAGE    66

..........................................................


THE LITTLE ROCK ADAMS FIELD CLIMATE NORMALS FOR TOMORROW
                         NORMAL    RECORD    YEAR
 MAXIMUM TEMPERATURE (F)   90       103      2000
 MINIMUM TEMPERATURE (F)   70        54      1967


SUNRISE AND SUNSET
SEPTEMBER  1 2015.....SUNRISE   642 AM CDT   SUNSET   736 PM CDT
SEPTEMBER  2 2015.....SUNRISE   642 AM CDT   SUNSET   734 PM CDT


-  INDICATES NEGATIVE NUMBERS.
R  INDICATES RECORD WAS SET OR TIED.
MM INDICATES DATA IS MISSING.
T  INDICATES TRACE AMOUNT.




$$
