000
CDUS44 KLZK 060639
CLILIT


CLIMATE REPORT
NATIONAL WEATHER SERVICE LITTLE ROCK AR
138 AM CDT FRI MAY 6 2016


...................................

...THE LITTLE ROCK ADAMS FIELD CLIMATE SUMMARY FOR MAY 5 2016...

CLIMATE NORMAL PERIOD 1981 TO 2010
CLIMATE RECORD PERIOD 1874 TO 2016


WEATHER ITEM   OBSERVED TIME   RECORD YEAR NORMAL DEPARTURE LAST
                VALUE   (LST)  VALUE       VALUE  FROM      YEAR
                                                  NORMAL
..................................................................
TEMPERATURE (F)
 YESTERDAY
  MAXIMUM         79    415 PM  93    1952  78      1       86
  MINIMUM         54    528 AM  42    2013  58     -4       64
  AVERAGE         67                        68     -1       75

PRECIPITATION (IN)
  YESTERDAY        0.00          3.40 1907   0.18  -0.18     0.00
  MONTH TO DATE    0.54                      0.91  -0.37     0.00
  SINCE MAR 1     20.60                     10.73   9.87    13.53
  SINCE JAN 1     26.29                     17.94   8.35    20.34

SNOWFALL (IN)
  YESTERDAY        0.0          MM      MM   0.0    0.0      0.0
  MONTH TO DATE    0.0                       0.0    0.0      0.0
  SINCE MAR 1      0.0                       0.4   -0.4      5.7
  SINCE JUL 1      5.7                       3.5    2.2     11.1
  SNOW DEPTH       0

DEGREE DAYS
 HEATING
  YESTERDAY        0                         1     -1        0
  MONTH TO DATE    2                         8     -6        3
  SINCE MAR 1    296                       527   -231      475
  SINCE JUL 1   2185                      3040   -855     3121

 COOLING
  YESTERDAY        2                         4     -2       10
  MONTH TO DATE   12                        19     -7       21
  SINCE MAR 1    101                        89     12      111
  SINCE JAN 1    107                        91     16      111
..................................................................


WIND (MPH)
  HIGHEST WIND SPEED    21   HIGHEST WIND DIRECTION     N (350)
  HIGHEST GUST SPEED    29   HIGHEST GUST DIRECTION     N (350)
  AVERAGE WIND SPEED     9.4


SKY COVER
  POSSIBLE SUNSHINE  MM
  AVERAGE SKY COVER 0.1


WEATHER CONDITIONS
 THE FOLLOWING WEATHER WAS RECORDED YESTERDAY.
  HAZE


RELATIVE HUMIDITY (PERCENT)
 HIGHEST    62           600 AM
 LOWEST     23           300 PM
 AVERAGE    43

..........................................................


THE LITTLE ROCK ADAMS FIELD CLIMATE NORMALS FOR TODAY
                         NORMAL    RECORD    YEAR
 MAXIMUM TEMPERATURE (F)   78        93      1952
 MINIMUM TEMPERATURE (F)   58        44      1944


SUNRISE AND SUNSET
MAY  6 2016...........SUNRISE   613 AM CDT   SUNSET   758 PM CDT
MAY  7 2016...........SUNRISE   612 AM CDT   SUNSET   759 PM CDT


-  INDICATES NEGATIVE NUMBERS.
R  INDICATES RECORD WAS SET OR TIED.
MM INDICATES DATA IS MISSING.
T  INDICATES TRACE AMOUNT.




$$
