000
CDUS44 KLZK 232058
CLILIT


CLIMATE REPORT
NATIONAL WEATHER SERVICE LITTLE ROCK AR
357 PM CDT SAT SEP 23 2017


...................................

...THE LITTLE ROCK ADAMS FIELD CLIMATE SUMMARY FOR SEPTEMBER 23 2017...
VALID TODAY AS OF 0300 PM LOCAL TIME.

CLIMATE NORMAL PERIOD 1981 TO 2010
CLIMATE RECORD PERIOD 1874 TO 2017


WEATHER ITEM   OBSERVED TIME   RECORD YEAR NORMAL DEPARTURE LAST
                VALUE   (LST)  VALUE       VALUE  FROM      YEAR
                                                  NORMAL
..................................................................
TEMPERATURE (F)
 TODAY
  MAXIMUM         92    249 PM  98    1993  83      9       93
  MINIMUM         70    537 AM  44    1995  62      8       70
  AVERAGE         81                        72      9       82

PRECIPITATION (IN)
  TODAY            0.00          3.02 1997   0.10  -0.10     0.00
  MONTH TO DATE    0.45                      2.35  -1.90     1.31
  SINCE SEP 1      0.45                      2.35  -1.90     1.31
  SINCE JAN 1     37.74                     33.76   3.98    47.26

SNOWFALL (IN)
  TODAY            0.0          MM      MM   0.0    0.0      0.0
  MONTH TO DATE    0.0                       0.0    0.0      0.0
  SINCE SEP 1      0.0                       0.0    0.0      0.0
  SINCE JUL 1      0.0                       0.0    0.0      0.0
  SNOW DEPTH       0

DEGREE DAYS
 HEATING
  TODAY            0                         1     -1        0
  MONTH TO DATE    1                         2     -1        0
  SINCE SEP 1      1                         2     -1        0
  SINCE JUL 1      1                         2     -1        0

 COOLING
  TODAY           16                         8      8       17
  MONTH TO DATE  226                       267    -41      384
  SINCE SEP 1    226                       267    -41      384
  SINCE JAN 1   1794                      2068   -274     2437
..................................................................


WIND (MPH)
  HIGHEST WIND SPEED    12   HIGHEST WIND DIRECTION     E (110)
  HIGHEST GUST SPEED    15   HIGHEST GUST DIRECTION     E (110)
  AVERAGE WIND SPEED     3.5


SKY COVER
  POSSIBLE SUNSHINE  MM
  AVERAGE SKY COVER 0.1


WEATHER CONDITIONS
 THE FOLLOWING WEATHER WAS RECORDED TODAY.
  NO SIGNIFICANT WEATHER WAS OBSERVED.


RELATIVE HUMIDITY (PERCENT)
 HIGHEST   100           300 AM
 LOWEST     47           100 PM
 AVERAGE    74

..........................................................


THE LITTLE ROCK ADAMS FIELD CLIMATE NORMALS FOR TOMORROW
                         NORMAL    RECORD    YEAR
 MAXIMUM TEMPERATURE (F)   83        94      2016
                                             1961
                                             1907
 MINIMUM TEMPERATURE (F)   61        42      1989


SUNRISE AND SUNSET
SEPTEMBER 23 2017.....SUNRISE   658 AM CDT   SUNSET   704 PM CDT
SEPTEMBER 24 2017.....SUNRISE   659 AM CDT   SUNSET   702 PM CDT


-  INDICATES NEGATIVE NUMBERS.
R  INDICATES RECORD WAS SET OR TIED.
MM INDICATES DATA IS MISSING.
T  INDICATES TRACE AMOUNT.




$$
