000
CDUS45 KPIH 040742
CLILLJ


CLIMATE REPORT
NATIONAL WEATHER SERVICE POCATELLO ID
132 AM MDT TUE AUG 4 2015


...................................

...THE CHALLIS ID CLIMATE SUMMARY FOR AUGUST 3 2015...

CLIMATE NORMAL PERIOD 1981 TO 2010
CLIMATE RECORD PERIOD 1898 TO 2015


WEATHER ITEM   OBSERVED TIME   RECORD YEAR NORMAL DEPARTURE LAST
                VALUE   (LST)  VALUE       VALUE  FROM      YEAR
                                                  NORMAL
..................................................................
TEMPERATURE (F)
 YESTERDAY
  MAXIMUM         87    356 PM 100    1961  88     -1       88
  MINIMUM         55    502 AM  39    1956  51      4       54
  AVERAGE         71                        69      2       71

PRECIPITATION (IN)
  YESTERDAY        0.00          0.31 2003   0.03  -0.03     0.01
  MONTH TO DATE    0.00                      0.08  -0.08     0.08
  SINCE OCT 1      5.28                      8.61  -3.33     3.93
  SINCE JAN 1      3.49                      6.68  -3.19     3.20

SNOWFALL (IN)
  YESTERDAY       MM
  MONTH TO DATE   MM
  SINCE JUN 1     MM
  SINCE JUL 1     MM
  SNOW DEPTH      MM

DEGREE DAYS
 HEATING
  YESTERDAY        0                         0      0        0
  MONTH TO DATE    0                         0      0        0
  SINCE JUN 1     80                       186   -106      167
  SINCE JUL 1     33                        21     12        1

 COOLING
  YESTERDAY        6                         5      1        6
  MONTH TO DATE   23                        15      8       18
  SINCE JUN 1    222                       169     53      253
  SINCE JAN 1    225                       171     54      253
..................................................................


WIND (MPH)
  HIGHEST WIND SPEED    28   HIGHEST WIND DIRECTION     S (190)
  HIGHEST GUST SPEED    34   HIGHEST GUST DIRECTION     S (190)
  AVERAGE WIND SPEED     5.2


SKY COVER
  POSSIBLE SUNSHINE  MM
  AVERAGE SKY COVER 0.2


WEATHER CONDITIONS
 THE FOLLOWING WEATHER WAS RECORDED YESTERDAY.
  NO SIGNIFICANT WEATHER WAS OBSERVED.


RELATIVE HUMIDITY (PERCENT)
 HIGHEST    60           800 AM
 LOWEST     16           300 PM
 AVERAGE    38

..........................................................


THE CHALLIS ID CLIMATE NORMALS FOR TODAY
                         NORMAL    RECORD    YEAR
 MAXIMUM TEMPERATURE (F)   88       103      1961
 MINIMUM TEMPERATURE (F)   51        40      1980


SUNRISE AND SUNSET
AUGUST  4 2015........SUNRISE   627 AM MDT   SUNSET   858 PM MDT
AUGUST  5 2015........SUNRISE   628 AM MDT   SUNSET   857 PM MDT


-  INDICATES NEGATIVE NUMBERS.
R  INDICATES RECORD WAS SET OR TIED.
MM INDICATES DATA IS MISSING.
T  INDICATES TRACE AMOUNT.




$$
