000
CDUS45 KPIH 230739
CLILLJ


CLIMATE REPORT
NATIONAL WEATHER SERVICE POCATELLO ID
138 AM MDT THU MAR 23 2017


...................................

...THE CHALLIS ID CLIMATE SUMMARY FOR MARCH 22 2017...

CLIMATE NORMAL PERIOD 1981 TO 2010
CLIMATE RECORD PERIOD 1898 TO 2017


WEATHER ITEM   OBSERVED TIME   RECORD YEAR NORMAL DEPARTURE LAST
                VALUE   (LST)  VALUE       VALUE  FROM      YEAR
                                                  NORMAL
..................................................................
TEMPERATURE (F)
 YESTERDAY
  MAXIMUM         57    414 PM  72    1915  51      6       42
  MINIMUM         31    655 AM   4    1952  26      5       31
  AVERAGE         44                        38      6       37

PRECIPITATION (IN)
  YESTERDAY        0.00          0.13 1920   0.03  -0.03     0.04
  MONTH TO DATE    0.11                      0.49  -0.38     0.49
  SINCE OCT 1      6.00                      3.55   2.45     3.48
  SINCE JAN 1      2.59                      1.62   0.97     1.14

SNOWFALL (IN)
  YESTERDAY       MM
  MONTH TO DATE   MM
  SINCE MAR 1     MM
  SINCE JUL 1     MM
  SNOW DEPTH      MM

DEGREE DAYS
 HEATING
  YESTERDAY       21                        27     -6       28
  MONTH TO DATE  533                       667   -134      592
  SINCE MAR 1    533                       667   -134      592
  SINCE JUL 1   6978                      6716    262     6527

 COOLING
  YESTERDAY        0                         0      0        0
  MONTH TO DATE    0                         0      0        0
  SINCE MAR 1      0                         0      0        0
  SINCE JAN 1      0                         0      0        0
..................................................................


WIND (MPH)
  HIGHEST WIND SPEED    16   HIGHEST WIND DIRECTION     W (280)
  HIGHEST GUST SPEED    22   HIGHEST GUST DIRECTION     W (280)
  AVERAGE WIND SPEED     4.6


SKY COVER
  POSSIBLE SUNSHINE  MM
  AVERAGE SKY COVER 0.1


WEATHER CONDITIONS
 THE FOLLOWING WEATHER WAS RECORDED YESTERDAY.
  FOG


RELATIVE HUMIDITY (PERCENT)
 HIGHEST   100           700 AM
 LOWEST     26           500 PM
 AVERAGE    63

..........................................................


THE CHALLIS ID CLIMATE NORMALS FOR TODAY
                         NORMAL    RECORD    YEAR
 MAXIMUM TEMPERATURE (F)   52        72      1926
 MINIMUM TEMPERATURE (F)   26         9      1933


SUNRISE AND SUNSET
MARCH 23 2017.........SUNRISE   734 AM MDT   SUNSET   754 PM MDT
MARCH 24 2017.........SUNRISE   732 AM MDT   SUNSET   755 PM MDT


-  INDICATES NEGATIVE NUMBERS.
R  INDICATES RECORD WAS SET OR TIED.
MM INDICATES DATA IS MISSING.
T  INDICATES TRACE AMOUNT.




$$
