000
CDUS45 KPIH 280758
CLILLJ


CLIMATE REPORT
NATIONAL WEATHER SERVICE POCATELLO ID
157 AM MDT THU MAY 28 2015


...................................

...THE CHALLIS ID CLIMATE SUMMARY FOR MAY 27 2015...

CLIMATE NORMAL PERIOD 1981 TO 2010
CLIMATE RECORD PERIOD 1898 TO 2015


WEATHER ITEM   OBSERVED TIME   RECORD YEAR NORMAL DEPARTURE LAST
                VALUE   (LST)  VALUE       VALUE  FROM      YEAR
                                                  NORMAL
..................................................................
TEMPERATURE (F)
 YESTERDAY
  MAXIMUM         65   1220 PM  93    1966  69     -4       83
  MINIMUM         42   1155 PM  28    1923  41      1       42
  AVERAGE         54                        55     -1       63

PRECIPITATION (IN)
  YESTERDAY        0.23          0.49 1947   0.06   0.17     0.00
  MONTH TO DATE    0.94                      1.25  -0.31     0.11
  SINCE OCT 1      3.98                      5.84  -1.86     3.48
  SINCE JAN 1      2.19                      3.91  -1.72     2.75

SNOWFALL (IN)
  YESTERDAY       MM
  MONTH TO DATE   MM
  SINCE MAR 1     MM
  SINCE JUL 1     MM
  SNOW DEPTH      MM

DEGREE DAYS
 HEATING
  YESTERDAY       11                        10      1        2
  MONTH TO DATE  314                       367    -53      306
  SINCE MAR 1   1638                      1909   -271     1794
  SINCE JUL 1   6776                      7958  -1182     7543

 COOLING
  YESTERDAY        0                         0      0        0
  MONTH TO DATE    0                         0      0        0
  SINCE MAR 1      0                         0      0        0
  SINCE JAN 1      0                         0      0        0
..................................................................


WIND (MPH)
  HIGHEST WIND SPEED    21   HIGHEST WIND DIRECTION    NW (310)
  HIGHEST GUST SPEED    25   HIGHEST GUST DIRECTION    NW (310)
  AVERAGE WIND SPEED     4.8


SKY COVER
  POSSIBLE SUNSHINE  MM
  AVERAGE SKY COVER 0.6


WEATHER CONDITIONS
 THE FOLLOWING WEATHER WAS RECORDED YESTERDAY.
  THUNDERSTORM
  HEAVY RAIN
  LIGHT RAIN


RELATIVE HUMIDITY (PERCENT)
 HIGHEST    86           300 AM
 LOWEST     39          1200 PM
 AVERAGE    63

..........................................................


THE CHALLIS ID CLIMATE NORMALS FOR TODAY
                         NORMAL    RECORD    YEAR
 MAXIMUM TEMPERATURE (F)   70        96      2003
 MINIMUM TEMPERATURE (F)   41        28      1955


SUNRISE AND SUNSET
MAY 28 2015...........SUNRISE   558 AM MDT   SUNSET   911 PM MDT
MAY 29 2015...........SUNRISE   557 AM MDT   SUNSET   912 PM MDT


-  INDICATES NEGATIVE NUMBERS.
R  INDICATES RECORD WAS SET OR TIED.
MM INDICATES DATA IS MISSING.
T  INDICATES TRACE AMOUNT.




$$
