000
CDUS45 KPIH 040733
CLILLJ


CLIMATE REPORT
NATIONAL WEATHER SERVICE POCATELLO ID
1231 AM MST WED MAR 4 2015


...................................

...THE CHALLIS ID CLIMATE SUMMARY FOR MARCH 3 2015...

CLIMATE NORMAL PERIOD 1981 TO 2010
CLIMATE RECORD PERIOD 1898 TO 2015


WEATHER ITEM   OBSERVED TIME   RECORD YEAR NORMAL DEPARTURE LAST
                VALUE   (LST)  VALUE       VALUE  FROM      YEAR
                                                  NORMAL
..................................................................
TEMPERATURE (F)
 YESTERDAY
  MAXIMUM         37    517 PM  65    1994  43     -6       51
  MINIMUM         19    757 AM -14    1896  20     -1       32
  AVERAGE         28                        31     -3       42

PRECIPITATION (IN)
  YESTERDAY        0.01          0.29 1990   0.02  -0.01     0.05
  MONTH TO DATE    0.01                      0.05  -0.04     0.23
  SINCE OCT 1      2.38                      3.11  -0.73     2.05
  SINCE JAN 1      0.59                      1.18  -0.59     1.32

SNOWFALL (IN)
  YESTERDAY       MM
  MONTH TO DATE   MM
  SINCE MAR 1     MM
  SINCE JUL 1     MM
  SNOW DEPTH      MM

DEGREE DAYS
 HEATING
  YESTERDAY       37                        34      3       23
  MONTH TO DATE  113                       103     10      107
  SINCE MAR 1    113                       103     10      107
  SINCE JUL 1   5251                      6152   -901     5856

 COOLING
  YESTERDAY        0                         0      0        0
  MONTH TO DATE    0                         0      0        0
  SINCE MAR 1      0                         0      0        0
  SINCE JAN 1      0                         0      0        0
..................................................................


WIND (MPH)
  HIGHEST WIND SPEED    20   HIGHEST WIND DIRECTION     N (10)
  HIGHEST GUST SPEED    24   HIGHEST GUST DIRECTION     N (10)
  AVERAGE WIND SPEED     9.1


SKY COVER
  POSSIBLE SUNSHINE  MM
  AVERAGE SKY COVER 0.3


WEATHER CONDITIONS
 THE FOLLOWING WEATHER WAS RECORDED YESTERDAY.
  LIGHT SNOW
  FOG


RELATIVE HUMIDITY (PERCENT)
 HIGHEST    81           300 AM
 LOWEST     24           500 PM
 AVERAGE    53

..........................................................


THE CHALLIS ID CLIMATE NORMALS FOR TODAY
                         NORMAL    RECORD    YEAR
 MAXIMUM TEMPERATURE (F)   43        64      1950
 MINIMUM TEMPERATURE (F)   20       -10      1896


SUNRISE AND SUNSET
MARCH  4 2015.........SUNRISE   709 AM MST   SUNSET   629 PM MST
MARCH  5 2015.........SUNRISE   708 AM MST   SUNSET   630 PM MST


-  INDICATES NEGATIVE NUMBERS.
R  INDICATES RECORD WAS SET OR TIED.
MM INDICATES DATA IS MISSING.
T  INDICATES TRACE AMOUNT.




$$
