000
CDUS45 KPIH 010731
CLILLJ


CLIMATE REPORT
NATIONAL WEATHER SERVICE POCATELLO ID
131 AM MDT FRI AUG 1 2014


...................................

...THE CHALLIS ID CLIMATE SUMMARY FOR JULY 31 2014...

CLIMATE NORMAL PERIOD 1981 TO 2010
CLIMATE RECORD PERIOD 1898 TO 2014


WEATHER ITEM   OBSERVED TIME   RECORD YEAR NORMAL DEPARTURE LAST
                VALUE   (LST)  VALUE       VALUE  FROM      YEAR
                                                  NORMAL
..................................................................
TEMPERATURE (F)
 YESTERDAY
  MAXIMUM         88    535 PM  99    2003  88      0       87
  MINIMUM         48    523 AM  37    1937  51     -3       48
  AVERAGE         68                        70     -2       68

PRECIPITATION (IN)
  YESTERDAY        0.00          0.50 1985   0.02  -0.02     0.00
  MONTH TO DATE    0.04                      0.83  -0.79     0.54
  SINCE OCT 1      3.85                      8.53  -4.68     4.35
  SINCE JAN 1      3.12                      6.60  -3.48     2.28

SNOWFALL (IN)
  YESTERDAY       MM
  MONTH TO DATE   MM
  SINCE JUN 1     MM
  SINCE JUL 1     MM
  SNOW DEPTH      MM

DEGREE DAYS
 HEATING
  YESTERDAY        0                         0      0        0
  MONTH TO DATE    1                        18    -17        0
  SINCE JUN 1    167                       186    -19      121
  SINCE JUL 1      1                        21    -20        0

 COOLING
  YESTERDAY        3                         5     -2        3
  MONTH TO DATE  229                       132     97      201
  SINCE JUN 1    235                       154     81      264
  SINCE JAN 1    235                       156     79      266
..................................................................


WIND (MPH)
  HIGHEST WIND SPEED    21   HIGHEST WIND DIRECTION    NW (330)
  HIGHEST GUST SPEED    25   HIGHEST GUST DIRECTION    NW (330)
  AVERAGE WIND SPEED     4.9


SKY COVER
  POSSIBLE SUNSHINE  MM
  AVERAGE SKY COVER 0.1


WEATHER CONDITIONS
 THE FOLLOWING WEATHER WAS RECORDED YESTERDAY.
  NO SIGNIFICANT WEATHER WAS OBSERVED.


RELATIVE HUMIDITY (PERCENT)
 HIGHEST    77           500 AM
 LOWEST     14           500 PM
 AVERAGE    46

..........................................................


THE CHALLIS ID CLIMATE NORMALS FOR TODAY
                         NORMAL    RECORD    YEAR
 MAXIMUM TEMPERATURE (F)   88        99      2000
 MINIMUM TEMPERATURE (F)   51        39      1975


SUNRISE AND SUNSET
AUGUST  1 2014........SUNRISE   624 AM MDT   SUNSET   902 PM MDT
AUGUST  2 2014........SUNRISE   625 AM MDT   SUNSET   901 PM MDT


-  INDICATES NEGATIVE NUMBERS.
R  INDICATES RECORD WAS SET OR TIED.
MM INDICATES DATA IS MISSING.
T  INDICATES TRACE AMOUNT.




$$
