000
CDUS45 KPIH 212334
CLILLJ


CLIMATE REPORT
NATIONAL WEATHER SERVICE POCATELLO ID
428 PM MST SUN DEC 21 2014


...................................

...THE CHALLIS ID CLIMATE SUMMARY FOR DECEMBER 21 2014...
VALID TODAY AS OF 0400 PM LOCAL TIME.

CLIMATE NORMAL PERIOD 1981 TO 2010
CLIMATE RECORD PERIOD 1898 TO 2014


WEATHER ITEM   OBSERVED TIME   RECORD YEAR NORMAL DEPARTURE LAST
                VALUE   (LST)  VALUE       VALUE  FROM      YEAR
                                                  NORMAL
..................................................................
TEMPERATURE (F)
 TODAY
  MAXIMUM         43    135 PM  50    1934  27     16       35
  MINIMUM         31   1245 AM -28    1990   7     24       11
  AVERAGE         37                        17     20       23

PRECIPITATION (IN)
  TODAY            0.15          0.29 1941   0.02   0.13     0.01
  MONTH TO DATE    0.44                      0.51  -0.07     0.27
  SINCE OCT 1      1.53                      1.70  -0.17     0.72
  SINCE JAN 1      7.46                      9.83  -2.37     4.92

SNOWFALL (IN)
  TODAY           MM
  MONTH TO DATE   MM
  SINCE DEC 1     MM
  SINCE JUL 1     MM
  SNOW DEPTH      MM

DEGREE DAYS
 HEATING
  TODAY           28                        48    -20       42
  MONTH TO DATE  736                       971   -235     1090
  SINCE DEC 1    736                       971   -235     1090
  SINCE JUL 1   2570                      3014   -444     3016

 COOLING
  TODAY            0                         0      0        0
  MONTH TO DATE    0                         0      0        0
  SINCE DEC 1      0                         0      0        0
  SINCE JAN 1    310                       248     62      420
..................................................................


WIND (MPH)
  HIGHEST WIND SPEED    22   HIGHEST WIND DIRECTION    NW (310)
  HIGHEST GUST SPEED    30   HIGHEST GUST DIRECTION    NW (300)
  AVERAGE WIND SPEED     5.6


SKY COVER
  POSSIBLE SUNSHINE  MM
  AVERAGE SKY COVER 1.0


WEATHER CONDITIONS
 THE FOLLOWING WEATHER WAS RECORDED TODAY.
  LIGHT RAIN
  LIGHT SNOW
  FOG


RELATIVE HUMIDITY (PERCENT)
 HIGHEST   100          1200 AM
 LOWEST     49           200 PM
 AVERAGE    75

..........................................................


THE CHALLIS ID CLIMATE NORMALS FOR TOMORROW
                         NORMAL    RECORD    YEAR
 MAXIMUM TEMPERATURE (F)   27        50      1917
 MINIMUM TEMPERATURE (F)    7       -34      1990


SUNRISE AND SUNSET
DECEMBER 21 2014......SUNRISE   810 AM MST   SUNSET   500 PM MST
DECEMBER 22 2014......SUNRISE   811 AM MST   SUNSET   500 PM MST


-  INDICATES NEGATIVE NUMBERS.
R  INDICATES RECORD WAS SET OR TIED.
MM INDICATES DATA IS MISSING.
T  INDICATES TRACE AMOUNT.




$$
