000
CDUS45 KPIH 302330
CLILLJ


CLIMATE REPORT
NATIONAL WEATHER SERVICE POCATELLO ID
528 PM MDT TUE JUN 30 2015


...................................

...THE CHALLIS ID CLIMATE SUMMARY FOR JUNE 30 2015...
VALID TODAY AS OF 0500 PM LOCAL TIME.

CLIMATE NORMAL PERIOD 1981 TO 2010
CLIMATE RECORD PERIOD 1898 TO 2015


WEATHER ITEM   OBSERVED TIME   RECORD YEAR NORMAL DEPARTURE LAST
                VALUE   (LST)  VALUE       VALUE  FROM      YEAR
                                                  NORMAL
..................................................................
TEMPERATURE (F)
 TODAY
  MAXIMUM         97    356 PM  98    1974  81     16       78
  MINIMUM         58    515 AM  31    1949  49      9       44
  AVERAGE         78                        65     13       61

PRECIPITATION (IN)
  TODAY            T             0.42 1938   0.04  -0.04     0.00
  MONTH TO DATE    0.25                      1.63  -1.38     0.33
  SINCE OCT 1      4.30                      7.70  -3.40     3.81
  SINCE JAN 1      2.51                      5.77  -3.26     3.08

SNOWFALL (IN)
  TODAY           MM
  MONTH TO DATE   MM
  SINCE JUN 1     MM
  SINCE JUL 1     MM
  SNOW DEPTH      MM

DEGREE DAYS
 HEATING
  TODAY            0                         2     -2        4
  MONTH TO DATE   47                       166   -119      166
  SINCE JUN 1     47                       165   -118      166
  SINCE JUL 1   6848                      8161  -1313     7733

 COOLING
  TODAY           13                         2     11        0
  MONTH TO DATE  109                        22     87        6
  SINCE JUN 1    109                        22     87        6
  SINCE JAN 1    112                        24     88        6
..................................................................


WIND (MPH)
  HIGHEST WIND SPEED    16   HIGHEST WIND DIRECTION     W (270)
  HIGHEST GUST SPEED    21   HIGHEST GUST DIRECTION     W (290)
  AVERAGE WIND SPEED     4.2


SKY COVER
  POSSIBLE SUNSHINE  MM
  AVERAGE SKY COVER 0.1


WEATHER CONDITIONS
 THE FOLLOWING WEATHER WAS RECORDED TODAY.
  NO SIGNIFICANT WEATHER WAS OBSERVED.


RELATIVE HUMIDITY (PERCENT)
 HIGHEST    78           500 AM
 LOWEST     11           400 PM
 AVERAGE    45

..........................................................


THE CHALLIS ID CLIMATE NORMALS FOR TOMORROW
                         NORMAL    RECORD    YEAR
 MAXIMUM TEMPERATURE (F)   81        96      2001
                                             1967
 MINIMUM TEMPERATURE (F)   49        34      1935


SUNRISE AND SUNSET
JUNE 30 2015..........SUNRISE   555 AM MDT   SUNSET   926 PM MDT
JULY  1 2015..........SUNRISE   556 AM MDT   SUNSET   925 PM MDT


-  INDICATES NEGATIVE NUMBERS.
R  INDICATES RECORD WAS SET OR TIED.
MM INDICATES DATA IS MISSING.
T  INDICATES TRACE AMOUNT.




$$
