000
CDUS45 KPIH 210730
CLILLJ


CLIMATE REPORT
NATIONAL WEATHER SERVICE POCATELLO ID
1229 AM MST WED FEB 21 2018


...................................

...THE CHALLIS ID CLIMATE SUMMARY FOR FEBRUARY 20 2018...

CLIMATE NORMAL PERIOD 1981 TO 2010
CLIMATE RECORD PERIOD 1898 TO 2018


WEATHER ITEM   OBSERVED TIME   RECORD YEAR NORMAL DEPARTURE LAST
                VALUE   (LST)  VALUE       VALUE  FROM      YEAR
                                                  NORMAL
..................................................................
TEMPERATURE (F)
 YESTERDAY
  MAXIMUM         26    454 PM  59    1995  37    -11       41
  MINIMUM          9    813 AM -15    1937  15     -6       26
  AVERAGE         18                        26     -8       34

PRECIPITATION (IN)
  YESTERDAY        0.00          0.20 2017   0.02  -0.02     0.20
  MONTH TO DATE    0.19                      0.42  -0.23     0.79
  SINCE OCT 1      1.53                      2.86  -1.33     5.70
  SINCE JAN 1      0.39                      0.93  -0.54     2.29

SNOWFALL (IN)
  YESTERDAY       MM
  MONTH TO DATE   MM
  SINCE DEC 1     MM
  SINCE JUL 1     MM
  SNOW DEPTH      MM

DEGREE DAYS
 HEATING
  YESTERDAY       47                        39      8       31
  MONTH TO DATE  635                       833   -198      735
  SINCE DEC 1   3026                      3712   -686     4336
  SINCE JUL 1   4932                      5755   -823     6123

 COOLING
  YESTERDAY        0                         0      0        0
  MONTH TO DATE    0                         0      0        0
  SINCE DEC 1      0                         0      0        0
  SINCE JAN 1      0                         0      0        0
..................................................................


WIND (MPH)
  HIGHEST WIND SPEED    13   HIGHEST WIND DIRECTION     W (270)
  HIGHEST GUST SPEED    16   HIGHEST GUST DIRECTION     W (280)
  AVERAGE WIND SPEED     3.1


SKY COVER
  POSSIBLE SUNSHINE  MM
  AVERAGE SKY COVER 0.5


WEATHER CONDITIONS
 THE FOLLOWING WEATHER WAS RECORDED YESTERDAY.
  NO SIGNIFICANT WEATHER WAS OBSERVED.


RELATIVE HUMIDITY (PERCENT)
 HIGHEST    63           100 AM
 LOWEST     27           500 PM
 AVERAGE    45

..........................................................


THE CHALLIS ID CLIMATE NORMALS FOR TODAY
                         NORMAL    RECORD    YEAR
 MAXIMUM TEMPERATURE (F)   38        57      1961
 MINIMUM TEMPERATURE (F)   16        -2      1940


SUNRISE AND SUNSET
FEBRUARY 21 2018......SUNRISE   727 AM MST   SUNSET   614 PM MST
FEBRUARY 22 2018......SUNRISE   726 AM MST   SUNSET   615 PM MST


-  INDICATES NEGATIVE NUMBERS.
R  INDICATES RECORD WAS SET OR TIED.
MM INDICATES DATA IS MISSING.
T  INDICATES TRACE AMOUNT.




$$
