864
CDUS45 KPIH 240733
CLILLJ


CLIMATE REPORT
NATIONAL WEATHER SERVICE POCATELLO ID
1232 AM MST FRI NOV 24 2017


...................................

...THE CHALLIS ID CLIMATE SUMMARY FOR NOVEMBER 23 2017...

CLIMATE NORMAL PERIOD 1981 TO 2010
CLIMATE RECORD PERIOD 1898 TO 2017


WEATHER ITEM   OBSERVED TIME   RECORD YEAR NORMAL DEPARTURE LAST
                VALUE   (LST)  VALUE       VALUE  FROM      YEAR
                                                  NORMAL
..................................................................
TEMPERATURE (F)
 YESTERDAY
  MAXIMUM         65R   205 PM  62    1933  35     30       41
  MINIMUM         31    357 AM -12    1985  17     14       24
  AVERAGE         48                        26     22       33

PRECIPITATION (IN)
  YESTERDAY        0.04          0.25 1953   0.02   0.02      T
  MONTH TO DATE    0.39                      0.41  -0.02     0.08
  SINCE OCT 1      0.67                      1.08  -0.41     1.96
  SINCE JAN 1      7.75                      9.21  -1.46     5.94

SNOWFALL (IN)
  YESTERDAY       MM
  MONTH TO DATE   MM
  SINCE SEP 1     MM
  SINCE JUL 1     MM
  SNOW DEPTH      MM

DEGREE DAYS
 HEATING
  YESTERDAY       17                        39    -22       32
  MONTH TO DATE  653                       759   -106      611
  SINCE SEP 1   1680                      1680      0     1474
  SINCE JUL 1   1684                      1753    -69     1536

 COOLING
  YESTERDAY        0                         0      0        0
  MONTH TO DATE    0                         0      0        0
  SINCE SEP 1     37                         6     31        4
  SINCE JAN 1    378                       248    130      277
..................................................................


WIND (MPH)
  HIGHEST WIND SPEED    24   HIGHEST WIND DIRECTION     S (180)
  HIGHEST GUST SPEED    34   HIGHEST GUST DIRECTION    SW (230)
  AVERAGE WIND SPEED     7.8


SKY COVER
  POSSIBLE SUNSHINE  MM
  AVERAGE SKY COVER 0.2


WEATHER CONDITIONS
 THE FOLLOWING WEATHER WAS RECORDED YESTERDAY.
  HEAVY RAIN
  LIGHT RAIN


RELATIVE HUMIDITY (PERCENT)
 HIGHEST    96           600 AM
 LOWEST     31           100 PM
 AVERAGE    64

..........................................................


THE CHALLIS ID CLIMATE NORMALS FOR TODAY
                         NORMAL    RECORD    YEAR
 MAXIMUM TEMPERATURE (F)   35        59      1990
                                             1949
 MINIMUM TEMPERATURE (F)   16       -17      1985


SUNRISE AND SUNSET
NOVEMBER 24 2017......SUNRISE   745 AM MST   SUNSET   502 PM MST
NOVEMBER 25 2017......SUNRISE   747 AM MST   SUNSET   501 PM MST


-  INDICATES NEGATIVE NUMBERS.
R  INDICATES RECORD WAS SET OR TIED.
MM INDICATES DATA IS MISSING.
T  INDICATES TRACE AMOUNT.




$$
