000
CDUS46 KMFR 170051
CLILMT


CLIMATE REPORT
NATIONAL WEATHER SERVICE MEDFORD, OR
551 PM PDT TUE SEP 16 2014


...................................

...THE KLAMATH FALLS OR CLIMATE SUMMARY FOR SEPTEMBER 16 2014...
VALID TODAY AS OF 0500 PM LOCAL TIME.

CLIMATE NORMAL PERIOD 1981 TO 2010
CLIMATE RECORD PERIOD 1928 TO 2014


WEATHER ITEM   OBSERVED TIME   RECORD YEAR NORMAL DEPARTURE LAST
                VALUE   (LST)  VALUE       VALUE  FROM      YEAR
                                                  NORMAL
..................................................................
TEMPERATURE (F)
 TODAY
  MAXIMUM         83    229 PM  92    1981  76      7       76
  MINIMUM         43    559 AM  31    1970  39      4       42
  AVERAGE         63                        57      6       59

PRECIPITATION (IN)
  TODAY            0.00          0.51 1977   0.02  -0.02     0.00
  MONTH TO DATE    0.00                      0.30  -0.30      T
  SINCE SEP 1      0.00                      0.30  -0.30      T
  SINCE JAN 1      7.51                     10.04  -2.53     4.79

SNOWFALL (IN)
  TODAY           MM                        MM     MM       MM
  MONTH TO DATE   MM                        MM     MM       MM
  SINCE JUL 1     MM                        MM     MM       MM
  SNOW DEPTH      MM

DEGREE DAYS
 HEATING
  TODAY            2                         8     -6        6
  MONTH TO DATE   47                        96    -49       34
  SINCE SEP 1     47                        96    -49       34
  SINCE JUL 1     95                       215   -120      102

 COOLING
  TODAY            0                         0      0        0
  MONTH TO DATE    0                         9     -9       17
  SINCE SEP 1      0                         9     -9       17
  SINCE JAN 1    321                       168    153      285
..................................................................


WIND (MPH)
  HIGHEST WIND SPEED    20   HIGHEST WIND DIRECTION     S (180)
  HIGHEST GUST SPEED    28   HIGHEST GUST DIRECTION     S (180)
  AVERAGE WIND SPEED     7.4


SKY COVER
  POSSIBLE SUNSHINE  MM
  AVERAGE SKY COVER 0.0


WEATHER CONDITIONS
 THE FOLLOWING WEATHER WAS RECORDED TODAY.
  NO SIGNIFICANT WEATHER WAS OBSERVED.


RELATIVE HUMIDITY (PERCENT)
 HIGHEST    70           500 AM
 LOWEST     12          1100 AM

..........................................................


THE KLAMATH FALLS OR CLIMATE NORMALS FOR TOMORROW
                         NORMAL    RECORD    YEAR
 MAXIMUM TEMPERATURE (F)   76        90      1991
 MINIMUM TEMPERATURE (F)   39        27      1965


SUNRISE AND SUNSET
SEPTEMBER 16 2014.....SUNRISE   648 AM PDT   SUNSET   715 PM PDT
SEPTEMBER 17 2014.....SUNRISE   649 AM PDT   SUNSET   713 PM PDT


-  INDICATES NEGATIVE NUMBERS.
R  INDICATES RECORD WAS SET OR TIED.
MM INDICATES DATA IS MISSING.
T  INDICATES TRACE AMOUNT.




$$
