000
CDUS46 KMFR 300836
CLILMT


CLIMATE REPORT
NATIONAL WEATHER SERVICE MEDFORD, OR
136 AM PDT FRI SEP 30 2016


...................................

...THE KLAMATH FALLS OR CLIMATE SUMMARY FOR SEPTEMBER 29 2016...

CLIMATE NORMAL PERIOD 1981 TO 2010
CLIMATE RECORD PERIOD 1928 TO 2016


WEATHER ITEM   OBSERVED TIME   RECORD YEAR NORMAL DEPARTURE LAST
                VALUE   (LST)  VALUE       VALUE  FROM      YEAR
                                                  NORMAL
..................................................................
TEMPERATURE (F)
 YESTERDAY
  MAXIMUM         81    246 PM  87    2010  72      9       79
                                      1996
  MINIMUM         39    635 AM  24    2007  35      4       36
  AVERAGE         60                        53      7       58

PRECIPITATION (IN)
  YESTERDAY        0.00          0.61 1971   0.01  -0.01     0.00
  MONTH TO DATE    0.12                      0.52  -0.40     0.08
  SINCE OCT 1     11.76                     14.95  -3.19    12.90
  SINCE JAN 1      7.23                     10.26  -3.03     6.44

SNOWFALL (IN)
  YESTERDAY       MM                        MM     MM       MM
  MONTH TO DATE   MM                        MM     MM       MM
  SINCE JUL 1     MM                        MM     MM       MM
  SNOW DEPTH      MM

DEGREE DAYS
 HEATING
  YESTERDAY        5                        12     -7        7
  MONTH TO DATE  253                       224     29      221
  SINCE SEP 1    253                       224     29      221
  SINCE JUL 1    360                       343     17      273

 COOLING
  YESTERDAY        0                         0      0        0
  MONTH TO DATE    0                         9     -9       16
  SINCE SEP 1      0                         9     -9       16
  SINCE JAN 1    215                       168     47      306
..................................................................


WIND (MPH)
  HIGHEST WIND SPEED    24   HIGHEST WIND DIRECTION     S (190)
  HIGHEST GUST SPEED    30   HIGHEST GUST DIRECTION     S (160)
  AVERAGE WIND SPEED     7.5


SKY COVER
  POSSIBLE SUNSHINE  MM
  AVERAGE SKY COVER 0.0


WEATHER CONDITIONS
 THE FOLLOWING WEATHER WAS RECORDED YESTERDAY.
  FOG


RELATIVE HUMIDITY (PERCENT)
 HIGHEST    92           600 AM
 LOWEST     16           300 PM

..........................................................


THE KLAMATH FALLS OR CLIMATE NORMALS FOR TODAY
                         NORMAL    RECORD    YEAR
 MAXIMUM TEMPERATURE (F)   71        89      2010
 MINIMUM TEMPERATURE (F)   35        20      1950


SUNRISE AND SUNSET
SEPTEMBER 30 2016.....SUNRISE   703 AM PDT   SUNSET   649 PM PDT
OCTOBER  1 2016.......SUNRISE   705 AM PDT   SUNSET   647 PM PDT


-  INDICATES NEGATIVE NUMBERS.
R  INDICATES RECORD WAS SET OR TIED.
MM INDICATES DATA IS MISSING.
T  INDICATES TRACE AMOUNT.




$$
