952
CDUS46 KMFR 140040
CLILMT


CLIMATE REPORT
NATIONAL WEATHER SERVICE MEDFORD, OR
440 PM PST SAT FEB 13 2016


...................................

...THE KLAMATH FALLS OR CLIMATE SUMMARY FOR FEBRUARY 13 2016...
VALID TODAY AS OF 0400 PM LOCAL TIME.

CLIMATE NORMAL PERIOD 1981 TO 2010
CLIMATE RECORD PERIOD 1928 TO 2016


WEATHER ITEM   OBSERVED TIME   RECORD YEAR NORMAL DEPARTURE LAST
                VALUE   (LST)  VALUE       VALUE  FROM      YEAR
                                                  NORMAL
..................................................................
TEMPERATURE (F)
 TODAY
  MAXIMUM         51    356 PM  61    1996  44      7       54
  MINIMUM         23    711 AM   5    1989  24     -1       28
  AVERAGE         37                        34      3       41

PRECIPITATION (IN)
  TODAY            0.00          0.51 1945   0.07  -0.07     0.00
  MONTH TO DATE    T                         0.89  -0.89     1.71
  SINCE OCT 1      6.79                      7.43  -0.64     8.57
  SINCE JAN 1      2.26                      2.74  -0.48     2.11

SNOWFALL (IN)
  TODAY           MM                        MM     MM       MM
  MONTH TO DATE   MM                        MM     MM       MM
  SINCE JUL 1     MM                        MM     MM       MM
  SNOW DEPTH      MM

DEGREE DAYS
 HEATING
  TODAY           28                        31     -3       24
  MONTH TO DATE  334                       418    -84      288
  SINCE DEC 1   2497                      2596    -99     1800
  SINCE JUL 1   4085                      4398   -313     3190

 COOLING
  TODAY            0                         0      0        0
  MONTH TO DATE    0                         0      0        0
  SINCE DEC 1      0                         0      0        0
  SINCE JAN 1      0                         0      0        0
..................................................................


WIND (MPH)
  HIGHEST WIND SPEED    14   HIGHEST WIND DIRECTION     W (280)
  HIGHEST GUST SPEED    17   HIGHEST GUST DIRECTION     W (280)
  AVERAGE WIND SPEED     3.0


SKY COVER
  POSSIBLE SUNSHINE  MM
  AVERAGE SKY COVER 0.0


WEATHER CONDITIONS
 THE FOLLOWING WEATHER WAS RECORDED TODAY.
  NO SIGNIFICANT WEATHER WAS OBSERVED.


RELATIVE HUMIDITY (PERCENT)
 HIGHEST    92           500 AM
 LOWEST     33           300 PM

..........................................................


THE KLAMATH FALLS OR CLIMATE NORMALS FOR TOMORROW
                         NORMAL    RECORD    YEAR
 MAXIMUM TEMPERATURE (F)   45        62      2015
 MINIMUM TEMPERATURE (F)   24         1      1989


SUNRISE AND SUNSET
FEBRUARY 13 2016......SUNRISE   706 AM PST   SUNSET   537 PM PST
FEBRUARY 14 2016......SUNRISE   705 AM PST   SUNSET   538 PM PST


-  INDICATES NEGATIVE NUMBERS.
R  INDICATES RECORD WAS SET OR TIED.
MM INDICATES DATA IS MISSING.
T  INDICATES TRACE AMOUNT.




$$
