000
CDUS46 KMFR 240836
CLILMT


CLIMATE REPORT
NATIONAL WEATHER SERVICE MEDFORD, OR
136 AM PDT THU JUL 24 2014


...................................

...THE KLAMATH FALLS OR CLIMATE SUMMARY FOR JULY 23 2014...

CLIMATE NORMAL PERIOD 1981 TO 2010
CLIMATE RECORD PERIOD 1928 TO 2014


WEATHER ITEM   OBSERVED TIME   RECORD YEAR NORMAL DEPARTURE LAST
                VALUE   (LST)  VALUE       VALUE  FROM      YEAR
                                                  NORMAL
..................................................................
TEMPERATURE (F)
 YESTERDAY
  MAXIMUM         77    154 PM  97    2003  86     -9       95
  MINIMUM         50   1159 PM  40    1973  49      1       53
  AVERAGE         64                        67     -3       74

PRECIPITATION (IN)
  YESTERDAY        0.00          0.24 1935   0.01  -0.01     0.00
  MONTH TO DATE    0.09                      0.41  -0.32      T
  SINCE SEP 1      7.33                     14.46  -7.13     8.21
  SINCE JAN 1      6.59                      9.24  -2.65     4.55

SNOWFALL (IN)
  YESTERDAY       MM                        MM     MM       MM
  MONTH TO DATE   MM                        MM     MM       MM
  SINCE JUL 1     MM                        MM     MM       MM
  SNOW DEPTH      MM

DEGREE DAYS
 HEATING
  YESTERDAY        1                         1      0        0
  MONTH TO DATE    1                        39    -38        1
  SINCE JUN 1    176                       256    -80      179
  SINCE JUL 1      1                        39    -38        1

 COOLING
  YESTERDAY        0                         3     -3        9
  MONTH TO DATE  182                        54    128      135
  SINCE JUN 1    189                        65    124      181
  SINCE JAN 1    189                        66    123      181
..................................................................


WIND (MPH)
  HIGHEST WIND SPEED    25   HIGHEST WIND DIRECTION     W (280)
  HIGHEST GUST SPEED    31   HIGHEST GUST DIRECTION     W (280)
  AVERAGE WIND SPEED    12.9


SKY COVER
  POSSIBLE SUNSHINE  MM
  AVERAGE SKY COVER 0.1


WEATHER CONDITIONS
 THE FOLLOWING WEATHER WAS RECORDED YESTERDAY.
  NO SIGNIFICANT WEATHER WAS OBSERVED.


RELATIVE HUMIDITY (PERCENT)
 HIGHEST    77           300 AM
 LOWEST     31          1200 PM

..........................................................


THE KLAMATH FALLS OR CLIMATE NORMALS FOR TODAY
                         NORMAL    RECORD    YEAR
 MAXIMUM TEMPERATURE (F)   86        97      1996
 MINIMUM TEMPERATURE (F)   49        38      1993


SUNRISE AND SUNSET
JULY 24 2014..........SUNRISE   552 AM PDT   SUNSET   834 PM PDT
JULY 25 2014..........SUNRISE   553 AM PDT   SUNSET   833 PM PDT


-  INDICATES NEGATIVE NUMBERS.
R  INDICATES RECORD WAS SET OR TIED.
MM INDICATES DATA IS MISSING.
T  INDICATES TRACE AMOUNT.




$$
