000
CDUS46 KMFR 310836
CLILMT


CLIMATE REPORT
NATIONAL WEATHER SERVICE MEDFORD, OR
136 AM PDT WED AUG 31 2016


...................................

...THE KLAMATH FALLS OR CLIMATE SUMMARY FOR AUGUST 30 2016...

CLIMATE NORMAL PERIOD 1981 TO 2010
CLIMATE RECORD PERIOD 1928 TO 2016


WEATHER ITEM   OBSERVED TIME   RECORD YEAR NORMAL DEPARTURE LAST
                VALUE   (LST)  VALUE       VALUE  FROM      YEAR
                                                  NORMAL
..................................................................
TEMPERATURE (F)
 YESTERDAY
  MAXIMUM         81    342 PM  93    1998  80      1       71
  MINIMUM         46   1157 PM  34    2005  44      2       44
  AVERAGE         64                        62      2       58

PRECIPITATION (IN)
  YESTERDAY        0.00          0.97 1984   0.02  -0.02     0.00
  MONTH TO DATE    0.00                      0.40  -0.40     0.42
  SINCE OCT 1     11.64                     14.40  -2.76    12.82
  SINCE JAN 1      7.11                      9.71  -2.60     6.36

SNOWFALL (IN)
  YESTERDAY       MM                        MM     MM       MM
  MONTH TO DATE   MM                        MM     MM       MM
  SINCE JUL 1     MM                        MM     MM       MM
  SNOW DEPTH      MM

DEGREE DAYS
 HEATING
  YESTERDAY        1                         4     -3        7
  MONTH TO DATE   29                        64    -35       28
  SINCE JUN 1    269                       331    -62       98
  SINCE JUL 1    101                       114    -13       46

 COOLING
  YESTERDAY        0                         1     -1        0
  MONTH TO DATE   87                        62     25       68
  SINCE JUN 1    215                       155     60      287
  SINCE JAN 1    215                       156     59      290
..................................................................


WIND (MPH)
  HIGHEST WIND SPEED    13   HIGHEST WIND DIRECTION    NW (320)
  HIGHEST GUST SPEED    15   HIGHEST GUST DIRECTION    NW (320)
  AVERAGE WIND SPEED     4.1


SKY COVER
  POSSIBLE SUNSHINE  MM
  AVERAGE SKY COVER 0.2


WEATHER CONDITIONS
 THE FOLLOWING WEATHER WAS RECORDED YESTERDAY.
  HAZE


RELATIVE HUMIDITY (PERCENT)
 HIGHEST    80          1100 PM
 LOWEST     17           400 PM

..........................................................


THE KLAMATH FALLS OR CLIMATE NORMALS FOR TODAY
                         NORMAL    RECORD    YEAR
 MAXIMUM TEMPERATURE (F)   80        95      1998
 MINIMUM TEMPERATURE (F)   44        31      2010
                                             1999


SUNRISE AND SUNSET
AUGUST 31 2016........SUNRISE   632 AM PDT   SUNSET   741 PM PDT
SEPTEMBER  1 2016.....SUNRISE   633 AM PDT   SUNSET   740 PM PDT


-  INDICATES NEGATIVE NUMBERS.
R  INDICATES RECORD WAS SET OR TIED.
MM INDICATES DATA IS MISSING.
T  INDICATES TRACE AMOUNT.




$$
