823
CDUS46 KMFR 200840
CLILMT


CLIMATE REPORT
NATIONAL WEATHER SERVICE MEDFORD, OR
140 AM PDT SUN AUG 20 2017


...................................

...THE KLAMATH FALLS OR CLIMATE SUMMARY FOR AUGUST 19 2017...

CLIMATE NORMAL PERIOD 1981 TO 2010
CLIMATE RECORD PERIOD 1928 TO 2017


WEATHER ITEM   OBSERVED TIME   RECORD YEAR NORMAL DEPARTURE LAST
                VALUE   (LST)  VALUE       VALUE  FROM      YEAR
                                                  NORMAL
..................................................................
TEMPERATURE (F)
 YESTERDAY
  MAXIMUM         85    418 PM  96    2016  83      2       96
  MINIMUM         44    534 AM  37    1964  46     -2       55
  AVERAGE         65                        64      1       76

PRECIPITATION (IN)
  YESTERDAY        0.00          0.65 1968   0.01  -0.01     0.00
  MONTH TO DATE    0.27                      0.23   0.04     0.00
  SINCE OCT 1     12.51                     14.23  -1.72    11.64
  SINCE JAN 1      7.76                      9.54  -1.78     7.11

SNOWFALL (IN)
  YESTERDAY       MM                        MM     MM       MM
  MONTH TO DATE   MM                        MM     MM       MM
  SINCE JUL 1     MM                        MM     MM       MM
  SNOW DEPTH      MM

DEGREE DAYS
 HEATING
  YESTERDAY        0                         2     -2        0
  MONTH TO DATE    2                        31    -29       22
  SINCE JUN 1    170                       298   -128      262
  SINCE JUL 1      3                        81    -78       94

 COOLING
  YESTERDAY        0                         2     -2       11
  MONTH TO DATE   96                        50     46       71
  SINCE JUN 1    304                       143    161      199
  SINCE JAN 1    307                       144    163      199
..................................................................


WIND (MPH)
  HIGHEST WIND SPEED    18   HIGHEST WIND DIRECTION    NW (320)
  HIGHEST GUST SPEED    23   HIGHEST GUST DIRECTION    NW (330)
  AVERAGE WIND SPEED     7.1


SKY COVER
  POSSIBLE SUNSHINE  MM
  AVERAGE SKY COVER 0.2


WEATHER CONDITIONS
 THE FOLLOWING WEATHER WAS RECORDED YESTERDAY.
  FOG
  HAZE


RELATIVE HUMIDITY (PERCENT)
 HIGHEST    93           400 AM
 LOWEST     14           400 PM

..........................................................


THE KLAMATH FALLS OR CLIMATE NORMALS FOR TODAY
                         NORMAL    RECORD    YEAR
 MAXIMUM TEMPERATURE (F)   83        95      2016
 MINIMUM TEMPERATURE (F)   46        34      1974


SUNRISE AND SUNSET
AUGUST 20 2017........SUNRISE   620 AM PDT   SUNSET   759 PM PDT
AUGUST 21 2017........SUNRISE   621 AM PDT   SUNSET   758 PM PDT


-  INDICATES NEGATIVE NUMBERS.
R  INDICATES RECORD WAS SET OR TIED.
MM INDICATES DATA IS MISSING.
T  INDICATES TRACE AMOUNT.




$$
