000
CDUS46 KMFR 220837
CLILMT


CLIMATE REPORT
NATIONAL WEATHER SERVICE MEDFORD, OR
1236 AM PST MON DEC 22 2014


...................................

...THE KLAMATH FALLS OR CLIMATE SUMMARY FOR DECEMBER 21 2014...

CLIMATE NORMAL PERIOD 1981 TO 2010
CLIMATE RECORD PERIOD 1928 TO 2014


WEATHER ITEM   OBSERVED TIME   RECORD YEAR NORMAL DEPARTURE LAST
                VALUE   (LST)  VALUE       VALUE  FROM      YEAR
                                                  NORMAL
..................................................................
TEMPERATURE (F)
 YESTERDAY
  MAXIMUM         53R   312 PM  51    1972  38     15       46
  MINIMUM         46    707 AM -16    1990  20     26       23
  AVERAGE         50                        29     21       35

PRECIPITATION (IN)
  YESTERDAY        0.51          0.80 1957   0.05   0.46     0.00
  MONTH TO DATE    3.00                      1.00   2.00     0.28
  SINCE SEP 1      7.17                      4.77   2.40     0.74
  SINCE JAN 1     14.68                     14.51   0.17     5.53

SNOWFALL (IN)
  YESTERDAY       MM                        MM     MM       MM
  MONTH TO DATE   MM                        MM     MM       MM
  SINCE JUL 1     MM                        MM     MM        0.0
  SNOW DEPTH      MM

DEGREE DAYS
 HEATING
  YESTERDAY       15                        36    -21       30
  MONTH TO DATE  516                       742   -226      961
  SINCE DEC 1    516                       742   -226      961
  SINCE JUL 1   1906                      2544   -638     2697

 COOLING
  YESTERDAY        0                         0      0        0
  MONTH TO DATE    0                         0      0        0
  SINCE DEC 1      0                         0      0        0
  SINCE JAN 1    327                       169    158      285
..................................................................


WIND (MPH)
  HIGHEST WIND SPEED    33   HIGHEST WIND DIRECTION     W (270)
  HIGHEST GUST SPEED    43   HIGHEST GUST DIRECTION     W (270)
  AVERAGE WIND SPEED    18.6


SKY COVER
  POSSIBLE SUNSHINE  MM
  AVERAGE SKY COVER 0.8


WEATHER CONDITIONS
 THE FOLLOWING WEATHER WAS RECORDED YESTERDAY.
  RAIN
  LIGHT RAIN
  FOG
  HAZE


RELATIVE HUMIDITY (PERCENT)
 HIGHEST    93           600 AM
 LOWEST     71          1100 PM

..........................................................


THE KLAMATH FALLS OR CLIMATE NORMALS FOR TODAY
                         NORMAL    RECORD    YEAR
 MAXIMUM TEMPERATURE (F)   38        53      1964
 MINIMUM TEMPERATURE (F)   20       -18      1990


SUNRISE AND SUNSET
DECEMBER 22 2014......SUNRISE   733 AM PST   SUNSET   439 PM PST
DECEMBER 23 2014......SUNRISE   733 AM PST   SUNSET   439 PM PST


-  INDICATES NEGATIVE NUMBERS.
R  INDICATES RECORD WAS SET OR TIED.
MM INDICATES DATA IS MISSING.
T  INDICATES TRACE AMOUNT.




$$
