000
CDUS46 KMFR 280036
CLILMT


CLIMATE REPORT
NATIONAL WEATHER SERVICE MEDFORD, OR
535 PM PDT TUE JUN 27 2017


...................................

...THE KLAMATH FALLS OR CLIMATE SUMMARY FOR JUNE 27 2017...
VALID TODAY AS OF 0500 PM LOCAL TIME.

CLIMATE NORMAL PERIOD 1981 TO 2010
CLIMATE RECORD PERIOD 1928 TO 2017


WEATHER ITEM   OBSERVED TIME   RECORD YEAR NORMAL DEPARTURE LAST
                VALUE   (LST)  VALUE       VALUE  FROM      YEAR
                                                  NORMAL
..................................................................
TEMPERATURE (F)
 TODAY
  MAXIMUM         82    351 PM  96    2015  78      4       87
  MINIMUM         47    400 AM  31    1965  45      2       48
  AVERAGE         65                        62      3       68

PRECIPITATION (IN)
  TODAY            0.00          0.83 1933   0.05  -0.05     0.00
  MONTH TO DATE    0.29                      0.90  -0.61     0.82
  SINCE OCT 1     11.26                     13.38  -2.12    11.22
  SINCE JAN 1      6.51                      8.69  -2.18     6.69

SNOWFALL (IN)
  TODAY           MM                        MM     MM       MM
  MONTH TO DATE   MM                        MM     MM       MM
  SINCE JUL 1     MM                        MM     MM       MM
  SNOW DEPTH      MM

DEGREE DAYS
 HEATING
  TODAY            0                         4     -4        0
  MONTH TO DATE  162                       204    -42      168
  SINCE JUN 1    162                       204    -42      168
  SINCE JUL 1   6739                      6960   -221     6252

 COOLING
  TODAY            0                         1     -1        3
  MONTH TO DATE   62                         5     57       37
  SINCE JUN 1     62                         5     57       37
  SINCE JAN 1     65                         6     59       37
..................................................................


WIND (MPH)
  HIGHEST WIND SPEED    18   HIGHEST WIND DIRECTION     W (280)
  HIGHEST GUST SPEED    24   HIGHEST GUST DIRECTION     W (260)
  AVERAGE WIND SPEED     5.2


SKY COVER
  POSSIBLE SUNSHINE  MM
  AVERAGE SKY COVER 0.1


WEATHER CONDITIONS
 THE FOLLOWING WEATHER WAS RECORDED TODAY.
  FOG
  FOG W/VISIBILITY <= 1/4 MILE
  HAZE


RELATIVE HUMIDITY (PERCENT)
 HIGHEST   100           300 AM
 LOWEST     17           200 PM

..........................................................


THE KLAMATH FALLS OR CLIMATE NORMALS FOR TOMORROW
                         NORMAL    RECORD    YEAR
 MAXIMUM TEMPERATURE (F)   79        93      2008
 MINIMUM TEMPERATURE (F)   45        34      1954


SUNRISE AND SUNSET
JUNE 27 2017..........SUNRISE   533 AM PDT   SUNSET   847 PM PDT
JUNE 28 2017..........SUNRISE   533 AM PDT   SUNSET   847 PM PDT


-  INDICATES NEGATIVE NUMBERS.
R  INDICATES RECORD WAS SET OR TIED.
MM INDICATES DATA IS MISSING.
T  INDICATES TRACE AMOUNT.




$$
