000
CDUS46 KMFR 270851
CLILMT


CLIMATE REPORT
NATIONAL WEATHER SERVICE MEDFORD, OR
1250 AM PST THU NOV 27 2014


...................................

...THE KLAMATH FALLS OR CLIMATE SUMMARY FOR NOVEMBER 26 2014...

CLIMATE NORMAL PERIOD 1981 TO 2010
CLIMATE RECORD PERIOD 1928 TO 2014


WEATHER ITEM   OBSERVED TIME   RECORD YEAR NORMAL DEPARTURE LAST
                VALUE   (LST)  VALUE       VALUE  FROM      YEAR
                                                  NORMAL
..................................................................
TEMPERATURE (F)
 YESTERDAY
  MAXIMUM         48    352 PM  58    1950  41      7       51
  MINIMUM         25    634 AM   1    1993  23      2       17
  AVERAGE         37                        32      5       34

PRECIPITATION (IN)
  YESTERDAY        0.00          0.67 1971   0.08  -0.08     0.00
  MONTH TO DATE    0.80                      1.87  -1.07     0.34
  SINCE SEP 1      3.96                      3.45   0.51     0.46
  SINCE JAN 1     11.47                     13.19  -1.72     5.25

SNOWFALL (IN)
  YESTERDAY       MM                        MM     MM       MM
  MONTH TO DATE   MM                        MM     MM       MM
  SINCE JUL 1     MM                        MM     MM        0.0
  SNOW DEPTH      MM

DEGREE DAYS
 HEATING
  YESTERDAY       28                        33     -5       31
  MONTH TO DATE  673                       753    -80      660
  SINCE SEP 1   1242                      1550   -308     1558
  SINCE JUL 1   1290                      1669   -379     1626

 COOLING
  YESTERDAY        0                         0      0        0
  MONTH TO DATE    0                         0      0        0
  SINCE SEP 1      6                        10     -4       17
  SINCE JAN 1    327                       169    158      285
..................................................................


WIND (MPH)
  HIGHEST WIND SPEED     7   HIGHEST WIND DIRECTION     N (340)
  HIGHEST GUST SPEED     8   HIGHEST GUST DIRECTION     S (170)
  AVERAGE WIND SPEED     0.4


SKY COVER
  POSSIBLE SUNSHINE  MM
  AVERAGE SKY COVER 0.5


WEATHER CONDITIONS
 THE FOLLOWING WEATHER WAS RECORDED YESTERDAY.
  FOG
  FOG W/VISIBILITY <= 1/4 MILE


RELATIVE HUMIDITY (PERCENT)
 HIGHEST   100           600 AM
 LOWEST     71           300 PM

..........................................................


THE KLAMATH FALLS OR CLIMATE NORMALS FOR TODAY
                         NORMAL    RECORD    YEAR
 MAXIMUM TEMPERATURE (F)   41        57      2011
 MINIMUM TEMPERATURE (F)   23         3      1979


SUNRISE AND SUNSET
NOVEMBER 27 2014......SUNRISE   712 AM PST   SUNSET   437 PM PST
NOVEMBER 28 2014......SUNRISE   713 AM PST   SUNSET   437 PM PST


-  INDICATES NEGATIVE NUMBERS.
R  INDICATES RECORD WAS SET OR TIED.
MM INDICATES DATA IS MISSING.
T  INDICATES TRACE AMOUNT.




$$
