000
CDUS46 KMFR 250037
CLILMT


CLIMATE REPORT
NATIONAL WEATHER SERVICE MEDFORD, OR
537 PM PDT WED MAY 24 2017


...................................

...THE KLAMATH FALLS OR CLIMATE SUMMARY FOR MAY 24 2017...
VALID TODAY AS OF 0500 PM LOCAL TIME.

CLIMATE NORMAL PERIOD 1981 TO 2010
CLIMATE RECORD PERIOD 1928 TO 2017


WEATHER ITEM   OBSERVED TIME   RECORD YEAR NORMAL DEPARTURE LAST
                VALUE   (LST)  VALUE       VALUE  FROM      YEAR
                                                  NORMAL
..................................................................
TEMPERATURE (F)
 TODAY
  MAXIMUM         75    145 PM  89    1992  67      8       65
  MINIMUM         44    455 AM  25    2011  38      6       34
  AVERAGE         60                        53      7       50

PRECIPITATION (IN)
  TODAY            0.00          0.36 1973   0.02  -0.02     0.00
  MONTH TO DATE    0.10                      1.26  -1.16     0.81
  SINCE OCT 1     10.78                     12.36  -1.58    10.40
  SINCE JAN 1      6.03                      7.67  -1.64     5.87

SNOWFALL (IN)
  TODAY           MM                        MM     MM       MM
  MONTH TO DATE   MM                        MM     MM       MM
  SINCE JUL 1     MM                        MM     MM       MM
  SNOW DEPTH      MM

DEGREE DAYS
 HEATING
  TODAY            5                        12     -7       15
  MONTH TO DATE  319                       357    -38      293
  SINCE MAR 1   1700                      1835   -135     1518
  SINCE JUL 1   6538                      6676   -138     6008

 COOLING
  TODAY            0                         0      0        0
  MONTH TO DATE    3                         0      3        0
  SINCE MAR 1      3                         0      3        0
  SINCE JAN 1      3                         0      3        0
..................................................................


WIND (MPH)
  HIGHEST WIND SPEED    26   HIGHEST WIND DIRECTION    NW (330)
  HIGHEST GUST SPEED    31   HIGHEST GUST DIRECTION    NW (330)
  AVERAGE WIND SPEED     9.5


SKY COVER
  POSSIBLE SUNSHINE  MM
  AVERAGE SKY COVER 0.0


WEATHER CONDITIONS
 THE FOLLOWING WEATHER WAS RECORDED TODAY.
  NO SIGNIFICANT WEATHER WAS OBSERVED.


RELATIVE HUMIDITY (PERCENT)
 HIGHEST    93           300 AM
 LOWEST     17          1100 AM

..........................................................


THE KLAMATH FALLS OR CLIMATE NORMALS FOR TOMORROW
                         NORMAL    RECORD    YEAR
 MAXIMUM TEMPERATURE (F)   68        87      1982
 MINIMUM TEMPERATURE (F)   38        24      1975


SUNRISE AND SUNSET
MAY 24 2017...........SUNRISE   538 AM PDT   SUNSET   830 PM PDT
MAY 25 2017...........SUNRISE   537 AM PDT   SUNSET   831 PM PDT


-  INDICATES NEGATIVE NUMBERS.
R  INDICATES RECORD WAS SET OR TIED.
MM INDICATES DATA IS MISSING.
T  INDICATES TRACE AMOUNT.




$$
