000
CDUS45 KRIW 280734
CLILND


CLIMATE REPORT
NATIONAL WEATHER SERVICE RIVERTON WY
1234 AM MST SAT FEB 28 2015


...................................

...THE LANDER WY CLIMATE SUMMARY FOR FEBRUARY 27 2015...

CLIMATE NORMAL PERIOD 1981 TO 2010
CLIMATE RECORD PERIOD 1891 TO 2015


WEATHER ITEM   OBSERVED TIME   RECORD YEAR NORMAL DEPARTURE LAST
                VALUE   (LST)  VALUE       VALUE  FROM      YEAR
                                                  NORMAL
..................................................................
TEMPERATURE (F)
 YESTERDAY
  MAXIMUM         17   1153 PM  68    1932  41    -24       35
  MINIMUM         -4    719 AM -16    1960  18    -22       13
  AVERAGE          7                        29    -22       24

PRECIPITATION (IN)
  YESTERDAY        T             0.45 1927   0.02  -0.02     0.00
  MONTH TO DATE    1.56                      0.55   1.01     0.19
  SINCE DEC 1      3.38                      1.54   1.84     1.49
  SINCE JAN 1      1.56                      0.96   0.60     0.80

SNOWFALL (IN)
  YESTERDAY        T                         0.4   -0.4      0.0
  MONTH TO DATE   23.5                       9.9   13.6      3.8
  SINCE DEC 1     44.9                      27.6   17.3     25.8
  SINCE JUL 1     53.8                      53.2    0.6     55.3
  SNOW DEPTH       6

DEGREE DAYS
 HEATING
  YESTERDAY       58                        36     22       41
  MONTH TO DATE  938                      1079   -141     1181
  SINCE DEC 1   3536                      3796   -260     3809
  SINCE JUL 1   5077                      5669   -592     5697

 COOLING
  YESTERDAY        0                         0      0        0
  MONTH TO DATE    0                         0      0        0
  SINCE DEC 1      0                         0      0        0
  SINCE JAN 1      0                         0      0        0
..................................................................


WIND (MPH)
  HIGHEST WIND SPEED    10   HIGHEST WIND DIRECTION     W (250)
  HIGHEST GUST SPEED    12   HIGHEST GUST DIRECTION    SW (240)
  AVERAGE WIND SPEED     3.9


SKY COVER
  POSSIBLE SUNSHINE  MM
  AVERAGE SKY COVER 0.6


WEATHER CONDITIONS
 THE FOLLOWING WEATHER WAS RECORDED YESTERDAY.
  LIGHT SNOW
  FOG
  HAZE


RELATIVE HUMIDITY (PERCENT)
 HIGHEST    88          1200 PM
 LOWEST     64          1000 PM
 AVERAGE    76

..........................................................


THE LANDER WY CLIMATE NORMALS FOR TODAY
                         NORMAL    RECORD    YEAR
 MAXIMUM TEMPERATURE (F)   41        61      1992
                                             1974
 MINIMUM TEMPERATURE (F)   18       -19      1893


SUNRISE AND SUNSET
FEBRUARY 28 2015......SUNRISE   653 AM MST   SUNSET   603 PM MST
MARCH  1 2015.........SUNRISE   651 AM MST   SUNSET   604 PM MST


-  INDICATES NEGATIVE NUMBERS.
R  INDICATES RECORD WAS SET OR TIED.
MM INDICATES DATA IS MISSING.
T  INDICATES TRACE AMOUNT.




$$
