000
CDUS45 KRIW 030733
CLILND


CLIMATE REPORT
NATIONAL WEATHER SERVICE RIVERTON WY
133 AM MDT TUE MAY 3 2016


...................................

...THE LANDER WY CLIMATE SUMMARY FOR MAY 2 2016...

CLIMATE NORMAL PERIOD 1981 TO 2010
CLIMATE RECORD PERIOD 1891 TO 2016


WEATHER ITEM   OBSERVED TIME   RECORD YEAR NORMAL DEPARTURE LAST
                VALUE   (LST)  VALUE       VALUE  FROM      YEAR
                                                  NORMAL
..................................................................
TEMPERATURE (F)
 YESTERDAY
  MAXIMUM         63    428 PM  84    1947  62      1       75
  MINIMUM         30    429 AM  13    1903  36     -6       43
  AVERAGE         47                        49     -2       59

PRECIPITATION (IN)
  YESTERDAY        0.00          1.03 1942   0.08  -0.08     0.00
  MONTH TO DATE    T                         0.15  -0.15     0.00
  SINCE MAR 1      9.20                      3.18   6.02     2.86
  SINCE JAN 1     10.12                      4.17   5.95     4.42

SNOWFALL (IN)
  YESTERDAY        0.0                       0.3   -0.3      0.0
  MONTH TO DATE    0.0                       0.7   -0.7      0.0
  SINCE MAR 1     37.6                      33.6    4.0     19.2
  SINCE JUL 1     74.6                      87.2  -12.6     73.1
  SNOW DEPTH       0

DEGREE DAYS
 HEATING
  YESTERDAY       18                        16      2        6
  MONTH TO DATE   41                        32      9       16
  SINCE MAR 1   1467                      1582   -115     1374
  SINCE JUL 1   6618                      7286   -668     6498

 COOLING
  YESTERDAY        0                         0      0        0
  MONTH TO DATE    0                         0      0        0
  SINCE MAR 1      0                         0      0        0
  SINCE JAN 1      0                         0      0        0
..................................................................


WIND (MPH)
  HIGHEST WIND SPEED    18   HIGHEST WIND DIRECTION    SW (240)
  HIGHEST GUST SPEED    21   HIGHEST GUST DIRECTION    SW (240)
  AVERAGE WIND SPEED     4.6


SKY COVER
  POSSIBLE SUNSHINE  MM
  AVERAGE SKY COVER 0.0


WEATHER CONDITIONS
 THE FOLLOWING WEATHER WAS RECORDED YESTERDAY.
  NO SIGNIFICANT WEATHER WAS OBSERVED.


RELATIVE HUMIDITY (PERCENT)
 HIGHEST    78           400 AM
 LOWEST     25           500 PM
 AVERAGE    52

..........................................................


THE LANDER WY CLIMATE NORMALS FOR TODAY
                         NORMAL    RECORD    YEAR
 MAXIMUM TEMPERATURE (F)   62        84      1947
 MINIMUM TEMPERATURE (F)   36        17      1899


SUNRISE AND SUNSET
MAY  3 2016...........SUNRISE   606 AM MDT   SUNSET   818 PM MDT
MAY  4 2016...........SUNRISE   604 AM MDT   SUNSET   820 PM MDT


-  INDICATES NEGATIVE NUMBERS.
R  INDICATES RECORD WAS SET OR TIED.
MM INDICATES DATA IS MISSING.
T  INDICATES TRACE AMOUNT.




$$
