000
CDUS45 KRIW 220732
CLILND


CLIMATE REPORT
NATIONAL WEATHER SERVICE RIVERTON WY
130 AM MDT MON SEP 22 2014


...................................

...THE LANDER WY CLIMATE SUMMARY FOR SEPTEMBER 21 2014...

CLIMATE NORMAL PERIOD 1981 TO 2010
CLIMATE RECORD PERIOD 1891 TO 2014


WEATHER ITEM   OBSERVED TIME   RECORD YEAR NORMAL DEPARTURE LAST
                VALUE   (LST)  VALUE       VALUE  FROM      YEAR
                                                  NORMAL
..................................................................
TEMPERATURE (F)
 YESTERDAY
  MAXIMUM         75    210 PM  87    1905  70      5       80
  MINIMUM         48    609 AM  25    1983  42      6       43
  AVERAGE         62                        56      6       62

PRECIPITATION (IN)
  YESTERDAY        0.00          1.63 1895   0.04  -0.04     0.00
  MONTH TO DATE    0.17                      0.64  -0.47     2.20
  SINCE SEP 1      0.17                      0.64  -0.47     2.20
  SINCE JAN 1      7.19                      9.52  -2.33    10.06

SNOWFALL (IN)
  YESTERDAY        0.0                       0.1   -0.1      0.0
  MONTH TO DATE    T                         1.2   -1.2      0.0
  SINCE SEP 1      T                         1.2   -1.2      0.0
  SINCE JUL 1      T                         1.2   -1.2      0.0
  SNOW DEPTH       0

DEGREE DAYS
 HEATING
  YESTERDAY        3                         9     -6        3
  MONTH TO DATE  108                       115     -7       68
  SINCE SEP 1    108                       115     -7       68
  SINCE JUL 1    152                       155     -3       68

 COOLING
  YESTERDAY        0                         0      0        0
  MONTH TO DATE   23                        26     -3       65
  SINCE SEP 1     23                        26     -3       65
  SINCE JAN 1    429                       471    -42      743
..................................................................


WIND (MPH)
  HIGHEST WIND SPEED    13   HIGHEST WIND DIRECTION    SE (150)
  HIGHEST GUST SPEED    15   HIGHEST GUST DIRECTION    SE (150)
  AVERAGE WIND SPEED     6.7


SKY COVER
  POSSIBLE SUNSHINE  MM
  AVERAGE SKY COVER 0.1


WEATHER CONDITIONS
 THE FOLLOWING WEATHER WAS RECORDED YESTERDAY.
  NO SIGNIFICANT WEATHER WAS OBSERVED.


RELATIVE HUMIDITY (PERCENT)
 HIGHEST    66           400 AM
 LOWEST     27           200 PM
 AVERAGE    47

..........................................................


THE LANDER WY CLIMATE NORMALS FOR TODAY
                         NORMAL    RECORD    YEAR
 MAXIMUM TEMPERATURE (F)   69        90      1958
 MINIMUM TEMPERATURE (F)   42         7      1895


SUNRISE AND SUNSET
SEPTEMBER 22 2014.....SUNRISE   702 AM MDT   SUNSET   712 PM MDT
SEPTEMBER 23 2014.....SUNRISE   703 AM MDT   SUNSET   710 PM MDT


-  INDICATES NEGATIVE NUMBERS.
R  INDICATES RECORD WAS SET OR TIED.
MM INDICATES DATA IS MISSING.
T  INDICATES TRACE AMOUNT.




$$
