382
CDUS45 KRIW 120042
CLILND


CLIMATE REPORT
NATIONAL WEATHER SERVICE RIVERTON WY
535 PM MST THU FEB 11 2016


...................................

...THE LANDER WY CLIMATE SUMMARY FOR FEBRUARY 11 2016...
VALID TODAY AS OF 0500 PM LOCAL TIME.

CLIMATE NORMAL PERIOD 1981 TO 2010
CLIMATE RECORD PERIOD 1891 TO 2016


WEATHER ITEM   OBSERVED TIME   RECORD YEAR NORMAL DEPARTURE LAST
                VALUE   (LST)  VALUE       VALUE  FROM      YEAR
                                                  NORMAL
..................................................................
TEMPERATURE (F)
 TODAY
  MAXIMUM         54        MM  56    1962  35     19       49
  MINIMUM         26        MM -27    1895  13     13       26
  AVERAGE         40                        24     16       38

PRECIPITATION (IN)
  TODAY            0.00          0.55 1900   0.02  -0.02     0.00
  MONTH TO DATE    0.43                      0.19   0.24     0.37
  SINCE DEC 1      1.33                      1.18   0.15     2.19
  SINCE JAN 1      0.85                      0.60   0.25     0.37

SNOWFALL (IN)
  TODAY            0.0                       0.4   -0.4      0.0
  MONTH TO DATE    3.9                       3.7    0.2      3.4
  SINCE DEC 1     18.0                      21.4   -3.4     24.8
  SINCE JUL 1     37.0                      47.0  -10.0     33.7
  SNOW DEPTH       5

DEGREE DAYS
 HEATING
  TODAY           25                        41    -16       27
  MONTH TO DATE  444                       463    -19      310
  SINCE DEC 1   3163                      3180    -17     2908
  SINCE JUL 1   4675                      5053   -378     4449

 COOLING
  TODAY            0                         0      0        0
  MONTH TO DATE    0                         0      0        0
  SINCE DEC 1      0                         0      0        0
  SINCE JAN 1      0                         0      0        0
..................................................................


WIND (MPH)
  HIGHEST WIND SPEED    13   HIGHEST WIND DIRECTION     W (250)
  HIGHEST GUST SPEED    MM   HIGHEST GUST DIRECTION    MM
  AVERAGE WIND SPEED     5.9


SKY COVER
  POSSIBLE SUNSHINE  MM
  AVERAGE SKY COVER 0.0


WEATHER CONDITIONS
 THE FOLLOWING WEATHER WAS RECORDED TODAY.
  NO SIGNIFICANT WEATHER WAS OBSERVED.


RELATIVE HUMIDITY (PERCENT)
 HIGHEST    58           500 AM
 LOWEST     28          1200 PM
 AVERAGE    43

..........................................................


THE LANDER WY CLIMATE NORMALS FOR TOMORROW
                         NORMAL    RECORD    YEAR
 MAXIMUM TEMPERATURE (F)   35        62      2015
 MINIMUM TEMPERATURE (F)   13       -30      1905
                                             1899


SUNRISE AND SUNSET
FEBRUARY 11 2016......SUNRISE   718 AM MST   SUNSET   541 PM MST
FEBRUARY 12 2016......SUNRISE   717 AM MST   SUNSET   542 PM MST


-  INDICATES NEGATIVE NUMBERS.
R  INDICATES RECORD WAS SET OR TIED.
MM INDICATES DATA IS MISSING.
T  INDICATES TRACE AMOUNT.




$$
