000
CDUS45 KRIW 290733
CLILND


CLIMATE REPORT
NATIONAL WEATHER SERVICE RIVERTON WY
133 AM MDT MON JUN 29 2015


...................................

...THE LANDER WY CLIMATE SUMMARY FOR JUNE 28 2015...

CLIMATE NORMAL PERIOD 1981 TO 2010
CLIMATE RECORD PERIOD 1891 TO 2015


WEATHER ITEM   OBSERVED TIME   RECORD YEAR NORMAL DEPARTURE LAST
                VALUE   (LST)  VALUE       VALUE  FROM      YEAR
                                                  NORMAL
..................................................................
TEMPERATURE (F)
 YESTERDAY
  MAXIMUM         94    229 PM  97    2002  83     11       77
  MINIMUM         62    537 AM  34    1945  52     10       45
                                      1908
  AVERAGE         78                        67     11       61

PRECIPITATION (IN)
  YESTERDAY        T             0.87 1895   0.03  -0.03     0.00
  MONTH TO DATE    0.79                      1.23  -0.44     0.60
  SINCE JUN 1      0.79                      1.23  -0.44     0.60
  SINCE JAN 1     11.31                      7.45   3.86     4.79

SNOWFALL (IN)
  YESTERDAY        0.0                       0.0    0.0      0.0
  MONTH TO DATE    0.0                       0.1   -0.1      0.0
  SINCE JUN 1      0.0                       0.1   -0.1      0.0
  SINCE JUL 1     73.9                      91.4  -17.5     75.7
  SNOW DEPTH       0

DEGREE DAYS
 HEATING
  YESTERDAY        0                         2     -2        4
  MONTH TO DATE   31                       123    -92      134
  SINCE JUN 1     31                       123    -92      134
  SINCE JUL 1   6968                      7745   -777     7718

 COOLING
  YESTERDAY       13                         4      9        0
  MONTH TO DATE   87                        57     30       23
  SINCE JUN 1     87                        57     30       23
  SINCE JAN 1     87                        62     25       41
..................................................................


WIND (MPH)
  HIGHEST WIND SPEED    29   HIGHEST WIND DIRECTION    SW (220)
  HIGHEST GUST SPEED    36   HIGHEST GUST DIRECTION    SW (220)
  AVERAGE WIND SPEED     6.0


SKY COVER
  POSSIBLE SUNSHINE  MM
  AVERAGE SKY COVER 0.0


WEATHER CONDITIONS
 THE FOLLOWING WEATHER WAS RECORDED YESTERDAY.
  LIGHT RAIN


RELATIVE HUMIDITY (PERCENT)
 HIGHEST    48           600 AM
 LOWEST     15           200 PM
 AVERAGE    32

..........................................................


THE LANDER WY CLIMATE NORMALS FOR TODAY
                         NORMAL    RECORD    YEAR
 MAXIMUM TEMPERATURE (F)   83        99      1990
 MINIMUM TEMPERATURE (F)   52        34      1906


SUNRISE AND SUNSET
JUNE 29 2015..........SUNRISE   539 AM MDT   SUNSET   857 PM MDT
JUNE 30 2015..........SUNRISE   540 AM MDT   SUNSET   857 PM MDT


-  INDICATES NEGATIVE NUMBERS.
R  INDICATES RECORD WAS SET OR TIED.
MM INDICATES DATA IS MISSING.
T  INDICATES TRACE AMOUNT.




$$
