000
CDUS43 KOAX 240646
CLILNK


CLIMATE REPORT
NATIONAL WEATHER SERVICE OMAHA NEBRASKA
142 AM CDT MON JUL 24 2017


...................................

...THE LINCOLN, NEBRASKA CLIMATE SUMMARY FOR JULY 23 2017...

CLIMATE NORMAL PERIOD 1981 TO 2010
CLIMATE RECORD PERIOD 1887 TO 2017


WEATHER ITEM   OBSERVED TIME   RECORD YEAR NORMAL DEPARTURE LAST
                VALUE   (LST)  VALUE       VALUE  FROM      YEAR
                                                  NORMAL
..................................................................
TEMPERATURE (F)
 YESTERDAY
  MAXIMUM         91    146 PM 106    1941  89      2       94
  MINIMUM         65   1150 PM  48    1948  66     -1       76
  AVERAGE         78                        78      0       85

PRECIPITATION (IN)
  YESTERDAY        0.00          2.77 1993   0.10  -0.10     0.00
  MONTH TO DATE    3.16                      2.58   0.58     4.21
  SINCE JUN 1     10.51                      6.93   3.58     4.79
  SINCE JAN 1     23.62                     17.27   6.35    17.10

SNOWFALL (IN)
  YESTERDAY        0.0                       0.0    0.0      0.0
  MONTH TO DATE    0.0                       0.0    0.0      0.0
  SINCE JUL 1      0.0                       0.0    0.0      0.0
  SNOW DEPTH       0

DEGREE DAYS
 HEATING
  YESTERDAY        0                         0      0        0
  MONTH TO DATE    0                         0      0        0
  SINCE JUN 1      2                        16    -14        0
  SINCE JUL 1      0                         0      0        0

 COOLING
  YESTERDAY       13                        13      0       20
  MONTH TO DATE  347                       292     55      312
  SINCE JUN 1    653                       534    119      732
  SINCE JAN 1    736                       613    123      803
..................................................................


WIND (MPH)
  HIGHEST WIND SPEED    15   HIGHEST WIND DIRECTION    NE (040)
  HIGHEST GUST SPEED    21   HIGHEST GUST DIRECTION    NE (030)
  AVERAGE WIND SPEED     6.1


SKY COVER
  POSSIBLE SUNSHINE  MM
  AVERAGE SKY COVER 0.0


WEATHER CONDITIONS
 THE FOLLOWING WEATHER WAS RECORDED YESTERDAY.
  FOG


RELATIVE HUMIDITY (PERCENT)
 HIGHEST    97           200 AM
 LOWEST     44           300 PM
 AVERAGE    71

..........................................................


THE LINCOLN, NEBRASKA CLIMATE NORMALS FOR TODAY
                         NORMAL    RECORD    YEAR
 MAXIMUM TEMPERATURE (F)   89       111      1940
                                             1936
 MINIMUM TEMPERATURE (F)   66        52      1911
                                             1905
                                             1887


SUNRISE AND SUNSET
JULY 24 2017..........SUNRISE   616 AM CDT   SUNSET   850 PM CDT
JULY 25 2017..........SUNRISE   617 AM CDT   SUNSET   849 PM CDT


-  INDICATES NEGATIVE NUMBERS.
R  INDICATES RECORD WAS SET OR TIED.
MM INDICATES DATA IS MISSING.
T  INDICATES TRACE AMOUNT.




$$
