000
CDUS43 KOAX 261146 CCA
CLILNK

CLIMATE REPORT...CORRECTION
NATIONAL WEATHER SERVICE OMAHA NEBRASKA
127 AM CDT SUN MAR 26 2017

...CORRECTED SNOWFALL FOR YESTERDAY TO 0.0...


...................................

...THE LINCOLN, NEBRASKA CLIMATE SUMMARY FOR MARCH 25 2017...

CLIMATE NORMAL PERIOD 1981 TO 2010
CLIMATE RECORD PERIOD 1887 TO 2017


WEATHER ITEM   OBSERVED TIME   RECORD YEAR NORMAL DEPARTURE LAST
                VALUE   (LST)  VALUE       VALUE  FROM      YEAR
                                                  NORMAL
..................................................................
TEMPERATURE (F)
 YESTERDAY
  MAXIMUM         43   1227 PM  91    1907  56    -13       60
  MINIMUM         40    842 AM   5    1965  31      9       21
  AVERAGE         42                        44     -2       41

PRECIPITATION (IN)
  YESTERDAY        0.29          1.96 1906   0.08   0.21      T
  MONTH TO DATE    0.51                      1.46  -0.95     0.58
  SINCE MAR 1      0.51                      1.46  -0.95     0.58
  SINCE JAN 1      2.16                      2.87  -0.71     2.17

SNOWFALL (IN)
  YESTERDAY        0.0                       0.2   -0.2      0.0
  MONTH TO DATE    0.6                       4.1   -3.5       T
  SINCE JUL 1      7.5                      23.8  -16.3     20.5
  SNOW DEPTH       0

DEGREE DAYS
 HEATING
  YESTERDAY       23                        21      2       24
  MONTH TO DATE  531                       651   -120      450
  SINCE MAR 1    531                       651   -120      450
  SINCE JUL 1   4414                      5354   -940     4367

 COOLING
  YESTERDAY        0                         0      0        0
  MONTH TO DATE    1                         0      1        1
  SINCE MAR 1      1                         0      1        1
  SINCE JAN 1      1                         0      1        1
..................................................................


WIND (MPH)
  HIGHEST WIND SPEED    26   HIGHEST WIND DIRECTION     N (20)
  HIGHEST GUST SPEED    32   HIGHEST GUST DIRECTION     N (20)
  AVERAGE WIND SPEED    14.6


SKY COVER
  POSSIBLE SUNSHINE  MM
  AVERAGE SKY COVER 1.0


WEATHER CONDITIONS
 THE FOLLOWING WEATHER WAS RECORDED YESTERDAY.
  RAIN
  LIGHT RAIN
  FOG


RELATIVE HUMIDITY (PERCENT)
 HIGHEST   100           500 AM
 LOWEST     86           900 AM
 AVERAGE    93

..........................................................


THE LINCOLN, NEBRASKA CLIMATE NORMALS FOR TODAY
                         NORMAL    RECORD    YEAR
 MAXIMUM TEMPERATURE (F)   57        88      1907
 MINIMUM TEMPERATURE (F)   31         2      1965


SUNRISE AND SUNSET
MARCH 26 2017.........SUNRISE   720 AM CDT   SUNSET   746 PM CDT
MARCH 27 2017.........SUNRISE   718 AM CDT   SUNSET   747 PM CDT


-  INDICATES NEGATIVE NUMBERS.
R  INDICATES RECORD WAS SET OR TIED.
MM INDICATES DATA IS MISSING.
T  INDICATES TRACE AMOUNT.




$$

COR BY KLISH
