238
CDUS43 KOAX 070625
CLILNK


CLIMATE REPORT
NATIONAL WEATHER SERVICE OMAHA NEBRASKA
1221 AM CST WED DEC 7 2016


...................................

...THE LINCOLN, NEBRASKA CLIMATE SUMMARY FOR DECEMBER 6 2016...

CLIMATE NORMAL PERIOD 1981 TO 2010
CLIMATE RECORD PERIOD 1887 TO 2016


WEATHER ITEM   OBSERVED TIME   RECORD YEAR NORMAL DEPARTURE LAST
                VALUE   (LST)  VALUE       VALUE  FROM      YEAR
                                                  NORMAL
..................................................................
TEMPERATURE (F)
 YESTERDAY
  MAXIMUM         37    134 PM  75    1939  40     -3       54
  MINIMUM         20    853 PM  -8    1950  18      2       27
  AVERAGE         29                        29      0       41

PRECIPITATION (IN)
  YESTERDAY        0.00          0.95 1913   0.03  -0.03     0.00
  MONTH TO DATE    0.53                      0.21   0.32      T
  SINCE DEC 1      0.53                      0.21   0.32      T
  SINCE JAN 1     27.81                     28.21  -0.40    36.74

SNOWFALL (IN)
  YESTERDAY        0.0                       0.2   -0.2      0.0
  MONTH TO DATE    1.5                       1.1    0.4       T
  SINCE JUL 1      1.5                       3.9   -2.4      1.3
  SNOW DEPTH       0

DEGREE DAYS
 HEATING
  YESTERDAY       36                        36      0       24
  MONTH TO DATE  193                       210    -17      166
  SINCE DEC 1    193                       210    -17      166
  SINCE JUL 1   1001                      1471   -470     1066

 COOLING
  YESTERDAY        0                         0      0        0
  MONTH TO DATE    0                         0      0        0
  SINCE DEC 1      0                         0      0        0
  SINCE JAN 1   1449                      1173    276     1243
..................................................................


WIND (MPH)
  HIGHEST WIND SPEED    30   HIGHEST WIND DIRECTION    NW (320)
  HIGHEST GUST SPEED    43   HIGHEST GUST DIRECTION    NW (320)
  AVERAGE WIND SPEED    14.6


SKY COVER
  POSSIBLE SUNSHINE  MM
  AVERAGE SKY COVER 0.2


WEATHER CONDITIONS
 THE FOLLOWING WEATHER WAS RECORDED YESTERDAY.
  NO SIGNIFICANT WEATHER WAS OBSERVED.


RELATIVE HUMIDITY (PERCENT)
 HIGHEST    63          1200 AM
 LOWEST     32           200 PM
 AVERAGE    48

..........................................................


THE LINCOLN, NEBRASKA CLIMATE NORMALS FOR TODAY
                         NORMAL    RECORD    YEAR
 MAXIMUM TEMPERATURE (F)   39        65      1984
                                             1894
 MINIMUM TEMPERATURE (F)   18        -9      1917


SUNRISE AND SUNSET
DECEMBER  7 2016......SUNRISE   738 AM CST   SUNSET   459 PM CST
DECEMBER  8 2016......SUNRISE   739 AM CST   SUNSET   459 PM CST


-  INDICATES NEGATIVE NUMBERS.
R  INDICATES RECORD WAS SET OR TIED.
MM INDICATES DATA IS MISSING.
T  INDICATES TRACE AMOUNT.


$$

BCM
