000
CDUS43 KOAX 312122
CLILNK


CLIMATE REPORT
NATIONAL WEATHER SERVICE OMAHA NEBRASKA
421 PM CDT MON AUG 31 2015


...................................

...THE LINCOLN, NEBRASKA CLIMATE SUMMARY FOR AUGUST 31 2015...
VALID TODAY AS OF 0400 PM LOCAL TIME.

CLIMATE NORMAL PERIOD 1981 TO 2010
CLIMATE RECORD PERIOD 1887 TO 2015


WEATHER ITEM   OBSERVED TIME   RECORD YEAR NORMAL DEPARTURE LAST
                VALUE   (LST)  VALUE       VALUE  FROM      YEAR
                                                  NORMAL
..................................................................
TEMPERATURE (F)
 TODAY
  MAXIMUM         87    259 PM 103    1913  84      3       92
  MINIMUM         62    522 AM  42    2009  60      2       66
  AVERAGE         75                        72      3       79

PRECIPITATION (IN)
  TODAY            0.00          1.96 1938   0.12  -0.12     0.71
  MONTH TO DATE    3.78                      3.49   0.29     7.54
  SINCE JUN 1     13.83                     11.24   2.59    13.95
  SINCE JAN 1     29.33                     21.58   7.75    23.70

SNOWFALL (IN)
  TODAY            0.0                       0.0    0.0      0.0
  MONTH TO DATE    0.0                       0.0    0.0      0.0
  SINCE JUL 1      0.0                       0.0    0.0      0.0
  SNOW DEPTH       0

DEGREE DAYS
 HEATING
  TODAY            0                         1     -1        0
  MONTH TO DATE    3                         2      1        0
  SINCE JUN 1      4                        22    -18        4
  SINCE JUL 1      4                         6     -2        2

 COOLING
  TODAY           10                         8      2       14
  MONTH TO DATE  283                       324    -41      352
  SINCE JUN 1    929                       956    -27      951
  SINCE JAN 1    981                      1035    -54     1111
..................................................................


WIND (MPH)
  HIGHEST WIND SPEED    18   HIGHEST WIND DIRECTION     S (180)
  HIGHEST GUST SPEED    22   HIGHEST GUST DIRECTION     S (180)
  AVERAGE WIND SPEED     7.3


SKY COVER
  POSSIBLE SUNSHINE  MM
  AVERAGE SKY COVER 0.1


WEATHER CONDITIONS
 THE FOLLOWING WEATHER WAS RECORDED TODAY.
  FOG
  FOG W/VISIBILITY <= 1/4 MILE
  HAZE


RELATIVE HUMIDITY (PERCENT)
 HIGHEST   100           300 AM
 LOWEST     51           100 PM
 AVERAGE    76

..........................................................


THE LINCOLN, NEBRASKA CLIMATE NORMALS FOR TOMORROW
                         NORMAL    RECORD    YEAR
 MAXIMUM TEMPERATURE (F)   84       106      1922
 MINIMUM TEMPERATURE (F)   60        42      1949


SUNRISE AND SUNSET
AUGUST 31 2015........SUNRISE   653 AM CDT   SUNSET   801 PM CDT
SEPTEMBER  1 2015.....SUNRISE   654 AM CDT   SUNSET   800 PM CDT


-  INDICATES NEGATIVE NUMBERS.
R  INDICATES RECORD WAS SET OR TIED.
MM INDICATES DATA IS MISSING.
T  INDICATES TRACE AMOUNT.




$$
