000
CDUS43 KOAX 170743
CLILNK


CLIMATE REPORT
NATIONAL WEATHER SERVICE OMAHA NEBRASKA
141 AM CST SUN DEC 17 2017


...................................

...THE LINCOLN, NEBRASKA CLIMATE SUMMARY FOR DECEMBER 16 2017...

CLIMATE NORMAL PERIOD 1981 TO 2010
CLIMATE RECORD PERIOD 1887 TO 2017


WEATHER ITEM   OBSERVED TIME   RECORD YEAR NORMAL DEPARTURE LAST
                VALUE   (LST)  VALUE       VALUE  FROM      YEAR
                                                  NORMAL
..................................................................
TEMPERATURE (F)
 YESTERDAY
  MAXIMUM         56    317 PM  68    1962  37     19       27
                                      1939
  MINIMUM         25    806 AM -16    1989  16      9       21
  AVERAGE         41                        26     15       24

PRECIPITATION (IN)
  YESTERDAY        0.00          0.53 1981   0.02  -0.02     0.01
  MONTH TO DATE    T                         0.54  -0.54     0.54
  SINCE DEC 1      T                         0.54  -0.54     0.54
  SINCE JAN 1     36.65                     28.54   8.11    27.82

SNOWFALL (IN)
  YESTERDAY        0.0                       0.2   -0.2       T
  MONTH TO DATE    T                         3.0   -3.0      1.5
  SINCE JUL 1      T                         5.8   -5.8      1.5
  SNOW DEPTH       0

DEGREE DAYS
 HEATING
  YESTERDAY       24                        39    -15       41
  MONTH TO DATE  442                       587   -145      646
  SINCE DEC 1    442                       587   -145      646
  SINCE JUL 1   1495                      1848   -353     1454

 COOLING
  YESTERDAY        0                         0      0        0
  MONTH TO DATE    0                         0      0        0
  SINCE DEC 1      0                         0      0        0
  SINCE JAN 1   1252                      1173     79     1449
..................................................................


WIND (MPH)
  HIGHEST WIND SPEED    18   HIGHEST WIND DIRECTION    NE (040)
  HIGHEST GUST SPEED    22   HIGHEST GUST DIRECTION    NE (040)
  AVERAGE WIND SPEED     6.9


SKY COVER
  POSSIBLE SUNSHINE  MM
  AVERAGE SKY COVER 0.0


WEATHER CONDITIONS
 THE FOLLOWING WEATHER WAS RECORDED YESTERDAY.
  NO SIGNIFICANT WEATHER WAS OBSERVED.


RELATIVE HUMIDITY (PERCENT)
 HIGHEST    75          1000 PM
 LOWEST     30           200 PM
 AVERAGE    53

..........................................................


THE LINCOLN, NEBRASKA CLIMATE NORMALS FOR TODAY
                         NORMAL    RECORD    YEAR
 MAXIMUM TEMPERATURE (F)   36        71      1939
 MINIMUM TEMPERATURE (F)   16       -17      1981


SUNRISE AND SUNSET
DECEMBER 17 2017......SUNRISE   746 AM CST   SUNSET   501 PM CST
DECEMBER 18 2017......SUNRISE   746 AM CST   SUNSET   501 PM CST


-  INDICATES NEGATIVE NUMBERS.
R  INDICATES RECORD WAS SET OR TIED.
MM INDICATES DATA IS MISSING.
T  INDICATES TRACE AMOUNT.




$$
