000
CDUS43 KLOT 210642
CLILOT


CLIMATE REPORT
NATIONAL WEATHER SERVICE CHICAGO IL
140 AM CDT SUN SEP 21 2014


...................................

...THE ROMEOVILLE  WFO CLIMATE SUMMARY FOR SEPTEMBER 20 2014...

CLIMATE NORMAL PERIOD 1981 TO 2010
CLIMATE RECORD PERIOD 1992 TO 2014


WEATHER ITEM   OBSERVED RECORD YEAR NORMAL DEPARTURE LAST
                VALUE   VALUE       VALUE  FROM      YEAR
                                           NORMAL
...........................................................
TEMPERATURE (F)
 YESTERDAY
  MAXIMUM         78     89    1998  74      4       74
  MINIMUM         58     40    2006  53      5       56
  AVERAGE         68                 63      5       65

PRECIPITATION (IN)
  YESTERDAY        0.20   0.96 2009   0.11   0.09     0.04
  MONTH TO DATE    3.04               2.18   0.86     1.17
  SINCE SEP 1      3.04               2.18   0.86     1.17
  SINCE JAN 1     41.70              30.00  11.70    30.49

DEGREE DAYS
 HEATING
  YESTERDAY        0                  4     -4
  MONTH TO DATE   90                 36     54
  SINCE SEP 1     90                 36     54
  SINCE JUL 1    102                 44     58

 COOLING
  YESTERDAY        3                  2      1
  MONTH TO DATE   59                 77    -18
  SINCE SEP 1     59                 77    -18
  SINCE JAN 1    730                830   -100
...........................................................







THE ROMEOVILLE  WFO CLIMATE NORMALS FOR TODAY
                         NORMAL    RECORD    YEAR
 MAXIMUM TEMPERATURE (F)   74        90      2007
 MINIMUM TEMPERATURE (F)   52        39      1995


SUNRISE AND SUNSET
SEPTEMBER 21 2014.....SUNRISE   639 AM CDT   SUNSET   651 PM CDT
SEPTEMBER 22 2014.....SUNRISE   640 AM CDT   SUNSET   650 PM CDT


-  INDICATES NEGATIVE NUMBERS.
R  INDICATES RECORD WAS SET OR TIED.
MM INDICATES DATA IS MISSING.
T  INDICATES TRACE AMOUNT.




$$
