000
CDUS43 KLOT 070645
CLILOT


CLIMATE REPORT
NATIONAL WEATHER SERVICE CHICAGO IL
144 AM CDT TUE JUL 7 2015


...................................

...THE ROMEOVILLE  WFO CLIMATE SUMMARY FOR JULY 6 2015...

CLIMATE NORMAL PERIOD 1981 TO 2010
CLIMATE RECORD PERIOD 1992 TO 2015


WEATHER ITEM   OBSERVED RECORD YEAR NORMAL DEPARTURE LAST
                VALUE   VALUE       VALUE  FROM      YEAR
                                           NORMAL
...........................................................
TEMPERATURE (F)
 YESTERDAY
  MAXIMUM         85    101    2012  84      1       85
  MINIMUM         66     51    2001  64      2       62
                               1992
  AVERAGE         76                 74      2       74

PRECIPITATION (IN)
  YESTERDAY        1.56R  0.75 2003   0.14   1.42     0.00
  MONTH TO DATE    1.58               0.81   0.77     0.38
  SINCE JUN 1     10.08               5.15   4.93     9.60
  SINCE JAN 1     21.99              19.85   2.14    24.97

DEGREE DAYS
 HEATING
  YESTERDAY        0                  0      0
  MONTH TO DATE    5                  0      5
  SINCE JUN 1     32                 33     -1
  SINCE JUL 1      5                  0      5

 COOLING
  YESTERDAY       11                  9      2
  MONTH TO DATE   23                 54    -31
  SINCE JUN 1    160                234    -74
  SINCE JAN 1    236                292    -56
...........................................................







THE ROMEOVILLE  WFO CLIMATE NORMALS FOR TODAY
                         NORMAL    RECORD    YEAR
 MAXIMUM TEMPERATURE (F)   84       101      2012
 MINIMUM TEMPERATURE (F)   64        55      2006


SUNRISE AND SUNSET
JULY  7 2015..........SUNRISE   525 AM CDT   SUNSET   829 PM CDT
JULY  8 2015..........SUNRISE   526 AM CDT   SUNSET   829 PM CDT


-  INDICATES NEGATIVE NUMBERS.
R  INDICATES RECORD WAS SET OR TIED.
MM INDICATES DATA IS MISSING.
T  INDICATES TRACE AMOUNT.




$$
