000
CDUS43 KLOT 290632
CLILOT


CLIMATE REPORT
NATIONAL WEATHER SERVICE CHICAGO IL
132 AM CDT FRI AUG 29 2014


...................................

...THE ROMEOVILLE  WFO CLIMATE SUMMARY FOR AUGUST 28 2014...

CLIMATE NORMAL PERIOD 1981 TO 2010
CLIMATE RECORD PERIOD 1992 TO 2014


WEATHER ITEM   OBSERVED RECORD YEAR NORMAL DEPARTURE LAST
                VALUE   VALUE       VALUE  FROM      YEAR
                                           NORMAL
...........................................................
TEMPERATURE (F)
 YESTERDAY
  MAXIMUM         81     92    2003  81      0       85
  MINIMUM         64     51    1992  61      3       70
  AVERAGE         73                 71      2       78

PRECIPITATION (IN)
  YESTERDAY        0.06   2.36 2004   0.13  -0.07     0.00
  MONTH TO DATE    9.73               3.67   6.06     2.42
  SINCE JUN 1     23.29              12.72  10.57     7.55
  SINCE JAN 1     38.66              27.42  11.24    28.54

DEGREE DAYS
 HEATING
  YESTERDAY        0                  0      0
  MONTH TO DATE    3                  0      3
  SINCE JUN 1     24                 35    -11
  SINCE JUL 1     12                  2     10

 COOLING
  YESTERDAY        8                  6      2
  MONTH TO DATE  208                213     -5
  SINCE JUN 1    550                675   -125
  SINCE JAN 1    638                733    -95
...........................................................







THE ROMEOVILLE  WFO CLIMATE NORMALS FOR TODAY
                         NORMAL    RECORD    YEAR
 MAXIMUM TEMPERATURE (F)   81        93      2010
 MINIMUM TEMPERATURE (F)   61        50      1994


SUNRISE AND SUNSET
AUGUST 29 2014........SUNRISE   615 AM CDT   SUNSET   730 PM CDT
AUGUST 30 2014........SUNRISE   616 AM CDT   SUNSET   729 PM CDT


-  INDICATES NEGATIVE NUMBERS.
R  INDICATES RECORD WAS SET OR TIED.
MM INDICATES DATA IS MISSING.
T  INDICATES TRACE AMOUNT.




$$
