000
CDUS43 KLOT 250636
CLILOT


CLIMATE REPORT
NATIONAL WEATHER SERVICE CHICAGO IL
1235 AM CST SAT NOV 25 2017


...................................

...THE ROMEOVILLE  WFO CLIMATE SUMMARY FOR NOVEMBER 24 2017...

CLIMATE NORMAL PERIOD 1981 TO 2010
CLIMATE RECORD PERIOD 1992 TO 2017


WEATHER ITEM   OBSERVED RECORD YEAR NORMAL DEPARTURE LAST
                VALUE   VALUE       VALUE  FROM      YEAR
                                           NORMAL
...........................................................
TEMPERATURE (F)
 YESTERDAY
  MAXIMUM         62     64    2001  44     18       42
  MINIMUM         30     10    2013  29      1       35
  AVERAGE         46                 36     10       39

PRECIPITATION (IN)
  YESTERDAY        0.00   0.87 2009   0.11  -0.11      T
  MONTH TO DATE    2.93               2.71   0.22     0.87
  SINCE SEP 1     11.69               9.25   2.44     6.78
  SINCE JAN 1     45.54              37.07   8.47    36.69

SNOWFALL (IN)
  YESTERDAY        0.0    3.3  2004   0.1   -0.1      0.0
  MONTH TO DATE    T                  0.5   -0.5       T
  SINCE SEP 1      T                  0.5   -0.5       T
  SINCE JUL 1      T                  0.5   -0.5       T
  SNOW DEPTH       0

DEGREE DAYS
 HEATING
  YESTERDAY       19                 29    -10
  MONTH TO DATE  648                550     98
  SINCE SEP 1    969               1029    -60
  SINCE JUL 1    977               1037    -60

 COOLING
  YESTERDAY        0                  0      0
  MONTH TO DATE    0                  0      0
  SINCE SEP 1    178                109     69
  SINCE JAN 1    875                862     13
...........................................................







THE ROMEOVILLE  WFO CLIMATE NORMALS FOR TODAY
                         NORMAL    RECORD    YEAR
 MAXIMUM TEMPERATURE (F)   43        60      2006
 MINIMUM TEMPERATURE (F)   28        10      2005


SUNRISE AND SUNSET
NOVEMBER 25 2017......SUNRISE   653 AM CST   SUNSET   425 PM CST
NOVEMBER 26 2017......SUNRISE   654 AM CST   SUNSET   425 PM CST


-  INDICATES NEGATIVE NUMBERS.
R  INDICATES RECORD WAS SET OR TIED.
MM INDICATES DATA IS MISSING.
T  INDICATES TRACE AMOUNT.




$$
