000
CDUS43 KLOT 220632
CLILOT


CLIMATE REPORT
NATIONAL WEATHER SERVICE CHICAGO IL
1232 AM CST MON DEC 22 2014


...................................

...THE ROMEOVILLE  WFO CLIMATE SUMMARY FOR DECEMBER 21 2014...

CLIMATE NORMAL PERIOD 1981 TO 2010
CLIMATE RECORD PERIOD 1992 TO 2014


WEATHER ITEM   OBSERVED RECORD YEAR NORMAL DEPARTURE LAST
                VALUE   VALUE       VALUE  FROM      YEAR
                                           NORMAL
...........................................................
TEMPERATURE (F)
 YESTERDAY
  MAXIMUM         37     51    2006  33      4       35
  MINIMUM         31     -8    2000  18     13       29
  AVERAGE         34                 26      8       32

PRECIPITATION (IN)
  YESTERDAY        T      0.57 2006   0.07  -0.07     0.29
  MONTH TO DATE    0.42               1.52  -1.10     1.15
  SINCE DEC 1      0.42               1.52  -1.10     1.15
  SINCE JAN 1     48.10              39.34   8.76    40.50

SNOWFALL (IN)
  YESTERDAY        T      0.3  2009   0.4   -0.4      0.0
  MONTH TO DATE    T                  5.9   -5.9      8.8
  SINCE DEC 1      T                  5.9   -5.9      8.8
  SINCE JUL 1      1.4                6.8   -5.4      9.7
  SNOW DEPTH       0

DEGREE DAYS
 HEATING
  YESTERDAY       31                 39     -8
  MONTH TO DATE  695                749    -54
  SINCE DEC 1    695                749    -54
  SINCE JUL 1   2171               1968    203

 COOLING
  YESTERDAY        0                  0      0
  MONTH TO DATE    0                  0      0
  SINCE DEC 1      0                  0      0
  SINCE JAN 1    748                862   -114
...........................................................







THE ROMEOVILLE  WFO CLIMATE NORMALS FOR TODAY
                         NORMAL    RECORD    YEAR
 MAXIMUM TEMPERATURE (F)   33        53      2006
 MINIMUM TEMPERATURE (F)   18       -11      2000


SUNRISE AND SUNSET
DECEMBER 22 2014......SUNRISE   716 AM CST   SUNSET   426 PM CST
DECEMBER 23 2014......SUNRISE   717 AM CST   SUNSET   426 PM CST


-  INDICATES NEGATIVE NUMBERS.
R  INDICATES RECORD WAS SET OR TIED.
MM INDICATES DATA IS MISSING.
T  INDICATES TRACE AMOUNT.




$$
