000
CDUS43 KLOT 040642
CLILOT


CLIMATE REPORT
NATIONAL WEATHER SERVICE CHICAGO IL
142 AM CDT TUE AUG 4 2015


...................................

...THE ROMEOVILLE  WFO CLIMATE SUMMARY FOR AUGUST 3 2015...

CLIMATE NORMAL PERIOD 1981 TO 2010
CLIMATE RECORD PERIOD 1992 TO 2015


WEATHER ITEM   OBSERVED RECORD YEAR NORMAL DEPARTURE LAST
                VALUE   VALUE       VALUE  FROM      YEAR
                                           NORMAL
...........................................................
TEMPERATURE (F)
 YESTERDAY
  MAXIMUM         82     96    2012  83     -1       84
  MINIMUM         62     54    2000  64     -2       61
  AVERAGE         72                 73     -1       73

PRECIPITATION (IN)
  YESTERDAY        0.00   2.55 2010   0.13  -0.13     0.00
  MONTH TO DATE    0.50               0.39   0.11     1.99
  SINCE JUN 1     13.15               9.44   3.71    15.55
  SINCE JAN 1     25.06              24.14   0.92    30.92

DEGREE DAYS
 HEATING
  YESTERDAY        0                  0      0
  MONTH TO DATE    0                  0      0
  SINCE JUN 1     38                 35      3
  SINCE JUL 1     11                  2      9

 COOLING
  YESTERDAY        7                  8     -1
  MONTH TO DATE   29                 24      5
  SINCE JUN 1    403                486    -83
  SINCE JAN 1    479                544    -65
...........................................................







THE ROMEOVILLE  WFO CLIMATE NORMALS FOR TODAY
                         NORMAL    RECORD    YEAR
 MAXIMUM TEMPERATURE (F)   83        95      2012
 MINIMUM TEMPERATURE (F)   64        51      1993


SUNRISE AND SUNSET
AUGUST  4 2015........SUNRISE   550 AM CDT   SUNSET   807 PM CDT
AUGUST  5 2015........SUNRISE   551 AM CDT   SUNSET   805 PM CDT


-  INDICATES NEGATIVE NUMBERS.
R  INDICATES RECORD WAS SET OR TIED.
MM INDICATES DATA IS MISSING.
T  INDICATES TRACE AMOUNT.




$$
