000
CDUS43 KLOT 102240
CLILOT


CLIMATE REPORT
NATIONAL WEATHER SERVICE CHICAGO IL
439 PM CST WED FEB 10 2016


...................................

...THE ROMEOVILLE  WFO CLIMATE SUMMARY FOR FEBRUARY 10 2016...
VALID TODAY AS OF 0400 PM LOCAL TIME.

CLIMATE NORMAL PERIOD 1981 TO 2010
CLIMATE RECORD PERIOD 1992 TO 2016


WEATHER ITEM   OBSERVED TIME   RECORD YEAR NORMAL DEPARTURE
                VALUE   (LST)  VALUE       VALUE  FROM
                                                  NORMAL
...............................................................
TEMPERATURE (F)
 TODAY
  MAXIMUM         18    200 PM  62    2009  34    -16
  MINIMUM          7        MM -13    2014  18    -11
  AVERAGE         13                        26    -13

PRECIPITATION (IN)
  TODAY            T             0.35 2013   0.06  -0.06
  MONTH TO DATE    0.81                      0.55   0.26
  SINCE DEC 1      7.69                      4.73   2.96
  SINCE JAN 1      1.84                      2.48  -0.64

SNOWFALL (IN)
  TODAY            T             1.2  2012   0.2   -0.2
  MONTH TO DATE    0.6                       2.5   -1.9
  SINCE DEC 1     11.7                      22.6  -10.9
  SINCE JUL 1     16.4                      23.5   -7.1

DEGREE DAYS
 HEATING
  TODAY           52                        39     13
  MONTH TO DATE  368                       401    -33
  SINCE DEC 1   2409                      2863   -454
  SINCE JUL 1   3411                      4082   -671

 COOLING
  TODAY            0                         0      0
  MONTH TO DATE    0                         0      0
  SINCE DEC 1      0                         0      0
  SINCE JAN 1      0                         0      0
...............................................................







THE ROMEOVILLE  WFO CLIMATE NORMALS FOR TOMORROW
                         NORMAL    RECORD    YEAR
 MAXIMUM TEMPERATURE (F)   34        70      1999
 MINIMUM TEMPERATURE (F)   18       -14      2014


SUNRISE AND SUNSET
FEBRUARY 10 2016......SUNRISE   655 AM CST   SUNSET   519 PM CST
FEBRUARY 11 2016......SUNRISE   653 AM CST   SUNSET   520 PM CST


-  INDICATES NEGATIVE NUMBERS.
R  INDICATES RECORD WAS SET OR TIED.
MM INDICATES DATA IS MISSING.
T  INDICATES TRACE AMOUNT.




$$
