000
CDUS43 KJKL 280524 RRA
CLILOZ

CLIMATE REPORT
NATIONAL WEATHER SERVICE JACKSON KY
122 AM EDT FRI APR 28 2017

...................................

...THE LONDON KY CLIMATE SUMMARY FOR APRIL 27 2017...

CLIMATE NORMAL PERIOD 1981 TO 2010
CLIMATE RECORD PERIOD 1954 TO 2017


WEATHER ITEM   OBSERVED TIME   RECORD YEAR NORMAL DEPARTURE LAST
                VALUE   (LST)  VALUE       VALUE  FROM      YEAR
                                                  NORMAL
..................................................................
TEMPERATURE (F)
 YESTERDAY
  MAXIMUM         78    337 PM  90    1986  72      6       72
  MINIMUM         54   1127 PM  32    1972  48      6       61
  AVERAGE         66                        60      6       67

PRECIPITATION (IN)
  YESTERDAY        0.22          2.57 2011   0.15   0.07     0.88
  MONTH TO DATE    5.31                      3.64   1.67     2.11
  SINCE MAR 1     10.34                      7.69   2.65     4.24

SNOWFALL (IN)
  YESTERDAY       MM
  MONTH TO DATE   MM
  SINCE MAR 1     MM
  SINCE JUL 1     MM
  SNOW DEPTH      MM

DEGREE DAYS
 HEATING
  YESTERDAY        0                         6     -6        0
  MONTH TO DATE  124                       258   -134      228
  SINCE MAR 1    637                       807   -170      627
  SINCE JUL 1   3232                      4083   -851     3543

 COOLING
  YESTERDAY        1                         1      0        2
  MONTH TO DATE   31                        19     12       17
  SINCE MAR 1     34                        22     12       17
  SINCE JAN 1     34                        22     12       17
..................................................................


WIND (MPH)
  HIGHEST WIND SPEED    22   HIGHEST WIND DIRECTION     W (260)
  HIGHEST GUST SPEED    27   HIGHEST GUST DIRECTION     W (270)
  AVERAGE WIND SPEED     9.8


SKY COVER
  POSSIBLE SUNSHINE  MM
  AVERAGE SKY COVER 0.3


WEATHER CONDITIONS
 THE FOLLOWING WEATHER WAS RECORDED YESTERDAY.
  RAIN
  LIGHT RAIN
  FOG


RELATIVE HUMIDITY (PERCENT)
 HIGHEST    86          1100 PM
 LOWEST     36           400 PM
 AVERAGE    61

..........................................................


THE LONDON KY CLIMATE NORMALS FOR TODAY
                         NORMAL    RECORD    YEAR
 MAXIMUM TEMPERATURE (F)   72        85      1956
 MINIMUM TEMPERATURE (F)   48        30      1967


SUNRISE AND SUNSET
APRIL 28 2017.........SUNRISE   645 AM EDT   SUNSET   823 PM EDT
APRIL 29 2017.........SUNRISE   644 AM EDT   SUNSET   824 PM EDT


-  INDICATES NEGATIVE NUMBERS.
R  INDICATES RECORD WAS SET OR TIED.
MM INDICATES DATA IS MISSING.
T  INDICATES TRACE AMOUNT.




$$
