000
CDUS43 KJKL 242024
CLILOZ

CLIMATE REPORT
NATIONAL WEATHER SERVICE JACKSON KY
424 PM EDT FRI OCT 24 2014

...................................

...THE LONDON KY CLIMATE SUMMARY FOR OCTOBER 24 2014...
VALID TODAY AS OF 0400 PM LOCAL TIME.

CLIMATE NORMAL PERIOD 1981 TO 2010
CLIMATE RECORD PERIOD 1954 TO 2014

WEATHER ITEM   OBSERVED TIME   RECORD YEAR NORMAL DEPARTURE LAST
                VALUE   (LST)  VALUE       VALUE  FROM      YEAR
                                                  NORMAL
..................................................................
TEMPERATURE (F)
 TODAY
  MAXIMUM         67    257 PM  82    2001  67      0       51
  MINIMUM         42    449 AM  24    1962  43     -1       32
  AVERAGE         55                        55      0       42

PRECIPITATION (IN)
  TODAY            0.00          0.96 1967   0.10  -0.10     0.01
  MONTH TO DATE    6.74                      2.28   4.46     2.84
  SINCE SEP 1      8.13                      5.65   2.48     5.45
  SINCE JAN 1       MM                      38.33    MM     46.49

SNOWFALL (IN)
  TODAY           MM
  MONTH TO DATE   MM
  SINCE SEP 1     MM
  SINCE JUL 1     MM
  SNOW DEPTH      MM

DEGREE DAYS
 HEATING
  TODAY           10                        11     -1       23
  MONTH TO DATE  162                       179    -17      155
  SINCE SEP 1    180                       225    -45      170
  SINCE JUL 1    180                       226    -46      170

 COOLING
  TODAY            0                         0      0        0
  MONTH TO DATE   20                        17      3       39
  SINCE SEP 1    193                       160     33      188
  SINCE JAN 1     MM                      1184     MM     1080
..................................................................

WIND (MPH)
  HIGHEST WIND SPEED     7   HIGHEST WIND DIRECTION     W (250)
  HIGHEST GUST SPEED    10   HIGHEST GUST DIRECTION     W (260)
  AVERAGE WIND SPEED     0.7

SKY COVER
  POSSIBLE SUNSHINE  MM
  AVERAGE SKY COVER 0.0

WEATHER CONDITIONS
 THE FOLLOWING WEATHER WAS RECORDED TODAY.
  FOG
  HAZE

RELATIVE HUMIDITY (PERCENT)
 HIGHEST    89           100 AM
 LOWEST     37           300 PM
 AVERAGE    63

..........................................................

THE LONDON KY CLIMATE NORMALS FOR TOMORROW
                         NORMAL    RECORD    YEAR
 MAXIMUM TEMPERATURE (F)   67        82      1963
 MINIMUM TEMPERATURE (F)   42        25      1965

SUNRISE AND SUNSET
OCTOBER 24 2014.......SUNRISE   753 AM EDT   SUNSET   648 PM EDT
OCTOBER 25 2014.......SUNRISE   754 AM EDT   SUNSET   647 PM EDT

-  INDICATES NEGATIVE NUMBERS.
R  INDICATES RECORD WAS SET OR TIED.
MM INDICATES DATA IS MISSING.
T  INDICATES TRACE AMOUNT.

$$

CARICO
