000
CDUS44 KCRP 300039 RRB
CLILRD

CLIMATE REPORT
NATIONAL WEATHER SERVICE CORPUS CHRISTI TX
736 PM CDT MON AUG 29 2016

...................................

...THE LAREDO CLIMATE SUMMARY FOR AUGUST 29 2016...
VALID TODAY AS OF 700 PM LOCAL TIME.

CLIMATE NORMAL PERIOD 1981 TO 2010
CLIMATE RECORD PERIOD 1900 TO 2016


WEATHER ITEM   OBSERVED TIME   RECORD YEAR NORMAL DEPARTURE LAST
                VALUE   (LST)  VALUE       VALUE  FROM      YEAR
                                                  NORMAL
..................................................................
TEMPERATURE (F)
 TODAY
  MAXIMUM         94        MM 109    2011  98     -4      101
  MINIMUM         76        MM  65    1973  76      0       72
  AVERAGE         85                        87     -2       87

PRECIPITATION (IN)
  TODAY            0.00          3.04 1977   0.10  -0.10     0.00
  MONTH TO DATE    2.85                      1.68   1.17     0.03
  SINCE JUN 1      6.11                      5.92   0.19     1.29
  SINCE JAN 1     16.62                     12.79   3.83    19.99

SNOWFALL (IN)
  TODAY            0.0
  MONTH TO DATE    0.0
  SINCE JUN 1      0.0
  SINCE JUL 1      0.0

DEGREE DAYS
 HEATING
  TODAY            0                         0      0        0
  MONTH TO DATE    0                         0      0        0
  SINCE JUN 1      0                         0      0        0
  SINCE JUL 1      0                         0      0        0

 COOLING
  TODAY           20                        22     -2       22
  MONTH TO DATE  678                       685     -7      740
  SINCE JUN 1   2118                      2058     60     2099
  SINCE JAN 1   3382                      3201    181     3041
..................................................................


WIND (MPH)
  HIGHEST WIND SPEED    16   HIGHEST WIND DIRECTION     N (20)
  HIGHEST GUST SPEED    20   HIGHEST GUST DIRECTION     N (20)


SKY COVER
  POSSIBLE SUNSHINE  MM
  AVERAGE SKY COVER 0.3


WEATHER CONDITIONS
 THE FOLLOWING WEATHER WAS RECORDED TODAY.
  NO SIGNIFICANT WEATHER WAS OBSERVED.


RELATIVE HUMIDITY (PERCENT)
 HIGHEST    87           700 AM
 LOWEST     46           300 PM
 AVERAGE    67

..........................................................


THE LAREDO CLIMATE NORMALS FOR TOMORROW
                         NORMAL    RECORD    YEAR
 MAXIMUM TEMPERATURE (F)   98       107      1991
 MINIMUM TEMPERATURE (F)   76        62      1973


SUNRISE AND SUNSET
AUGUST 29 2016........SUNRISE   716 AM CDT   SUNSET   801 PM CDT
AUGUST 30 2016........SUNRISE   716 AM CDT   SUNSET   800 PM CDT


-  INDICATES NEGATIVE NUMBERS.
R  INDICATES RECORD WAS SET OR TIED.
MM INDICATES DATA IS MISSING.
T  INDICATES TRACE AMOUNT.




$$
