000
CDUS44 KCRP 161030 RRA
CLILRD

CLIMATE REPORT
NATIONAL WEATHER SERVICE CORPUS CHRISTI TX
428 AM CST MON JAN 16 2017


...................................

...THE LAREDO CLIMATE SUMMARY FOR JANUARY 15 2017...

CLIMATE NORMAL PERIOD 1981 TO 2010
CLIMATE RECORD PERIOD 1900 TO 2017


WEATHER ITEM   OBSERVED TIME   RECORD YEAR NORMAL DEPARTURE LAST
                VALUE   (LST)  VALUE       VALUE  FROM      YEAR
                                                  NORMAL
..................................................................
TEMPERATURE (F)
 YESTERDAY
  MAXIMUM         84        MM  88    1936  67     17       79
  MINIMUM         67        MM  23    1905  46     21       44
  AVERAGE         76                        56     20       62

PRECIPITATION (IN)
  YESTERDAY        T             0.87 2010   0.03  -0.03     0.00
  MONTH TO DATE    T                         0.44  -0.44     1.88
  SINCE DEC 1      1.62                      1.32   0.30     2.01
  SINCE JAN 1      T                         0.44  -0.44     1.88

SNOWFALL (IN)
  YESTERDAY        0.0
  MONTH TO DATE    0.0
  SINCE DEC 1      0.0
  SINCE JUL 1      0.0

DEGREE DAYS
 HEATING
  YESTERDAY        0                        10    -10        3
  MONTH TO DATE   89                       150    -61      165
  SINCE DEC 1    268                       425   -157      312
  SINCE JUL 1    285                       540   -255      383

 COOLING
  YESTERDAY       11                         1     10        0
  MONTH TO DATE   68                        15     53        0
  SINCE DEC 1    131                        50     81       63
  SINCE JAN 1     68                        15     53        0
..................................................................


WIND (MPH)
  HIGHEST WIND SPEED    29   HIGHEST WIND DIRECTION    SE (150)
  HIGHEST GUST SPEED    39   HIGHEST GUST DIRECTION    SE (150)
  AVERAGE WIND SPEED    20.3


SKY COVER
  POSSIBLE SUNSHINE  MM
  AVERAGE SKY COVER 0.6


WEATHER CONDITIONS
 THE FOLLOWING WEATHER WAS RECORDED YESTERDAY.
  LIGHT RAIN


RELATIVE HUMIDITY (PERCENT)
 HIGHEST    87          1200 AM
 LOWEST     48           300 PM

..........................................................


THE LAREDO CLIMATE NORMALS FOR TODAY
                         NORMAL    RECORD    YEAR
 MAXIMUM TEMPERATURE (F)   67        92      1943
 MINIMUM TEMPERATURE (F)   46        24      1905


SUNRISE AND SUNSET
JANUARY 16 2017.......SUNRISE   729 AM CST   SUNSET   606 PM CST
JANUARY 17 2017.......SUNRISE   729 AM CST   SUNSET   607 PM CST


-  INDICATES NEGATIVE NUMBERS.
R  INDICATES RECORD WAS SET OR TIED.
MM INDICATES DATA IS MISSING.
T  INDICATES TRACE AMOUNT.




$$
