000
CDUS44 KCRP 210843 CCA
CLILRD

CLIMATE REPORT...CORRECTION
NATIONAL WEATHER SERVICE CORPUS CHRISTI TX
343 AM CDT SAT OCT 21 2017


...THE LAREDO CLIMATE SUMMARY FOR OCTOBER 20 2017...

CLIMATE NORMAL PERIOD 1981 TO 2010
CLIMATE RECORD PERIOD 1900 TO 2017


WEATHER ITEM   OBSERVED TIME   RECORD YEAR NORMAL DEPARTURE LAST
                VALUE   (LST)  VALUE       VALUE  FROM      YEAR
                                                  NORMAL
..................................................................
TEMPERATURE (F)
 YESTERDAY
  MAXIMUM         86    330 PM  96    1994  86      0       93
  MINIMUM         68    656 AM  40    1989  64      4       68
  AVERAGE         77                        75      2       81

PRECIPITATION (IN)
  YESTERDAY        0.00          2.90 1985   0.08  -0.08     0.07
  MONTH TO DATE    0.29                      1.60  -1.31     0.08
  SINCE SEP 1      9.06                      4.53   4.53     5.13
  SINCE JAN 1     21.65                     17.52   4.13    22.21

SNOWFALL (IN)
  YESTERDAY        0.0
  MONTH TO DATE    0.0
  SINCE SEP 1      0.0
  SINCE JUL 1      0.0

DEGREE DAYS
 HEATING
  YESTERDAY        0                         0      0        0
  MONTH TO DATE    0                         0      0        0
  SINCE SEP 1      0                         1     -1        0
  SINCE JUL 1      0                         1     -1        0

 COOLING
  YESTERDAY       12                        10      2       16
  MONTH TO DATE  267                       247     20      338
  SINCE SEP 1    860                       789     71      959
  SINCE JAN 1   4585                      4032    553     4378
..................................................................


WIND (MPH)
  HIGHEST WIND SPEED    13   HIGHEST WIND DIRECTION    SE (150)
  HIGHEST GUST SPEED    MM   HIGHEST GUST DIRECTION    MM
  AVERAGE WIND SPEED     7.0


SKY COVER
  POSSIBLE SUNSHINE  MM
  AVERAGE SKY COVER 0.5


WEATHER CONDITIONS
 THE FOLLOWING WEATHER WAS RECORDED YESTERDAY.
  NO SIGNIFICANT WEATHER WAS OBSERVED.


RELATIVE HUMIDITY (PERCENT)
 HIGHEST    97           300 AM
 LOWEST     55           200 PM

..........................................................


THE LAREDO CLIMATE NORMALS FOR TODAY
                         NORMAL    RECORD    YEAR
 MAXIMUM TEMPERATURE (F)   85       100      1926
 MINIMUM TEMPERATURE (F)   64        43      1976


SUNRISE AND SUNSET
OCTOBER 21 2017.......SUNRISE   742 AM CDT   SUNSET   703 PM CDT
OCTOBER 22 2017.......SUNRISE   742 AM CDT   SUNSET   702 PM CDT


-  INDICATES NEGATIVE NUMBERS.
R  INDICATES RECORD WAS SET OR TIED.
MM INDICATES DATA IS MISSING.
T  INDICATES TRACE AMOUNT.

$$

TMT
