000
CDUS44 KCRP 010911
CLILRD

CLIMATE REPORT
NATIONAL WEATHER SERVICE CORPUS CHRISTI TX
409 AM CDT FRI AUG 1 2014


...................................

...THE LAREDO CLIMATE SUMMARY FOR JULY 31 2014...

CLIMATE NORMAL PERIOD 1981 TO 2010
CLIMATE RECORD PERIOD 1900 TO 2014


WEATHER ITEM   OBSERVED TIME   RECORD YEAR NORMAL DEPARTURE LAST
                VALUE   (LST)  VALUE       VALUE  FROM      YEAR
                                                  NORMAL
..................................................................
TEMPERATURE (F)
 YESTERDAY
  MAXIMUM        106    513 PM 112    1991 100      6      105
  MINIMUM         81    700 AM  62    1908  77      4       78
  AVERAGE         94                        89      5       92

PRECIPITATION (IN)
  YESTERDAY        0.00          1.04 1903   0.04  -0.04     0.00
  MONTH TO DATE    1.34                      2.01  -0.67     2.44
  SINCE JUN 1      1.89                      4.24  -2.35     4.45
  SINCE JAN 1      6.92                     11.11  -4.19    11.53

SNOWFALL (IN)
  YESTERDAY        0.0
  MONTH TO DATE    0.0
  SINCE JUN 1      0.0
  SINCE JUL 1      0.0

DEGREE DAYS
 HEATING
  YESTERDAY        0                         0      0        0
  MONTH TO DATE    0                         0      0        0
  SINCE JUN 1      0                         0      0        0
  SINCE JUL 1      0                         0      0        0

 COOLING
  YESTERDAY       29                        24      5       27
  MONTH TO DATE  763                       713     50      727
  SINCE JUN 1   1499                      1373    126     1433
  SINCE JAN 1   2624                      2516    108     2634
..................................................................


WIND (MPH)
  HIGHEST WIND SPEED    23   HIGHEST WIND DIRECTION    SE (140)
  HIGHEST GUST SPEED    28   HIGHEST GUST DIRECTION    SE (140)
  AVERAGE WIND SPEED    10.7


SKY COVER
  POSSIBLE SUNSHINE  MM
  AVERAGE SKY COVER 0.0


WEATHER CONDITIONS
 THE FOLLOWING WEATHER WAS RECORDED YESTERDAY.
  NO SIGNIFICANT WEATHER WAS OBSERVED.


RELATIVE HUMIDITY (PERCENT)
 HIGHEST    77           600 AM
 LOWEST     22           600 PM

..........................................................


THE LAREDO CLIMATE NORMALS FOR TODAY
                         NORMAL    RECORD    YEAR
 MAXIMUM TEMPERATURE (F)  100       108      1999
 MINIMUM TEMPERATURE (F)   77        62      1936


SUNRISE AND SUNSET
AUGUST  1 2014........SUNRISE   701 AM CDT   SUNSET   827 PM CDT
AUGUST  2 2014........SUNRISE   702 AM CDT   SUNSET   826 PM CDT


-  INDICATES NEGATIVE NUMBERS.
R  INDICATES RECORD WAS SET OR TIED.
MM INDICATES DATA IS MISSING.
T  INDICATES TRACE AMOUNT.

$$
