000
CDUS44 KCRP 050940
CLILRD

CLIMATE REPORT
NATIONAL WEATHER SERVICE CORPUS CHRISTI TX
438 AM CDT THU MAY 5 2016


...................................

...THE LAREDO CLIMATE SUMMARY FOR MAY 4 2016...

CLIMATE NORMAL PERIOD 1981 TO 2010
CLIMATE RECORD PERIOD 1900 TO 2016


WEATHER ITEM   OBSERVED TIME   RECORD YEAR NORMAL DEPARTURE LAST
                VALUE   (LST)  VALUE       VALUE  FROM      YEAR
                                                  NORMAL
..................................................................
TEMPERATURE (F)
 YESTERDAY
  MAXIMUM         90        MM 107    1999  91     -1       81
  MINIMUM         60        MM  48    1918  69     -9       73
  AVERAGE         75                        80     -5       77

PRECIPITATION (IN)
  YESTERDAY        0.00          2.24 1981   0.08  -0.08      T
  MONTH TO DATE    T                         0.29  -0.29      T
  SINCE MAR 1      5.88                      2.83   3.05     8.08
  SINCE JAN 1      7.77                      4.67   3.10     8.96

SNOWFALL (IN)
  YESTERDAY        0.0
  MONTH TO DATE    0.0
  SINCE MAR 1      0.0
  SINCE JUL 1      0.0

DEGREE DAYS
 HEATING
  YESTERDAY        0                         0      0        0
  MONTH TO DATE    0                         0      0        0
  SINCE MAR 1     18                        82    -64      129
  SINCE JUL 1    594                       926   -332     1064

 COOLING
  YESTERDAY       10                        15     -5       12
  MONTH TO DATE   42                        59    -17       41
  SINCE MAR 1    683                       574    109      444
  SINCE JAN 1    801                       659    142      492
..................................................................


WIND (MPH)
  HIGHEST WIND SPEED    12   HIGHEST WIND DIRECTION    SE (130)
  HIGHEST GUST SPEED    MM   HIGHEST GUST DIRECTION    MM
  AVERAGE WIND SPEED     5.2


SKY COVER
  POSSIBLE SUNSHINE  MM
  AVERAGE SKY COVER 0.1


WEATHER CONDITIONS
 THE FOLLOWING WEATHER WAS RECORDED YESTERDAY.
  NO SIGNIFICANT WEATHER WAS OBSERVED.


RELATIVE HUMIDITY (PERCENT)
 HIGHEST    84           400 AM
 LOWEST     23           500 PM

..........................................................


THE LAREDO CLIMATE NORMALS FOR TODAY
                         NORMAL    RECORD    YEAR
 MAXIMUM TEMPERATURE (F)   91       109      1906
 MINIMUM TEMPERATURE (F)   69        52      1935


SUNRISE AND SUNSET
MAY  5 2016...........SUNRISE   655 AM CDT   SUNSET   814 PM CDT
MAY  6 2016...........SUNRISE   654 AM CDT   SUNSET   815 PM CDT


-  INDICATES NEGATIVE NUMBERS.
R  INDICATES RECORD WAS SET OR TIED.
MM INDICATES DATA IS MISSING.
T  INDICATES TRACE AMOUNT.




$$
