000
CDUS44 KCRP 010825 RRB
CLILRD

CLIMATE REPORT
NATIONAL WEATHER SERVICE CORPUS CHRISTI TX
322 AM CDT SAT OCT 1 2016


...................................

...THE LAREDO CLIMATE SUMMARY FOR SEPTEMBER 30 2016...

CLIMATE NORMAL PERIOD 1981 TO 2010
CLIMATE RECORD PERIOD 1900 TO 2016


WEATHER ITEM   OBSERVED TIME   RECORD YEAR NORMAL DEPARTURE LAST
                VALUE   (LST)  VALUE       VALUE  FROM      YEAR
                                                  NORMAL
..................................................................
TEMPERATURE (F)
 YESTERDAY
  MAXIMUM         84        MM 100    1997  90     -6       98
  MINIMUM         64        MM  49    1918  69     -5       72
  AVERAGE         74                        80     -6       85

PRECIPITATION (IN)
  YESTERDAY        0.00          1.25 1925   0.09  -0.09     0.00
  MONTH TO DATE    5.05                      2.93   2.12     1.19
  SINCE SEP 1      5.05                      2.93   2.12     1.19
  SINCE JAN 1     22.13                     15.92   6.21    21.18

SNOWFALL (IN)
  YESTERDAY        0.0
  MONTH TO DATE    0.0
  SINCE SEP 1      0.0
  SINCE JUL 1      0.0

DEGREE DAYS
 HEATING
  YESTERDAY        0                         0      0        0
  MONTH TO DATE    0                         0      0        0
  SINCE SEP 1      0                         1     -1        0
  SINCE JUL 1      0                         1     -1        0

 COOLING
  YESTERDAY        9                        15     -6       20
  MONTH TO DATE  621                       542     79      631
  SINCE SEP 1    621                       542     79      631
  SINCE JAN 1   4040                      3785    255     3720
..................................................................


WIND (MPH)
  HIGHEST WIND SPEED    15   HIGHEST WIND DIRECTION    NE (40)
  HIGHEST GUST SPEED    MM   HIGHEST GUST DIRECTION    MM
  AVERAGE WIND SPEED     6.6


SKY COVER
  POSSIBLE SUNSHINE  MM
  AVERAGE SKY COVER 0.0


WEATHER CONDITIONS
 THE FOLLOWING WEATHER WAS RECORDED YESTERDAY.
  NO SIGNIFICANT WEATHER WAS OBSERVED.


RELATIVE HUMIDITY (PERCENT)
 HIGHEST    73           300 AM
 LOWEST     37           100 PM

..........................................................


THE LAREDO CLIMATE NORMALS FOR TODAY
                         NORMAL    RECORD    YEAR
 MAXIMUM TEMPERATURE (F)   90       100      1977
 MINIMUM TEMPERATURE (F)   69        41      1908


SUNRISE AND SUNSET
OCTOBER  1 2016.......SUNRISE   731 AM CDT   SUNSET   723 PM CDT
OCTOBER  2 2016.......SUNRISE   731 AM CDT   SUNSET   722 PM CDT


-  INDICATES NEGATIVE NUMBERS.
R  INDICATES RECORD WAS SET OR TIED.
MM INDICATES DATA IS MISSING.
T  INDICATES TRACE AMOUNT.




$$
