000
CDUS43 KARX 030653
CLILSE


CLIMATE REPORT
NATIONAL WEATHER SERVICE LA CROSSE WI
1248 AM CST TUE MAR 3 2015


...................................

...THE LA CROSSE WI CLIMATE SUMMARY FOR MARCH 2 2015...

CLIMATE NORMAL PERIOD 1981 TO 2010
CLIMATE RECORD PERIOD 1873 TO 2015


WEATHER ITEM   OBSERVED TIME   RECORD YEAR NORMAL DEPARTURE LAST
                VALUE   (LST)  VALUE       VALUE  FROM      YEAR
                                                  NORMAL
..................................................................
TEMPERATURE (F)
 YESTERDAY
  MAXIMUM         27    845 PM  65    1923  37    -10        3
  MINIMUM          5    705 AM -16    1890  20    -15      -13
  AVERAGE         16                        28    -12       -5

PRECIPITATION (IN)
  YESTERDAY        0.00          0.55 1951   0.06  -0.06     0.00
  MONTH TO DATE    T                         0.11  -0.11     0.03
  SINCE MAR 1      T                         0.11  -0.11     0.03
  SINCE JAN 1      1.21                      2.28  -1.07     2.39

SNOWFALL (IN)
  YESTERDAY        0.0           6.9  2007   0.3   -0.3      0.0
  MONTH TO DATE    T                         0.6   -0.6      0.8
  SINCE JUL 1     28.4                      35.1   -6.7     41.7
  SNOW DEPTH       5

DEGREE DAYS
 HEATING
  YESTERDAY       49                        37     12       70
  MONTH TO DATE   95                        74     21      128
  SINCE JUL 1   5701                      5583    118     6318

 COOLING
  YESTERDAY        0                         0      0        0
  MONTH TO DATE    0                         0      0        0
  SINCE JAN 1      0                         0      0        0
..................................................................


WIND (MPH)
  HIGHEST WIND SPEED    14   HIGHEST WIND DIRECTION     S (170)
  HIGHEST GUST SPEED    18   HIGHEST GUST DIRECTION     S (180)
  AVERAGE WIND SPEED     4.9


SKY COVER
  POSSIBLE SUNSHINE  MM
  AVERAGE SKY COVER 0.4


WEATHER CONDITIONS
 THE FOLLOWING WEATHER WAS RECORDED YESTERDAY.
  NO SIGNIFICANT WEATHER WAS OBSERVED.


RELATIVE HUMIDITY (PERCENT)
 HIGHEST    84           100 AM
 LOWEST     46           200 PM
 AVERAGE    65

..........................................................


THE LA CROSSE WI CLIMATE NORMALS FOR TODAY
                         NORMAL    RECORD    YEAR
 MAXIMUM TEMPERATURE (F)   38        66      1894
 MINIMUM TEMPERATURE (F)   20       -21      2014


SUNRISE AND SUNSET
MARCH  3 2015.........SUNRISE   639 AM CST   SUNSET   556 PM CST
MARCH  4 2015.........SUNRISE   637 AM CST   SUNSET   557 PM CST


-  INDICATES NEGATIVE NUMBERS.
R  INDICATES RECORD WAS SET OR TIED.
MM INDICATES DATA IS MISSING.
T  INDICATES TRACE AMOUNT.




$$
