000
CDUS46 KMTR 110836
CLILVK


CLIMATE REPORT
NATIONAL WEATHER SERVICE SAN FRANCISCO BAY AREA
1236 AM PST THU FEB 11 2016


...................................

...THE LIVERMORE AIRPORT CLIMATE SUMMARY FOR FEBRUARY 10 2016...

CLIMATE NORMAL PERIOD 1981 TO 2010
CLIMATE RECORD PERIOD 1930 TO 2016


WEATHER ITEM   OBSERVED TIME   RECORD YEAR NORMAL DEPARTURE LAST
                VALUE   (LST)  VALUE       VALUE  FROM      YEAR
                                                  NORMAL
..................................................................
TEMPERATURE (F)
 YESTERDAY
  MAXIMUM         72    226 PM  73    1988  59     13       64
  MINIMUM         40    640 AM  28    1946  40      0       40
  AVERAGE         56                        50      6       52

PRECIPITATION (IN)
  YESTERDAY        0.00          0.78 2007   0.10  -0.10     0.00
  MONTH TO DATE    0.04                      0.92  -0.88     2.26
  SINCE OCT 1      8.98                      9.51  -0.53    11.88
  SINCE JAN 1      3.98                      3.93   0.05     2.26

DEGREE DAYS
 HEATING
  YESTERDAY        9                        15     -6       13
  MONTH TO DATE  139                       162    -23       80
  SINCE DEC 1   1121                      1288   -167      795
  SINCE JUL 1   1536                      1760   -224     1026

 COOLING
  YESTERDAY        0                         0      0        0
  MONTH TO DATE    0                         0      0        0
  SINCE DEC 1      0                         0      0        0
  SINCE JAN 1      0                         0      0        0
..................................................................


WIND (MPH)
  RESULTANT WIND SPEED   2   RESULTANT WIND DIRECTION   E (80)
  HIGHEST WIND SPEED    12   HIGHEST WIND DIRECTION    NE (60)
  HIGHEST GUST SPEED    14   HIGHEST GUST DIRECTION    NE (50)
  AVERAGE WIND SPEED     2.7


SKY COVER
  POSSIBLE SUNSHINE  MM
  AVERAGE SKY COVER 0.0


WEATHER CONDITIONS
 THE FOLLOWING WEATHER WAS RECORDED YESTERDAY.
  FOG


RELATIVE HUMIDITY (PERCENT)
 HIGHEST    93          1200 AM
 LOWEST     47           200 PM
 AVERAGE    70

..........................................................


THE LIVERMORE AIRPORT CLIMATE NORMALS FOR TODAY
                         NORMAL    RECORD    YEAR
 MAXIMUM TEMPERATURE (F)   60        72      2006
 MINIMUM TEMPERATURE (F)   40        29      1976


SUNRISE AND SUNSET
FEBRUARY 11 2016......SUNRISE   702 AM PST   SUNSET   542 PM PST
FEBRUARY 12 2016......SUNRISE   701 AM PST   SUNSET   543 PM PST


-  INDICATES NEGATIVE NUMBERS.
R  INDICATES RECORD WAS SET OR TIED.
MM INDICATES DATA IS MISSING.
T  INDICATES TRACE AMOUNT.




$$
