000
CDUS46 KMTR 020826
CLILVK


CLIMATE REPORT
NATIONAL WEATHER SERVICE SAN FRANCISCO BAY AREA
126 AM PDT MON MAY 2 2016


...................................

...THE LIVERMORE AIRPORT CLIMATE SUMMARY FOR MAY 1 2016...

CLIMATE NORMAL PERIOD 1981 TO 2010
CLIMATE RECORD PERIOD 1930 TO 2016


WEATHER ITEM   OBSERVED TIME   RECORD YEAR NORMAL DEPARTURE LAST
                VALUE   (LST)  VALUE       VALUE  FROM      YEAR
                                                  NORMAL
..................................................................
TEMPERATURE (F)
 YESTERDAY
  MAXIMUM         83    346 PM  95    2014  73     10       90
  MINIMUM         47    455 AM  35    1967  47      0       54
  AVERAGE         65                        60      5       72

PRECIPITATION (IN)
  YESTERDAY        0.00          0.35 1977   0.03  -0.03     0.00
  MONTH TO DATE    0.00                      0.03  -0.03     0.00
  SINCE OCT 1     15.18                     14.85   0.33    13.04
  SINCE JAN 1     10.18                      9.27   0.91     3.42

DEGREE DAYS
 HEATING
  YESTERDAY        0                         6     -6        0
  MONTH TO DATE    0                         6     -6        0
  SINCE MAR 1    420                       621   -201      294
  SINCE JUL 1   2125                      2628   -503     1480

 COOLING
  YESTERDAY        0                         1     -1        7
  MONTH TO DATE    0                         1     -1        7
  SINCE MAR 1      8                        10     -2       27
  SINCE JAN 1      8                        10     -2       27
..................................................................


WIND (MPH)
  RESULTANT WIND SPEED   2   RESULTANT WIND DIRECTION   W (260)
  HIGHEST WIND SPEED    15   HIGHEST WIND DIRECTION    NW (300)
  HIGHEST GUST SPEED    18   HIGHEST GUST DIRECTION     W (260)
  AVERAGE WIND SPEED     5.1


SKY COVER
  POSSIBLE SUNSHINE  MM
  AVERAGE SKY COVER 0.0


WEATHER CONDITIONS
 THE FOLLOWING WEATHER WAS RECORDED YESTERDAY.
  NO SIGNIFICANT WEATHER WAS OBSERVED.


RELATIVE HUMIDITY (PERCENT)
 HIGHEST    76           500 AM
 LOWEST     22           200 PM
 AVERAGE    49

..........................................................


THE LIVERMORE AIRPORT CLIMATE NORMALS FOR TODAY
                         NORMAL    RECORD    YEAR
 MAXIMUM TEMPERATURE (F)   73        96      1947
 MINIMUM TEMPERATURE (F)   47        33      1965


SUNRISE AND SUNSET
MAY  2 2016...........SUNRISE   610 AM PDT   SUNSET   759 PM PDT
MAY  3 2016...........SUNRISE   609 AM PDT   SUNSET   800 PM PDT


-  INDICATES NEGATIVE NUMBERS.
R  INDICATES RECORD WAS SET OR TIED.
MM INDICATES DATA IS MISSING.
T  INDICATES TRACE AMOUNT.




$$
