000
CDUS46 KMTR 030836
CLILVK


CLIMATE REPORT
NATIONAL WEATHER SERVICE SAN FRANCISCO BAY AREA
1236 AM PST TUE MAR 3 2015


...................................

...THE LIVERMORE AIRPORT CLIMATE SUMMARY FOR MARCH 2 2015...

CLIMATE NORMAL PERIOD 1981 TO 2010
CLIMATE RECORD PERIOD 1930 TO 2015


WEATHER ITEM   OBSERVED TIME   RECORD YEAR NORMAL DEPARTURE LAST
                VALUE   (LST)  VALUE       VALUE  FROM      YEAR
                                                  NORMAL
..................................................................
TEMPERATURE (F)
 YESTERDAY
  MAXIMUM         62    340 PM  78    1959  64     -2       63
  MINIMUM         39    509 AM  22    1971  42     -3       46
  AVERAGE         51                        53     -2       55

PRECIPITATION (IN)
  YESTERDAY        T             0.91 1974   0.10  -0.10      T
  MONTH TO DATE    T                         0.20  -0.20      T
  SINCE OCT 1     11.92                     11.82   0.10     4.54
  SINCE JAN 1      2.30                      6.24  -3.94     2.63

DEGREE DAYS
 HEATING
  YESTERDAY       14                        12      2       10
  MONTH TO DATE   28                        24      4       16
  SINCE MAR 1     28                        24      4       16
  SINCE JUL 1   1214                      2031   -817     1530

 COOLING
  YESTERDAY        0                         0      0        0
  MONTH TO DATE    0                         0      0        0
  SINCE MAR 1      0                         0      0        0
  SINCE JAN 1      0                         0      0        0
..................................................................


WIND (MPH)
  RESULTANT WIND SPEED   2   RESULTANT WIND DIRECTION  SW (220)
  HIGHEST WIND SPEED    16   HIGHEST WIND DIRECTION    SW (230)
  HIGHEST GUST SPEED    35   HIGHEST GUST DIRECTION     E (100)
  AVERAGE WIND SPEED     3.7


SKY COVER
  POSSIBLE SUNSHINE  MM
  AVERAGE SKY COVER 0.3


WEATHER CONDITIONS
 THE FOLLOWING WEATHER WAS RECORDED YESTERDAY.
  LIGHT RAIN


RELATIVE HUMIDITY (PERCENT)
 HIGHEST    85           700 AM
 LOWEST     39           300 PM
 AVERAGE    62

..........................................................


THE LIVERMORE AIRPORT CLIMATE NORMALS FOR TODAY
                         NORMAL    RECORD    YEAR
 MAXIMUM TEMPERATURE (F)   64        78      1959
 MINIMUM TEMPERATURE (F)   42        25      1966


SUNRISE AND SUNSET
MARCH  3 2015.........SUNRISE   636 AM PST   SUNSET   603 PM PST
MARCH  4 2015.........SUNRISE   635 AM PST   SUNSET   604 PM PST


-  INDICATES NEGATIVE NUMBERS.
R  INDICATES RECORD WAS SET OR TIED.
MM INDICATES DATA IS MISSING.
T  INDICATES TRACE AMOUNT.




$$
