000
CDUS45 KBYZ 020932
CLILVM


CLIMATE REPORT
NATIONAL WEATHER SERVICE BILLINGS MT
331 AM MDT SUN AUG 2 2015


...................................

...THE LIVINGSTON MT CLIMATE SUMMARY FOR AUGUST 1 2015...

CLIMATE NORMAL PERIOD 1981 TO 2010
CLIMATE RECORD PERIOD 1948 TO 2015


WEATHER ITEM   OBSERVED TIME   RECORD YEAR NORMAL DEPARTURE LAST
                VALUE   (LST)  VALUE       VALUE  FROM      YEAR
                                                  NORMAL
..................................................................
TEMPERATURE (F)
 YESTERDAY
  MAXIMUM         96    257 PM 101    2000  87      9       93
  MINIMUM         47    457 AM  37    2002  50     -3       50
  AVERAGE         72                        68      4       72

PRECIPITATION (IN)
  YESTERDAY        0.00          0.89 1976   0.04  -0.04     0.00
  MONTH TO DATE    0.00                      0.04  -0.04     0.00
  SINCE OCT 1     10.65                     12.53  -1.88    11.54
  SINCE JAN 1      8.86                     10.16  -1.30     9.25

DEGREE DAYS
 HEATING
  YESTERDAY        0                         1     -1        0
  MONTH TO DATE    0                         1     -1        0
  SINCE JUN 1     64                       258   -194      204
  SINCE JUL 1     10                        51    -41        9

 COOLING
  YESTERDAY        7                         4      3        7
  MONTH TO DATE    7                         4      3        7
  SINCE JUN 1    221                       132     89      182
  SINCE JAN 1    222                       133     89      187
..................................................................


WIND (MPH)
  HIGHEST WIND SPEED    29   HIGHEST WIND DIRECTION     W (280)
  HIGHEST GUST SPEED    37   HIGHEST GUST DIRECTION     W (260)
  AVERAGE WIND SPEED    10.3


SKY COVER
  POSSIBLE SUNSHINE  MM
  AVERAGE SKY COVER 0.0


WEATHER CONDITIONS
 THE FOLLOWING WEATHER WAS RECORDED YESTERDAY.
  NO SIGNIFICANT WEATHER WAS OBSERVED.


RELATIVE HUMIDITY (PERCENT)
 HIGHEST    71           400 AM
 LOWEST      8           300 PM
 AVERAGE    40

..........................................................


THE LIVINGSTON MT CLIMATE NORMALS FOR TODAY
                         NORMAL    RECORD    YEAR
 MAXIMUM TEMPERATURE (F)   87        98      2003
                                             2000
 MINIMUM TEMPERATURE (F)   50        37      2002


SUNRISE AND SUNSET
AUGUST  2 2015........SUNRISE   606 AM MDT   SUNSET   849 PM MDT
AUGUST  3 2015........SUNRISE   607 AM MDT   SUNSET   848 PM MDT


-  INDICATES NEGATIVE NUMBERS.
R  INDICATES RECORD WAS SET OR TIED.
MM INDICATES DATA IS MISSING.
T  INDICATES TRACE AMOUNT.





&&

THIS IS AN AUTOMATED...UNATTENDED WEATHER STATION AND MAY
UNDERESTIMATE WINTER PRECIPITATION.

$$
