000
CDUS45 KBYZ 220912
CLILVM


CLIMATE REPORT
NATIONAL WEATHER SERVICE BILLINGS MT
311 AM MDT THU JUN 22 2017


...................................

...THE LIVINGSTON MT CLIMATE SUMMARY FOR JUNE 21 2017...

CLIMATE NORMAL PERIOD 1981 TO 2010
CLIMATE RECORD PERIOD 1948 TO 2017


WEATHER ITEM   OBSERVED TIME   RECORD YEAR NORMAL DEPARTURE LAST
                VALUE   (LST)  VALUE       VALUE  FROM      YEAR
                                                  NORMAL
..................................................................
TEMPERATURE (F)
 YESTERDAY
  MAXIMUM         83    515 PM  93    1988  75      8       89
  MINIMUM         56    145 AM  35    2013  45     11       46
                                      1953
  AVERAGE         70                        60     10       68

PRECIPITATION (IN)
  YESTERDAY        0.00          0.49 1950   0.07  -0.07     0.00
  MONTH TO DATE    1.54                      1.82  -0.28     0.55
  SINCE OCT 1     13.57                     10.45   3.12     9.32
  SINCE JAN 1      9.64                      8.08   1.56     5.62

DEGREE DAYS
 HEATING
  YESTERDAY        0                         5     -5        0
  MONTH TO DATE  107                       169    -62       65
  SINCE JUN 1    107                       169    -62       65
  SINCE JUL 1   7097                      7565   -468     6385

 COOLING
  YESTERDAY        5                         1      4        3
  MONTH TO DATE   17                         5     12       35
  SINCE JUN 1     17                         5     12       35
  SINCE JAN 1     17                         6     11       35
..................................................................


WIND (MPH)
  HIGHEST WIND SPEED    32   HIGHEST WIND DIRECTION     W (280)
  HIGHEST GUST SPEED    38   HIGHEST GUST DIRECTION     W (280)
  AVERAGE WIND SPEED    14.5


SKY COVER
  POSSIBLE SUNSHINE  MM
  AVERAGE SKY COVER 0.0


WEATHER CONDITIONS
 THE FOLLOWING WEATHER WAS RECORDED YESTERDAY.
  NO SIGNIFICANT WEATHER WAS OBSERVED.


RELATIVE HUMIDITY (PERCENT)
 HIGHEST    80           200 AM
 LOWEST     20           500 PM
 AVERAGE    50

..........................................................


THE LIVINGSTON MT CLIMATE NORMALS FOR TODAY
                         NORMAL    RECORD    YEAR
 MAXIMUM TEMPERATURE (F)   76        94      1954
 MINIMUM TEMPERATURE (F)   45        36      1989


SUNRISE AND SUNSET
JUNE 22 2017..........SUNRISE   533 AM MDT   SUNSET   915 PM MDT
JUNE 23 2017..........SUNRISE   533 AM MDT   SUNSET   915 PM MDT


-  INDICATES NEGATIVE NUMBERS.
R  INDICATES RECORD WAS SET OR TIED.
MM INDICATES DATA IS MISSING.
T  INDICATES TRACE AMOUNT.




$$
