000
CDUS45 KBYZ 010937
CLILVM


CLIMATE REPORT
NATIONAL WEATHER SERVICE BILLINGS MT
336 AM MDT SUN MAY 1 2016


...................................

...THE LIVINGSTON MT CLIMATE SUMMARY FOR APRIL 30 2016...

CLIMATE NORMAL PERIOD 1981 TO 2010
CLIMATE RECORD PERIOD 1948 TO 2016


WEATHER ITEM   OBSERVED TIME   RECORD YEAR NORMAL DEPARTURE LAST
                VALUE   (LST)  VALUE       VALUE  FROM      YEAR
                                                  NORMAL
..................................................................
TEMPERATURE (F)
 YESTERDAY
  MAXIMUM         48    143 PM  80    1992  60    -12       64
  MINIMUM         38    642 AM  13    1950  32      6       40
  AVERAGE         43                        46     -3       52

PRECIPITATION (IN)
  YESTERDAY        T             0.88 1951   0.07  -0.07     0.13
  MONTH TO DATE    1.24                      1.77  -0.53     1.23
  SINCE OCT 1      6.36                      5.97   0.39     4.48
  SINCE JAN 1      2.66                      3.60  -0.94     2.69

DEGREE DAYS
 HEATING
  YESTERDAY       22                        19      3       13
  MONTH TO DATE  522                       689   -167      622
  SINCE MAR 1   1299                      1600   -301     1228
  SINCE JUL 1   5902                      6948  -1046     5842

 COOLING
  YESTERDAY        0                         0      0        0
  MONTH TO DATE    0                         0      0        0
  SINCE MAR 1      0                         0      0        0
  SINCE JAN 1      0                         0      0        0
..................................................................


WIND (MPH)
  HIGHEST WIND SPEED    22   HIGHEST WIND DIRECTION     E (70)
  HIGHEST GUST SPEED    26   HIGHEST GUST DIRECTION     E (70)
  AVERAGE WIND SPEED    12.3


SKY COVER
  POSSIBLE SUNSHINE  MM
  AVERAGE SKY COVER 1.0


WEATHER CONDITIONS
 THE FOLLOWING WEATHER WAS RECORDED YESTERDAY.
  NO SIGNIFICANT WEATHER WAS OBSERVED.


RELATIVE HUMIDITY (PERCENT)
 HIGHEST    79           300 AM
 LOWEST     60           200 PM
 AVERAGE    70

..........................................................


THE LIVINGSTON MT CLIMATE NORMALS FOR TODAY
                         NORMAL    RECORD    YEAR
 MAXIMUM TEMPERATURE (F)   60        82      2000
 MINIMUM TEMPERATURE (F)   32        14      1954


SUNRISE AND SUNSET
MAY  1 2016...........SUNRISE   609 AM MDT   SUNSET   830 PM MDT
MAY  2 2016...........SUNRISE   607 AM MDT   SUNSET   831 PM MDT


-  INDICATES NEGATIVE NUMBERS.
R  INDICATES RECORD WAS SET OR TIED.
MM INDICATES DATA IS MISSING.
T  INDICATES TRACE AMOUNT.





&&

THIS IS AN AUTOMATED...UNATTENDED WEATHER STATION AND MAY
UNDERESTIMATE WINTER PRECIPITATION.

$$
