000
CDUS45 KBYZ 270931
CLILVM


CLIMATE REPORT
NATIONAL WEATHER SERVICE BILLINGS MT
330 AM MDT TUE SEP 27 2016


...................................

...THE LIVINGSTON MT CLIMATE SUMMARY FOR SEPTEMBER 26 2016...

CLIMATE NORMAL PERIOD 1981 TO 2010
CLIMATE RECORD PERIOD 1948 TO 2016


WEATHER ITEM   OBSERVED TIME   RECORD YEAR NORMAL DEPARTURE LAST
                VALUE   (LST)  VALUE       VALUE  FROM      YEAR
                                                  NORMAL
..................................................................
TEMPERATURE (F)
 YESTERDAY
  MAXIMUM         78    324 PM  90    2010  67     11       89
  MINIMUM         44    609 AM  21    1984  36      8       54
  AVERAGE         61                        52      9       72

PRECIPITATION (IN)
  YESTERDAY        0.00          1.06 1974   0.05  -0.05      T
  MONTH TO DATE    1.64                      1.04   0.60     1.19
  SINCE OCT 1     13.69                     14.64  -0.95    13.09
  SINCE JAN 1      9.99                     12.27  -2.28    11.30

DEGREE DAYS
 HEATING
  YESTERDAY        4                        13     -9        0
  MONTH TO DATE  246                       233     13      127
  SINCE SEP 1    246                       233     13      127
  SINCE JUL 1    334                       351    -17      194

 COOLING
  YESTERDAY        0                         0      0        7
  MONTH TO DATE   17                        13      4       42
  SINCE SEP 1     17                        13      4       42
  SINCE JAN 1    329                       228    101      384
..................................................................


WIND (MPH)
  HIGHEST WIND SPEED    24   HIGHEST WIND DIRECTION    SW (240)
  HIGHEST GUST SPEED    29   HIGHEST GUST DIRECTION    SW (230)
  AVERAGE WIND SPEED    11.7


SKY COVER
  POSSIBLE SUNSHINE  MM
  AVERAGE SKY COVER 0.0


WEATHER CONDITIONS
 THE FOLLOWING WEATHER WAS RECORDED YESTERDAY.
  NO SIGNIFICANT WEATHER WAS OBSERVED.


RELATIVE HUMIDITY (PERCENT)
 HIGHEST    83           500 AM
 LOWEST     20           300 PM
 AVERAGE    52

..........................................................


THE LIVINGSTON MT CLIMATE NORMALS FOR TODAY
                         NORMAL    RECORD    YEAR
 MAXIMUM TEMPERATURE (F)   67        88      2011
 MINIMUM TEMPERATURE (F)   36        19      1961


SUNRISE AND SUNSET
SEPTEMBER 27 2016.....SUNRISE   716 AM MDT   SUNSET   708 PM MDT
SEPTEMBER 28 2016.....SUNRISE   717 AM MDT   SUNSET   707 PM MDT


-  INDICATES NEGATIVE NUMBERS.
R  INDICATES RECORD WAS SET OR TIED.
MM INDICATES DATA IS MISSING.
T  INDICATES TRACE AMOUNT.





&&

THIS IS AN AUTOMATED...UNATTENDED WEATHER STATION AND MAY
UNDERESTIMATE WINTER PRECIPITATION.

$$
