000
CDUS45 KBYZ 271034
CLILVM


CLIMATE REPORT
NATIONAL WEATHER SERVICE BILLINGS MT
331 AM MST MON FEB 27 2017


...................................

...THE LIVINGSTON MT CLIMATE SUMMARY FOR FEBRUARY 26 2017...

CLIMATE NORMAL PERIOD 1981 TO 2010
CLIMATE RECORD PERIOD 1948 TO 2017


WEATHER ITEM   OBSERVED TIME   RECORD YEAR NORMAL DEPARTURE LAST
                VALUE   (LST)  VALUE       VALUE  FROM      YEAR
                                                  NORMAL
..................................................................
TEMPERATURE (F)
 YESTERDAY
  MAXIMUM         31    411 PM  64    1950  43    -12       63
  MINIMUM         21    740 AM -19    1962  20      1       28
  AVERAGE         26                        31     -5       46

PRECIPITATION (IN)
  YESTERDAY        0.00          0.12 2004   0.02  -0.02     0.00
  MONTH TO DATE    0.91                      0.46   0.45     0.15
  SINCE OCT 1      5.25                      3.32   1.93     4.00
  SINCE JAN 1      1.32                      0.95   0.37     0.30

DEGREE DAYS
 HEATING
  YESTERDAY       39                        34      5       19
  MONTH TO DATE  887                       938    -51      660
  SINCE DEC 1   3649                      3320    329     2862
  SINCE JUL 1   5147                      5279   -132     4539

 COOLING
  YESTERDAY        0                         0      0        0
  MONTH TO DATE    0                         0      0        0
  SINCE DEC 1      0                         0      0        0
  SINCE JAN 1      0                         0      0        0
..................................................................


WIND (MPH)
  HIGHEST WIND SPEED    39   HIGHEST WIND DIRECTION    SW (210)
  HIGHEST GUST SPEED    46   HIGHEST GUST DIRECTION    SW (220)
  AVERAGE WIND SPEED    24.8


SKY COVER
  POSSIBLE SUNSHINE  MM
  AVERAGE SKY COVER 0.6


WEATHER CONDITIONS
 THE FOLLOWING WEATHER WAS RECORDED YESTERDAY.
  NO SIGNIFICANT WEATHER WAS OBSERVED.


RELATIVE HUMIDITY (PERCENT)
 HIGHEST    55          1000 PM
 LOWEST     42          1100 AM
 AVERAGE    49

..........................................................


THE LIVINGSTON MT CLIMATE NORMALS FOR TODAY
                         NORMAL    RECORD    YEAR
 MAXIMUM TEMPERATURE (F)   43        63      1992
 MINIMUM TEMPERATURE (F)   20       -21      1960


SUNRISE AND SUNSET
FEBRUARY 27 2017......SUNRISE   703 AM MST   SUNSET   606 PM MST
FEBRUARY 28 2017......SUNRISE   701 AM MST   SUNSET   608 PM MST


-  INDICATES NEGATIVE NUMBERS.
R  INDICATES RECORD WAS SET OR TIED.
MM INDICATES DATA IS MISSING.
T  INDICATES TRACE AMOUNT.





&&

THIS IS AN AUTOMATED...UNATTENDED WEATHER STATION AND MAY
UNDERESTIMATE WINTER PRECIPITATION.

$$
