000
CDUS45 KBYZ 062327
CLILVM


CLIMATE REPORT
NATIONAL WEATHER SERVICE BILLINGS MT
426 PM MST FRI MAR 6 2015


...................................

...THE LIVINGSTON MT CLIMATE SUMMARY FOR MARCH 6 2015...
VALID TODAY AS OF 0400 PM LOCAL TIME.

CLIMATE NORMAL PERIOD 1981 TO 2010
CLIMATE RECORD PERIOD 1948 TO 2015


WEATHER ITEM   OBSERVED TIME   RECORD YEAR NORMAL DEPARTURE LAST
                VALUE   (LST)  VALUE       VALUE  FROM      YEAR
                                                  NORMAL
..................................................................
TEMPERATURE (F)
 TODAY
  MAXIMUM         57    359 PM  67    1987  45     12       50
  MINIMUM         38    411 AM -20    1951  22     16       36
  AVERAGE         48                        33     15       43

PRECIPITATION (IN)
  TODAY            0.00          0.20        0.02  -0.02     0.20
  MONTH TO DATE    T                         0.12  -0.12     0.36
  SINCE OCT 1      2.98                      3.48  -0.50     3.75
  SINCE JAN 1      1.19                      1.11   0.08     1.46

DEGREE DAYS
 HEATING
  TODAY           17                        32    -15       22
  MONTH TO DATE  229                       195     34      257
  SINCE MAR 1    229                       195     34      257
  SINCE JUL 1   4843                      5543   -700     5500

 COOLING
  TODAY            0                         0      0        0
  MONTH TO DATE    0                         0      0        0
  SINCE MAR 1      0                         0      0        0
  SINCE JAN 1      0                         0      0        0
..................................................................


WIND (MPH)
  HIGHEST WIND SPEED    38   HIGHEST WIND DIRECTION     W (260)
  HIGHEST GUST SPEED    46   HIGHEST GUST DIRECTION     W (260)
  AVERAGE WIND SPEED    25.5


SKY COVER
  POSSIBLE SUNSHINE  MM
  AVERAGE SKY COVER 0.1


WEATHER CONDITIONS
 THE FOLLOWING WEATHER WAS RECORDED TODAY.
  NO SIGNIFICANT WEATHER WAS OBSERVED.


RELATIVE HUMIDITY (PERCENT)
 HIGHEST    35           400 AM
 LOWEST     20           100 PM
 AVERAGE    28

..........................................................


THE LIVINGSTON MT CLIMATE NORMALS FOR TOMORROW
                         NORMAL    RECORD    YEAR
 MAXIMUM TEMPERATURE (F)   45        61      2007
 MINIMUM TEMPERATURE (F)   22       -17      1951


SUNRISE AND SUNSET
MARCH  6 2015.........SUNRISE   652 AM MST   SUNSET   615 PM MST
MARCH  7 2015.........SUNRISE   650 AM MST   SUNSET   617 PM MST


-  INDICATES NEGATIVE NUMBERS.
R  INDICATES RECORD WAS SET OR TIED.
MM INDICATES DATA IS MISSING.
T  INDICATES TRACE AMOUNT.





&&

THIS IS AN AUTOMATED...UNATTENDED WEATHER STATION AND MAY
UNDERESTIMATE WINTER PRECIPITATION.

$$
