087
CDUS45 KBYZ 180723
CLILVM


CLIMATE REPORT
NATIONAL WEATHER SERVICE BILLINGS MT
1223 AM MST MON DEC 18 2017


...................................

...THE LIVINGSTON MT CLIMATE SUMMARY FOR DECEMBER 17 2017...

CLIMATE NORMAL PERIOD 1981 TO 2010
CLIMATE RECORD PERIOD 1948 TO 2017


WEATHER ITEM   OBSERVED TIME   RECORD YEAR NORMAL DEPARTURE LAST
                VALUE   (LST)  VALUE       VALUE  FROM      YEAR
                                                  NORMAL
..................................................................
TEMPERATURE (F)
 YESTERDAY
  MAXIMUM         32    750 PM  61    1980  35     -3       10
  MINIMUM          7    251 AM -27    2016  16     -9      -27
  AVERAGE         20                        26     -6       -8

PRECIPITATION (IN)
  YESTERDAY        0.00          0.32 1963   0.02  -0.02     0.00
  MONTH TO DATE    0.39                      0.32   0.07     0.23
  SINCE OCT 1      2.66                      2.17   0.49     3.80
  SINCE JAN 1     16.56                     14.61   1.95    13.79

DEGREE DAYS
 HEATING
  YESTERDAY       45                        40      5       73
  MONTH TO DATE  516                       655   -139      872
  SINCE DEC 1    516                       655   -139      872
  SINCE JUL 1   2339                      2614   -275     2370

 COOLING
  YESTERDAY        0                         0      0        0
  MONTH TO DATE    0                         0      0        0
  SINCE DEC 1      0                         0      0        0
  SINCE JAN 1    397                       230    167      330
..................................................................


WIND (MPH)
  HIGHEST WIND SPEED    48   HIGHEST WIND DIRECTION    SW (220)
  HIGHEST GUST SPEED    62   HIGHEST GUST DIRECTION    SW (230)
  AVERAGE WIND SPEED    28.8


SKY COVER
  POSSIBLE SUNSHINE  MM
  AVERAGE SKY COVER 0.3


WEATHER CONDITIONS
 THE FOLLOWING WEATHER WAS RECORDED YESTERDAY.
  SNOW
  LIGHT SNOW
  HAZE


RELATIVE HUMIDITY (PERCENT)
 HIGHEST    92          1200 AM
 LOWEST     58          1200 PM
 AVERAGE    75

..........................................................


THE LIVINGSTON MT CLIMATE NORMALS FOR TODAY
                         NORMAL    RECORD    YEAR
 MAXIMUM TEMPERATURE (F)   35        57      1979
 MINIMUM TEMPERATURE (F)   16       -20      1983


SUNRISE AND SUNSET
DECEMBER 18 2017......SUNRISE   758 AM MST   SUNSET   439 PM MST
DECEMBER 19 2017......SUNRISE   759 AM MST   SUNSET   440 PM MST


-  INDICATES NEGATIVE NUMBERS.
R  INDICATES RECORD WAS SET OR TIED.
MM INDICATES DATA IS MISSING.
T  INDICATES TRACE AMOUNT.




$$
