000
CDUS45 KBYZ 250938
CLILVM


CLIMATE REPORT
NATIONAL WEATHER SERVICE BILLINGS MT
337 AM MDT SAT OCT 25 2014


...................................

...THE LIVINGSTON MT CLIMATE SUMMARY FOR OCTOBER 24 2014...

CLIMATE NORMAL PERIOD 1981 TO 2010
CLIMATE RECORD PERIOD 1948 TO 2014


WEATHER ITEM   OBSERVED TIME   RECORD YEAR NORMAL DEPARTURE LAST
                VALUE   (LST)  VALUE       VALUE  FROM      YEAR
                                                  NORMAL
..................................................................
TEMPERATURE (F)
 YESTERDAY
  MAXIMUM         61    112 AM  78    2007  55      6       62
  MINIMUM         37   1159 PM  11    1975  30      7       34
  AVERAGE         49                        42      7       48

PRECIPITATION (IN)
  YESTERDAY        T             0.49 1951   0.04  -0.04     0.00
  MONTH TO DATE    0.23                      1.05  -0.82     1.14
  SINCE OCT 1      0.23                      1.05  -0.82     1.14
  SINCE JAN 1     13.90                     13.49   0.41    10.93

SNOWFALL (IN)
  YESTERDAY       MM             9.0  1969  MM     MM       MM
  MONTH TO DATE   MM                        MM     MM       MM
  SINCE SEP 1     MM                        MM     MM       MM
  SINCE JUL 1     MM                        MM     MM       MM
  SNOW DEPTH      MM

DEGREE DAYS
 HEATING
  YESTERDAY       16                        22     -6       17
  MONTH TO DATE  272                       451   -179      510
  SINCE SEP 1    516                       742   -226      683
  SINCE JUL 1    585                       860   -275      683

 COOLING
  YESTERDAY        0                         0      0        0
  MONTH TO DATE    0                         0      0        0
  SINCE SEP 1     18                        14      4       56
  SINCE JAN 1    321                       229     92      495
..................................................................


WIND (MPH)
  HIGHEST WIND SPEED    33   HIGHEST WIND DIRECTION    SW (220)
  HIGHEST GUST SPEED    43   HIGHEST GUST DIRECTION    SW (230)
  AVERAGE WIND SPEED    12.6


SKY COVER
  POSSIBLE SUNSHINE  MM
  AVERAGE SKY COVER 0.8


WEATHER CONDITIONS
 THE FOLLOWING WEATHER WAS RECORDED YESTERDAY.
  LIGHT RAIN


RELATIVE HUMIDITY (PERCENT)
 HIGHEST    85          1100 PM
 LOWEST     32          1200 AM
 AVERAGE    59

..........................................................


THE LIVINGSTON MT CLIMATE NORMALS FOR TODAY
                         NORMAL    RECORD    YEAR
 MAXIMUM TEMPERATURE (F)   55        77      1966
 MINIMUM TEMPERATURE (F)   30        12      1997


SUNRISE AND SUNSET
OCTOBER 25 2014.......SUNRISE   752 AM MDT   SUNSET   619 PM MDT
OCTOBER 26 2014.......SUNRISE   753 AM MDT   SUNSET   617 PM MDT


-  INDICATES NEGATIVE NUMBERS.
R  INDICATES RECORD WAS SET OR TIED.
MM INDICATES DATA IS MISSING.
T  INDICATES TRACE AMOUNT.





&&

THIS IS AN AUTOMATED...UNATTENDED WEATHER STATION AND MAY
UNDERESTIMATE WINTER PRECIPITATION.

$$
