000
CDUS45 KBYZ 280934
CLILVM


CLIMATE REPORT
NATIONAL WEATHER SERVICE BILLINGS MT
333 AM MDT SUN AUG 28 2016


...................................

...THE LIVINGSTON MT CLIMATE SUMMARY FOR AUGUST 27 2016...

CLIMATE NORMAL PERIOD 1981 TO 2010
CLIMATE RECORD PERIOD 1948 TO 2016


WEATHER ITEM   OBSERVED TIME   RECORD YEAR NORMAL DEPARTURE LAST
                VALUE   (LST)  VALUE       VALUE  FROM      YEAR
                                                  NORMAL
..................................................................
TEMPERATURE (F)
 YESTERDAY
  MAXIMUM         88    335 PM  98    2011  81      7       85
  MINIMUM         41    510 AM  35    1993  45     -4       56
  AVERAGE         65                        63      2       71

PRECIPITATION (IN)
  YESTERDAY        0.00          0.33 1979   0.04  -0.04     0.01
  MONTH TO DATE    1.16                      0.97   0.19     1.21
  SINCE OCT 1     12.05                     13.46  -1.41    11.86
  SINCE JAN 1      8.35                     11.09  -2.74    10.07

DEGREE DAYS
 HEATING
  YESTERDAY        0                         4     -4        0
  MONTH TO DATE   55                        50      5       57
  SINCE JUN 1    166                       307   -141      121
  SINCE JUL 1     88                       100    -12       67

 COOLING
  YESTERDAY        0                         2     -2        6
  MONTH TO DATE   69                        83    -14      108
  SINCE JUN 1    291                       211     80      322
  SINCE JAN 1    291                       212     79      323
..................................................................


WIND (MPH)
  HIGHEST WIND SPEED    28   HIGHEST WIND DIRECTION    SW (210)
  HIGHEST GUST SPEED    33   HIGHEST GUST DIRECTION     S (200)
  AVERAGE WIND SPEED    13.7


SKY COVER
  POSSIBLE SUNSHINE  MM
  AVERAGE SKY COVER 0.0


WEATHER CONDITIONS
 THE FOLLOWING WEATHER WAS RECORDED YESTERDAY.
  NO SIGNIFICANT WEATHER WAS OBSERVED.


RELATIVE HUMIDITY (PERCENT)
 HIGHEST    79           500 AM
 LOWEST     12           300 PM
 AVERAGE    46

..........................................................


THE LIVINGSTON MT CLIMATE NORMALS FOR TODAY
                         NORMAL    RECORD    YEAR
 MAXIMUM TEMPERATURE (F)   81       100      2012
 MINIMUM TEMPERATURE (F)   45        36      1964


SUNRISE AND SUNSET
AUGUST 28 2016........SUNRISE   639 AM MDT   SUNSET   806 PM MDT
AUGUST 29 2016........SUNRISE   640 AM MDT   SUNSET   804 PM MDT


-  INDICATES NEGATIVE NUMBERS.
R  INDICATES RECORD WAS SET OR TIED.
MM INDICATES DATA IS MISSING.
T  INDICATES TRACE AMOUNT.





&&

THIS IS AN AUTOMATED...UNATTENDED WEATHER STATION AND MAY
UNDERESTIMATE WINTER PRECIPITATION.

$$
