000
CDUS45 KBYZ 260954
CLILVM


CLIMATE REPORT
NATIONAL WEATHER SERVICE BILLINGS MT
353 AM MDT WED APR 26 2017


...................................

...THE LIVINGSTON MT CLIMATE SUMMARY FOR APRIL 25 2017...

CLIMATE NORMAL PERIOD 1981 TO 2010
CLIMATE RECORD PERIOD 1948 TO 2017


WEATHER ITEM   OBSERVED TIME   RECORD YEAR NORMAL DEPARTURE LAST
                VALUE   (LST)  VALUE       VALUE  FROM      YEAR
                                                  NORMAL
..................................................................
TEMPERATURE (F)
 YESTERDAY
  MAXIMUM         51    520 PM  80    1952  58     -7       55
  MINIMUM         33    508 AM  16    2009  31      2       37
  AVERAGE         42                        44     -2       46

PRECIPITATION (IN)
  YESTERDAY        0.35          1.00 1988   0.07   0.28     0.21
  MONTH TO DATE    1.75                      1.41   0.34     1.16
  SINCE OCT 1      8.21                      5.61   2.60     6.28
  SINCE JAN 1      4.28                      3.24   1.04     2.58

DEGREE DAYS
 HEATING
  YESTERDAY       23                        21      2       19
  MONTH TO DATE  514                       591    -77      397
  SINCE MAR 1   1233                      1502   -269     1174
  SINCE JUL 1   6459                      6850   -391     5777

 COOLING
  YESTERDAY        0                         0      0        0
  MONTH TO DATE    0                         0      0        0
  SINCE MAR 1      0                         0      0        0
  SINCE JAN 1      0                         0      0        0
..................................................................


WIND (MPH)
  HIGHEST WIND SPEED    17   HIGHEST WIND DIRECTION    NE (60)
  HIGHEST GUST SPEED    21   HIGHEST GUST DIRECTION    NE (60)
  AVERAGE WIND SPEED     7.8


SKY COVER
  POSSIBLE SUNSHINE  MM
  AVERAGE SKY COVER 0.8


WEATHER CONDITIONS
 THE FOLLOWING WEATHER WAS RECORDED YESTERDAY.
  HEAVY RAIN
  RAIN
  LIGHT RAIN
  LIGHT SNOW
  FOG


RELATIVE HUMIDITY (PERCENT)
 HIGHEST   100           300 AM
 LOWEST     54           500 PM
 AVERAGE    77

..........................................................


THE LIVINGSTON MT CLIMATE NORMALS FOR TODAY
                         NORMAL    RECORD    YEAR
 MAXIMUM TEMPERATURE (F)   58        78      2001
 MINIMUM TEMPERATURE (F)   31        21      2010
                                             1995


SUNRISE AND SUNSET
APRIL 26 2017.........SUNRISE   617 AM MDT   SUNSET   823 PM MDT
APRIL 27 2017.........SUNRISE   615 AM MDT   SUNSET   824 PM MDT


-  INDICATES NEGATIVE NUMBERS.
R  INDICATES RECORD WAS SET OR TIED.
MM INDICATES DATA IS MISSING.
T  INDICATES TRACE AMOUNT.





&&

THIS IS AN AUTOMATED...UNATTENDED WEATHER STATION AND MAY
UNDERESTIMATE WINTER PRECIPITATION.

$$
