000
CDUS45 KBYZ 292226
CLILVM


CLIMATE REPORT
NATIONAL WEATHER SERVICE BILLINGS MT
424 PM MDT FRI MAY 29 2015


...................................

...THE LIVINGSTON MT CLIMATE SUMMARY FOR MAY 29 2015...
VALID TODAY AS OF 0400 PM LOCAL TIME.

CLIMATE NORMAL PERIOD 1981 TO 2010
CLIMATE RECORD PERIOD 1948 TO 2015


WEATHER ITEM   OBSERVED TIME   RECORD YEAR NORMAL DEPARTURE LAST
                VALUE   (LST)  VALUE       VALUE  FROM      YEAR
                                                  NORMAL
..................................................................
TEMPERATURE (F)
 TODAY
  MAXIMUM         62    259 PM  88    2003  68     -6       69
  MINIMUM         47    734 AM  29    1954  40      7       40
  AVERAGE         55                        54      1       55

PRECIPITATION (IN)
  TODAY            0.05          1.16 1979   0.10  -0.05     0.00
  MONTH TO DATE    3.93                      2.45   1.48     1.72
  SINCE OCT 1      8.41                      8.42  -0.01     8.73
  SINCE JAN 1      6.62                      6.05   0.57     6.44

DEGREE DAYS
 HEATING
  TODAY           10                        11     -1       10
  MONTH TO DATE  440                       426     14      366
  SINCE MAR 1   1668                      2026   -358     1899
  SINCE JUL 1   6282                      7374  -1092     7142

 COOLING
  TODAY            0                         0      0        0
  MONTH TO DATE    0                         0      0        5
  SINCE MAR 1      0                         0      0        5
  SINCE JAN 1      0                         0      0        5
..................................................................


WIND (MPH)
  HIGHEST WIND SPEED    20   HIGHEST WIND DIRECTION    NE (60)
  HIGHEST GUST SPEED    24   HIGHEST GUST DIRECTION     E (70)
  AVERAGE WIND SPEED    10.6


SKY COVER
  POSSIBLE SUNSHINE  MM
  AVERAGE SKY COVER 0.9


WEATHER CONDITIONS
 THE FOLLOWING WEATHER WAS RECORDED TODAY.
  RAIN
  LIGHT RAIN
  FOG


RELATIVE HUMIDITY (PERCENT)
 HIGHEST   100           700 AM
 LOWEST     60           200 PM
 AVERAGE    80

..........................................................


THE LIVINGSTON MT CLIMATE NORMALS FOR TOMORROW
                         NORMAL    RECORD    YEAR
 MAXIMUM TEMPERATURE (F)   68        86      1986
 MINIMUM TEMPERATURE (F)   40        32      2014
                                             2005
                                             1977


SUNRISE AND SUNSET
MAY 29 2015...........SUNRISE   538 AM MDT   SUNSET   901 PM MDT
MAY 30 2015...........SUNRISE   537 AM MDT   SUNSET   902 PM MDT


-  INDICATES NEGATIVE NUMBERS.
R  INDICATES RECORD WAS SET OR TIED.
MM INDICATES DATA IS MISSING.
T  INDICATES TRACE AMOUNT.





&&

THIS IS AN AUTOMATED...UNATTENDED WEATHER STATION AND MAY
UNDERESTIMATE WINTER PRECIPITATION.

$$
