000
CDUS45 KBYZ 012333
CLILVM


CLIMATE REPORT
NATIONAL WEATHER SERVICE BILLINGS MT
432 PM MST SUN FEB 1 2015


...................................

...THE LIVINGSTON MT CLIMATE SUMMARY FOR FEBRUARY 1 2015...
VALID TODAY AS OF 0400 PM LOCAL TIME.

CLIMATE NORMAL PERIOD 1981 TO 2010
CLIMATE RECORD PERIOD 1948 TO 2015


WEATHER ITEM   OBSERVED TIME   RECORD YEAR NORMAL DEPARTURE LAST
                VALUE   (LST)  VALUE       VALUE  FROM      YEAR
                                                  NORMAL
..................................................................
TEMPERATURE (F)
 TODAY
  MAXIMUM         30    413 PM  60    1992  37     -7       14
  MINIMUM          6    811 AM -20    2011  18    -12        3
                                      1989
  AVERAGE         18                        28    -10        9

PRECIPITATION (IN)
  TODAY            T             0.32        0.02  -0.02     0.01
  MONTH TO DATE    T                         0.02  -0.02     0.01
  SINCE OCT 1      2.33                      2.88  -0.55     2.71
  SINCE JAN 1      0.54                      0.51   0.03     0.42

DEGREE DAYS
 HEATING
  TODAY           47                        38      9       56
  MONTH TO DATE   47                        38      9       56
  SINCE DEC 1   2090                      2420   -330     2294
  SINCE JUL 1   3828                      4379   -551     4001

 COOLING
  TODAY            0                         0      0        0
  MONTH TO DATE    0                         0      0        0
  SINCE DEC 1      0                         0      0        0
  SINCE JAN 1      0                         0      0        0
..................................................................


WIND (MPH)
  HIGHEST WIND SPEED    10   HIGHEST WIND DIRECTION     E (70)
  HIGHEST GUST SPEED    13   HIGHEST GUST DIRECTION     E (70)
  AVERAGE WIND SPEED     3.8


SKY COVER
  POSSIBLE SUNSHINE  MM
  AVERAGE SKY COVER 0.5


WEATHER CONDITIONS
 THE FOLLOWING WEATHER WAS RECORDED TODAY.
  NO SIGNIFICANT WEATHER WAS OBSERVED.


RELATIVE HUMIDITY (PERCENT)
 HIGHEST    88           600 AM
 LOWEST     63           200 PM
 AVERAGE    76

..........................................................


THE LIVINGSTON MT CLIMATE NORMALS FOR TOMORROW
                         NORMAL    RECORD    YEAR
 MAXIMUM TEMPERATURE (F)   38        59      1962
 MINIMUM TEMPERATURE (F)   18       -32      1996


SUNRISE AND SUNSET
FEBRUARY  1 2015......SUNRISE   743 AM MST   SUNSET   528 PM MST
FEBRUARY  2 2015......SUNRISE   742 AM MST   SUNSET   529 PM MST


-  INDICATES NEGATIVE NUMBERS.
R  INDICATES RECORD WAS SET OR TIED.
MM INDICATES DATA IS MISSING.
T  INDICATES TRACE AMOUNT.





&&

THIS IS AN AUTOMATED...UNATTENDED WEATHER STATION AND MAY
UNDERESTIMATE WINTER PRECIPITATION.

$$
