000
CDUS41 KRNK 191021
CLILWB


CLIMATE REPORT
NATIONAL WEATHER SERVICE BLACKSBURG VA
517 AM EST FRI DEC 19 2014


...................................

...THE LEWISBURG WV CLIMATE SUMMARY FOR DECEMBER 18 2014...

CLIMATE NORMAL PERIOD 1981 TO 2010
CLIMATE RECORD PERIOD 1973 TO 2014


WEATHER ITEM   OBSERVED TIME   RECORD YEAR NORMAL DEPARTURE
                VALUE   (LST)  VALUE       VALUE  FROM
                                                  NORMAL
...............................................................
TEMPERATURE (F)
 YESTERDAY
  MAXIMUM         38    235 PM  63    2006  40     -2
  MINIMUM         27    715 AM   0    1989  21      6
  AVERAGE         33                        31      2

PRECIPITATION (IN)
  YESTERDAY        0.00                      0.10  -0.10
  MONTH TO DATE    1.05                      1.91  -0.86
  SINCE DEC 1      1.05                      1.91  -0.86
  SINCE JAN 1     25.45                     38.73 -13.28

SNOWFALL (IN)
  YESTERDAY        0.0
  MONTH TO DATE    T
  SINCE DEC 1      T
  SINCE JUL 1      2.0
  SNOW DEPTH       0

DEGREE DAYS
 HEATING
  YESTERDAY       32                               -3
  MONTH TO DATE  465                             -117
  SINCE DEC 1    465                             -117
  SINCE JUL 1   1677                             -222

 COOLING
  YESTERDAY        0                                0
  MONTH TO DATE    0                                0
  SINCE DEC 1      0                                0
  SINCE JAN 1    619                              120
...............................................................


WIND (MPH)
  HIGHEST WIND SPEED    10   HIGHEST WIND DIRECTION     W (270)
  HIGHEST GUST SPEED    16   HIGHEST GUST DIRECTION     W (270)
  AVERAGE WIND SPEED     6.1




RELATIVE HUMIDITY (PERCENT)
 HIGHEST    75
 LOWEST     54
 AVERAGE    65

..........................................................


THE LEWISBURG WV CLIMATE NORMALS FOR TODAY
                         NORMAL    RECORD    YEAR
 MAXIMUM TEMPERATURE (F)   40        64      2008
 MINIMUM TEMPERATURE (F)   21         1      2004


SUNRISE AND SUNSET
DECEMBER 19 2014......SUNRISE   732 AM EST   SUNSET   505 PM EST
DECEMBER 20 2014......SUNRISE   733 AM EST   SUNSET   505 PM EST


-  INDICATES NEGATIVE NUMBERS.
R  INDICATES RECORD WAS SET OR TIED.
MM INDICATES DATA IS MISSING.
T  INDICATES TRACE AMOUNT.


REMARKS:
DUE TO MISSING PRECIPITATION DATA ON JANUARY 25...THE ANNUAL
TOTAL AND DEPARTURE FROM NORMAL FOR PRECIPITATION WILL BE
CALCULATED WITHOUT DATA FROM THAT DATE.


$$
