000
CDUS43 KTOP 232133
CLILWC


CLIMATE REPORT
NATIONAL WEATHER SERVICE TOPEKA KS
433 PM CDT SUN JUL 23 2017


...................................

...THE LAWRENCE KS CLIMATE SUMMARY FOR JULY 23 2017...
VALID TODAY AS OF 0400 PM LOCAL TIME.

CLIMATE NORMAL PERIOD 1981 TO 2010
CLIMATE RECORD PERIOD 9999 TO 9999


WEATHER ITEM   OBSERVED NORMAL DEPARTURE LAST
                VALUE   VALUE  FROM      YEAR
                               NORMAL
...............................................
TEMPERATURE (F)
 TODAY
  MAXIMUM         92     90      2       95
  MINIMUM         69     68      1       75
  AVERAGE         81     79      2       85

PRECIPITATION (IN)
  TODAY            0.01   0.10  -0.09     0.00
  MONTH TO DATE    1.14   3.32  -2.18     4.57
  SINCE JUN 1      7.20   8.78  -1.58     5.66
  SINCE JAN 1     20.22  22.67  -2.45    20.30

DEGREE DAYS
 HEATING
  TODAY            0      0      0        0
  MONTH TO DATE    0      0      0        0
  SINCE JUN 1      3      8     -5        0
  SINCE JUL 1      0      0      0        0

 COOLING
  TODAY           16     14      2       20
  MONTH TO DATE  365    303     62      336
  SINCE JUN 1    650    578     72      748
  SINCE JAN 1    757    697     60      828
...............................................


WIND (MPH)
  HIGHEST WIND SPEED    16   HIGHEST WIND DIRECTION    NW (310)
  HIGHEST GUST SPEED    21   HIGHEST GUST DIRECTION    NW (310)
  AVERAGE WIND SPEED     3.0



WEATHER CONDITIONS
 THE FOLLOWING WEATHER WAS RECORDED TODAY.
  LIGHT RAIN


RELATIVE HUMIDITY (PERCENT)
 HIGHEST   100
 LOWEST     56
 AVERAGE    78

..........................................................


THE LAWRENCE KS CLIMATE NORMALS FOR TOMORROW
                         NORMAL
 MAXIMUM TEMPERATURE (F)   90
 MINIMUM TEMPERATURE (F)   68


SUNRISE AND SUNSET
JULY 23 2017..........SUNRISE   614 AM CDT   SUNSET   840 PM CDT
JULY 24 2017..........SUNRISE   615 AM CDT   SUNSET   839 PM CDT


-  INDICATES NEGATIVE NUMBERS.
R  INDICATES RECORD WAS SET OR TIED.
MM INDICATES DATA IS MISSING.
T  INDICATES TRACE AMOUNT.




$$
