133
CDUS43 KTOP 050642
CLILWC


CLIMATE REPORT
NATIONAL WEATHER SERVICE TOPEKA KS
142 AM CDT THU MAY 5 2016


...................................

...THE LAWRENCE KS CLIMATE SUMMARY FOR MAY 4 2016...

CLIMATE NORMAL PERIOD 1981 TO 2010
CLIMATE RECORD PERIOD 9999 TO 9999


WEATHER ITEM   OBSERVED NORMAL DEPARTURE LAST
                VALUE   VALUE  FROM      YEAR
                               NORMAL
...............................................
TEMPERATURE (F)
 YESTERDAY
  MAXIMUM         71     73     -2       85
  MINIMUM         43     49     -6       58
  AVERAGE         57     61     -4       72

PRECIPITATION (IN)
  YESTERDAY        0.00   0.17  -0.17     0.42
  MONTH TO DATE    T      0.71  -0.71     0.44
  SINCE MAR 1      6.14   7.10  -0.96     3.96
  SINCE JAN 1      7.26   9.41  -2.15     5.65

DEGREE DAYS
 HEATING
  YESTERDAY        8      6      2        0
  MONTH TO DATE   46     24     22        6
  SINCE MAR 1    770    988   -218      849
  SINCE JUL 1   4272   5003   -731     5138

 COOLING
  YESTERDAY        0      1     -1        7
  MONTH TO DATE    0      4     -4       14
  SINCE MAR 1     18     27     -9       19
  SINCE JAN 1     18     27     -9       19
...............................................


WIND (MPH)
  HIGHEST WIND SPEED    23   HIGHEST WIND DIRECTION    NW (330)
  HIGHEST GUST SPEED    30   HIGHEST GUST DIRECTION    NW (330)
  AVERAGE WIND SPEED    11.3


SKY COVER
  AVERAGE SKY COVER 0.0


WEATHER CONDITIONS
 THE FOLLOWING WEATHER WAS RECORDED YESTERDAY.
  HAZE


RELATIVE HUMIDITY (PERCENT)
 HIGHEST    93
 LOWEST     31
 AVERAGE    62

..........................................................


THE LAWRENCE KS CLIMATE NORMALS FOR TODAY
                         NORMAL
 MAXIMUM TEMPERATURE (F)   73
 MINIMUM TEMPERATURE (F)   49


SUNRISE AND SUNSET
MAY  5 2016...........SUNRISE   618 AM CDT   SUNSET   818 PM CDT
MAY  6 2016...........SUNRISE   616 AM CDT   SUNSET   819 PM CDT


-  INDICATES NEGATIVE NUMBERS.
R  INDICATES RECORD WAS SET OR TIED.
MM INDICATES DATA IS MISSING.
T  INDICATES TRACE AMOUNT.




$$
