000
CDUS43 KTOP 240633
CLILWC


CLIMATE REPORT
NATIONAL WEATHER SERVICE TOPEKA KS
1232 AM CST FRI NOV 24 2017


...................................

...THE LAWRENCE KS CLIMATE SUMMARY FOR NOVEMBER 23 2017...

CLIMATE NORMAL PERIOD 1981 TO 2010
CLIMATE RECORD PERIOD 9999 TO 9999


WEATHER ITEM   OBSERVED NORMAL DEPARTURE LAST
                VALUE   VALUE  FROM      YEAR
                               NORMAL
...............................................
TEMPERATURE (F)
 YESTERDAY
  MAXIMUM         67     52     15       59
  MINIMUM         29     29      0       39
  AVERAGE         48     40      8       49

PRECIPITATION (IN)
  YESTERDAY        0.00   0.06  -0.06     0.00
  MONTH TO DATE    0.12   1.71  -1.59     0.11
  SINCE SEP 1      6.99   8.75  -1.76     7.94
  SINCE JAN 1     34.13  36.61  -2.48    31.53

DEGREE DAYS
 HEATING
  YESTERDAY       17     25     -8       16
  MONTH TO DATE  495    457     38      299
  SINCE SEP 1    788    818    -30      489
  SINCE JUL 1    791    821    -30      489

 COOLING
  YESTERDAY        0      0      0        0
  MONTH TO DATE    0      0      0       12
  SINCE SEP 1    248    179     69      282
  SINCE JAN 1   1327   1370    -43     1599
...............................................


WIND (MPH)
  HIGHEST WIND SPEED     9   HIGHEST WIND DIRECTION     S (190)
  HIGHEST GUST SPEED    13   HIGHEST GUST DIRECTION     S (190)
  AVERAGE WIND SPEED     3.3


SKY COVER
  AVERAGE SKY COVER 0.0


WEATHER CONDITIONS
 THE FOLLOWING WEATHER WAS RECORDED YESTERDAY.
  HAZE


RELATIVE HUMIDITY (PERCENT)
 HIGHEST    78
 LOWEST     32
 AVERAGE    55

..........................................................


THE LAWRENCE KS CLIMATE NORMALS FOR TODAY
                         NORMAL
 MAXIMUM TEMPERATURE (F)   51
 MINIMUM TEMPERATURE (F)   28


SUNRISE AND SUNSET
NOVEMBER 24 2017......SUNRISE   714 AM CST   SUNSET   501 PM CST
NOVEMBER 25 2017......SUNRISE   715 AM CST   SUNSET   501 PM CST


-  INDICATES NEGATIVE NUMBERS.
R  INDICATES RECORD WAS SET OR TIED.
MM INDICATES DATA IS MISSING.
T  INDICATES TRACE AMOUNT.




$$
