000
CDUS46 KOTX 272327
CLILWS


CLIMATE REPORT
NATIONAL WEATHER SERVICE SPOKANE, WA
426 PM PDT TUE SEP 27 2016


...................................

...THE LEWISTON ID AIRPORT CLIMATE SUMMARY FOR SEPTEMBER 27 2016...
VALID AS OF 0400 PM LOCAL TIME.

CLIMATE NORMAL PERIOD 1981 TO 2010
CLIMATE RECORD PERIOD 1881 TO 2016


WEATHER ITEM   OBSERVED TIME   RECORD YEAR NORMAL DEPARTURE LAST
                VALUE   (LST)  VALUE       VALUE  FROM      YEAR
                                                  NORMAL
..................................................................
TEMPERATURE (F)
 TODAY
  MAXIMUM         87    219 PM  93    1963  73     14       73
  MINIMUM         55    611 AM  35    1945  47      8       43
                                      1926
                                      1883
  AVERAGE         71                        60     11       58

PRECIPITATION (IN)
  TODAY            0.00          0.83 1905   0.03  -0.03     0.00
  MONTH TO DATE    0.52                      0.60  -0.08     0.65
  SINCE OCT 1     13.61                     12.24   1.37    10.96
  SINCE JAN 1     10.16                      9.13   1.03     6.77

SNOWFALL (IN)
  TODAY            0.0           0.0  1998   0.0    0.0      0.0
  MONTH TO DATE    0.0                       0.0    0.0      0.0
  SINCE SEP 1      0.0                       0.0    0.0      0.0
  SINCE JUL 1      0.0                       0.0    0.0      0.0
  SNOW DEPTH      MM

DEGREE DAYS
 HEATING
  TODAY            0                         6     -6        7
  MONTH TO DATE   61                        79    -18       75
  SINCE SEP 1     61                        79    -18       75
  SINCE JUL 1     72                        94    -22       75

 COOLING
  TODAY            6                         1      5        0
  MONTH TO DATE   33                        85    -52       57
  SINCE SEP 1     33                        85    -52       57
  SINCE JAN 1    849                       802     47     1206
..................................................................


WIND (MPH)
  HIGHEST WIND SPEED    13   HIGHEST WIND DIRECTION    NW (300)
  HIGHEST GUST SPEED    16   HIGHEST GUST DIRECTION     W (290)
  AVERAGE WIND SPEED     2.4


SKY COVER
  POSSIBLE SUNSHINE  MM
  AVERAGE SKY COVER 0.0


WEATHER CONDITIONS
 THE FOLLOWING WEATHER WAS RECORDED TODAY.
  LIGHT RAIN


RELATIVE HUMIDITY (PERCENT)
 HIGHEST    72
 LOWEST     25
 AVERAGE    49

..........................................................


THE LEWISTON ID AIRPORT CLIMATE NORMALS FOR TOMORROW
                         NORMAL    RECORD    YEAR
 MAXIMUM TEMPERATURE (F)   72        95      1963
 MINIMUM TEMPERATURE (F)   47        33      1985


SUNRISE AND SUNSET
SEPTEMBER 27 2016.....SUNRISE   642 AM PDT   SUNSET   635 PM PDT
SEPTEMBER 28 2016.....SUNRISE   643 AM PDT   SUNSET   633 PM PDT


-  INDICATES NEGATIVE NUMBERS.
R  INDICATES RECORD WAS SET OR TIED.
MM INDICATES DATA IS MISSING.
T  INDICATES TRACE AMOUNT.




$$
