000
CDUS46 KOTX 290832 CCA
CLILWS

CLIMATE REPORT
NATIONAL WEATHER SERVICE SPOKANE, WA
126 AM PDT FRI MAY 29 2015


...................................

...THE LEWISTON ID AIRPORT CLIMATE SUMMARY FOR MAY 28 2015...

CLIMATE NORMAL PERIOD 1981 TO 2010
CLIMATE RECORD PERIOD 1881 TO 2015


WEATHER ITEM   OBSERVED TIME   RECORD YEAR NORMAL DEPARTURE LAST
                VALUE   (LST)  VALUE       VALUE  FROM      YEAR
                                                  NORMAL
..................................................................
TEMPERATURE (F)
 YESTERDAY
  MAXIMUM         83    339 PM 104    1934  74      9       60
  MINIMUM         51    428 AM  37    1955  50      1       49
                                      1918
  AVERAGE         67                        62      5       55

PRECIPITATION (IN)
  YESTERDAY        0.00          0.54 1906   0.05  -0.05     0.12
  MONTH TO DATE    1.02                      1.44  -0.42     0.52
  SINCE OCT 1      8.97                      8.88   0.09     6.82
  SINCE JAN 1      4.78                      5.77  -0.99     5.29

SNOWFALL (IN)
  YESTERDAY        0.0           T    1977   0.0    0.0      0.0
  MONTH TO DATE    0.0                       0.0    0.0      0.0
  SINCE MAR 1      0.0                       0.7   -0.7      0.6
  SINCE JUL 1      1.5                      10.5   -9.0     16.5
  SNOW DEPTH       0

DEGREE DAYS
 HEATING
  YESTERDAY        0                         5     -5       10
  MONTH TO DATE   87                       207   -120      122
  SINCE MAR 1    984                      1232   -248     1122
  SINCE JUL 1   4206                      5087   -881     5283

 COOLING
  YESTERDAY        2                         2      0        0
  MONTH TO DATE   23                        26     -3       25
  SINCE MAR 1     24                        28     -4       25
  SINCE JAN 1     24                        28     -4       25
..................................................................


WIND (MPH)
  HIGHEST WIND SPEED    14   HIGHEST WIND DIRECTION     E (80)
  HIGHEST GUST SPEED    17   HIGHEST GUST DIRECTION    NE (60)
  AVERAGE WIND SPEED     7.2


SKY COVER
  POSSIBLE SUNSHINE  MM
  AVERAGE SKY COVER 0.0


WEATHER CONDITIONS
 THE FOLLOWING WEATHER WAS RECORDED YESTERDAY.
  LIGHT RAIN


RELATIVE HUMIDITY (PERCENT)
 HIGHEST    89           200 AM
 LOWEST     26           300 PM
 AVERAGE    58

..........................................................


THE LEWISTON ID AIRPORT CLIMATE NORMALS FOR TODAY
                         NORMAL    RECORD    YEAR
 MAXIMUM TEMPERATURE (F)   74       100      1983
                                             1897
 MINIMUM TEMPERATURE (F)   50        35      1951


SUNRISE AND SUNSET
MAY 29 2015...........SUNRISE   501 AM PDT   SUNSET   830 PM PDT
MAY 30 2015...........SUNRISE   501 AM PDT   SUNSET   831 PM PDT


-  INDICATES NEGATIVE NUMBERS.
R  INDICATES RECORD WAS SET OR TIED.
MM INDICATES DATA IS MISSING.
T  INDICATES TRACE AMOUNT.




$$
