000
CDUS46 KOTX 270046
CLILWS


CLIMATE REPORT
NATIONAL WEATHER SERVICE SPOKANE, WA
446 PM PST THU FEB 26 2015


...................................

...THE LEWISTON ID AIRPORT CLIMATE SUMMARY FOR FEBRUARY 26 2015...
VALID AS OF 0400 PM LOCAL TIME.

CLIMATE NORMAL PERIOD 1981 TO 2010
CLIMATE RECORD PERIOD 1881 TO 2015


WEATHER ITEM   OBSERVED TIME   RECORD YEAR NORMAL DEPARTURE LAST
                VALUE   (LST)  VALUE       VALUE  FROM      YEAR
                                                  NORMAL
..................................................................
TEMPERATURE (F)
 TODAY
  MAXIMUM         46   1250 PM  66    1932  49     -3       44
                                      1905
  MINIMUM         38    817 AM   5    1962  32      6       35
  AVERAGE         42                        41      1       40

PRECIPITATION (IN)
  TODAY            0.26          0.38 1974   0.03   0.23     0.00
  MONTH TO DATE    1.46                      0.72   0.74     1.19
  SINCE OCT 1      6.48                      4.91   1.57     3.77
  SINCE JAN 1      2.29                      1.80   0.49     2.24

SNOWFALL (IN)
  TODAY           0.0            0.8  1917   0.1   MM        0.0
  MONTH TO DATE    T                         2.0   -2.0     13.4
  SINCE DEC 1      1.5                       7.9   -6.4     15.9
  SINCE JUL 1      1.5                       9.7   -8.2     15.9
  SNOW DEPTH       0

DEGREE DAYS
 HEATING
  TODAY           23                        24     -1       25
  MONTH TO DATE  543                       688   -145      795
  SINCE DEC 1   2196                      2567   -371     2750
  SINCE JUL 1   3174                      3807   -633     4104

 COOLING
  TODAY            0                         0      0        0
  MONTH TO DATE    0                         0      0        0
  SINCE DEC 1      0                         0      0        0
  SINCE JAN 1      0                         0      0        0
..................................................................


WIND (MPH)
  HIGHEST WIND SPEED     8   HIGHEST WIND DIRECTION     E (90)
  HIGHEST GUST SPEED    13   HIGHEST GUST DIRECTION     E (90)
  AVERAGE WIND SPEED     3.7


SKY COVER
  POSSIBLE SUNSHINE  MM
  AVERAGE SKY COVER 1.0


WEATHER CONDITIONS
 THE FOLLOWING WEATHER WAS RECORDED TODAY.
  RAIN
  LIGHT RAIN
  FOG


RELATIVE HUMIDITY (PERCENT)
 HIGHEST   100
 LOWEST     76
 AVERAGE    88

..........................................................


THE LEWISTON ID AIRPORT CLIMATE NORMALS FOR TOMORROW
                         NORMAL    RECORD    YEAR
 MAXIMUM TEMPERATURE (F)   50        71      1926
 MINIMUM TEMPERATURE (F)   32         8      1962


SUNRISE AND SUNSET
FEBRUARY 26 2015......SUNRISE   633 AM PST   SUNSET   530 PM PST
FEBRUARY 27 2015......SUNRISE   631 AM PST   SUNSET   531 PM PST


-  INDICATES NEGATIVE NUMBERS.
R  INDICATES RECORD WAS SET OR TIED.
MM INDICATES DATA IS MISSING.
T  INDICATES TRACE AMOUNT.




$$
