000
CDUS46 KOTX 270828
CLILWS


CLIMATE REPORT
NATIONAL WEATHER SERVICE SPOKANE, WA
127 AM PDT WED AUG 27 2014


...................................

...THE LEWISTON ID AIRPORT CLIMATE SUMMARY FOR AUGUST 26 2014...

CLIMATE NORMAL PERIOD 1981 TO 2010
CLIMATE RECORD PERIOD 1881 TO 2014


WEATHER ITEM   OBSERVED TIME   RECORD YEAR NORMAL DEPARTURE LAST
                VALUE   (LST)  VALUE       VALUE  FROM      YEAR
                                                  NORMAL
..................................................................
TEMPERATURE (F)
 YESTERDAY
  MAXIMUM         89    236 PM 104    1922  86      3       89
  MINIMUM         57    539 AM  44    1955  57      0       56
                                      1952
  AVERAGE         73                        72      1       73

PRECIPITATION (IN)
  YESTERDAY        0.00          0.97 1903   0.02  -0.02     0.00
  MONTH TO DATE    1.17                      0.56   0.61     0.50
  SINCE OCT 1      9.20                     11.51  -2.31    10.55
  SINCE JAN 1      7.67                      8.40  -0.73     6.39

SNOWFALL (IN)
  YESTERDAY        0.0           0.0  1998   0.0    0.0      0.0
  MONTH TO DATE    0.0                       0.0    0.0      0.0
  SINCE JUN 1      0.0                       0.0    0.0      0.0
  SINCE JUL 1      0.0                       0.0    0.0      0.0
  SNOW DEPTH       0

DEGREE DAYS
 HEATING
  YESTERDAY        0                         0      0        0
  MONTH TO DATE    0                         0      0        0
  SINCE JUN 1     41                        77    -36       44
  SINCE JUL 1      0                         7     -7        0

 COOLING
  YESTERDAY        8                         7      1        8
  MONTH TO DATE  323                       254     69      326
  SINCE JUN 1    896                       652    244      877
  SINCE JAN 1    924                       684    240      934
..................................................................


WIND (MPH)
  HIGHEST WIND SPEED     9   HIGHEST WIND DIRECTION    SW (210)
  HIGHEST GUST SPEED    14   HIGHEST GUST DIRECTION     S (160)
  AVERAGE WIND SPEED     3.5


SKY COVER
  POSSIBLE SUNSHINE  MM
  AVERAGE SKY COVER 0.0


WEATHER CONDITIONS
 THE FOLLOWING WEATHER WAS RECORDED YESTERDAY.
  NO SIGNIFICANT WEATHER WAS OBSERVED.


RELATIVE HUMIDITY (PERCENT)
 HIGHEST    62           500 AM
 LOWEST     16           500 PM
 AVERAGE    39

..........................................................


THE LEWISTON ID AIRPORT CLIMATE NORMALS FOR TODAY
                         NORMAL    RECORD    YEAR
 MAXIMUM TEMPERATURE (F)   86       103      1929
 MINIMUM TEMPERATURE (F)   57        43      1962


SUNRISE AND SUNSET
AUGUST 27 2014........SUNRISE   602 AM PDT   SUNSET   736 PM PDT
AUGUST 28 2014........SUNRISE   603 AM PDT   SUNSET   734 PM PDT


-  INDICATES NEGATIVE NUMBERS.
R  INDICATES RECORD WAS SET OR TIED.
MM INDICATES DATA IS MISSING.
T  INDICATES TRACE AMOUNT.




$$
