000
CDUS46 KOTX 280824
CLILWS


CLIMATE REPORT
NATIONAL WEATHER SERVICE SPOKANE, WA
1221 AM PST SUN DEC 28 2014


...................................

...THE LEWISTON ID AIRPORT CLIMATE SUMMARY FOR DECEMBER 27 2014...

CLIMATE NORMAL PERIOD 1981 TO 2010
CLIMATE RECORD PERIOD 1881 TO 2014


WEATHER ITEM   OBSERVED TIME   RECORD YEAR NORMAL DEPARTURE LAST
                VALUE   (LST)  VALUE       VALUE  FROM      YEAR
                                                  NORMAL
..................................................................
TEMPERATURE (F)
 YESTERDAY
  MAXIMUM         41    650 PM  60    1917  39      2       48
  MINIMUM         26    106 AM   5    1948  27     -1       33
  AVERAGE         34                        33      1       41

PRECIPITATION (IN)
  YESTERDAY        0.02        0.89   1937  0.03  -0.01     0.00
  MONTH TO DATE    1.82                     0.84   0.98     0.72
  SINCE OCT 1      4.17                     2.98   1.19     1.52
  SINCE JAN 1     12.09                    12.18  -0.09     9.48

SNOWFALL (IN)
  YESTERDAY        0.0         4.0    1968  0.1   -0.1      0.0
  MONTH TO DATE    T                        3.0   -3.0      2.5
  SINCE DEC 1      T                        3.0   -3.0      2.5
  SINCE JUL 1      T                        4.8   -4.8      2.5
  SNOW DEPTH       0

DEGREE DAYS
 HEATING
  YESTERDAY       31                        32     -1       24
  MONTH TO DATE  670                       842   -172      926
  SINCE DEC 1    670                       842   -172      926
  SINCE JUL 1   1648                      2082   -434     2280

 COOLING
  YESTERDAY        0                         0      0        0
  MONTH TO DATE    0                         0      0        0
  SINCE DEC 1      0                         0      0        0
  SINCE JAN 1   1095                       807    288     1178
..................................................................


WIND (MPH)
  HIGHEST WIND SPEED    29   HIGHEST WIND DIRECTION     S (180)
  HIGHEST GUST SPEED    36   HIGHEST GUST DIRECTION     S (170)
  AVERAGE WIND SPEED     8.8


SKY COVER
  POSSIBLE SUNSHINE  MM
  AVERAGE SKY COVER 0.9


WEATHER CONDITIONS
 THE FOLLOWING WEATHER WAS RECORDED YESTERDAY.
  LIGHT RAIN


RELATIVE HUMIDITY (PERCENT)
 HIGHEST    92           100 AM
 LOWEST     64           200 PM
 AVERAGE    78

..........................................................


THE LEWISTON ID AIRPORT CLIMATE NORMALS FOR TODAY
                         NORMAL    RECORD    YEAR
 MAXIMUM TEMPERATURE (F)   39        63      1965
 MINIMUM TEMPERATURE (F)   28         4      1990


SUNRISE AND SUNSET
DECEMBER 28 2014......SUNRISE   731 AM PST   SUNSET   409 PM PST
DECEMBER 29 2014......SUNRISE   731 AM PST   SUNSET   409 PM PST


-  INDICATES NEGATIVE NUMBERS.
R  INDICATES RECORD WAS SET OR TIED.
MM INDICATES DATA IS MISSING.
T  INDICATES TRACE AMOUNT.

$$
