000
CDUS46 KOTX 232331
CLILWS


CLIMATE REPORT
NATIONAL WEATHER SERVICE SPOKANE, WA
431 PM PDT TUE AUG 23 2016


...................................

...THE LEWISTON ID AIRPORT CLIMATE SUMMARY FOR AUGUST 23 2016...
VALID AS OF 0400 PM LOCAL TIME.

CLIMATE NORMAL PERIOD 1981 TO 2010
CLIMATE RECORD PERIOD 1881 TO 2016


WEATHER ITEM   OBSERVED TIME   RECORD YEAR NORMAL DEPARTURE LAST
                VALUE   (LST)  VALUE       VALUE  FROM      YEAR
                                                  NORMAL
..................................................................
TEMPERATURE (F)
 TODAY
  MAXIMUM         82    259 PM 107    1901  87     -5       86
  MINIMUM         50    448 AM  42    1992  58     -8       53
  AVERAGE         66                        72     -6       70

PRECIPITATION (IN)
  TODAY            0.00          1.17 1989   0.02  -0.02     0.00
  MONTH TO DATE    0.24                      0.49  -0.25      T
  SINCE OCT 1     13.09                     11.44   1.65    10.30
  SINCE JAN 1      9.64                      8.33   1.31     6.11

SNOWFALL (IN)
  TODAY            0.0           0.0  1998   0.0    0.0      0.0
  MONTH TO DATE    0.0                       0.0    0.0      0.0
  SINCE JUN 1      0.0                       0.0    0.0      0.0
  SINCE JUL 1      0.0                       0.0    0.0      0.0
  SNOW DEPTH      MM

DEGREE DAYS
 HEATING
  TODAY            0                         0      0        0
  MONTH TO DATE    2                         0      2        0
  SINCE JUN 1     68                        77     -9        2
  SINCE JUL 1     11                         7      4        0

 COOLING
  TODAY            1                         8     -7        5
  MONTH TO DATE  246                       232     14      295
  SINCE JUN 1    696                       630     66     1041
  SINCE JAN 1    736                       662     74     1093
..................................................................


WIND (MPH)
  HIGHEST WIND SPEED    15   HIGHEST WIND DIRECTION     N (350)
  HIGHEST GUST SPEED    21   HIGHEST GUST DIRECTION     N (340)
  AVERAGE WIND SPEED     4.0


SKY COVER
  POSSIBLE SUNSHINE  MM
  AVERAGE SKY COVER 0.0


WEATHER CONDITIONS
 THE FOLLOWING WEATHER WAS RECORDED TODAY.
  NO SIGNIFICANT WEATHER WAS OBSERVED.


RELATIVE HUMIDITY (PERCENT)
 HIGHEST    54
 LOWEST     21
 AVERAGE    38

..........................................................


THE LEWISTON ID AIRPORT CLIMATE NORMALS FOR TOMORROW
                         NORMAL    RECORD    YEAR
 MAXIMUM TEMPERATURE (F)   87       106      1966
 MINIMUM TEMPERATURE (F)   58        41      1992


SUNRISE AND SUNSET
AUGUST 23 2016........SUNRISE   558 AM PDT   SUNSET   742 PM PDT
AUGUST 24 2016........SUNRISE   559 AM PDT   SUNSET   741 PM PDT


-  INDICATES NEGATIVE NUMBERS.
R  INDICATES RECORD WAS SET OR TIED.
MM INDICATES DATA IS MISSING.
T  INDICATES TRACE AMOUNT.




$$
