000
CDUS46 KOTX 240835
CLILWS


CLIMATE REPORT
NATIONAL WEATHER SERVICE SPOKANE, WA
135 AM PDT SAT JUN 24 2017


...................................

...THE LEWISTON ID AIRPORT CLIMATE SUMMARY FOR JUNE 23 2017...

CLIMATE NORMAL PERIOD 1981 TO 2010
CLIMATE RECORD PERIOD 1881 TO 2017


WEATHER ITEM   OBSERVED TIME   RECORD YEAR NORMAL DEPARTURE LAST
                VALUE   (LST)  VALUE       VALUE  FROM      YEAR
                                                  NORMAL
..................................................................
TEMPERATURE (F)
 YESTERDAY
  MAXIMUM         85    356 PM 102    1992  81      4       84
  MINIMUM         50    445 AM  43    1952  55     -5       58
  AVERAGE         68                        68      0       71

PRECIPITATION (IN)
  YESTERDAY        0.00          0.72 1969   0.03  -0.03      T
  MONTH TO DATE    0.62                      1.01  -0.39     0.70
  SINCE OCT 1     15.25                     10.06   5.19    10.97
  SINCE JAN 1     10.37                      6.95   3.42     7.52

SNOWFALL (IN)
  YESTERDAY        0.0           0.1  1911   0.0    0.0      0.0
  MONTH TO DATE    0.0                       0.0    0.0      0.0
  SINCE JUN 1      0.0                       0.0    0.0      0.0
  SINCE JUL 1     39.2                      10.5   28.7      6.4
  SNOW DEPTH       0

DEGREE DAYS
 HEATING
  YESTERDAY        0                         2     -2        0
  MONTH TO DATE   37                        63    -26       57
  SINCE JUN 1     37                        63    -26       57
  SINCE JUL 1   5280                      5160    120     4223

 COOLING
  YESTERDAY        3                         4     -1        6
  MONTH TO DATE   73                        61     12      107
  SINCE JUN 1     73                        61     12      107
  SINCE JAN 1    124                        93     31      147
..................................................................


WIND (MPH)
  HIGHEST WIND SPEED    13   HIGHEST WIND DIRECTION     N (360)
  HIGHEST GUST SPEED    18   HIGHEST GUST DIRECTION     W (270)
  AVERAGE WIND SPEED     4.0


SKY COVER
  POSSIBLE SUNSHINE  MM
  AVERAGE SKY COVER 0.0


WEATHER CONDITIONS
 THE FOLLOWING WEATHER WAS RECORDED YESTERDAY.
  NO SIGNIFICANT WEATHER WAS OBSERVED.


RELATIVE HUMIDITY (PERCENT)
 HIGHEST    63           500 AM
 LOWEST     13           300 PM
 AVERAGE    38

..........................................................


THE LEWISTON ID AIRPORT CLIMATE NORMALS FOR TODAY
                         NORMAL    RECORD    YEAR
 MAXIMUM TEMPERATURE (F)   81       106      1940
 MINIMUM TEMPERATURE (F)   55        43      1920


SUNRISE AND SUNSET
JUNE 24 2017..........SUNRISE   457 AM PDT   SUNSET   845 PM PDT
JUNE 25 2017..........SUNRISE   457 AM PDT   SUNSET   845 PM PDT


-  INDICATES NEGATIVE NUMBERS.
R  INDICATES RECORD WAS SET OR TIED.
MM INDICATES DATA IS MISSING.
T  INDICATES TRACE AMOUNT.




$$
