000
CDUS46 KOTX 110840
CLILWS


CLIMATE REPORT
NATIONAL WEATHER SERVICE SPOKANE, WA
140 AM PDT FRI JUL 11 2014


...................................

...THE LEWISTON ID AIRPORT CLIMATE SUMMARY FOR JULY 10 2014...

CLIMATE NORMAL PERIOD 1981 TO 2010
CLIMATE RECORD PERIOD 1881 TO 2014


WEATHER ITEM   OBSERVED TIME   RECORD YEAR NORMAL DEPARTURE LAST
                VALUE   (LST)  VALUE       VALUE  FROM      YEAR
                                                  NORMAL
..................................................................
TEMPERATURE (F)
 YESTERDAY
  MAXIMUM         97    359 PM 106    1975  88      9       98
  MINIMUM         62    446 AM  49    1972  59      3       64
  AVERAGE         80                        73      7       81

PRECIPITATION (IN)
  YESTERDAY        0.00          1.80 1998   0.02  -0.02     0.00
  MONTH TO DATE    T                         0.26  -0.26     0.02
  SINCE OCT 1      7.77                     10.55  -2.78     9.98
  SINCE JAN 1      6.24                      7.44  -1.20     5.82

SNOWFALL (IN)
  YESTERDAY        0.0           0.0  1995   0.0    0.0      0.0
  MONTH TO DATE    0.0                       0.0    0.0      0.0
  SINCE JUN 1      0.0                       0.0    0.0      0.0
  SINCE JUL 1      0.0                       0.0    0.0      0.0
  SNOW DEPTH       0

DEGREE DAYS
 HEATING
  YESTERDAY        0                         0      0        0
  MONTH TO DATE    0                         4     -4        0
  SINCE JUN 1     41                        74    -33       44
  SINCE JUL 1      0                         4     -4        0

 COOLING
  YESTERDAY       15                         9      6       16
  MONTH TO DATE  151                        73     78      142
  SINCE JUN 1    241                       171     70      262
  SINCE JAN 1    269                       203     66      319
..................................................................


WIND (MPH)
  HIGHEST WIND SPEED    16   HIGHEST WIND DIRECTION    NW (300)
  HIGHEST GUST SPEED    20   HIGHEST GUST DIRECTION    NW (300)
  AVERAGE WIND SPEED     5.9


SKY COVER
  POSSIBLE SUNSHINE  MM
  AVERAGE SKY COVER 0.0


WEATHER CONDITIONS
 THE FOLLOWING WEATHER WAS RECORDED YESTERDAY.
  NO SIGNIFICANT WEATHER WAS OBSERVED.


RELATIVE HUMIDITY (PERCENT)
 HIGHEST    56           500 AM
 LOWEST      8           500 PM
 AVERAGE    32

..........................................................


THE LEWISTON ID AIRPORT CLIMATE NORMALS FOR TODAY
                         NORMAL    RECORD    YEAR
 MAXIMUM TEMPERATURE (F)   88       111      1940
 MINIMUM TEMPERATURE (F)   59        49      1974
                                             1971
                                             1950


SUNRISE AND SUNSET
JULY 11 2014..........SUNRISE   507 AM PDT   SUNSET   840 PM PDT
JULY 12 2014..........SUNRISE   508 AM PDT   SUNSET   839 PM PDT


-  INDICATES NEGATIVE NUMBERS.
R  INDICATES RECORD WAS SET OR TIED.
MM INDICATES DATA IS MISSING.
T  INDICATES TRACE AMOUNT.




$$
