000
CDUS46 KOTX 260828
CLILWS


CLIMATE REPORT
NATIONAL WEATHER SERVICE SPOKANE, WA
1228 AM PST WED NOV 26 2014


...................................

...THE LEWISTON ID AIRPORT CLIMATE SUMMARY FOR NOVEMBER 25 2014...

CLIMATE NORMAL PERIOD 1981 TO 2010
CLIMATE RECORD PERIOD 1881 TO 2014


WEATHER ITEM   OBSERVED TIME   RECORD YEAR NORMAL DEPARTURE LAST
                VALUE   (LST)  VALUE       VALUE  FROM      YEAR
                                                  NORMAL
..................................................................
TEMPERATURE (F)
 YESTERDAY
  MAXIMUM         48   1233 PM  65    1949  44      4       43
  MINIMUM         42   1155 PM   2    1993  32     10       24
  AVERAGE         45                        38      7       34

PRECIPITATION (IN)
  YESTERDAY        0.61          0.80 1999   0.04   0.57     0.00
  MONTH TO DATE    1.24                      1.00   0.24     0.69
  SINCE OCT 1      2.23                      1.96   0.27     0.78
  SINCE JAN 1     10.15                     11.16  -1.01     8.74

SNOWFALL (IN)
  YESTERDAY        0.0           5.5  1961   0.0    0.0      0.0
  MONTH TO DATE    T                         1.3   -1.3       T
  SINCE SEP 1      T                         1.3   -1.3       T
  SINCE JUL 1      T                         1.3   -1.3       T
  SNOW DEPTH       0

DEGREE DAYS
 HEATING
  YESTERDAY       20                        27     -7       31
  MONTH TO DATE  617                       575     42      620
  SINCE SEP 1    862                      1085   -223     1188
  SINCE JUL 1    862                      1100   -238     1188

 COOLING
  YESTERDAY        0                         0      0        0
  MONTH TO DATE    0                         0      0        0
  SINCE SEP 1    125                        90     35      184
  SINCE JAN 1   1095                       807    288     1178
..................................................................


WIND (MPH)
  HIGHEST WIND SPEED    23   HIGHEST WIND DIRECTION     S (180)
  HIGHEST GUST SPEED    28   HIGHEST GUST DIRECTION     S (180)
  AVERAGE WIND SPEED     4.6


SKY COVER
  POSSIBLE SUNSHINE  MM
  AVERAGE SKY COVER 1.0


WEATHER CONDITIONS
 THE FOLLOWING WEATHER WAS RECORDED YESTERDAY.
  RAIN
  LIGHT RAIN
  FOG


RELATIVE HUMIDITY (PERCENT)
 HIGHEST   100          1000 AM
 LOWEST     71          1200 AM
 AVERAGE    86

..........................................................


THE LEWISTON ID AIRPORT CLIMATE NORMALS FOR TODAY
                         NORMAL    RECORD    YEAR
 MAXIMUM TEMPERATURE (F)   44        62      1899
 MINIMUM TEMPERATURE (F)   32         6      1993


SUNRISE AND SUNSET
NOVEMBER 26 2014......SUNRISE   705 AM PST   SUNSET   406 PM PST
NOVEMBER 27 2014......SUNRISE   706 AM PST   SUNSET   405 PM PST


-  INDICATES NEGATIVE NUMBERS.
R  INDICATES RECORD WAS SET OR TIED.
MM INDICATES DATA IS MISSING.
T  INDICATES TRACE AMOUNT.




$$
