000
CDUS45 KTFX 250918
CLILWT


CLIMATE REPORT
NATIONAL WEATHER SERVICE GREAT FALLS MT
317 AM MDT THU MAY 25 2017


...................................

...THE LEWISTOWN MT CLIMATE SUMMARY FOR MAY 24 2017...

CLIMATE NORMAL PERIOD 1981 TO 2010
CLIMATE RECORD PERIOD 1896 TO 2017


WEATHER ITEM   OBSERVED TIME   RECORD YEAR NORMAL DEPARTURE LAST
                VALUE   (LST)  VALUE       VALUE  FROM      YEAR
                                                  NORMAL
..................................................................
TEMPERATURE (F)
 YESTERDAY
  MAXIMUM         73    837 AM  88    1929  65      8       56
  MINIMUM         39   1121 PM  29    1993  40     -1       39
  AVERAGE         56                        52      4       48

PRECIPITATION (IN)
  YESTERDAY        0.00          1.19 2008   0.11  -0.11     0.08
  MONTH TO DATE    1.53                      2.06  -0.53     2.85
  SINCE OCT 1     10.05                      7.97   2.08     8.64
  SINCE JAN 1      5.65                      5.47   0.18     6.56

SNOWFALL (IN)
  YESTERDAY       MM
  SNOW DEPTH       0

DEGREE DAYS
 HEATING
  YESTERDAY        9                        13     -4       17
  MONTH TO DATE  332                       385    -53      327
  SINCE MAR 1   1893                      2088   -195     1671
  SINCE JUL 1   7704                      7892   -188     6629

 COOLING
  YESTERDAY        0                         0      0        0
  MONTH TO DATE    0                         0      0        0
  SINCE MAR 1      0                         0      0        0
  SINCE JAN 1      0                         0      0        0
..................................................................


WIND (MPH)
  HIGHEST WIND SPEED    37   HIGHEST WIND DIRECTION    NW (300)
  HIGHEST GUST SPEED    48   HIGHEST GUST DIRECTION    NW (300)
  AVERAGE WIND SPEED    21.6


SKY COVER
  AVERAGE SKY COVER 0.2


WEATHER CONDITIONS
 THE FOLLOWING WEATHER WAS RECORDED YESTERDAY.
  NO SIGNIFICANT WEATHER WAS OBSERVED.


RELATIVE HUMIDITY (PERCENT)
 HIGHEST    64           300 AM
 LOWEST     13           300 PM
 AVERAGE    39

..........................................................


THE LEWISTOWN MT CLIMATE NORMALS FOR TODAY
                         NORMAL    RECORD    YEAR
 MAXIMUM TEMPERATURE (F)   65        92      1928
 MINIMUM TEMPERATURE (F)   40        26      2004


SUNRISE AND SUNSET
MAY 25 2017...........SUNRISE   531 AM MDT   SUNSET   859 PM MDT
MAY 26 2017...........SUNRISE   531 AM MDT   SUNSET   900 PM MDT


-  INDICATES NEGATIVE NUMBERS.
R  INDICATES RECORD WAS SET OR TIED.
MM INDICATES DATA IS MISSING.
T  INDICATES TRACE AMOUNT.




$$
