663
CDUS45 KTFX 131144
CLILWT


CLIMATE REPORT
NATIONAL WEATHER SERVICE GREAT FALLS MT
443 AM MST SAT FEB 13 2016


...................................

...THE LEWISTOWN MT CLIMATE SUMMARY FOR FEBRUARY 12 2016...

CLIMATE NORMAL PERIOD 1981 TO 2010
CLIMATE RECORD PERIOD 1896 TO 2016


WEATHER ITEM   OBSERVED TIME   RECORD YEAR NORMAL DEPARTURE LAST
                VALUE   (LST)  VALUE       VALUE  FROM      YEAR
                                                  NORMAL
..................................................................
TEMPERATURE (F)
 YESTERDAY
  MAXIMUM         45   1037 PM  60    1921  36      9       58
  MINIMUM         29    246 AM -30    1905  14     15       29
  AVERAGE         37                        25     12       44

PRECIPITATION (IN)
  YESTERDAY        0.01          0.60 1897   0.02  -0.01     0.00
  MONTH TO DATE    0.06                      0.19  -0.13     0.27
  SINCE OCT 1      2.81                      3.26  -0.45     3.39
  SINCE JAN 1      0.73                      0.76  -0.03     1.08

SNOWFALL (IN)
  YESTERDAY        T
  SNOW DEPTH       0

DEGREE DAYS
 HEATING
  YESTERDAY       28                        40    -12       21
  MONTH TO DATE  392                       483    -91      350
  SINCE DEC 1   2756                      3060   -304     2658
  SINCE JUL 1   4513                      5188   -675     4575

 COOLING
  YESTERDAY        0                         0      0        0
  MONTH TO DATE    0                         0      0        0
  SINCE DEC 1      0                         0      0        0
  SINCE JAN 1      0                         0      0        0
..................................................................


WIND (MPH)
  HIGHEST WIND SPEED    16   HIGHEST WIND DIRECTION    SW (230)
  HIGHEST GUST SPEED    19   HIGHEST GUST DIRECTION     E (100)
  AVERAGE WIND SPEED     9.8


SKY COVER
  AVERAGE SKY COVER 0.6


WEATHER CONDITIONS
 THE FOLLOWING WEATHER WAS RECORDED YESTERDAY.
  LIGHT RAIN
  LIGHT SNOW
  FOG


RELATIVE HUMIDITY (PERCENT)
 HIGHEST    89           700 PM
 LOWEST     65          1100 PM
 AVERAGE    77

..........................................................


THE LEWISTOWN MT CLIMATE NORMALS FOR TODAY
                         NORMAL    RECORD    YEAR
 MAXIMUM TEMPERATURE (F)   36        61      2015
 MINIMUM TEMPERATURE (F)   15       -34      1936


SUNRISE AND SUNSET
FEBRUARY 13 2016......SUNRISE   726 AM MST   SUNSET   539 PM MST
FEBRUARY 14 2016......SUNRISE   725 AM MST   SUNSET   540 PM MST


-  INDICATES NEGATIVE NUMBERS.
R  INDICATES RECORD WAS SET OR TIED.
MM INDICATES DATA IS MISSING.
T  INDICATES TRACE AMOUNT.




$$
