000
CDUS45 KTFX 010924
CLILWT


CLIMATE REPORT
NATIONAL WEATHER SERVICE GREAT FALLS MT
324 AM MDT WED OCT 1 2014


...................................

...THE LEWISTOWN MT CLIMATE SUMMARY FOR SEPTEMBER 30 2014...

CLIMATE NORMAL PERIOD 1981 TO 2010
CLIMATE RECORD PERIOD 1896 TO 2014


WEATHER ITEM   OBSERVED TIME   RECORD YEAR NORMAL DEPARTURE LAST
                VALUE   (LST)  VALUE       VALUE  FROM      YEAR
                                                  NORMAL
..................................................................
TEMPERATURE (F)
 YESTERDAY
  MAXIMUM         63    150 PM  93    1906  63      0       57
  MINIMUM         45   1159 PM  17    1985  36      9       40
  AVERAGE         54                        49      5       49

PRECIPITATION (IN)
  YESTERDAY        0.04          1.02 1926   0.04   0.00     0.14
  MONTH TO DATE    1.49                      1.35   0.14     2.35
  SINCE OCT 1     18.65                     16.85   1.80    22.92
  SINCE JAN 1     16.57                     14.35   2.22    20.41

SNOWFALL (IN)
  YESTERDAY       MM
  SNOW DEPTH       0

DEGREE DAYS
 HEATING
  YESTERDAY       11                        16     -5       16
  MONTH TO DATE  274                       319    -45      224
  SINCE SEP 1    274                       319    -45      224
  SINCE JUL 1    355                       477   -122      263

 COOLING
  YESTERDAY        0                         0      0        0
  MONTH TO DATE   14                        14      0       47
  SINCE SEP 1     14                        14      0       47
  SINCE JAN 1    295                       210     85      277
..................................................................


WIND (MPH)
  HIGHEST WIND SPEED    24   HIGHEST WIND DIRECTION    NW (310)
  HIGHEST GUST SPEED    33   HIGHEST GUST DIRECTION    NW (320)
  AVERAGE WIND SPEED    12.0


SKY COVER
  AVERAGE SKY COVER 0.9


WEATHER CONDITIONS
 THE FOLLOWING WEATHER WAS RECORDED YESTERDAY.
  RAIN
  LIGHT RAIN
  FOG


RELATIVE HUMIDITY (PERCENT)
 HIGHEST    72          1100 AM
 LOWEST     48           200 PM
 AVERAGE    60

..........................................................


THE LEWISTOWN MT CLIMATE NORMALS FOR TODAY
                         NORMAL    RECORD    YEAR
 MAXIMUM TEMPERATURE (F)   62        90      2011
 MINIMUM TEMPERATURE (F)   35        15      1950


SUNRISE AND SUNSET
OCTOBER  1 2014.......SUNRISE   717 AM MDT   SUNSET   657 PM MDT
OCTOBER  2 2014.......SUNRISE   718 AM MDT   SUNSET   655 PM MDT


-  INDICATES NEGATIVE NUMBERS.
R  INDICATES RECORD WAS SET OR TIED.
MM INDICATES DATA IS MISSING.
T  INDICATES TRACE AMOUNT.




$$
