000
CDUS45 KTFX 211006
CLILWT


CLIMATE REPORT
NATIONAL WEATHER SERVICE GREAT FALLS MT
405 AM MDT MON APR 21 2014


...................................

...THE LEWISTOWN MT CLIMATE SUMMARY FOR APRIL 20 2014...

CLIMATE NORMAL PERIOD 1981 TO 2010
CLIMATE RECORD PERIOD 1896 TO 2014


WEATHER ITEM   OBSERVED TIME   RECORD YEAR NORMAL DEPARTURE LAST
                VALUE   (LST)  VALUE       VALUE  FROM      YEAR
                                                  NORMAL
..................................................................
TEMPERATURE (F)
 YESTERDAY
  MAXIMUM         58    327 PM  84    1908  55      3       55
  MINIMUM         35   1054 PM   0    1927  30      5       31
  AVERAGE         47                        42      5       43

PRECIPITATION (IN)
  YESTERDAY        0.00          1.08 1973   0.05  -0.05     0.11
  MONTH TO DATE    0.35                      0.86  -0.51     0.90
  SINCE OCT 1      5.18                      5.36  -0.18     5.54
  SINCE JAN 1      3.10                      2.86   0.24     3.03

SNOWFALL (IN)
  YESTERDAY       MM
  SNOW DEPTH       0

DEGREE DAYS
 HEATING
  YESTERDAY       18                        22     -4       22
  MONTH TO DATE  507                       499      8      610
  SINCE MAR 1   1624                      1494    130     1656
  SINCE JUL 1   7680                      7298    382     7164

 COOLING
  YESTERDAY        0                         0      0        0
  MONTH TO DATE    0                         0      0        0
  SINCE MAR 1      0                         0      0        0
  SINCE JAN 1      0                         0      0        0
..................................................................


WIND (MPH)
  HIGHEST WIND SPEED    38   HIGHEST WIND DIRECTION     W (270)
  HIGHEST GUST SPEED    46   HIGHEST GUST DIRECTION     W (270)
  AVERAGE WIND SPEED    16.0


SKY COVER
  AVERAGE SKY COVER 0.1


WEATHER CONDITIONS
 THE FOLLOWING WEATHER WAS RECORDED YESTERDAY.
  NO SIGNIFICANT WEATHER WAS OBSERVED.


RELATIVE HUMIDITY (PERCENT)
 HIGHEST    54           100 AM
 LOWEST     15           400 PM
 AVERAGE    35

..........................................................


THE LEWISTOWN MT CLIMATE NORMALS FOR TODAY
                         NORMAL    RECORD    YEAR
 MAXIMUM TEMPERATURE (F)   55        82      1906
 MINIMUM TEMPERATURE (F)   30         0      2008


SUNRISE AND SUNSET
APRIL 21 2014.........SUNRISE   619 AM MDT   SUNSET   815 PM MDT
APRIL 22 2014.........SUNRISE   617 AM MDT   SUNSET   816 PM MDT


-  INDICATES NEGATIVE NUMBERS.
R  INDICATES RECORD WAS SET OR TIED.
MM INDICATES DATA IS MISSING.
T  INDICATES TRACE AMOUNT.




$$
