000
CDUS45 KTFX 282357
CLILWT


CLIMATE REPORT
NATIONAL WEATHER SERVICE GREAT FALLS MT
557 PM MDT THU MAY 28 2015


...................................

...THE LEWISTOWN MT CLIMATE SUMMARY FOR MAY 28 2015...
VALID TODAY AS OF 0500 PM LOCAL TIME.

CLIMATE NORMAL PERIOD 1981 TO 2010
CLIMATE RECORD PERIOD 1896 TO 2015


WEATHER ITEM   OBSERVED TIME   RECORD YEAR NORMAL DEPARTURE LAST
                VALUE   (LST)  VALUE       VALUE  FROM      YEAR
                                                  NORMAL
..................................................................
TEMPERATURE (F)
 TODAY
  MAXIMUM         65   1126 AM  93    1919  66     -1       77
  MINIMUM         46    330 AM  15    1947  41      5       50
  AVERAGE         56                        53      3       64

PRECIPITATION (IN)
  TODAY            0.05          1.32 1898   0.12  -0.07     0.00
  MONTH TO DATE    2.48                      2.50  -0.02     1.70
  SINCE OCT 1      8.84                      8.41   0.43     7.54
  SINCE JAN 1      6.53                      5.91   0.62     5.46

SNOWFALL (IN)
  TODAY           MM
  SNOW DEPTH      MM

DEGREE DAYS
 HEATING
  TODAY            9                        12     -3        1
  MONTH TO DATE  438                       433      5      427
  SINCE MAR 1   1765                      2136   -371     2261
  SINCE JUL 1   6963                      7940   -977     8317

 COOLING
  TODAY            0                         0      0        0
  MONTH TO DATE    0                         0      0        0
  SINCE MAR 1      0                         0      0        0
  SINCE JAN 1      0                         0      0        0
..................................................................


WIND (MPH)
  HIGHEST WIND SPEED    25   HIGHEST WIND DIRECTION    NW (330)
  HIGHEST GUST SPEED    35   HIGHEST GUST DIRECTION     N (340)
  AVERAGE WIND SPEED     7.2


SKY COVER
  AVERAGE SKY COVER 0.7


WEATHER CONDITIONS
 THE FOLLOWING WEATHER WAS RECORDED TODAY.
  THUNDERSTORM
  LIGHT RAIN


RELATIVE HUMIDITY (PERCENT)
 HIGHEST    86
 LOWEST     56
 AVERAGE    71

..........................................................


THE LEWISTOWN MT CLIMATE NORMALS FOR TOMORROW
                         NORMAL    RECORD    YEAR
 MAXIMUM TEMPERATURE (F)   66        92      1936
 MINIMUM TEMPERATURE (F)   42        27      1951


SUNRISE AND SUNSET
MAY 28 2015...........SUNRISE   529 AM MDT   SUNSET   901 PM MDT
MAY 29 2015...........SUNRISE   529 AM MDT   SUNSET   902 PM MDT


-  INDICATES NEGATIVE NUMBERS.
R  INDICATES RECORD WAS SET OR TIED.
MM INDICATES DATA IS MISSING.
T  INDICATES TRACE AMOUNT.




$$
