000
CDUS45 KTFX 281055
CLILWT


CLIMATE REPORT
NATIONAL WEATHER SERVICE GREAT FALLS MT
454 AM MDT WED SEP 28 2016


...................................

...THE LEWISTOWN MT CLIMATE SUMMARY FOR SEPTEMBER 27 2016...

CLIMATE NORMAL PERIOD 1981 TO 2010
CLIMATE RECORD PERIOD 1896 TO 2016


WEATHER ITEM   OBSERVED TIME   RECORD YEAR NORMAL DEPARTURE LAST
                VALUE   (LST)  VALUE       VALUE  FROM      YEAR
                                                  NORMAL
..................................................................
TEMPERATURE (F)
 YESTERDAY
  MAXIMUM         80    340 PM  88    1963  64     16       69
  MINIMUM         44    415 AM  17    1900  37      7       42
  AVERAGE         62                        50     12       56

PRECIPITATION (IN)
  YESTERDAY        0.00          0.98 2014   0.04  -0.04      T
  MONTH TO DATE    2.41                      1.22   1.19     0.77
  SINCE OCT 1     18.11                     16.72   1.39    14.39
  SINCE JAN 1     16.03                     14.22   1.81    12.08

SNOWFALL (IN)
  YESTERDAY       MM
  SNOW DEPTH       0

DEGREE DAYS
 HEATING
  YESTERDAY        3                        15    -12        9
  MONTH TO DATE  299                       273     26      174
  SINCE SEP 1    299                       273     26      174
  SINCE JUL 1    410                       431    -21      276

 COOLING
  YESTERDAY        0                         0      0        0
  MONTH TO DATE   14                        13      1       25
  SINCE SEP 1     14                        13      1       25
  SINCE JAN 1    259                       209     50      339
..................................................................


WIND (MPH)
  HIGHEST WIND SPEED    16   HIGHEST WIND DIRECTION    SW (230)
  HIGHEST GUST SPEED    19   HIGHEST GUST DIRECTION     W (290)
  AVERAGE WIND SPEED     6.5


SKY COVER
  AVERAGE SKY COVER 0.0


WEATHER CONDITIONS
 THE FOLLOWING WEATHER WAS RECORDED YESTERDAY.
  NO SIGNIFICANT WEATHER WAS OBSERVED.


RELATIVE HUMIDITY (PERCENT)
 HIGHEST    83          1100 PM
 LOWEST     20           200 PM
 AVERAGE    52

..........................................................


THE LEWISTOWN MT CLIMATE NORMALS FOR TODAY
                         NORMAL    RECORD    YEAR
 MAXIMUM TEMPERATURE (F)   64        87      1910
 MINIMUM TEMPERATURE (F)   36        17      1984


SUNRISE AND SUNSET
SEPTEMBER 28 2016.....SUNRISE   713 AM MDT   SUNSET   702 PM MDT
SEPTEMBER 29 2016.....SUNRISE   715 AM MDT   SUNSET   700 PM MDT


-  INDICATES NEGATIVE NUMBERS.
R  INDICATES RECORD WAS SET OR TIED.
MM INDICATES DATA IS MISSING.
T  INDICATES TRACE AMOUNT.




$$
