000
CDUS45 KTFX 252230
CLILWT


CLIMATE REPORT
NATIONAL WEATHER SERVICE GREAT FALLS MT
430 PM MDT MON SEP 25 2017


...................................

...THE LEWISTOWN MT CLIMATE SUMMARY FOR SEPTEMBER 25 2017...
VALID TODAY AS OF 0400 PM LOCAL TIME.

CLIMATE NORMAL PERIOD 1981 TO 2010
CLIMATE RECORD PERIOD 1896 TO 2017


WEATHER ITEM   OBSERVED TIME   RECORD YEAR NORMAL DEPARTURE LAST
                VALUE   (LST)  VALUE       VALUE  FROM      YEAR
                                                  NORMAL
..................................................................
TEMPERATURE (F)
 TODAY
  MAXIMUM         60    242 PM  92    2015  65     -5       63
                                      1922
  MINIMUM         29    505 AM  13    1926  37     -8       34
  AVERAGE         45                        51     -6       49

PRECIPITATION (IN)
  TODAY            0.00          0.62 1924   0.04  -0.04     0.00
  MONTH TO DATE    2.40                      1.14   1.26     2.41
  SINCE OCT 1     14.79                     16.64  -1.85    18.11
  SINCE JAN 1     10.39                     14.14  -3.75    16.03

DEGREE DAYS
 HEATING
  TODAY           20                        14      6       16
  MONTH TO DATE  262                       244     18      288
  SINCE SEP 1    262                       244     18      288
  SINCE JUL 1    300                       402   -102      399

 COOLING
  TODAY            0                         0      0        0
  MONTH TO DATE   33                        13     20       14
  SINCE SEP 1     33                        13     20       14
  SINCE JAN 1    375                       209    166      259
..................................................................


WIND (MPH)
  HIGHEST WIND SPEED    10   HIGHEST WIND DIRECTION     N (20)
  HIGHEST GUST SPEED    15   HIGHEST GUST DIRECTION     N (20)
  AVERAGE WIND SPEED     5.8


SKY COVER
  AVERAGE SKY COVER 0.0


WEATHER CONDITIONS
 THE FOLLOWING WEATHER WAS RECORDED TODAY.
  NO SIGNIFICANT WEATHER WAS OBSERVED.


RELATIVE HUMIDITY (PERCENT)
 HIGHEST    92
 LOWEST     30
 AVERAGE    61

..........................................................


THE LEWISTOWN MT CLIMATE NORMALS FOR TOMORROW
                         NORMAL    RECORD    YEAR
 MAXIMUM TEMPERATURE (F)   64        90      2015
 MINIMUM TEMPERATURE (F)   37         9      1900


SUNRISE AND SUNSET
SEPTEMBER 25 2017.....SUNRISE   709 AM MDT   SUNSET   709 PM MDT
SEPTEMBER 26 2017.....SUNRISE   710 AM MDT   SUNSET   707 PM MDT


-  INDICATES NEGATIVE NUMBERS.
R  INDICATES RECORD WAS SET OR TIED.
MM INDICATES DATA IS MISSING.
T  INDICATES TRACE AMOUNT.




$$
