000
CDUS45 KTFX 230857
CLILWT


CLIMATE REPORT
NATIONAL WEATHER SERVICE GREAT FALLS MT
256 AM MDT SAT JUL 23 2016


...................................

...THE LEWISTOWN MT CLIMATE SUMMARY FOR JULY 22 2016...

CLIMATE NORMAL PERIOD 1981 TO 2010
CLIMATE RECORD PERIOD 1896 TO 2016


WEATHER ITEM   OBSERVED TIME   RECORD YEAR NORMAL DEPARTURE LAST
                VALUE   (LST)  VALUE       VALUE  FROM      YEAR
                                                  NORMAL
..................................................................
TEMPERATURE (F)
 YESTERDAY
  MAXIMUM         94    238 PM  99    1963  82     12       84
  MINIMUM         57   1157 PM  37    1914  51      6       52
  AVERAGE         76                        67      9       68

PRECIPITATION (IN)
  YESTERDAY        0.07          0.42 1997   0.06   0.01      T
  MONTH TO DATE    3.39                      1.46   1.93     0.67
  SINCE OCT 1     13.92                     13.30   0.62    11.28
  SINCE JAN 1     11.84                     10.80   1.04     8.97

SNOWFALL (IN)
  YESTERDAY        0.0
  SNOW DEPTH       0

DEGREE DAYS
 HEATING
  YESTERDAY        0                         2     -2        0
  MONTH TO DATE   45                        61    -16       17
  SINCE JUN 1    135                       288   -153      103
  SINCE JUL 1     45                        61    -16       17

 COOLING
  YESTERDAY       11                         3      8        3
  MONTH TO DATE   71                        56     15       78
  SINCE JUN 1    128                        76     52      153
  SINCE JAN 1    128                        78     50      153
..................................................................


WIND (MPH)
  HIGHEST WIND SPEED    40   HIGHEST WIND DIRECTION    SW (230)
  HIGHEST GUST SPEED    50   HIGHEST GUST DIRECTION     W (260)
  AVERAGE WIND SPEED    12.0


SKY COVER
  AVERAGE SKY COVER 0.0


WEATHER CONDITIONS
 THE FOLLOWING WEATHER WAS RECORDED YESTERDAY.
  THUNDERSTORM
  LIGHT RAIN


RELATIVE HUMIDITY (PERCENT)
 HIGHEST    60          1200 AM
 LOWEST     26           200 PM
 AVERAGE    43

..........................................................


THE LEWISTOWN MT CLIMATE NORMALS FOR TODAY
                         NORMAL    RECORD    YEAR
 MAXIMUM TEMPERATURE (F)   83       104      1931
 MINIMUM TEMPERATURE (F)   51        35      1896


SUNRISE AND SUNSET
JULY 23 2016..........SUNRISE   547 AM MDT   SUNSET   901 PM MDT
JULY 24 2016..........SUNRISE   548 AM MDT   SUNSET   900 PM MDT


-  INDICATES NEGATIVE NUMBERS.
R  INDICATES RECORD WAS SET OR TIED.
MM INDICATES DATA IS MISSING.
T  INDICATES TRACE AMOUNT.




$$
