000
CDUS45 KTFX 231021
CLILWT


CLIMATE REPORT
NATIONAL WEATHER SERVICE GREAT FALLS MT
420 AM MDT SAT AUG 23 2014


...................................

...THE LEWISTOWN MT CLIMATE SUMMARY FOR AUGUST 22 2014...

CLIMATE NORMAL PERIOD 1981 TO 2010
CLIMATE RECORD PERIOD 1896 TO 2014


WEATHER ITEM   OBSERVED TIME   RECORD YEAR NORMAL DEPARTURE LAST
                VALUE   (LST)  VALUE       VALUE  FROM      YEAR
                                                  NORMAL
..................................................................
TEMPERATURE (F)
 YESTERDAY
  MAXIMUM         61    105 PM  98    1976  79    -18       88
  MINIMUM         53    634 AM  34    1992  49      4       53
  AVERAGE         57                        64     -7       71

PRECIPITATION (IN)
  YESTERDAY        0.68          1.66 1992   0.05   0.63     0.00
  MONTH TO DATE    2.06                      1.24   0.82     2.09
  SINCE OCT 1     13.16                     15.01  -1.85    20.46
  SINCE JAN 1     11.08                     12.51  -1.43    17.95

SNOWFALL (IN)
  YESTERDAY       MM
  SNOW DEPTH       0

DEGREE DAYS
 HEATING
  YESTERDAY        8                         3      5        0
  MONTH TO DATE   14                        45    -31       15
  SINCE JUN 1    310                       345    -35      256
  SINCE JUL 1     24                       118    -94       36

 COOLING
  YESTERDAY        0                         2     -2        6
  MONTH TO DATE  122                        73     49       52
  SINCE JUN 1    276                       181     95      175
  SINCE JAN 1    276                       183     93      178
..................................................................


WIND (MPH)
  HIGHEST WIND SPEED    15   HIGHEST WIND DIRECTION     N (10)
  HIGHEST GUST SPEED    19   HIGHEST GUST DIRECTION     N (10)
  AVERAGE WIND SPEED     5.0


SKY COVER
  AVERAGE SKY COVER 1.0


WEATHER CONDITIONS
 THE FOLLOWING WEATHER WAS RECORDED YESTERDAY.
  RAIN
  LIGHT RAIN
  FOG


RELATIVE HUMIDITY (PERCENT)
 HIGHEST    93          1200 AM
 LOWEST     86           600 PM
 AVERAGE    90

..........................................................


THE LEWISTOWN MT CLIMATE NORMALS FOR TODAY
                         NORMAL    RECORD    YEAR
 MAXIMUM TEMPERATURE (F)   79       101      1969
 MINIMUM TEMPERATURE (F)   48        33      1992


SUNRISE AND SUNSET
AUGUST 23 2014........SUNRISE   625 AM MDT   SUNSET   814 PM MDT
AUGUST 24 2014........SUNRISE   627 AM MDT   SUNSET   813 PM MDT


-  INDICATES NEGATIVE NUMBERS.
R  INDICATES RECORD WAS SET OR TIED.
MM INDICATES DATA IS MISSING.
T  INDICATES TRACE AMOUNT.




$$
