000
CDUS45 KTFX 312223
CLILWT


CLIMATE REPORT
NATIONAL WEATHER SERVICE GREAT FALLS MT
423 PM MDT THU JUL 31 2014


...................................

...THE LEWISTOWN MT CLIMATE SUMMARY FOR JULY 31 2014...
VALID TODAY AS OF 0400 PM LOCAL TIME.

CLIMATE NORMAL PERIOD 1981 TO 2010
CLIMATE RECORD PERIOD 1896 TO 2014


WEATHER ITEM   OBSERVED TIME   RECORD YEAR NORMAL DEPARTURE LAST
                VALUE   (LST)  VALUE       VALUE  FROM      YEAR
                                                  NORMAL
..................................................................
TEMPERATURE (F)
 TODAY
  MAXIMUM         92    253 PM 105    1900  83      9       82
  MINIMUM         54    412 AM  35    1968  52      2       48
  AVERAGE         73                        68      5       65

PRECIPITATION (IN)
  TODAY            0.00          0.39 2001   0.05  -0.05     0.00
  MONTH TO DATE    0.92                      1.93  -1.01     1.67
  SINCE OCT 1     11.10                     13.77  -2.67    18.37
  SINCE JAN 1      9.02                     11.27  -2.25    15.86

SNOWFALL (IN)
  TODAY           MM
  SNOW DEPTH       0

DEGREE DAYS
 HEATING
  TODAY            0                         1     -1        0
  MONTH TO DATE   10                        71    -61       21
  SINCE JUN 1    296                       300     -4      241
  SINCE JUL 1     10                        73    -63       21

 COOLING
  TODAY            8                         4      4        0
  MONTH TO DATE  153                        88     65      107
  SINCE JUN 1    154                       108     46      123
  SINCE JAN 1    154                       110     44      126
..................................................................


WIND (MPH)
  HIGHEST WIND SPEED    12   HIGHEST WIND DIRECTION    NE (30)
  HIGHEST GUST SPEED    15   HIGHEST GUST DIRECTION     N (20)
  AVERAGE WIND SPEED     6.0


SKY COVER
  AVERAGE SKY COVER 0.1


WEATHER CONDITIONS
 THE FOLLOWING WEATHER WAS RECORDED TODAY.
  NO SIGNIFICANT WEATHER WAS OBSERVED.


RELATIVE HUMIDITY (PERCENT)
 HIGHEST    59
 LOWEST     15
 AVERAGE    37

..........................................................


THE LEWISTOWN MT CLIMATE NORMALS FOR TOMORROW
                         NORMAL    RECORD    YEAR
 MAXIMUM TEMPERATURE (F)   83        96      1973
 MINIMUM TEMPERATURE (F)   52        37      2002


SUNRISE AND SUNSET
JULY 31 2014..........SUNRISE   556 AM MDT   SUNSET   852 PM MDT
AUGUST  1 2014........SUNRISE   557 AM MDT   SUNSET   850 PM MDT


-  INDICATES NEGATIVE NUMBERS.
R  INDICATES RECORD WAS SET OR TIED.
MM INDICATES DATA IS MISSING.
T  INDICATES TRACE AMOUNT.




$$
