000
CDUS45 KTFX 301014
CLILWT


CLIMATE REPORT
NATIONAL WEATHER SERVICE GREAT FALLS MT
413 AM MDT SUN AUG 30 2015


...................................

...THE LEWISTOWN MT CLIMATE SUMMARY FOR AUGUST 29 2015...

CLIMATE NORMAL PERIOD 1981 TO 2010
CLIMATE RECORD PERIOD 1896 TO 2015


WEATHER ITEM   OBSERVED TIME   RECORD YEAR NORMAL DEPARTURE LAST
                VALUE   (LST)  VALUE       VALUE  FROM      YEAR
                                                  NORMAL
..................................................................
TEMPERATURE (F)
 YESTERDAY
  MAXIMUM         90   1224 PM  94    2005  77     13       77
  MINIMUM         61    516 AM  32    1902  47     14       48
  AVERAGE         76                        62     14       63

PRECIPITATION (IN)
  YESTERDAY        0.00          0.69 2010   0.05  -0.05     0.00
  MONTH TO DATE    0.87                      1.62  -0.75     5.97
  SINCE OCT 1     13.37                     15.39  -2.02    17.07
  SINCE JAN 1     11.06                     12.89  -1.83    14.99

SNOWFALL (IN)
  YESTERDAY       MM
  SNOW DEPTH       0

DEGREE DAYS
 HEATING
  YESTERDAY        0                         5     -5        2
  MONTH TO DATE   66                        74     -8       62
  SINCE JUN 1    185                       374   -189      358
  SINCE JUL 1     99                       147    -48       72

 COOLING
  YESTERDAY       11                         1     10        0
  MONTH TO DATE  135                        86     49      127
  SINCE JUN 1    311                       194    117      281
  SINCE JAN 1    311                       196    115      281
..................................................................


WIND (MPH)
  HIGHEST WIND SPEED    22   HIGHEST WIND DIRECTION     S (170)
  HIGHEST GUST SPEED    27   HIGHEST GUST DIRECTION     S (160)
  AVERAGE WIND SPEED     8.3


SKY COVER
  AVERAGE SKY COVER 0.1


WEATHER CONDITIONS
 THE FOLLOWING WEATHER WAS RECORDED YESTERDAY.
  HAZE


RELATIVE HUMIDITY (PERCENT)
 HIGHEST    60          1100 PM
 LOWEST     19           100 PM
 AVERAGE    40

..........................................................


THE LEWISTOWN MT CLIMATE NORMALS FOR TODAY
                         NORMAL    RECORD    YEAR
 MAXIMUM TEMPERATURE (F)   76        96      1954
                                             1929
 MINIMUM TEMPERATURE (F)   46        30      1912


SUNRISE AND SUNSET
AUGUST 30 2015........SUNRISE   634 AM MDT   SUNSET   802 PM MDT
AUGUST 31 2015........SUNRISE   636 AM MDT   SUNSET   800 PM MDT


-  INDICATES NEGATIVE NUMBERS.
R  INDICATES RECORD WAS SET OR TIED.
MM INDICATES DATA IS MISSING.
T  INDICATES TRACE AMOUNT.




$$
