000
CDUS45 KTFX 262230
CLILWT


CLIMATE REPORT
NATIONAL WEATHER SERVICE GREAT FALLS MT
430 PM MDT SUN MAR 26 2017


...................................

...THE LEWISTOWN MT CLIMATE SUMMARY FOR MARCH 26 2017...
VALID TODAY AS OF 0400 PM LOCAL TIME.

CLIMATE NORMAL PERIOD 1981 TO 2010
CLIMATE RECORD PERIOD 1896 TO 2017


WEATHER ITEM   OBSERVED TIME   RECORD YEAR NORMAL DEPARTURE LAST
                VALUE   (LST)  VALUE       VALUE  FROM      YEAR
                                                  NORMAL
..................................................................
TEMPERATURE (F)
 TODAY
  MAXIMUM         54    257 PM  72    1960  47      7       49
  MINIMUM         26    604 AM -13    1904  25      1       19
  AVERAGE         40                        36      4       34

PRECIPITATION (IN)
  TODAY            0.00          1.00 1975   0.04  -0.04     0.00
  MONTH TO DATE    0.41                      0.77  -0.36     0.51
  SINCE OCT 1      5.84                      4.28   1.56     3.98
  SINCE JAN 1      1.44                      1.78  -0.34     1.90

DEGREE DAYS
 HEATING
  TODAY           25                        29     -4       31
  MONTH TO DATE  770                       854    -84      660
  SINCE MAR 1    770                       854    -84      660
  SINCE JUL 1   6581                      6658    -77     5618

 COOLING
  TODAY            0                         0      0        0
  MONTH TO DATE    0                         0      0        0
  SINCE MAR 1      0                         0      0        0
  SINCE JAN 1      0                         0      0        0
..................................................................


WIND (MPH)
  HIGHEST WIND SPEED    17   HIGHEST WIND DIRECTION     W (270)
  HIGHEST GUST SPEED    24   HIGHEST GUST DIRECTION     W (270)
  AVERAGE WIND SPEED     4.6


SKY COVER
  AVERAGE SKY COVER 0.4


WEATHER CONDITIONS
 THE FOLLOWING WEATHER WAS RECORDED TODAY.
  NO SIGNIFICANT WEATHER WAS OBSERVED.


RELATIVE HUMIDITY (PERCENT)
 HIGHEST    75
 LOWEST     22
 AVERAGE    49

..........................................................


THE LEWISTOWN MT CLIMATE NORMALS FOR TOMORROW
                         NORMAL    RECORD    YEAR
 MAXIMUM TEMPERATURE (F)   47        73      2015
 MINIMUM TEMPERATURE (F)   25       -10      1965


SUNRISE AND SUNSET
MARCH 26 2017.........SUNRISE   708 AM MDT   SUNSET   739 PM MDT
MARCH 27 2017.........SUNRISE   706 AM MDT   SUNSET   741 PM MDT


-  INDICATES NEGATIVE NUMBERS.
R  INDICATES RECORD WAS SET OR TIED.
MM INDICATES DATA IS MISSING.
T  INDICATES TRACE AMOUNT.




$$
