000
CDUS43 KILX 190632
CLILWV


CLIMATE REPORT
NATIONAL WEATHER SERVICE LINCOLN IL
132 AM CDT FRI SEP 19 2014


...................................

...THE LAWRENCEVILLE IL AIRPORT CLIMATE SUMMARY FOR SEPTEMBER 18 2014...

CLIMATE NORMAL PERIOD 1981 TO 2010
CLIMATE RECORD PERIOD 9999 TO 9999


WEATHER ITEM   OBSERVED TIME   RECORD YEAR NORMAL DEPARTURE LAST
                VALUE   (LST)  VALUE       VALUE  FROM      YEAR
                                                  NORMAL
..................................................................
TEMPERATURE (F)
 YESTERDAY
  MAXIMUM         76    321 PM  MM      MM  81     -5       81
  MINIMUM         52   1159 PM  MM      MM  56     -4       62
  AVERAGE         64                        69     -5       72

PRECIPITATION (IN)
  YESTERDAY        0.00         MM      MM   0.09  -0.09     0.18
  MONTH TO DATE    2.79                      1.91   0.88     0.30
  SINCE SEP 1      2.79                      1.91   0.88     0.30
  SINCE JAN 1     31.59                     31.26   0.33    41.94

DEGREE DAYS
 HEATING
  YESTERDAY        1                         1      0        0
  MONTH TO DATE   45                         5     40        7
  SINCE SEP 1     45                         5     40        7
  SINCE JUL 1     45                         6     39       12

 COOLING
  YESTERDAY        0                         5     -5        7
  MONTH TO DATE   84                       128    -44      144
  SINCE SEP 1     84                       128    -44      144
  SINCE JAN 1   1157                      1311   -154     1199
..................................................................


WIND (MPH)
  HIGHEST WIND SPEED    14   HIGHEST WIND DIRECTION     E (100)
  HIGHEST GUST SPEED    18   HIGHEST GUST DIRECTION    NE (40)
  AVERAGE WIND SPEED     6.3


SKY COVER
  POSSIBLE SUNSHINE  MM
  AVERAGE SKY COVER 0.4


WEATHER CONDITIONS
 THE FOLLOWING WEATHER WAS RECORDED YESTERDAY.
  FOG


RELATIVE HUMIDITY (PERCENT)
 HIGHEST    93          1200 AM
 LOWEST     43           300 PM
 AVERAGE    68

..........................................................


THE LAWRENCEVILLE IL AIRPORT CLIMATE NORMALS FOR TODAY
                         NORMAL    RECORD    YEAR
 MAXIMUM TEMPERATURE (F)   81        MM        MM
 MINIMUM TEMPERATURE (F)   56        MM        MM


SUNRISE AND SUNSET
SEPTEMBER 19 2014.....SUNRISE   635 AM CDT   SUNSET   652 PM CDT
SEPTEMBER 20 2014.....SUNRISE   636 AM CDT   SUNSET   651 PM CDT


-  INDICATES NEGATIVE NUMBERS.
R  INDICATES RECORD WAS SET OR TIED.
MM INDICATES DATA IS MISSING.
T  INDICATES TRACE AMOUNT.




$$
