000
CDUS43 KILX 240654
CLILWV


CLIMATE REPORT
NATIONAL WEATHER SERVICE LINCOLN IL
152 AM CDT THU JUL 24 2014


...................................

...THE LAWRENCEVILLE IL AIRPORT CLIMATE SUMMARY FOR JULY 23 2014...

CLIMATE NORMAL PERIOD 1981 TO 2010
CLIMATE RECORD PERIOD 9999 TO 9999


WEATHER ITEM   OBSERVED TIME   RECORD YEAR NORMAL DEPARTURE LAST
                VALUE   (LST)  VALUE       VALUE  FROM      YEAR
                                                  NORMAL
..................................................................
TEMPERATURE (F)
 YESTERDAY
  MAXIMUM         79    217 PM  MM      MM  88     -9       90
  MINIMUM         59   1159 PM  MM      MM  67     -8       70
  AVERAGE         69                        78     -9       80

PRECIPITATION (IN)
  YESTERDAY        0.99         MM      MM   0.16   0.83     0.01
  MONTH TO DATE    3.92                      3.47   0.45     3.78
  SINCE JUN 1      7.86                      7.45   0.41    14.21
  SINCE JAN 1     23.47                     25.01  -1.54    39.24

DEGREE DAYS
 HEATING
  YESTERDAY        0                         0      0        0
  MONTH TO DATE    0                         0      0        0
  SINCE JUN 1      0                         7     -7        3
  SINCE JUL 1      0                         0      0        0

 COOLING
  YESTERDAY        4                        13     -9       15
  MONTH TO DATE  183                       299   -116      273
  SINCE JUN 1    506                       589    -83      529
  SINCE JAN 1    697                       728    -31      697
..................................................................


WIND (MPH)
  HIGHEST WIND SPEED    26   HIGHEST WIND DIRECTION    NW (300)
  HIGHEST GUST SPEED    32   HIGHEST GUST DIRECTION     W (270)
  AVERAGE WIND SPEED     8.0


SKY COVER
  POSSIBLE SUNSHINE  MM
  AVERAGE SKY COVER 0.5


WEATHER CONDITIONS
 THE FOLLOWING WEATHER WAS RECORDED YESTERDAY.
  THUNDERSTORM
  HEAVY RAIN
  RAIN
  LIGHT RAIN
  FOG
  HAZE


RELATIVE HUMIDITY (PERCENT)
 HIGHEST    93           100 AM
 LOWEST     64           700 PM
 AVERAGE    79

..........................................................


THE LAWRENCEVILLE IL AIRPORT CLIMATE NORMALS FOR TODAY
                         NORMAL    RECORD    YEAR
 MAXIMUM TEMPERATURE (F)   88        MM        MM
 MINIMUM TEMPERATURE (F)   67        MM        MM


SUNRISE AND SUNSET
JULY 24 2014..........SUNRISE   545 AM CDT   SUNSET   809 PM CDT
JULY 25 2014..........SUNRISE   546 AM CDT   SUNSET   808 PM CDT


-  INDICATES NEGATIVE NUMBERS.
R  INDICATES RECORD WAS SET OR TIED.
MM INDICATES DATA IS MISSING.
T  INDICATES TRACE AMOUNT.




$$
