000
CDUS43 KILX 200650
CLILWV


CLIMATE REPORT
NATIONAL WEATHER SERVICE LINCOLN IL
1241 AM CST SAT DEC 20 2014


...................................

...THE LAWRENCEVILLE IL AIRPORT CLIMATE SUMMARY FOR DECEMBER 19 2014...

CLIMATE NORMAL PERIOD 1981 TO 2010
CLIMATE RECORD PERIOD 9999 TO 9999


WEATHER ITEM   OBSERVED TIME   RECORD YEAR NORMAL DEPARTURE LAST
                VALUE   (LST)  VALUE       VALUE  FROM      YEAR
                                                  NORMAL
..................................................................
TEMPERATURE (F)
 YESTERDAY
  MAXIMUM         36    333 PM  MM      MM  41     -5       54
  MINIMUM         24    704 AM  MM      MM  26     -2       32
  AVERAGE         30                        33     -3       43

PRECIPITATION (IN)
  YESTERDAY        0.00         MM      MM   0.09  -0.09     0.00
  MONTH TO DATE    2.46                      1.99   0.47     0.78
  SINCE DEC 1      2.46                      1.99   0.47     0.78
  SINCE JAN 1     41.20                     42.48  -1.28    51.36

DEGREE DAYS
 HEATING
  YESTERDAY       35                        32      3       22
  MONTH TO DATE  531                       547    -16      661
  SINCE DEC 1    531                       547    -16      661
  SINCE JUL 1   1666                      1405    261     1685

 COOLING
  YESTERDAY        0                         0      0        0
  MONTH TO DATE    0                         0      0        0
  SINCE DEC 1      0                         0      0        0
  SINCE JAN 1   1218                      1387   -169     1287
..................................................................


WIND (MPH)
  HIGHEST WIND SPEED     9   HIGHEST WIND DIRECTION    NE (40)
  HIGHEST GUST SPEED    12   HIGHEST GUST DIRECTION    NE (40)
  AVERAGE WIND SPEED     3.0


SKY COVER
  POSSIBLE SUNSHINE  MM
  AVERAGE SKY COVER 0.2


WEATHER CONDITIONS
 THE FOLLOWING WEATHER WAS RECORDED YESTERDAY.
  FOG
  HAZE


RELATIVE HUMIDITY (PERCENT)
 HIGHEST    92           200 AM
 LOWEST     64          1100 AM
 AVERAGE    78

..........................................................


THE LAWRENCEVILLE IL AIRPORT CLIMATE NORMALS FOR TODAY
                         NORMAL    RECORD    YEAR
 MAXIMUM TEMPERATURE (F)   41        MM        MM
 MINIMUM TEMPERATURE (F)   26        MM        MM


SUNRISE AND SUNSET
DECEMBER 20 2014......SUNRISE   704 AM CST   SUNSET   432 PM CST
DECEMBER 21 2014......SUNRISE   705 AM CST   SUNSET   432 PM CST


-  INDICATES NEGATIVE NUMBERS.
R  INDICATES RECORD WAS SET OR TIED.
MM INDICATES DATA IS MISSING.
T  INDICATES TRACE AMOUNT.




$$
