000
CDUS43 KILX 250644
CLILWV


CLIMATE REPORT
NATIONAL WEATHER SERVICE LINCOLN IL
143 AM CDT MON MAY 25 2015


...................................

...THE LAWRENCEVILLE IL AIRPORT CLIMATE SUMMARY FOR MAY 24 2015...

CLIMATE NORMAL PERIOD 1981 TO 2010
CLIMATE RECORD PERIOD 9999 TO 9999


WEATHER ITEM   OBSERVED TIME   RECORD YEAR NORMAL DEPARTURE LAST
                VALUE   (LST)  VALUE       VALUE  FROM      YEAR
                                                  NORMAL
..................................................................
TEMPERATURE (F)
 YESTERDAY
  MAXIMUM         85    343 PM  MM      MM  79      6       80
  MINIMUM         60    455 AM  MM      MM  58      2       56
  AVERAGE         73                        68      5       68

PRECIPITATION (IN)
  YESTERDAY        0.00         MM      MM   0.15  -0.15     0.00
  MONTH TO DATE    2.25                      4.68  -2.43     3.60
  SINCE MAR 1     13.32                     12.27   1.05    12.77
  SINCE JAN 1     15.82                     16.66  -0.84    15.53

DEGREE DAYS
 HEATING
  YESTERDAY        0                         2     -2        0
  MONTH TO DATE   61                        75    -14      107
  SINCE MAR 1   1041                       991     50     1147
  SINCE JUL 1   5315                      4666    649     5549

 COOLING
  YESTERDAY        8                         5      3        3
  MONTH TO DATE   93                        73     20      103
  SINCE MAR 1    100                        99      1      113
  SINCE JAN 1    100                        99      1      113
..................................................................


WIND (MPH)
  HIGHEST WIND SPEED    26   HIGHEST WIND DIRECTION     S (180)
  HIGHEST GUST SPEED    32   HIGHEST GUST DIRECTION     S (170)
  AVERAGE WIND SPEED    13.6


SKY COVER
  POSSIBLE SUNSHINE  MM
  AVERAGE SKY COVER 0.3


WEATHER CONDITIONS
 THE FOLLOWING WEATHER WAS RECORDED YESTERDAY.
  NO SIGNIFICANT WEATHER WAS OBSERVED.


RELATIVE HUMIDITY (PERCENT)
 HIGHEST    78           200 AM
 LOWEST     43          1100 AM
 AVERAGE    61

..........................................................


THE LAWRENCEVILLE IL AIRPORT CLIMATE NORMALS FOR TODAY
                         NORMAL    RECORD    YEAR
 MAXIMUM TEMPERATURE (F)   79        MM        MM
 MINIMUM TEMPERATURE (F)   58        MM        MM


SUNRISE AND SUNSET
MAY 25 2015...........SUNRISE   531 AM CDT   SUNSET   804 PM CDT
MAY 26 2015...........SUNRISE   530 AM CDT   SUNSET   805 PM CDT


-  INDICATES NEGATIVE NUMBERS.
R  INDICATES RECORD WAS SET OR TIED.
MM INDICATES DATA IS MISSING.
T  INDICATES TRACE AMOUNT.




$$
