000
CDUS43 KILX 212131
CLILWV


CLIMATE REPORT
NATIONAL WEATHER SERVICE LINCOLN IL
430 PM CDT TUE OCT 21 2014


...................................

...THE LAWRENCEVILLE IL AIRPORT CLIMATE SUMMARY FOR OCTOBER 21 2014...
VALID TODAY AS OF 0400 PM LOCAL TIME.

CLIMATE NORMAL PERIOD 1981 TO 2010
CLIMATE RECORD PERIOD 9999 TO 9999


WEATHER ITEM   OBSERVED TIME   RECORD YEAR NORMAL DEPARTURE LAST
                VALUE   (LST)  VALUE       VALUE  FROM      YEAR
                                                  NORMAL
..................................................................
TEMPERATURE (F)
 TODAY
  MAXIMUM         65    124 PM  MM      MM  68     -3       60
  MINIMUM         42    619 AM  MM      MM  44     -2       40
  AVERAGE         54                        56     -2       50

PRECIPITATION (IN)
  TODAY            0.00         MM      MM   0.14  -0.14     0.00
  MONTH TO DATE    3.93                      2.87   1.06     3.26
  SINCE SEP 1      6.86                      6.06   0.80     4.22
  SINCE JAN 1     35.66                     35.41   0.25    45.86

DEGREE DAYS
 HEATING
  TODAY           11                        10      1       15
  MONTH TO DATE  160                       146     14      119
  SINCE SEP 1    220                       184     36      130
  SINCE JUL 1    220                       185     35      135

 COOLING
  TODAY            0                         1     -1        0
  MONTH TO DATE   22                        31     -9       45
  SINCE SEP 1    140                       202    -62      232
  SINCE JAN 1   1213                      1385   -172     1287
..................................................................


WIND (MPH)
  HIGHEST WIND SPEED    20   HIGHEST WIND DIRECTION     N (20)
  HIGHEST GUST SPEED    23   HIGHEST GUST DIRECTION     N (10)
  AVERAGE WIND SPEED     7.7


SKY COVER
  POSSIBLE SUNSHINE  MM
  AVERAGE SKY COVER 0.4


WEATHER CONDITIONS
 THE FOLLOWING WEATHER WAS RECORDED TODAY.
  FOG
  HAZE


RELATIVE HUMIDITY (PERCENT)
 HIGHEST   100           500 AM
 LOWEST     44           100 PM
 AVERAGE    72

..........................................................


THE LAWRENCEVILLE IL AIRPORT CLIMATE NORMALS FOR TOMORROW
                         NORMAL    RECORD    YEAR
 MAXIMUM TEMPERATURE (F)   67        MM        MM
 MINIMUM TEMPERATURE (F)   44        MM        MM


SUNRISE AND SUNSET
OCTOBER 21 2014.......SUNRISE   706 AM CDT   SUNSET   604 PM CDT
OCTOBER 22 2014.......SUNRISE   707 AM CDT   SUNSET   602 PM CDT


-  INDICATES NEGATIVE NUMBERS.
R  INDICATES RECORD WAS SET OR TIED.
MM INDICATES DATA IS MISSING.
T  INDICATES TRACE AMOUNT.




$$
