000
CDUS43 KILX 210655
CLILWV


CLIMATE REPORT
NATIONAL WEATHER SERVICE LINCOLN IL
150 AM CDT FRI JUL 21 2017


...................................

...THE LAWRENCEVILLE IL AIRPORT CLIMATE SUMMARY FOR JULY 20 2017...

CLIMATE NORMAL PERIOD 1981 TO 2010
CLIMATE RECORD PERIOD 9999 TO 9999


WEATHER ITEM   OBSERVED TIME   RECORD YEAR NORMAL DEPARTURE LAST
                VALUE   (LST)  VALUE       VALUE  FROM      YEAR
                                                  NORMAL
..................................................................
TEMPERATURE (F)
 YESTERDAY
  MAXIMUM         96    316 PM  MM      MM  88      8       89
  MINIMUM         73    537 AM  MM      MM  68      5       71
  AVERAGE         85                        78      7       80

PRECIPITATION (IN)
  YESTERDAY        0.00         MM      MM   0.16  -0.16     0.10
  MONTH TO DATE    0.26                      2.97  -2.71     3.87
  SINCE JUN 1      2.95                      6.95  -4.00     5.65
  SINCE JAN 1     20.76                     24.51  -3.75    23.32

DEGREE DAYS
 HEATING
  YESTERDAY        0                         0      0        0
  MONTH TO DATE    0                         0      0        0
  SINCE JUN 1      0                         7     -7        0
  SINCE JUL 1      0                         0      0        0

 COOLING
  YESTERDAY       20                        13      7       15
  MONTH TO DATE  254                       260     -6      222
  SINCE JUN 1    548                       550     -2      588
  SINCE JAN 1    721                       689     32      708
..................................................................


WIND (MPH)
  HIGHEST WIND SPEED    15   HIGHEST WIND DIRECTION    SW (220)
  HIGHEST GUST SPEED    19   HIGHEST GUST DIRECTION    SW (210)
  AVERAGE WIND SPEED     5.7


SKY COVER
  POSSIBLE SUNSHINE  MM
  AVERAGE SKY COVER 0.0


WEATHER CONDITIONS
 THE FOLLOWING WEATHER WAS RECORDED YESTERDAY.
  FOG


RELATIVE HUMIDITY (PERCENT)
 HIGHEST   100           100 AM
 LOWEST     52           400 PM
 AVERAGE    76

..........................................................


THE LAWRENCEVILLE IL AIRPORT CLIMATE NORMALS FOR TODAY
                         NORMAL    RECORD    YEAR
 MAXIMUM TEMPERATURE (F)   88        MM        MM
 MINIMUM TEMPERATURE (F)   68        MM        MM


SUNRISE AND SUNSET
JULY 21 2017..........SUNRISE   543 AM CDT   SUNSET   811 PM CDT
JULY 22 2017..........SUNRISE   543 AM CDT   SUNSET   810 PM CDT


-  INDICATES NEGATIVE NUMBERS.
R  INDICATES RECORD WAS SET OR TIED.
MM INDICATES DATA IS MISSING.
T  INDICATES TRACE AMOUNT.




$$
