000
CDUS41 KRNK 232117
CLILYH


CLIMATE REPORT
NATIONAL WEATHER SERVICE BLACKSBURG VA
515 PM EDT SAT MAY 23 2015


...................................

...THE LYNCHBURG VA CLIMATE SUMMARY FOR MAY 23 2015...
VALID TODAY AS OF 0500 PM LOCAL TIME.

CLIMATE NORMAL PERIOD 1981 TO 2010
CLIMATE RECORD PERIOD 1893 TO 2015


WEATHER ITEM   OBSERVED TIME   RECORD YEAR NORMAL DEPARTURE LAST
                VALUE   (LST)  VALUE       VALUE  FROM      YEAR
                                                  NORMAL
..................................................................
TEMPERATURE (F)
 TODAY
  MAXIMUM         74    400 PM  94    1941  77     -3       82
                                      1925
  MINIMUM         44    504 AM  33    2002  53     -9       56
  AVERAGE         59                        65     -6       69

PRECIPITATION (IN)
  TODAY            0.00          2.25 1913   0.12  -0.12     0.00
  MONTH TO DATE    1.56                      2.67  -1.11     3.57
  SINCE MAR 1      8.90                      9.56  -0.66    12.12
  SINCE JAN 1     13.28                     15.63  -2.35    19.20

SNOWFALL (IN)
  TODAY            0.0
  MONTH TO DATE    0.0
  SINCE MAR 1      2.5
  SINCE JUL 1     22.9
  SNOW DEPTH       0

DEGREE DAYS
 HEATING
  TODAY            6                         3      3        0
  MONTH TO DATE   59                       104    -45       64
  SINCE MAR 1    938                      1003    -65      925
  SINCE JUL 1   4627                      4427    200     4439

 COOLING
  TODAY            0                         3     -3        4
  MONTH TO DATE   83                        37     46       64
  SINCE MAR 1     91                        55     36       83
  SINCE JAN 1     91                        55     36       83
..................................................................


WIND (MPH)
  HIGHEST WIND SPEED    13   HIGHEST WIND DIRECTION     S (190)
  HIGHEST GUST SPEED    16   HIGHEST GUST DIRECTION     S (200)
  AVERAGE WIND SPEED     3.4


SKY COVER
  POSSIBLE SUNSHINE  MM
  AVERAGE SKY COVER 0.0


WEATHER CONDITIONS
 THE FOLLOWING WEATHER WAS RECORDED TODAY.
  NO SIGNIFICANT WEATHER WAS OBSERVED.


RELATIVE HUMIDITY (PERCENT)
 HIGHEST    93           400 AM
 LOWEST     35           300 PM
 AVERAGE    64

..........................................................


THE LYNCHBURG VA CLIMATE NORMALS FOR TOMORROW
                         NORMAL    RECORD    YEAR
 MAXIMUM TEMPERATURE (F)   77        93      1903
 MINIMUM TEMPERATURE (F)   53        40      2006


SUNRISE AND SUNSET
MAY 23 2015...........SUNRISE   602 AM EDT   SUNSET   825 PM EDT
MAY 24 2015...........SUNRISE   602 AM EDT   SUNSET   826 PM EDT


-  INDICATES NEGATIVE NUMBERS.
R  INDICATES RECORD WAS SET OR TIED.
MM INDICATES DATA IS MISSING.
T  INDICATES TRACE AMOUNT.


$$

PW
