000
CDUS41 KRNK 230921
CLILYH


CLIMATE REPORT
NATIONAL WEATHER SERVICE BLACKSBURG VA
516 AM EDT SAT AUG 23 2014


...................................

...THE LYNCHBURG VA CLIMATE SUMMARY FOR AUGUST 22 2014...

CLIMATE NORMAL PERIOD 1981 TO 2010
CLIMATE RECORD PERIOD 1893 TO 2014


WEATHER ITEM   OBSERVED TIME   RECORD YEAR NORMAL DEPARTURE LAST
                VALUE   (LST)  VALUE       VALUE  FROM      YEAR
                                                  NORMAL
..................................................................
TEMPERATURE (F)
 YESTERDAY
  MAXIMUM         MM        MM  99    1983  85     MM       89
  MINIMUM         MM        MM  48    1922  63     MM       64
  AVERAGE         MM                        74     MM       77

PRECIPITATION (IN)
  YESTERDAY        0.03          2.39 1947   0.11  -0.08     0.04
  MONTH TO DATE    4.44                      2.30   2.14     2.75
  SINCE JUN 1     12.63                     10.28   2.35    12.48
  SINCE JAN 1     33.65                     26.97   6.68    32.92

SNOWFALL (IN)
  YESTERDAY        0.0
  MONTH TO DATE    0.0
  SINCE JUN 1      0.0
  SINCE JUL 1      0.0
  SNOW DEPTH       0

DEGREE DAYS
 HEATING
  YESTERDAY       MM                         0     MM        0
  MONTH TO DATE    0                         0      0        5
  SINCE JUN 1      1                        15    -14        6
  SINCE JUL 1      0                         1     -1        5

 COOLING
  YESTERDAY       MM                         9     MM       12
  MONTH TO DATE  119                       212    -93      190
  SINCE JUN 1    664                       744    -80      822
  SINCE JAN 1    778                       826    -48      957
..................................................................


WIND (MPH)
  HIGHEST WIND SPEED    MM   HIGHEST WIND DIRECTION    MM
  HIGHEST GUST SPEED    MM   HIGHEST GUST DIRECTION    MM
  AVERAGE WIND SPEED    MM


SKY COVER
  POSSIBLE SUNSHINE  MM
  AVERAGE SKY COVER  MM


WEATHER CONDITIONS
 THE FOLLOWING WEATHER WAS RECORDED YESTERDAY.
  LIGHT RAIN
  FOG


RELATIVE HUMIDITY (PERCENT)
 HIGHEST    MM
 LOWEST     MM
 AVERAGE    MM

..........................................................


THE LYNCHBURG VA CLIMATE NORMALS FOR TODAY
                         NORMAL    RECORD    YEAR
 MAXIMUM TEMPERATURE (F)   85        98      2002
 MINIMUM TEMPERATURE (F)   63        49      1997
                                             1925


SUNRISE AND SUNSET
AUGUST 23 2014........SUNRISE   640 AM EDT   SUNSET   758 PM EDT
AUGUST 24 2014........SUNRISE   641 AM EDT   SUNSET   757 PM EDT


-  INDICATES NEGATIVE NUMBERS.
R  INDICATES RECORD WAS SET OR TIED.
MM INDICATES DATA IS MISSING.
T  INDICATES TRACE AMOUNT.


REMARKS:
DUE TO A SYSTEM FAILURE CAUSING MISSING TEMPERATURES ON AUGUST
21-22...ALL TEMPERATURE DATA AND CDD WILL BE CALCULATED WITHOUT
DATA FROM THOSE DATES.


$$
