000
CDUS41 KRNK 250550
CLILYH

CLIMATE REPORT
NATIONAL WEATHER SERVICE BLACKSBURG VA
147 AM EDT THU MAY 25 2017


...................................

...THE LYNCHBURG VA CLIMATE SUMMARY FOR MAY 24 2017...

CLIMATE NORMAL PERIOD 1981 TO 2010
CLIMATE RECORD PERIOD 1893 TO 2017


WEATHER ITEM   OBSERVED TIME   RECORD YEAR NORMAL DEPARTURE LAST
                VALUE   (LST)  VALUE       VALUE  FROM      YEAR
                                                  NORMAL
..................................................................
TEMPERATURE (F)
 YESTERDAY
  MAXIMUM         63   1125 PM  93    1903  77    -14       80
  MINIMUM         56    812 AM  40    2006  53      3       49
  AVERAGE         60                        65     -5       65

PRECIPITATION (IN)
  YESTERDAY        0.61          2.58 1900   0.13   0.48     0.00
  MONTH TO DATE    7.11                      2.80   4.31     6.76
  SINCE MAR 1     13.95                      9.69   4.26    12.24
  SINCE JAN 1     18.33                     15.76   2.57    19.53

SNOWFALL (IN)
  YESTERDAY        0.0                                       0.0
  MONTH TO DATE    0.0                                       0.0
  SINCE MAR 1      T                                          T
  SINCE JUL 1      5.9                                      15.6
  SNOW DEPTH       0

DEGREE DAYS
 HEATING
  YESTERDAY        5                         3      2        0
  MONTH TO DATE   94                       107    -13      117
  SINCE MAR 1    793                      1006   -213      799
  SINCE JUL 1   3502                      4430   -928     3765

 COOLING
  YESTERDAY        0                         3     -3        0
  MONTH TO DATE   51                        40     11        6
  SINCE MAR 1    103                        58     45       23
  SINCE JAN 1    104                        58     46       23
..................................................................


WIND (MPH)
  HIGHEST WIND SPEED    15   HIGHEST WIND DIRECTION    SE (120)
  HIGHEST GUST SPEED    19   HIGHEST GUST DIRECTION     E (90)
  AVERAGE WIND SPEED     7.9


SKY COVER
  AVERAGE SKY COVER 1.0


WEATHER CONDITIONS
 THE FOLLOWING WEATHER WAS RECORDED YESTERDAY.
  RAIN
  LIGHT RAIN
  FOG


RELATIVE HUMIDITY (PERCENT)
 HIGHEST   100           400 AM
 LOWEST     93          1200 AM
 AVERAGE    97

..........................................................


THE LYNCHBURG VA CLIMATE NORMALS FOR TODAY
                         NORMAL    RECORD    YEAR
 MAXIMUM TEMPERATURE (F)   77        93      1936
 MINIMUM TEMPERATURE (F)   54        36      2013


SUNRISE AND SUNSET
MAY 25 2017...........SUNRISE   601 AM EDT   SUNSET   827 PM EDT
MAY 26 2017...........SUNRISE   600 AM EDT   SUNSET   828 PM EDT


-  INDICATES NEGATIVE NUMBERS.
R  INDICATES RECORD WAS SET OR TIED.
MM INDICATES DATA IS MISSING.
T  INDICATES TRACE AMOUNT.

REMARKS: DUE TO A POWER OUTAGE CAUSING A MISSING LOW TEMPERATURE ON
FEBRUARY 23...THE SEASONAL HEATING DEGREE DAY TOTAL AND DEPARTURE
FROM NORMAL WILL BE CALCULATED WITHOUT DATA FROM THIS DATE.

$$
