000
CDUS44 KLZK 210650
CLILZK


CLIMATE REPORT
NATIONAL WEATHER SERVICE LITTLE ROCK AR
1250 AM CST TUE FEB 21 2017


...................................

...THE NORTH LITTLE ROCK CLIMATE SUMMARY FOR FEBRUARY 20 2017...

CLIMATE NORMAL PERIOD 1981 TO 2010
CLIMATE RECORD PERIOD 1975 TO 2017


WEATHER ITEM   OBSERVED TIME   RECORD YEAR NORMAL DEPARTURE LAST
                VALUE   (LST)  VALUE       VALUE  FROM      YEAR
                                                  NORMAL
..................................................................
TEMPERATURE (F)
 YESTERDAY
  MAXIMUM         76    200 PM  83    1986  56     20       66
  MINIMUM         58        MM  21    2006  38     20       61
  AVERAGE         67                        47     20       64

PRECIPITATION (IN)
  YESTERDAY        1.00          1.01 1989   0.14   0.86     0.00
  MONTH TO DATE    2.22                      2.51  -0.29     0.34
  SINCE DEC 1      7.69                     10.94  -3.25    13.65
  SINCE JAN 1      4.52                      5.93  -1.41     3.57

SNOWFALL (IN)
  YESTERDAY        0.0           0.2  2013   0.0    0.0      0.0
  MONTH TO DATE    0.0                       1.4   -1.4      0.0
  SINCE DEC 1      0.8                       3.6   -2.8      7.2
  SINCE JUL 1      0.8                       3.6   -2.8      7.2
  SNOW DEPTH       0

DEGREE DAYS
 HEATING
  YESTERDAY        0                        18    -18        1
  MONTH TO DATE  245                       416   -171      347
  SINCE DEC 1   1460                      1837   -377     1482
  SINCE JUL 1   1754                      2349   -595     1835

 COOLING
  YESTERDAY        2                         0      2        0
  MONTH TO DATE   13                         0     13        0
  SINCE DEC 1     15                         2     13        8
  SINCE JAN 1     14                         1     13        1
..................................................................


WIND (MPH)
  HIGHEST WIND SPEED    10   HIGHEST WIND DIRECTION     S (160)
  HIGHEST GUST SPEED    20   HIGHEST GUST DIRECTION     S (180)
  AVERAGE WIND SPEED     6.4


SKY COVER
  POSSIBLE SUNSHINE  MM
  AVERAGE SKY COVER 0.0


WEATHER CONDITIONS
 THE FOLLOWING WEATHER WAS RECORDED YESTERDAY.
  RAIN
  LIGHT RAIN
  FOG


RELATIVE HUMIDITY (PERCENT)
 HIGHEST    97           900 PM
 LOWEST     64           200 PM
 AVERAGE    81

..........................................................


THE NORTH LITTLE ROCK CLIMATE NORMALS FOR TODAY
                         NORMAL    RECORD    YEAR
 MAXIMUM TEMPERATURE (F)   56        79      1980
 MINIMUM TEMPERATURE (F)   38        18      1978


SUNRISE AND SUNSET
FEBRUARY 21 2017......SUNRISE   648 AM CST   SUNSET   558 PM CST
FEBRUARY 22 2017......SUNRISE   647 AM CST   SUNSET   559 PM CST


-  INDICATES NEGATIVE NUMBERS.
R  INDICATES RECORD WAS SET OR TIED.
MM INDICATES DATA IS MISSING.
T  INDICATES TRACE AMOUNT.




$$
