000
CDUS44 KLZK 250636
CLILZK


CLIMATE REPORT
NATIONAL WEATHER SERVICE LITTLE ROCK AR
135 AM CDT THU MAY 25 2017


...................................

...THE NORTH LITTLE ROCK CLIMATE SUMMARY FOR MAY 24 2017...

CLIMATE NORMAL PERIOD 1981 TO 2010
CLIMATE RECORD PERIOD 1975 TO 2017


WEATHER ITEM   OBSERVED TIME   RECORD YEAR NORMAL DEPARTURE LAST
                VALUE   (LST)  VALUE       VALUE  FROM      YEAR
                                                  NORMAL
..................................................................
TEMPERATURE (F)
 YESTERDAY
  MAXIMUM         68        MM  91    2010  82    -14       87
                                      1996
                                      1978
  MINIMUM         54        MM  53    1979  64    -10       65
  AVERAGE         61                        73    -12       76

PRECIPITATION (IN)
  YESTERDAY        0.01          2.73 2009   0.14  -0.13     0.02
  MONTH TO DATE    4.78                      3.99   0.79     1.61
  SINCE MAR 1     18.18                     13.55   4.63    22.06
  SINCE JAN 1     23.46                     20.63   2.83    27.12

SNOWFALL (IN)
  YESTERDAY        0.0          MM      MM   0.0    0.0      0.0
  MONTH TO DATE    0.0                       0.0    0.0      0.0
  SINCE MAR 1      T                         0.4   -0.4       T
  SINCE JUL 1      0.8                       4.4   -3.6      7.2
  SNOW DEPTH       0

DEGREE DAYS
 HEATING
  YESTERDAY        4                         0      4        0
  MONTH TO DATE   25                        21      4       33
  SINCE MAR 1    367                       517   -150      360
  SINCE JUL 1   2198                      3003   -805     2321

 COOLING
  YESTERDAY        0                         8     -8       11
  MONTH TO DATE  111                       142    -31       79
  SINCE MAR 1    221                       229     -8      156
  SINCE JAN 1    238                       231      7      159
..................................................................


WIND (MPH)
  HIGHEST WIND SPEED     9   HIGHEST WIND DIRECTION    NW (320)
  HIGHEST GUST SPEED    21   HIGHEST GUST DIRECTION    NW (320)
  AVERAGE WIND SPEED     4.6


SKY COVER
  POSSIBLE SUNSHINE  MM
  AVERAGE SKY COVER 0.0


WEATHER CONDITIONS
 THE FOLLOWING WEATHER WAS RECORDED YESTERDAY.
  RAIN
  LIGHT RAIN
  FOG


RELATIVE HUMIDITY (PERCENT)
 HIGHEST    93           100 AM
 LOWEST     49           400 PM
 AVERAGE    71

..........................................................


THE NORTH LITTLE ROCK CLIMATE NORMALS FOR TODAY
                         NORMAL    RECORD    YEAR
 MAXIMUM TEMPERATURE (F)   83        92      1996
 MINIMUM TEMPERATURE (F)   64        49      1979


SUNRISE AND SUNSET
MAY 25 2017...........SUNRISE   559 AM CDT   SUNSET   813 PM CDT
MAY 26 2017...........SUNRISE   559 AM CDT   SUNSET   814 PM CDT


-  INDICATES NEGATIVE NUMBERS.
R  INDICATES RECORD WAS SET OR TIED.
MM INDICATES DATA IS MISSING.
T  INDICATES TRACE AMOUNT.




$$
