000
CDUS44 KLZK 240635
CLILZK


CLIMATE REPORT
NATIONAL WEATHER SERVICE LITTLE ROCK AR
134 AM CDT WED AUG 24 2016


...................................

...THE NORTH LITTLE ROCK CLIMATE SUMMARY FOR AUGUST 23 2016...

CLIMATE NORMAL PERIOD 1981 TO 2010
CLIMATE RECORD PERIOD 1975 TO 2016


WEATHER ITEM   OBSERVED TIME   RECORD YEAR NORMAL DEPARTURE LAST
                VALUE   (LST)  VALUE       VALUE  FROM      YEAR
                                                  NORMAL
..................................................................
TEMPERATURE (F)
 YESTERDAY
  MAXIMUM         90        MM 102    2000  92     -2       86
  MINIMUM         72    600 AM  61    2009  72      0       71
  AVERAGE         81                        82     -1       79

PRECIPITATION (IN)
  YESTERDAY        T             1.69 2005   0.09  -0.09     0.05
  MONTH TO DATE    7.60                      2.07   5.53     2.72
  SINCE JUN 1     15.95                      9.19   6.76     7.24
  SINCE JAN 1     44.18                     30.79  13.39    38.30

SNOWFALL (IN)
  YESTERDAY        0.0          MM      MM   0.0    0.0      0.0
  MONTH TO DATE    0.0                       0.0    0.0      0.0
  SINCE JUN 1      T                         0.0    0.0      0.0
  SINCE JUL 1      T                         0.0    0.0      0.0
  SNOW DEPTH       0

DEGREE DAYS
 HEATING
  YESTERDAY        0                         0      0        0
  MONTH TO DATE    0                         0      0        0
  SINCE JUN 1      0                         1     -1        0
  SINCE JUL 1      0                         0      0        0

 COOLING
  YESTERDAY       16                        17     -1       14
  MONTH TO DATE  356                       405    -49      416
  SINCE JUN 1   1420                      1359     61     1466
  SINCE JAN 1   1648                      1655     -7     1749
..................................................................


WIND (MPH)
  HIGHEST WIND SPEED     9   HIGHEST WIND DIRECTION     S (200)
  HIGHEST GUST SPEED    MM   HIGHEST GUST DIRECTION    MM
  AVERAGE WIND SPEED     4.3


SKY COVER
  POSSIBLE SUNSHINE  MM
  AVERAGE SKY COVER 0.0


WEATHER CONDITIONS
 THE FOLLOWING WEATHER WAS RECORDED YESTERDAY.
  NO SIGNIFICANT WEATHER WAS OBSERVED.


RELATIVE HUMIDITY (PERCENT)
 HIGHEST   100           600 AM
 LOWEST     59           300 PM
 AVERAGE    80

..........................................................


THE NORTH LITTLE ROCK CLIMATE NORMALS FOR TODAY
                         NORMAL    RECORD    YEAR
 MAXIMUM TEMPERATURE (F)   91       100      2003
                                             1983
                                             1978
 MINIMUM TEMPERATURE (F)   71        60      2009


SUNRISE AND SUNSET
AUGUST 24 2016........SUNRISE   636 AM CDT   SUNSET   745 PM CDT
AUGUST 25 2016........SUNRISE   637 AM CDT   SUNSET   744 PM CDT


-  INDICATES NEGATIVE NUMBERS.
R  INDICATES RECORD WAS SET OR TIED.
MM INDICATES DATA IS MISSING.
T  INDICATES TRACE AMOUNT.




$$
