000
CDUS44 KLZK 232101
CLILZK


CLIMATE REPORT
NATIONAL WEATHER SERVICE LITTLE ROCK AR
400 PM CDT MON MAY 23 2016


...................................

...THE NORTH LITTLE ROCK CLIMATE SUMMARY FOR MAY 23 2016...
VALID TODAY AS OF 0400 PM LOCAL TIME.

CLIMATE NORMAL PERIOD 1981 TO 2010
CLIMATE RECORD PERIOD 1975 TO 2016


WEATHER ITEM   OBSERVED TIME   RECORD YEAR NORMAL DEPARTURE LAST
                VALUE   (LST)  VALUE       VALUE  FROM      YEAR
                                                  NORMAL
..................................................................
TEMPERATURE (F)
 TODAY
  MAXIMUM         81        MM  93    1996  82     -1       80
  MINIMUM         58        MM  52    1990  64     -6       60
  AVERAGE         70                        73     -3       70

PRECIPITATION (IN)
  TODAY            0.00          1.63 1987   0.15  -0.15     0.00
  MONTH TO DATE    1.59                      3.85  -2.26     7.80
  SINCE MAR 1     22.04                     13.41   8.63    21.41
  SINCE JAN 1     27.10                     20.49   6.61    27.59

SNOWFALL (IN)
  TODAY            0.0          MM      MM   0.0    0.0      0.0
  MONTH TO DATE    0.0                       0.0    0.0      0.0
  SINCE MAR 1      T                         0.4   -0.4      6.4
  SINCE JUL 1      7.2                       4.4    2.8     10.6
  SNOW DEPTH       0

DEGREE DAYS
 HEATING
  TODAY            0                         0      0        0
  MONTH TO DATE   33                        21     12       18
  SINCE MAR 1    360                       517   -157      515
  SINCE JUL 1   2321                      3003   -682     3312

 COOLING
  TODAY            5                         8     -3        5
  MONTH TO DATE   68                       134    -66      138
  SINCE MAR 1    145                       221    -76      213
  SINCE JAN 1    148                       223    -75      213
..................................................................


WIND (MPH)
  HIGHEST WIND SPEED     9   HIGHEST WIND DIRECTION     S (200)
  HIGHEST GUST SPEED    18   HIGHEST GUST DIRECTION     S (180)
  AVERAGE WIND SPEED     3.4


SKY COVER
  POSSIBLE SUNSHINE  MM
  AVERAGE SKY COVER 0.0


WEATHER CONDITIONS
 THE FOLLOWING WEATHER WAS RECORDED TODAY.
  NO SIGNIFICANT WEATHER WAS OBSERVED.


RELATIVE HUMIDITY (PERCENT)
 HIGHEST    78           600 AM
 LOWEST     42          1100 AM
 AVERAGE    60

..........................................................


THE NORTH LITTLE ROCK CLIMATE NORMALS FOR TOMORROW
                         NORMAL    RECORD    YEAR
 MAXIMUM TEMPERATURE (F)   82        91      2010
                                             1996
                                             1978
 MINIMUM TEMPERATURE (F)   64        53      1979


SUNRISE AND SUNSET
MAY 23 2016...........SUNRISE   600 AM CDT   SUNSET   812 PM CDT
MAY 24 2016...........SUNRISE   600 AM CDT   SUNSET   812 PM CDT


-  INDICATES NEGATIVE NUMBERS.
R  INDICATES RECORD WAS SET OR TIED.
MM INDICATES DATA IS MISSING.
T  INDICATES TRACE AMOUNT.




$$
