000
CDUS44 KLZK 061010
CLILZK


CLIMATE REPORT
NATIONAL WEATHER SERVICE LITTLE ROCK AR
407 AM CST FRI MAR 6 2015


...................................

...THE NORTH LITTLE ROCK CLIMATE SUMMARY FOR MARCH 5 2015...

CLIMATE NORMAL PERIOD 1981 TO 2010
CLIMATE RECORD PERIOD 1975 TO 2015


WEATHER ITEM   OBSERVED TIME   RECORD YEAR NORMAL DEPARTURE LAST
                VALUE   (LST)  VALUE       VALUE  FROM      YEAR
                                                  NORMAL
..................................................................
TEMPERATURE (F)
 YESTERDAY
  MAXIMUM         37        MM  75    2009  60    -23       33
  MINIMUM         20R       MM  21    1978  41    -21       26
  AVERAGE         29                        51    -22       30

PRECIPITATION (IN)
  YESTERDAY        0.58          2.28 1997   0.15   0.43      T
  MONTH TO DATE    3.07                      0.73   2.34     2.31
  SINCE MAR 1      3.07                      0.73   2.34     2.31
  SINCE JAN 1      9.25                      7.81   1.44     7.63

SNOWFALL (IN)
  YESTERDAY        3.9 R         1.0  1989   0.0    3.9       T
                                      1982
  MONTH TO DATE    6.4                       0.1    6.3      1.5
  SINCE MAR 1      6.4                       0.1    6.3      1.5
  SINCE JUL 1     10.6                       4.1    6.5      5.1
  SNOW DEPTH       5

DEGREE DAYS
 HEATING
  YESTERDAY       36                        15     21       35
  MONTH TO DATE  142                        77     65      159
  SINCE MAR 1    142                        77     65      159
  SINCE JUL 1   2939                      2563    376     2986

 COOLING
  YESTERDAY        0                         0      0        0
  MONTH TO DATE    0                         0      0        0
  SINCE MAR 1      0                         0      0        0
  SINCE JAN 1      0                         2     -2        0
..................................................................


WIND (MPH)
  HIGHEST WIND SPEED    MM   HIGHEST WIND DIRECTION    MM
  HIGHEST GUST SPEED    MM   HIGHEST GUST DIRECTION    MM
  AVERAGE WIND SPEED    MM


SKY COVER
  POSSIBLE SUNSHINE  MM
  AVERAGE SKY COVER  MM


WEATHER CONDITIONS
 THE FOLLOWING WEATHER WAS RECORDED YESTERDAY.
  LIGHT SNOW


RELATIVE HUMIDITY (PERCENT)
 HIGHEST    MM
 LOWEST     MM
 AVERAGE    MM

..........................................................


THE NORTH LITTLE ROCK CLIMATE NORMALS FOR TODAY
                         NORMAL    RECORD    YEAR
 MAXIMUM TEMPERATURE (F)   60        78      2009
 MINIMUM TEMPERATURE (F)   42        24      1989


SUNRISE AND SUNSET
MARCH  6 2015.........SUNRISE   632 AM CST   SUNSET   609 PM CST
MARCH  7 2015.........SUNRISE   631 AM CST   SUNSET   610 PM CST


-  INDICATES NEGATIVE NUMBERS.
R  INDICATES RECORD WAS SET OR TIED.
MM INDICATES DATA IS MISSING.
T  INDICATES TRACE AMOUNT.




$$
