000
CDUS44 KLZK 290638
CLILZK


CLIMATE REPORT
NATIONAL WEATHER SERVICE LITTLE ROCK AR
137 AM CDT WED MAR 29 2017


...................................

...THE NORTH LITTLE ROCK CLIMATE SUMMARY FOR MARCH 28 2017...

CLIMATE NORMAL PERIOD 1981 TO 2010
CLIMATE RECORD PERIOD 1975 TO 2017


WEATHER ITEM   OBSERVED TIME   RECORD YEAR NORMAL DEPARTURE LAST
                VALUE   (LST)  VALUE       VALUE  FROM      YEAR
                                                  NORMAL
..................................................................
TEMPERATURE (F)
 YESTERDAY
  MAXIMUM         76        MM  83    1998  68      8       67
                                      1985
  MINIMUM         53        MM  36    1982  48      5       40
  AVERAGE         65                        58      7       54

PRECIPITATION (IN)
  YESTERDAY        0.00          1.47 1990   0.16  -0.16     0.00
  MONTH TO DATE    3.36                      4.29  -0.93     7.30
  SINCE MAR 1      3.36                      4.29  -0.93     7.30
  SINCE JAN 1      8.64                     11.37  -2.73    12.36

SNOWFALL (IN)
  YESTERDAY        0.0          MM      MM   0.0    0.0      0.0
  MONTH TO DATE    T                         0.4   -0.4       T
  SINCE MAR 1      T                         0.4   -0.4       T
  SINCE JUL 1      0.8                       4.4   -3.6      7.2
  SNOW DEPTH       0

DEGREE DAYS
 HEATING
  YESTERDAY        0                         8     -8       11
  MONTH TO DATE  261                       337    -76      237
  SINCE MAR 1    261                       337    -76      237
  SINCE JUL 1   2092                      2823   -731     2198

 COOLING
  YESTERDAY        0                         1     -1        0
  MONTH TO DATE   23                        13     10       11
  SINCE MAR 1     23                        13     10       11
  SINCE JAN 1     40                        15     25       14
..................................................................


WIND (MPH)
  HIGHEST WIND SPEED    13   HIGHEST WIND DIRECTION     E (90)
  HIGHEST GUST SPEED    18   HIGHEST GUST DIRECTION     E (70)
  AVERAGE WIND SPEED     8.2


SKY COVER
  POSSIBLE SUNSHINE  MM
  AVERAGE SKY COVER 0.0


WEATHER CONDITIONS
 THE FOLLOWING WEATHER WAS RECORDED YESTERDAY.
  NO SIGNIFICANT WEATHER WAS OBSERVED.


RELATIVE HUMIDITY (PERCENT)
 HIGHEST    93           700 AM
 LOWEST     60           300 PM
 AVERAGE    77

..........................................................


THE NORTH LITTLE ROCK CLIMATE NORMALS FOR TODAY
                         NORMAL    RECORD    YEAR
 MAXIMUM TEMPERATURE (F)   68        84      2007
 MINIMUM TEMPERATURE (F)   48        34      1987


SUNRISE AND SUNSET
MARCH 29 2017.........SUNRISE   700 AM CDT   SUNSET   728 PM CDT
MARCH 30 2017.........SUNRISE   658 AM CDT   SUNSET   729 PM CDT


-  INDICATES NEGATIVE NUMBERS.
R  INDICATES RECORD WAS SET OR TIED.
MM INDICATES DATA IS MISSING.
T  INDICATES TRACE AMOUNT.




$$
