000
CDUS44 KLZK 280748
CLILZK


CLIMATE REPORT
NATIONAL WEATHER SERVICE LITTLE ROCK AR
247 AM CDT FRI JUL 28 2017


...................................

...THE NORTH LITTLE ROCK CLIMATE SUMMARY FOR JULY 27 2017...

CLIMATE NORMAL PERIOD 1981 TO 2010
CLIMATE RECORD PERIOD 1975 TO 2017


WEATHER ITEM   OBSERVED TIME   RECORD YEAR NORMAL DEPARTURE LAST
                VALUE   (LST)  VALUE       VALUE  FROM      YEAR
                                                  NORMAL
..................................................................
TEMPERATURE (F)
 YESTERDAY
  MAXIMUM         93        MM 101    1998  93      0       89
  MINIMUM         78        MM  63    2004  73      5       75
  AVERAGE         86                        83      3       82

PRECIPITATION (IN)
  YESTERDAY        0.11          1.51 2001   0.11   0.00     0.13
  MONTH TO DATE    5.00                      3.35   1.65     4.75
  SINCE JUN 1     11.12                      6.66   4.46     6.67
  SINCE JAN 1     37.11                     28.26   8.85    34.90

SNOWFALL (IN)
  YESTERDAY        0.0          MM      MM   0.0    0.0      0.0
  MONTH TO DATE    T                         0.0    0.0       T
  SINCE JUN 1      T                         0.0    0.0       T
  SINCE JUL 1      T                         0.0    0.0       T
  SNOW DEPTH       0

DEGREE DAYS
 HEATING
  YESTERDAY        0                         0      0        0
  MONTH TO DATE    0                         0      0        0
  SINCE JUN 1      0                         1     -1        0
  SINCE JUL 1      0                         0      0        0

 COOLING
  YESTERDAY       21                        18      3       17
  MONTH TO DATE  476                       472      4      515
  SINCE JUN 1    830                       885    -55      998
  SINCE JAN 1   1133                      1181    -48     1226
..................................................................


WIND (MPH)
  HIGHEST WIND SPEED     8   HIGHEST WIND DIRECTION     S (200)
  HIGHEST GUST SPEED    20   HIGHEST GUST DIRECTION     S (200)
  AVERAGE WIND SPEED     5.1


SKY COVER
  POSSIBLE SUNSHINE  MM
  AVERAGE SKY COVER 0.0


WEATHER CONDITIONS
 THE FOLLOWING WEATHER WAS RECORDED YESTERDAY.
  THUNDERSTORM
  RAIN
  LIGHT RAIN


RELATIVE HUMIDITY (PERCENT)
 HIGHEST    85           300 AM
 LOWEST     56           100 PM
 AVERAGE    71

..........................................................


THE NORTH LITTLE ROCK CLIMATE NORMALS FOR TODAY
                         NORMAL    RECORD    YEAR
 MAXIMUM TEMPERATURE (F)   93       105      2012
                                             1986
 MINIMUM TEMPERATURE (F)   73        62      1994


SUNRISE AND SUNSET
JULY 28 2017..........SUNRISE   616 AM CDT   SUNSET   815 PM CDT
JULY 29 2017..........SUNRISE   617 AM CDT   SUNSET   814 PM CDT


-  INDICATES NEGATIVE NUMBERS.
R  INDICATES RECORD WAS SET OR TIED.
MM INDICATES DATA IS MISSING.
T  INDICATES TRACE AMOUNT.




$$
