000
CDUS44 KLZK 050648
CLILZK


CLIMATE REPORT
NATIONAL WEATHER SERVICE LITTLE ROCK AR
148 AM CDT THU MAY 5 2016


...................................

...THE NORTH LITTLE ROCK CLIMATE SUMMARY FOR MAY 4 2016...

CLIMATE NORMAL PERIOD 1981 TO 2010
CLIMATE RECORD PERIOD 1975 TO 2016


WEATHER ITEM   OBSERVED TIME   RECORD YEAR NORMAL DEPARTURE LAST
                VALUE   (LST)  VALUE       VALUE  FROM      YEAR
                                                  NORMAL
..................................................................
TEMPERATURE (F)
 YESTERDAY
  MAXIMUM         79    300 PM  90    2014  77      2       82
                                      2012
  MINIMUM         54        MM  40    2013  58     -4       61
  AVERAGE         67                        68     -1       72

PRECIPITATION (IN)
  YESTERDAY        0.00          2.40 2006   0.17  -0.17     0.00
  MONTH TO DATE    0.00                      0.71  -0.71     0.00
  SINCE MAR 1     20.45                     10.27  10.18    13.61
  SINCE JAN 1     25.51                     17.35   8.16    19.79

SNOWFALL (IN)
  YESTERDAY        0.0          MM      MM   0.0    0.0      0.0
  MONTH TO DATE    0.0                       0.0    0.0      0.0
  SINCE MAR 1      T                         0.4   -0.4      6.4
  SINCE JUL 1      7.2                       4.4    2.8     10.6
  SNOW DEPTH       0

DEGREE DAYS
 HEATING
  YESTERDAY        0                         2     -2        0
  MONTH TO DATE    9                         8      1        3
  SINCE MAR 1    336                       504   -168      500
  SINCE JUL 1   2297                      2990   -693     3297

 COOLING
  YESTERDAY        2                         4     -2        7
  MONTH TO DATE    8                        16     -8       12
  SINCE MAR 1     85                       103    -18       87
  SINCE JAN 1     88                       105    -17       87
..................................................................


WIND (MPH)
  HIGHEST WIND SPEED     9   HIGHEST WIND DIRECTION     N (360)
  HIGHEST GUST SPEED    24   HIGHEST GUST DIRECTION    NW (320)
  AVERAGE WIND SPEED     6.1


SKY COVER
  POSSIBLE SUNSHINE  MM
  AVERAGE SKY COVER 0.0


WEATHER CONDITIONS
 THE FOLLOWING WEATHER WAS RECORDED YESTERDAY.
  NO SIGNIFICANT WEATHER WAS OBSERVED.


RELATIVE HUMIDITY (PERCENT)
 HIGHEST    89           200 AM
 LOWEST     25           500 PM
 AVERAGE    57

..........................................................


THE NORTH LITTLE ROCK CLIMATE NORMALS FOR TODAY
                         NORMAL    RECORD    YEAR
 MAXIMUM TEMPERATURE (F)   78        90      2012
 MINIMUM TEMPERATURE (F)   59        40      2013


SUNRISE AND SUNSET
MAY  5 2016...........SUNRISE   614 AM CDT   SUNSET   758 PM CDT
MAY  6 2016...........SUNRISE   613 AM CDT   SUNSET   759 PM CDT


-  INDICATES NEGATIVE NUMBERS.
R  INDICATES RECORD WAS SET OR TIED.
MM INDICATES DATA IS MISSING.
T  INDICATES TRACE AMOUNT.




$$
