000
CDUS44 KLZK 010911
CLILZK


CLIMATE REPORT
NATIONAL WEATHER SERVICE LITTLE ROCK AR
411 AM CDT WED OCT 1 2014


...................................

...THE NORTH LITTLE ROCK CLIMATE SUMMARY FOR SEPTEMBER 30 2014...

CLIMATE NORMAL PERIOD 1981 TO 2010
CLIMATE RECORD PERIOD 1975 TO 2014


WEATHER ITEM   OBSERVED TIME   RECORD YEAR NORMAL DEPARTURE LAST
                VALUE   (LST)  VALUE       VALUE  FROM      YEAR
                                                  NORMAL
..................................................................
TEMPERATURE (F)
 YESTERDAY
  MAXIMUM         87        MM  95    1998  79      8       79
  MINIMUM         63        MM  44    1984  59      4       68
  AVERAGE         75                        69      6       74

PRECIPITATION (IN)
  YESTERDAY        0.00          1.05 1988   0.11  -0.11      T
  MONTH TO DATE    1.07                      3.31  -2.24     2.26
  SINCE SEP 1      1.07                      3.31  -2.24     2.26
  SINCE JAN 1     36.87                     34.83   2.04    36.48

SNOWFALL (IN)
  YESTERDAY        0.0          MM      MM   0.0    0.0      0.0
  MONTH TO DATE    0.0                       0.0    0.0      0.0
  SINCE SEP 1      0.0                       0.0    0.0      0.0
  SINCE JUL 1      0.0                       0.0    0.0      0.0
  SNOW DEPTH       0

DEGREE DAYS
 HEATING
  YESTERDAY        0                         1     -1        0
  MONTH TO DATE    7                        12     -5        0
  SINCE SEP 1      7                        13     -6        0
  SINCE JUL 1      7                        13     -6        0

 COOLING
  YESTERDAY       10                         5      5        9
  MONTH TO DATE  317                       297     20      393
  SINCE SEP 1    317                       297     20      393
  SINCE JAN 1   1832                      2074   -242     2029
..................................................................


WIND (MPH)
  HIGHEST WIND SPEED    MM   HIGHEST WIND DIRECTION    MM
  HIGHEST GUST SPEED    MM   HIGHEST GUST DIRECTION    MM
  AVERAGE WIND SPEED    MM


SKY COVER
  POSSIBLE SUNSHINE  MM
  AVERAGE SKY COVER  MM


WEATHER CONDITIONS
 THE FOLLOWING WEATHER WAS RECORDED YESTERDAY.
  NO SIGNIFICANT WEATHER WAS OBSERVED.


RELATIVE HUMIDITY (PERCENT)
 HIGHEST    MM
 LOWEST     MM
 AVERAGE    MM

..........................................................


THE NORTH LITTLE ROCK CLIMATE NORMALS FOR TODAY
                         NORMAL    RECORD    YEAR
 MAXIMUM TEMPERATURE (F)   79        92      1979
 MINIMUM TEMPERATURE (F)   59        42      1985
                                             1984


SUNRISE AND SUNSET
OCTOBER  1 2014.......SUNRISE   704 AM CDT   SUNSET   653 PM CDT
OCTOBER  2 2014.......SUNRISE   704 AM CDT   SUNSET   652 PM CDT


-  INDICATES NEGATIVE NUMBERS.
R  INDICATES RECORD WAS SET OR TIED.
MM INDICATES DATA IS MISSING.
T  INDICATES TRACE AMOUNT.




$$
