000
CDUS44 KLZK 070638
CLILZK


CLIMATE REPORT
NATIONAL WEATHER SERVICE LITTLE ROCK AR
1238 AM CST WED DEC 7 2016


...................................

...THE NORTH LITTLE ROCK CLIMATE SUMMARY FOR DECEMBER 6 2016...

CLIMATE NORMAL PERIOD 1981 TO 2010
CLIMATE RECORD PERIOD 1975 TO 2016


WEATHER ITEM   OBSERVED TIME   RECORD YEAR NORMAL DEPARTURE LAST
                VALUE   (LST)  VALUE       VALUE  FROM      YEAR
                                                  NORMAL
..................................................................
TEMPERATURE (F)
 YESTERDAY
  MAXIMUM         53        MM  77    1998  53      0       64
  MINIMUM         42        MM  19    1977  37      5       38
  AVERAGE         48                        45      3       51

PRECIPITATION (IN)
  YESTERDAY        0.06          1.03 2013   0.17  -0.11     0.00
  MONTH TO DATE    0.71                      1.07  -0.36     0.00
  SINCE DEC 1      0.71                      1.07  -0.36     0.00
  SINCE JAN 1     49.98                     46.09   3.89    56.98

SNOWFALL (IN)
  YESTERDAY        0.0           1.0  2013   0.0    0.0      0.0
  MONTH TO DATE    0.0                       0.0    0.0      0.0
  SINCE DEC 1      0.0                       0.0    0.0      0.0
  SINCE JUL 1      T                         T      0.0      0.0
  SNOW DEPTH       0

DEGREE DAYS
 HEATING
  YESTERDAY       17                        20     -3       14
  MONTH TO DATE  109                       115     -6      113
  SINCE DEC 1    109                       115     -6      113
  SINCE JUL 1    403                       627   -224      466

 COOLING
  YESTERDAY        0                         0      0        0
  MONTH TO DATE    0                         0      0        0
  SINCE DEC 1      0                         0      0        0
  SINCE JAN 1   2374                      2169    205     2315
..................................................................


WIND (MPH)
  HIGHEST WIND SPEED     8   HIGHEST WIND DIRECTION     N (360)
  HIGHEST GUST SPEED    MM   HIGHEST GUST DIRECTION    MM
  AVERAGE WIND SPEED     5.0


SKY COVER
  POSSIBLE SUNSHINE  MM
  AVERAGE SKY COVER 0.0


WEATHER CONDITIONS
 THE FOLLOWING WEATHER WAS RECORDED YESTERDAY.
  LIGHT RAIN


RELATIVE HUMIDITY (PERCENT)
 HIGHEST   100           600 AM
 LOWEST     64           300 PM
 AVERAGE    82

..........................................................


THE NORTH LITTLE ROCK CLIMATE NORMALS FOR TODAY
                         NORMAL    RECORD    YEAR
 MAXIMUM TEMPERATURE (F)   53        69      1991
 MINIMUM TEMPERATURE (F)   37        14      1977


SUNRISE AND SUNSET
DECEMBER  7 2016......SUNRISE   704 AM CST   SUNSET   458 PM CST
DECEMBER  8 2016......SUNRISE   705 AM CST   SUNSET   458 PM CST


-  INDICATES NEGATIVE NUMBERS.
R  INDICATES RECORD WAS SET OR TIED.
MM INDICATES DATA IS MISSING.
T  INDICATES TRACE AMOUNT.




$$
