000
CDUS44 KLZK 022120
CLILZK


CLIMATE REPORT
NATIONAL WEATHER SERVICE LITTLE ROCK AR
420 PM CDT THU JUL 2 2015


...................................

...THE NORTH LITTLE ROCK CLIMATE SUMMARY FOR JULY 2 2015...
VALID TODAY AS OF 0400 PM LOCAL TIME.

CLIMATE NORMAL PERIOD 1981 TO 2010
CLIMATE RECORD PERIOD 1975 TO 2015


WEATHER ITEM   OBSERVED TIME   RECORD YEAR NORMAL DEPARTURE LAST
                VALUE   (LST)  VALUE       VALUE  FROM      YEAR
                                                  NORMAL
..................................................................
TEMPERATURE (F)
 TODAY
  MAXIMUM         90    100 PM 105    1980  91     -1       87
  MINIMUM         76        MM  64    1995  72      4       68
                                      1985
  AVERAGE         83                        82      1       78

PRECIPITATION (IN)
  TODAY            0.00          1.17 2007   0.11  -0.11     0.05
  MONTH TO DATE    0.00                      0.22  -0.22     0.06
  SINCE JUN 1      2.41                      3.53  -1.12     7.64
  SINCE JAN 1     33.47                     25.13   8.34    30.12

SNOWFALL (IN)
  TODAY            0.0          MM      MM   0.0    0.0      0.0
  MONTH TO DATE    0.0                       0.0    0.0      0.0
  SINCE JUN 1      0.0                       0.0    0.0      0.0
  SINCE JUL 1      0.0                       0.0    0.0      0.0
  SNOW DEPTH       0

DEGREE DAYS
 HEATING
  TODAY            0                         0      0        0
  MONTH TO DATE    0                         0      0        0
  SINCE JUN 1      0                         1     -1        0
  SINCE JUL 1      0                         0      0        0

 COOLING
  TODAY           18                        17      1       13
  MONTH TO DATE   35                        34      1       28
  SINCE JUN 1    485                       447     38      420
  SINCE JAN 1    768                       743     25      684
..................................................................


WIND (MPH)
  HIGHEST WIND SPEED    12   HIGHEST WIND DIRECTION    SW (240)
  HIGHEST GUST SPEED    24   HIGHEST GUST DIRECTION    SW (230)
  AVERAGE WIND SPEED     8.5


SKY COVER
  POSSIBLE SUNSHINE  MM
  AVERAGE SKY COVER 0.3


WEATHER CONDITIONS
 THE FOLLOWING WEATHER WAS RECORDED TODAY.
  NO SIGNIFICANT WEATHER WAS OBSERVED.


RELATIVE HUMIDITY (PERCENT)
 HIGHEST    85           300 AM
 LOWEST     61           100 PM
 AVERAGE    73

..........................................................


THE NORTH LITTLE ROCK CLIMATE NORMALS FOR TOMORROW
                         NORMAL    RECORD    YEAR
 MAXIMUM TEMPERATURE (F)   91       103      1980
 MINIMUM TEMPERATURE (F)   72        62      2013


SUNRISE AND SUNSET
JULY  2 2015..........SUNRISE   600 AM CDT   SUNSET   826 PM CDT
JULY  3 2015..........SUNRISE   600 AM CDT   SUNSET   826 PM CDT


-  INDICATES NEGATIVE NUMBERS.
R  INDICATES RECORD WAS SET OR TIED.
MM INDICATES DATA IS MISSING.
T  INDICATES TRACE AMOUNT.




$$
