000
CDUS44 KLZK 240639
CLILZK


CLIMATE REPORT
NATIONAL WEATHER SERVICE LITTLE ROCK AR
1238 AM CST TUE JAN 24 2017


...................................

...THE NORTH LITTLE ROCK CLIMATE SUMMARY FOR JANUARY 23 2017...

CLIMATE NORMAL PERIOD 1981 TO 2010
CLIMATE RECORD PERIOD 1975 TO 2017


WEATHER ITEM   OBSERVED TIME   RECORD YEAR NORMAL DEPARTURE LAST
                VALUE   (LST)  VALUE       VALUE  FROM      YEAR
                                                  NORMAL
..................................................................
TEMPERATURE (F)
 YESTERDAY
  MAXIMUM         55        MM  78    2002  50      5       37
  MINIMUM         40        MM  13    2003  33      7       28
  AVERAGE         48                        41      7       33

PRECIPITATION (IN)
  YESTERDAY        0.00          0.95 2002   0.10  -0.10     0.00
  MONTH TO DATE    2.28                      2.55  -0.27     3.23
  SINCE DEC 1      5.45                      7.56  -2.11    13.31
  SINCE JAN 1      2.28                      2.55  -0.27     3.23

SNOWFALL (IN)
  YESTERDAY        0.0           0.3  1979   0.1   -0.1      0.0
  MONTH TO DATE    0.8                       1.2   -0.4      7.2
  SINCE DEC 1      0.8                       1.7   -0.9      7.2
  SINCE JUL 1      0.8                       1.7   -0.9      7.2
  SNOW DEPTH       0

DEGREE DAYS
 HEATING
  YESTERDAY       17                        24     -7       32
  MONTH TO DATE  438                       552   -114      603
  SINCE DEC 1   1084                      1232   -148     1014
  SINCE JUL 1   1378                      1744   -366     1367

 COOLING
  YESTERDAY        0                         0      0        0
  MONTH TO DATE    1                         0      1        0
  SINCE DEC 1      2                         1      1        7
  SINCE JAN 1      1                         0      1        0
..................................................................


WIND (MPH)
  HIGHEST WIND SPEED    12   HIGHEST WIND DIRECTION     N (340)
  HIGHEST GUST SPEED    25   HIGHEST GUST DIRECTION     N (340)
  AVERAGE WIND SPEED     6.0


SKY COVER
  POSSIBLE SUNSHINE  MM
  AVERAGE SKY COVER 0.0


WEATHER CONDITIONS
 THE FOLLOWING WEATHER WAS RECORDED YESTERDAY.
  NO SIGNIFICANT WEATHER WAS OBSERVED.


RELATIVE HUMIDITY (PERCENT)
 HIGHEST    86          1200 AM
 LOWEST     55           400 PM
 AVERAGE    71

..........................................................


THE NORTH LITTLE ROCK CLIMATE NORMALS FOR TODAY
                         NORMAL    RECORD    YEAR
 MAXIMUM TEMPERATURE (F)   50        70      1981
 MINIMUM TEMPERATURE (F)   33        10      2014
                                             2003


SUNRISE AND SUNSET
JANUARY 24 2017.......SUNRISE   712 AM CST   SUNSET   530 PM CST
JANUARY 25 2017.......SUNRISE   712 AM CST   SUNSET   531 PM CST


-  INDICATES NEGATIVE NUMBERS.
R  INDICATES RECORD WAS SET OR TIED.
MM INDICATES DATA IS MISSING.
T  INDICATES TRACE AMOUNT.




$$
