000
CDUS44 KLZK 112216
CLILZK


CLIMATE REPORT
NATIONAL WEATHER SERVICE LITTLE ROCK AR
416 PM CST THU FEB 11 2016


...................................

...THE NORTH LITTLE ROCK CLIMATE SUMMARY FOR FEBRUARY 11 2016...
VALID TODAY AS OF 0400 PM LOCAL TIME.

CLIMATE NORMAL PERIOD 1981 TO 2010
CLIMATE RECORD PERIOD 1975 TO 2016


WEATHER ITEM   OBSERVED TIME   RECORD YEAR NORMAL DEPARTURE LAST
                VALUE   (LST)  VALUE       VALUE  FROM      YEAR
                                                  NORMAL
..................................................................
TEMPERATURE (F)
 TODAY
  MAXIMUM         54        MM  76    1999  53      1       62
  MINIMUM         31        MM   5    1981  35     -4       33
  AVERAGE         43                        44     -1       48

PRECIPITATION (IN)
  TODAY            0.00          0.95 1992   0.12  -0.12     0.00
  MONTH TO DATE    T                         1.33  -1.33     0.61
  SINCE DEC 1     13.31                      9.76   3.55     6.52
  SINCE JAN 1      3.23                      4.75  -1.52     3.53

SNOWFALL (IN)
  TODAY            0.0           1.1  1985   0.0    0.0      0.0
  MONTH TO DATE    0.0                       0.8   -0.8      0.0
  SINCE DEC 1      7.2                       3.0    4.2       T
  SINCE JUL 1      7.2                       3.0    4.2      0.6
  SNOW DEPTH       0

DEGREE DAYS
 HEATING
  TODAY           22                        21      1       17
  MONTH TO DATE  212                       240    -28      233
  SINCE DEC 1   1347                      1661   -314     1626
  SINCE JUL 1   1700                      2173   -473     2241

 COOLING
  TODAY            0                         0      0        0
  MONTH TO DATE    0                         0      0        0
  SINCE DEC 1      8                         2      6        0
  SINCE JAN 1      1                         1      0        0
..................................................................


WIND (MPH)
  HIGHEST WIND SPEED    MM   HIGHEST WIND DIRECTION    MM
  HIGHEST GUST SPEED    MM   HIGHEST GUST DIRECTION    MM
  AVERAGE WIND SPEED    MM


SKY COVER
  POSSIBLE SUNSHINE  MM
  AVERAGE SKY COVER  MM


WEATHER CONDITIONS
 THE FOLLOWING WEATHER WAS RECORDED TODAY.
  NO SIGNIFICANT WEATHER WAS OBSERVED.


RELATIVE HUMIDITY (PERCENT)
 HIGHEST    MM
 LOWEST     MM
 AVERAGE    MM

..........................................................


THE NORTH LITTLE ROCK CLIMATE NORMALS FOR TOMORROW
                         NORMAL    RECORD    YEAR
 MAXIMUM TEMPERATURE (F)   54        75      1990
 MINIMUM TEMPERATURE (F)   36        10      1988


SUNRISE AND SUNSET
FEBRUARY 11 2016......SUNRISE   659 AM CST   SUNSET   548 PM CST
FEBRUARY 12 2016......SUNRISE   658 AM CST   SUNSET   549 PM CST


-  INDICATES NEGATIVE NUMBERS.
R  INDICATES RECORD WAS SET OR TIED.
MM INDICATES DATA IS MISSING.
T  INDICATES TRACE AMOUNT.




$$
