000
CDUS46 KHNX 290021
CLIMAE


CLIMATE REPORT
NATIONAL WEATHER SERVICE SAN JOAQUIN VALLEY, CA
420 PM PST FRI NOV 28 2014


...................................

...THE MADERA CA CLIMATE SUMMARY FOR NOVEMBER 28 2014...
VALID AS OF 0400 PM LOCAL TIME.

CLIMATE NORMAL PERIOD 1981 TO 2010
CLIMATE RECORD PERIOD 1998 TO 2014


WEATHER ITEM   OBSERVED TIME   RECORD YEAR NORMAL DEPARTURE LAST
                VALUE   (LST)  VALUE       VALUE  FROM      YEAR
                                                  NORMAL
..................................................................
TEMPERATURE (F)
 TODAY
  MAXIMUM         73R   350 PM  68    2013  59     14       68
  MINIMUM         39    438 AM  29    2004  38      1       42
  AVERAGE         56                        48      8       55

PRECIPITATION (IN)
  TODAY            0.00          0.14 2012   0.03  -0.03     0.00
  MONTH TO DATE    0.42                      1.08  -0.66     0.39
  SINCE JUL 1      0.83                      2.25  -1.42     0.70
  SINCE JAN 1      4.44                     10.25  -5.81     4.22

SNOWFALL (IN)
  TODAY            0.0
  MONTH TO DATE    0.0
  SINCE SEP 1      0.0
  SINCE JUL 1      0.0
  SNOW DEPTH       0

DEGREE DAYS
 HEATING
  TODAY            9                                        10
  MONTH TO DATE  266                                       286
  SINCE SEP 1    298                                       393
  SINCE JUL 1    298                                       393

 COOLING
  TODAY            0                                         0
  MONTH TO DATE    0                                         0
  SINCE SEP 1    466                                       246
  SINCE JAN 1   2952                                      1688
..................................................................


WIND (MPH)
  HIGHEST WIND SPEED    10   HIGHEST WIND DIRECTION     E (110)
  HIGHEST GUST SPEED    12   HIGHEST GUST DIRECTION     E (110)
  AVERAGE WIND SPEED     2.8




RELATIVE HUMIDITY (PERCENT)
 HIGHEST    89
 LOWEST     33
 AVERAGE    61

..........................................................


THE MADERA CA CLIMATE NORMALS FOR TOMORROW
                         NORMAL    RECORD    YEAR
 MAXIMUM TEMPERATURE (F)   59        70      2013
 MINIMUM TEMPERATURE (F)   38        27      2010
                                             2004


SUNRISE AND SUNSET
NOVEMBER 28 2014......SUNRISE   652 AM PST   SUNSET   445 PM PST
NOVEMBER 29 2014......SUNRISE   653 AM PST   SUNSET   444 PM PST


-  INDICATES NEGATIVE NUMBERS.
R  INDICATES RECORD WAS SET OR TIED.
MM INDICATES DATA IS MISSING.
T  INDICATES TRACE AMOUNT.




$$
