000
CDUS46 KHNX 200023
CLIMAE


CLIMATE REPORT
NATIONAL WEATHER SERVICE SAN JOAQUIN VALLEY, CA
422 PM PST MON FEB 19 2018


...................................

...THE MADERA CA CLIMATE SUMMARY FOR FEBRUARY 19 2018...
VALID AS OF 0400 PM LOCAL TIME.

CLIMATE NORMAL PERIOD 1981 TO 2010
CLIMATE RECORD PERIOD 1998 TO 2018


WEATHER ITEM   OBSERVED TIME   RECORD YEAR NORMAL DEPARTURE LAST
                VALUE   (LST)  VALUE       VALUE  FROM      YEAR
                                                  NORMAL
..................................................................
TEMPERATURE (F)
 TODAY
  MAXIMUM         55    221 PM  68    2015  62     -7       58
                                      2014
  MINIMUM         29R   554 AM  35    2009  41    -12       44
                                      2006
  AVERAGE         42                        51     -9       51

PRECIPITATION (IN)
  TODAY            0.00          0.62 2013   0.08  -0.08     0.06
  MONTH TO DATE    0.00                      1.34  -1.34     3.26
  SINCE OCT 1      1.55                      7.52  -5.97    12.50
  SINCE JAN 1      1.14                      3.79  -2.65     8.43

SNOWFALL (IN)
  TODAY            0.0
  MONTH TO DATE    0.0
  SINCE DEC 1      0.0
  SINCE JUL 1      0.0
  SNOW DEPTH       0

DEGREE DAYS
 HEATING
  TODAY           23                                        14
  MONTH TO DATE  200                                       167
  SINCE DEC 1   1188                                      1230
  SINCE JUL 1   1515                                      1538

 COOLING
  TODAY            0                                         0
  MONTH TO DATE    0                                         0
  SINCE DEC 1      0                                         0
  SINCE JAN 1      0                                         0
..................................................................


WIND (MPH)
  HIGHEST WIND SPEED    23   HIGHEST WIND DIRECTION    NW (320)
  HIGHEST GUST SPEED    28   HIGHEST GUST DIRECTION     W (290)
  AVERAGE WIND SPEED     9.0




RELATIVE HUMIDITY (PERCENT)
 HIGHEST    92
 LOWEST     24
 AVERAGE    58

..........................................................


THE MADERA CA CLIMATE NORMALS FOR TOMORROW
                         NORMAL    RECORD    YEAR
 MAXIMUM TEMPERATURE (F)   63        69      2000
 MINIMUM TEMPERATURE (F)   41        30      2006


SUNRISE AND SUNSET
FEBRUARY 19 2018......SUNRISE   644 AM PST   SUNSET   545 PM PST
FEBRUARY 20 2018......SUNRISE   643 AM PST   SUNSET   546 PM PST


-  INDICATES NEGATIVE NUMBERS.
R  INDICATES RECORD WAS SET OR TIED.
MM INDICATES DATA IS MISSING.
T  INDICATES TRACE AMOUNT.




$$
