000
CDUS46 KHNX 260823
CLIMAE


CLIMATE REPORT
NATIONAL WEATHER SERVICE SAN JOAQUIN VALLEY, CA
1222 AM PST FRI DEC 26 2014


...................................

...THE MADERA CA AIRPORT CLIMATE SUMMARY FOR DECEMBER 25 2014...

CLIMATE NORMAL PERIOD 1981 TO 2010
CLIMATE RECORD PERIOD 1998 TO 2014


WEATHER ITEM   OBSERVED TIME   RECORD YEAR NORMAL DEPARTURE
                VALUE   (LST)  VALUE       VALUE  FROM
                                                  NORMAL
...............................................................
TEMPERATURE (F)
 YESTERDAY
  MAXIMUM         56    336 PM  67    2013  53      3
  MINIMUM         36   1044 PM  24    1998  36      0
  AVERAGE         46                        44      2

PRECIPITATION (IN)
  YESTERDAY        0.00          0.54 2010   0.07  -0.07
  MONTH TO DATE    2.88                      1.28   1.60
  SINCE JUL 1      3.71                      3.60   0.11
  SINCE JAN 1      7.32                     11.60  -4.28

SNOWFALL (IN)
  YESTERDAY        0.0
  MONTH TO DATE    0.0
  SINCE DEC 1      0.0
  SINCE JUL 1      0.0
  SNOW DEPTH       0

DEGREE DAYS
 HEATING
  YESTERDAY       19
  MONTH TO DATE  246
  SINCE DEC 1    246
  SINCE JUL 1    562

 COOLING
  YESTERDAY        0
  MONTH TO DATE    1
  SINCE DEC 1      1
  SINCE JAN 1   2953
...............................................................


WIND (MPH)
  HIGHEST WIND SPEED    MM   HIGHEST WIND DIRECTION    MM
  HIGHEST GUST SPEED    MM   HIGHEST GUST DIRECTION    MM
  AVERAGE WIND SPEED    MM




RELATIVE HUMIDITY (PERCENT)
 HIGHEST    82
 LOWEST     41
 AVERAGE    62

..........................................................


THE MADERA CA AIRPORT CLIMATE NORMALS FOR TODAY
                         NORMAL    RECORD    YEAR
 MAXIMUM TEMPERATURE (F)   53        67      2013
 MINIMUM TEMPERATURE (F)   36        25      2011


SUNRISE AND SUNSET
DECEMBER 26 2014......SUNRISE   712 AM PST   SUNSET   450 PM PST
DECEMBER 27 2014......SUNRISE   712 AM PST   SUNSET   451 PM PST


-  INDICATES NEGATIVE NUMBERS.
R  INDICATES RECORD WAS SET OR TIED.
MM INDICATES DATA IS MISSING.
T  INDICATES TRACE AMOUNT.




$$
