000
CDUS46 KHNX 220022
CLIMAE


CLIMATE REPORT
NATIONAL WEATHER SERVICE SAN JOAQUIN VALLEY, CA
522 PM PDT THU AUG 21 2014


...................................

...THE MADERA CA CLIMATE SUMMARY FOR AUGUST 21 2014...
VALID TODAY AS OF 0500 PM LOCAL TIME.

CLIMATE NORMAL PERIOD 1981 TO 2010
CLIMATE RECORD PERIOD 1998 TO 2014


WEATHER ITEM   OBSERVED TIME   RECORD YEAR NORMAL DEPARTURE LAST
                VALUE   (LST)  VALUE       VALUE  FROM      YEAR
                                                  NORMAL
..................................................................
TEMPERATURE (F)
 TODAY
  MAXIMUM         95    334 PM  99    2012  94      1       98
                                      2009
                                      2007
  MINIMUM         60    529 AM  51    2002  59      1       61
  AVERAGE         78                        77      1       80

PRECIPITATION (IN)
  TODAY            0.00          0.00   MM   0.00   0.00     0.00
  MONTH TO DATE    T                         0.00   0.00     0.01
  SINCE JUL 1      T                         0.02  -0.02     0.01
  SINCE JAN 1      3.61                      8.02  -4.41     3.53

SNOWFALL (IN)
  TODAY            0.0
  MONTH TO DATE    0.0
  SINCE JUN 1      0.0
  SINCE JUL 1      0.0
  SNOW DEPTH       0

DEGREE DAYS
 HEATING
  TODAY            0                                         0
  MONTH TO DATE    0                                         0
  SINCE JUN 1      0                                         0
  SINCE JUL 1      0                                         0

 COOLING
  TODAY           13                                        15
  MONTH TO DATE 1232                                       271
  SINCE JUN 1   2113                                      1127
  SINCE JAN 1   2355                                      1304
..................................................................


WIND (MPH)
  HIGHEST WIND SPEED    10   HIGHEST WIND DIRECTION    NW (300)
  HIGHEST GUST SPEED    14   HIGHEST GUST DIRECTION    NW (320)
  AVERAGE WIND SPEED     5.3




RELATIVE HUMIDITY (PERCENT)
 HIGHEST    84
 LOWEST     22
 AVERAGE    53

..........................................................


THE MADERA CA CLIMATE NORMALS FOR TOMORROW
                         NORMAL    RECORD    YEAR
 MAXIMUM TEMPERATURE (F)   94       101      1999
 MINIMUM TEMPERATURE (F)   59        53      2010
                                             2002


SUNRISE AND SUNSET
AUGUST 21 2014........SUNRISE   622 AM PDT   SUNSET   744 PM PDT
AUGUST 22 2014........SUNRISE   623 AM PDT   SUNSET   743 PM PDT


-  INDICATES NEGATIVE NUMBERS.
R  INDICATES RECORD WAS SET OR TIED.
MM INDICATES DATA IS MISSING.
T  INDICATES TRACE AMOUNT.




$$
