000
CDUS46 KHNX 220829
CLIMAE


CLIMATE REPORT
NATIONAL WEATHER SERVICE SAN JOAQUIN VALLEY, CA
127 AM PDT FRI SEP 22 2017


...................................

...THE MADERA CA AIRPORT CLIMATE SUMMARY FOR SEPTEMBER 21 2017...

CLIMATE NORMAL PERIOD 1981 TO 2010
CLIMATE RECORD PERIOD 1998 TO 2017


WEATHER ITEM   OBSERVED TIME   RECORD YEAR NORMAL DEPARTURE
                VALUE   (LST)  VALUE       VALUE  FROM
                                                  NORMAL
...............................................................
TEMPERATURE (F)
 YESTERDAY
  MAXIMUM         MM        MM 103    2015  89     MM
  MINIMUM         55        MM  46    2004  55      0
  AVERAGE         MM                        72     MM

PRECIPITATION (IN)
  YESTERDAY       MM             T    2007   0.01  MM
                                      2007
                                      2016
  MONTH TO DATE    0.08                      0.15  -0.07
  SINCE OCT 1     14.26                     11.92   2.34
  SINCE JAN 1     10.19                      8.19   2.00

SNOWFALL (IN)
  YESTERDAY        0.0
  MONTH TO DATE    0.0
  SINCE SEP 1      0.0
  SINCE JUL 1      0.0
  SNOW DEPTH       0

DEGREE DAYS
 HEATING
  YESTERDAY       MM
  MONTH TO DATE    0
  SINCE SEP 1      0
  SINCE JUL 1      0

 COOLING
  YESTERDAY       MM
  MONTH TO DATE  283
  SINCE SEP 1    283
  SINCE JAN 1   1954
...............................................................


WIND (MPH)
  HIGHEST WIND SPEED    16   HIGHEST WIND DIRECTION    NW (330)
  HIGHEST GUST SPEED    MM   HIGHEST GUST DIRECTION    MM
  AVERAGE WIND SPEED     6.9




RELATIVE HUMIDITY (PERCENT)
 HIGHEST    93
 LOWEST     37
 AVERAGE    65

..........................................................


THE MADERA CA AIRPORT CLIMATE NORMALS FOR TODAY
                         NORMAL    RECORD    YEAR
 MAXIMUM TEMPERATURE (F)   88       102      2003
 MINIMUM TEMPERATURE (F)   55        49      2004


SUNRISE AND SUNSET
SEPTEMBER 22 2017.....SUNRISE   649 AM PDT   SUNSET   657 PM PDT
SEPTEMBER 23 2017.....SUNRISE   649 AM PDT   SUNSET   655 PM PDT


-  INDICATES NEGATIVE NUMBERS.
R  INDICATES RECORD WAS SET OR TIED.
MM INDICATES DATA IS MISSING.
T  INDICATES TRACE AMOUNT.




$$
