000
CDUS44 KMAF 010731
CLIMAF


CLIMATE REPORT
NATIONAL WEATHER SERVICE MIDLAND/ODESSA TX
231 AM CDT WED OCT 1 2014


...................................

...THE MIDLAND CLIMATE SUMMARY FOR SEPTEMBER 30 2014...

CLIMATE NORMAL PERIOD 1981 TO 2010
CLIMATE RECORD PERIOD 1930 TO 2014


WEATHER ITEM   OBSERVED TIME   RECORD YEAR NORMAL DEPARTURE LAST
                VALUE   (LST)  VALUE       VALUE  FROM      YEAR
                                                  NORMAL
..................................................................
TEMPERATURE (F)
 YESTERDAY
  MAXIMUM         91    441 PM 104    1977  83      8       94
  MINIMUM         63    535 AM  41    1984  57      6       59
  AVERAGE         77                        70      7       77

PRECIPITATION (IN)
  YESTERDAY        0.00          1.26 1941   0.06  -0.06     0.00
  MONTH TO DATE    1.69                      1.86  -0.17     0.27
  SINCE SEP 1      1.69                      1.86  -0.17     0.27
  SINCE JAN 1      6.43                     11.58  -5.15     4.84

DEGREE DAYS
 HEATING
  YESTERDAY        0                         1     -1        0
  MONTH TO DATE   14                        10      4        0
  SINCE SEP 1     14                        11      3        0
  SINCE JUL 1     14                        11      3        0

 COOLING
  YESTERDAY       12                         6      6       12
  MONTH TO DATE  320                       295     25      384
  SINCE SEP 1    320                       295     25      384
  SINCE JAN 1   2517                      2179    338     2559
..................................................................


WIND (MPH)
  HIGHEST WIND SPEED    20   HIGHEST WIND DIRECTION     S (180)
  HIGHEST GUST SPEED    24   HIGHEST GUST DIRECTION     S (170)
  AVERAGE WIND SPEED    11.1


SKY COVER
  POSSIBLE SUNSHINE  MM
  AVERAGE SKY COVER 0.1


WEATHER CONDITIONS
 THE FOLLOWING WEATHER WAS RECORDED YESTERDAY.
  NO SIGNIFICANT WEATHER WAS OBSERVED.


RELATIVE HUMIDITY (PERCENT)
 HIGHEST    84           400 AM
 LOWEST     32           300 PM
 AVERAGE    58

..........................................................


THE MIDLAND CLIMATE NORMALS FOR TODAY
                         NORMAL    RECORD    YEAR
 MAXIMUM TEMPERATURE (F)   82        98      1951
 MINIMUM TEMPERATURE (F)   57        42      1966


SUNRISE AND SUNSET
OCTOBER  1 2014.......SUNRISE   743 AM CDT   SUNSET   734 PM CDT
OCTOBER  2 2014.......SUNRISE   743 AM CDT   SUNSET   732 PM CDT


-  INDICATES NEGATIVE NUMBERS.
R  INDICATES RECORD WAS SET OR TIED.
MM INDICATES DATA IS MISSING.
T  INDICATES TRACE AMOUNT.




$$
