000
CDUS44 KMAF 230732
CLIMAF


CLIMATE REPORT
NATIONAL WEATHER SERVICE MIDLAND TX
231 AM CDT MON OCT 23 2017


...................................

...THE MIDLAND CLIMATE SUMMARY FOR OCTOBER 22 2017...

CLIMATE NORMAL PERIOD 1981 TO 2010
CLIMATE RECORD PERIOD 1930 TO 2017


WEATHER ITEM   OBSERVED TIME   RECORD YEAR NORMAL DEPARTURE LAST
                VALUE   (LST)  VALUE       VALUE  FROM      YEAR
                                                  NORMAL
..................................................................
TEMPERATURE (F)
 YESTERDAY
  MAXIMUM         74    344 PM  91    2001  76     -2       85
                                      1995
  MINIMUM         45    710 AM  33    1990  50     -5       52
                                      1945
  AVERAGE         60                        63     -3       69

PRECIPITATION (IN)
  YESTERDAY        0.00          2.21 2015   0.05  -0.05     0.00
  MONTH TO DATE    0.09                      1.37  -1.28     0.31
  SINCE SEP 1      4.16                      3.23   0.93     2.42
  SINCE JAN 1     16.90                     12.95   3.95    12.76

SNOWFALL (IN)
  YESTERDAY        0.0
  MONTH TO DATE    0.0
  SINCE SEP 1      0.0
  SINCE JUL 1      0.0
  SNOW DEPTH       0

DEGREE DAYS
 HEATING
  YESTERDAY        5                         4      1        0
  MONTH TO DATE   25                        51    -26       10
  SINCE SEP 1     32                        62    -30       11
  SINCE JUL 1     32                        62    -30       11

 COOLING
  YESTERDAY        0                         2     -2        4
  MONTH TO DATE  144                        83     61      179
  SINCE SEP 1    526                       378    148      548
  SINCE JAN 1   2773                      2262    511     2780
..................................................................


WIND (MPH)
  HIGHEST WIND SPEED    13   HIGHEST WIND DIRECTION    NE (30)
  HIGHEST GUST SPEED    17   HIGHEST GUST DIRECTION    NE (30)
  AVERAGE WIND SPEED     7.1


SKY COVER
  POSSIBLE SUNSHINE  MM
  AVERAGE SKY COVER 0.0


WEATHER CONDITIONS
 THE FOLLOWING WEATHER WAS RECORDED YESTERDAY.
  NO SIGNIFICANT WEATHER WAS OBSERVED.


RELATIVE HUMIDITY (PERCENT)
 HIGHEST    70           700 AM
 LOWEST     19           300 PM
 AVERAGE    45

..........................................................


THE MIDLAND CLIMATE NORMALS FOR TODAY
                         NORMAL    RECORD    YEAR
 MAXIMUM TEMPERATURE (F)   76        90      1934
 MINIMUM TEMPERATURE (F)   49        30      1996


SUNRISE AND SUNSET
OCTOBER 23 2017.......SUNRISE   758 AM CDT   SUNSET   707 PM CDT
OCTOBER 24 2017.......SUNRISE   759 AM CDT   SUNSET   706 PM CDT


-  INDICATES NEGATIVE NUMBERS.
R  INDICATES RECORD WAS SET OR TIED.
MM INDICATES DATA IS MISSING.
T  INDICATES TRACE AMOUNT.




$$
