000
CDUS44 KMAF 020734
CLIMAF


CLIMATE REPORT
NATIONAL WEATHER SERVICE MIDLAND/ODESSA TX
234 AM CDT TUE JUN 2 2015


...................................

...THE MIDLAND CLIMATE SUMMARY FOR JUNE 1 2015...

CLIMATE NORMAL PERIOD 1981 TO 2010
CLIMATE RECORD PERIOD 1930 TO 2015


WEATHER ITEM   OBSERVED TIME   RECORD YEAR NORMAL DEPARTURE LAST
                VALUE   (LST)  VALUE       VALUE  FROM      YEAR
                                                  NORMAL
..................................................................
TEMPERATURE (F)
 YESTERDAY
  MAXIMUM         91    421 PM 107    1998  91      0       99
  MINIMUM         62    607 AM  47    1983  64     -2       71
  AVERAGE         77                        78     -1       85

PRECIPITATION (IN)
  YESTERDAY        0.00          2.03 1979   0.07  -0.07     0.00
  MONTH TO DATE    0.00                      0.07  -0.07     0.00
  SINCE JUN 1      0.00                      0.07  -0.07     0.00
  SINCE JAN 1      8.99                      4.33   4.66     3.16

DEGREE DAYS
 COOLING
  YESTERDAY       12                        13     -1       20
  MONTH TO DATE   12                        13     -1       20
  SINCE JUN 1     12                        13     -1       20
  SINCE JAN 1    367                       402    -35      496
..................................................................


WIND (MPH)
  HIGHEST WIND SPEED    22   HIGHEST WIND DIRECTION    SE (150)
  HIGHEST GUST SPEED    26   HIGHEST GUST DIRECTION    SE (140)
  AVERAGE WIND SPEED    11.7


SKY COVER
  POSSIBLE SUNSHINE  MM
  AVERAGE SKY COVER 0.0


WEATHER CONDITIONS
 THE FOLLOWING WEATHER WAS RECORDED YESTERDAY.
  NO SIGNIFICANT WEATHER WAS OBSERVED.


RELATIVE HUMIDITY (PERCENT)
 HIGHEST    93           500 AM
 LOWEST     23           300 PM
 AVERAGE    58

..........................................................


THE MIDLAND CLIMATE NORMALS FOR TODAY
                         NORMAL    RECORD    YEAR
 MAXIMUM TEMPERATURE (F)   92       108      1998
 MINIMUM TEMPERATURE (F)   65        48      1970


SUNRISE AND SUNSET
JUNE  2 2015..........SUNRISE   643 AM CDT   SUNSET   850 PM CDT
JUNE  3 2015..........SUNRISE   643 AM CDT   SUNSET   851 PM CDT


-  INDICATES NEGATIVE NUMBERS.
R  INDICATES RECORD WAS SET OR TIED.
MM INDICATES DATA IS MISSING.
T  INDICATES TRACE AMOUNT.




$$
