000
CDUS44 KMAF 170831
CLIMAF


CLIMATE REPORT
NATIONAL WEATHER SERVICE MIDLAND TX
230 AM CST WED JAN 17 2018


...................................

...THE MIDLAND CLIMATE SUMMARY FOR JANUARY 16 2018...

CLIMATE NORMAL PERIOD 1981 TO 2010
CLIMATE RECORD PERIOD 1930 TO 2018


WEATHER ITEM   OBSERVED TIME   RECORD YEAR NORMAL DEPARTURE LAST
                VALUE   (LST)  VALUE       VALUE  FROM      YEAR
                                                  NORMAL
..................................................................
TEMPERATURE (F)
 YESTERDAY
  MAXIMUM         30    601 PM  79    1971  57    -27       64
  MINIMUM         22   1042 AM  15    1972  30     -8       35
  AVERAGE         26                        44    -18       50

PRECIPITATION (IN)
  YESTERDAY        0.00          0.24 2004   0.02  -0.02     0.00
  MONTH TO DATE    0.01                      0.24  -0.23     0.96
  SINCE DEC 1      0.40                      0.84  -0.44     1.37
  SINCE JAN 1      0.01                      0.24  -0.23     0.96

SNOWFALL (IN)
  YESTERDAY        0.0
  MONTH TO DATE    T
  SINCE DEC 1      T
  SINCE JUL 1      T
  SNOW DEPTH       0

DEGREE DAYS
 HEATING
  YESTERDAY       39                        21     18       15
  MONTH TO DATE  367                       350     17      298
  SINCE DEC 1    944                       987    -43      832
  SINCE JUL 1   1265                      1466   -201     1043
..................................................................


WIND (MPH)
  HIGHEST WIND SPEED    26   HIGHEST WIND DIRECTION    NE (30)
  HIGHEST GUST SPEED    32   HIGHEST GUST DIRECTION    NE (30)
  AVERAGE WIND SPEED    10.3


SKY COVER
  POSSIBLE SUNSHINE  MM
  AVERAGE SKY COVER 0.9


WEATHER CONDITIONS
 THE FOLLOWING WEATHER WAS RECORDED YESTERDAY.
  NO SIGNIFICANT WEATHER WAS OBSERVED.


RELATIVE HUMIDITY (PERCENT)
 HIGHEST    36          1000 AM
 LOWEST     27           300 PM
 AVERAGE    32

..........................................................


THE MIDLAND CLIMATE NORMALS FOR TODAY
                         NORMAL    RECORD    YEAR
 MAXIMUM TEMPERATURE (F)   57        84      1974
 MINIMUM TEMPERATURE (F)   30        13      1987


SUNRISE AND SUNSET
JANUARY 17 2018.......SUNRISE   749 AM CST   SUNSET   609 PM CST
JANUARY 18 2018.......SUNRISE   749 AM CST   SUNSET   610 PM CST


-  INDICATES NEGATIVE NUMBERS.
R  INDICATES RECORD WAS SET OR TIED.
MM INDICATES DATA IS MISSING.
T  INDICATES TRACE AMOUNT.




$$
