000
CDUS44 KMAF 252214
CLIMAF


CLIMATE REPORT
NATIONAL WEATHER SERVICE MIDLAND/ODESSA TX
413 PM CST THU DEC 25 2014


...................................

...THE MIDLAND CLIMATE SUMMARY FOR DECEMBER 25 2014...
VALID TODAY AS OF 0400 PM LOCAL TIME.

CLIMATE NORMAL PERIOD 1981 TO 2010
CLIMATE RECORD PERIOD 1930 TO 2014


WEATHER ITEM   OBSERVED TIME   RECORD YEAR NORMAL DEPARTURE LAST
                VALUE   (LST)  VALUE       VALUE  FROM      YEAR
                                                  NORMAL
..................................................................
TEMPERATURE (F)
 TODAY
  MAXIMUM         63    300 PM  78    1955  57      6       48
  MINIMUM         36    800 AM   7    1983  30      6       31
  AVERAGE         50                        43      7       40

PRECIPITATION (IN)
  TODAY            0.00          0.53 1939   0.01  -0.01     0.00
  MONTH TO DATE    0.20                      0.49  -0.29     1.44
  SINCE DEC 1      0.20                      0.49  -0.29     1.44
  SINCE JAN 1      7.65                     14.49  -6.84     8.51

SNOWFALL (IN)
  TODAY            0.0
  MONTH TO DATE    0.0
  SINCE DEC 1      0.0
  SINCE JUL 1      T
  SNOW DEPTH       0

DEGREE DAYS
 HEATING
  TODAY           15                        22     -7       25
  MONTH TO DATE  325                       507   -182      526
  SINCE DEC 1    325                       507   -182      526
  SINCE JUL 1    773                       986   -213     1023
..................................................................


WIND (MPH)
  HIGHEST WIND SPEED    22   HIGHEST WIND DIRECTION     S (180)
  HIGHEST GUST SPEED    31   HIGHEST GUST DIRECTION     S (200)
  AVERAGE WIND SPEED    18.7


SKY COVER
  POSSIBLE SUNSHINE  MM
  AVERAGE SKY COVER 0.0


WEATHER CONDITIONS
 THE FOLLOWING WEATHER WAS RECORDED TODAY.
  NO SIGNIFICANT WEATHER WAS OBSERVED.


RELATIVE HUMIDITY (PERCENT)
 HIGHEST    70          1200 AM
 LOWEST     20           300 PM
 AVERAGE    45

..........................................................


THE MIDLAND CLIMATE NORMALS FOR TOMORROW
                         NORMAL    RECORD    YEAR
 MAXIMUM TEMPERATURE (F)   57        78      2008
                                             2005
 MINIMUM TEMPERATURE (F)   30        11      1939


SUNRISE AND SUNSET
DECEMBER 25 2014......SUNRISE   747 AM CST   SUNSET   551 PM CST
DECEMBER 26 2014......SUNRISE   747 AM CST   SUNSET   551 PM CST


-  INDICATES NEGATIVE NUMBERS.
R  INDICATES RECORD WAS SET OR TIED.
MM INDICATES DATA IS MISSING.
T  INDICATES TRACE AMOUNT.




$$
