000
CDUS44 KMAF 200731
CLIMAF


CLIMATE REPORT
NATIONAL WEATHER SERVICE MIDLAND/ODESSA TX
231 AM CDT SUN APR 20 2014


...................................

...THE MIDLAND CLIMATE SUMMARY FOR APRIL 19 2014...

CLIMATE NORMAL PERIOD 1981 TO 2010
CLIMATE RECORD PERIOD 1930 TO 2014


WEATHER ITEM   OBSERVED TIME   RECORD YEAR NORMAL DEPARTURE LAST
                VALUE   (LST)  VALUE       VALUE  FROM      YEAR
                                                  NORMAL
..................................................................
TEMPERATURE (F)
 YESTERDAY
  MAXIMUM         77    441 PM  94    2000  80     -3       67
                                      1964
                                      1954
  MINIMUM         57    301 AM  32    2013  50      7       32
  AVERAGE         67                        65      2       50

PRECIPITATION (IN)
  YESTERDAY        0.45R         0.44 1952   0.01   0.44     0.00
  MONTH TO DATE    0.45                      0.40   0.05      T
  SINCE MAR 1      0.64                      1.00  -0.36      T
  SINCE JAN 1      0.90                      2.27  -1.37     1.53

SNOWFALL (IN)
  YESTERDAY        0.0
  MONTH TO DATE    0.0
  SINCE MAR 1      0.0
  SINCE JUL 1      0.8
  SNOW DEPTH       0

DEGREE DAYS
 HEATING
  YESTERDAY        0                         3     -3       15
  MONTH TO DATE   68                        89    -21      100
  SINCE MAR 1    350                       396    -46      338
  SINCE JUL 1   2598                      2633    -35     2310

 COOLING
  YESTERDAY        2                         3     -1        0
  MONTH TO DATE   69                        42     27       70
  SINCE MAR 1     92                        58     34      105
  SINCE JAN 1     94                        60     34      105
..................................................................


WIND (MPH)
  HIGHEST WIND SPEED    29   HIGHEST WIND DIRECTION     S (170)
  HIGHEST GUST SPEED    35   HIGHEST GUST DIRECTION     S (170)
  AVERAGE WIND SPEED    12.6


SKY COVER
  POSSIBLE SUNSHINE  MM
  AVERAGE SKY COVER 0.4


WEATHER CONDITIONS
 THE FOLLOWING WEATHER WAS RECORDED YESTERDAY.
  THUNDERSTORM
  RAIN
  LIGHT RAIN
  FOG


RELATIVE HUMIDITY (PERCENT)
 HIGHEST    73           900 AM
 LOWEST     41           500 PM
 AVERAGE    57

..........................................................


THE MIDLAND CLIMATE NORMALS FOR TODAY
                         NORMAL    RECORD    YEAR
 MAXIMUM TEMPERATURE (F)   81        93      1999
                                             1997
                                             1964
 MINIMUM TEMPERATURE (F)   51        27      1933


SUNRISE AND SUNSET
APRIL 20 2014.........SUNRISE   714 AM CDT   SUNSET   821 PM CDT
APRIL 21 2014.........SUNRISE   713 AM CDT   SUNSET   822 PM CDT


-  INDICATES NEGATIVE NUMBERS.
R  INDICATES RECORD WAS SET OR TIED.
MM INDICATES DATA IS MISSING.
T  INDICATES TRACE AMOUNT.




$$
