000
CDUS44 KMAF 210731
CLIMAF


CLIMATE REPORT
NATIONAL WEATHER SERVICE MIDLAND/ODESSA TX
230 AM CDT TUE OCT 21 2014


...................................

...THE MIDLAND CLIMATE SUMMARY FOR OCTOBER 20 2014...

CLIMATE NORMAL PERIOD 1981 TO 2010
CLIMATE RECORD PERIOD 1930 TO 2014


WEATHER ITEM   OBSERVED TIME   RECORD YEAR NORMAL DEPARTURE LAST
                VALUE   (LST)  VALUE       VALUE  FROM      YEAR
                                                  NORMAL
..................................................................
TEMPERATURE (F)
 YESTERDAY
  MAXIMUM         77    412 PM  94    2007  77      0       81
  MINIMUM         57    449 AM  35    1976  51      6       48
  AVERAGE         67                        64      3       65

PRECIPITATION (IN)
  YESTERDAY        0.00          1.18 1957   0.06  -0.06     0.00
  MONTH TO DATE    0.00                      1.28  -1.28     1.66
  SINCE SEP 1      1.69                      3.14  -1.45     1.93
  SINCE JAN 1      6.43                     12.86  -6.43     6.50

SNOWFALL (IN)
  YESTERDAY        0.0
  MONTH TO DATE    0.0
  SINCE SEP 1      0.0
  SINCE JUL 1      0.0
  SNOW DEPTH       0

DEGREE DAYS
 HEATING
  YESTERDAY        0                         3     -3        0
  MONTH TO DATE   14                        43    -29       45
  SINCE SEP 1     28                        54    -26       45
  SINCE JUL 1     28                        54    -26       45

 COOLING
  YESTERDAY        2                         2      0        0
  MONTH TO DATE  119                        79     40      109
  SINCE SEP 1    439                       374     65      493
  SINCE JAN 1   2636                      2258    378     2668
..................................................................


WIND (MPH)
  HIGHEST WIND SPEED    17   HIGHEST WIND DIRECTION    SE (120)
  HIGHEST GUST SPEED    21   HIGHEST GUST DIRECTION     E (90)
  AVERAGE WIND SPEED     7.7


SKY COVER
  POSSIBLE SUNSHINE  MM
  AVERAGE SKY COVER 0.2


WEATHER CONDITIONS
 THE FOLLOWING WEATHER WAS RECORDED YESTERDAY.
  FOG


RELATIVE HUMIDITY (PERCENT)
 HIGHEST    93           500 AM
 LOWEST     40           400 PM
 AVERAGE    67

..........................................................


THE MIDLAND CLIMATE NORMALS FOR TODAY
                         NORMAL    RECORD    YEAR
 MAXIMUM TEMPERATURE (F)   77        92      2007
 MINIMUM TEMPERATURE (F)   50        37      1999


SUNRISE AND SUNSET
OCTOBER 21 2014.......SUNRISE   757 AM CDT   SUNSET   710 PM CDT
OCTOBER 22 2014.......SUNRISE   757 AM CDT   SUNSET   709 PM CDT


-  INDICATES NEGATIVE NUMBERS.
R  INDICATES RECORD WAS SET OR TIED.
MM INDICATES DATA IS MISSING.
T  INDICATES TRACE AMOUNT.




$$
