000
CDUS44 KMAF 250831
CLIMAF


CLIMATE REPORT
NATIONAL WEATHER SERVICE MIDLAND/ODESSA TX
230 AM CST SUN JAN 25 2015


...................................

...THE MIDLAND CLIMATE SUMMARY FOR JANUARY 24 2015...

CLIMATE NORMAL PERIOD 1981 TO 2010
CLIMATE RECORD PERIOD 1930 TO 2015


WEATHER ITEM   OBSERVED TIME   RECORD YEAR NORMAL DEPARTURE LAST
                VALUE   (LST)  VALUE       VALUE  FROM      YEAR
                                                  NORMAL
..................................................................
TEMPERATURE (F)
 YESTERDAY
  MAXIMUM         58    507 PM  82    1950  58      0       45
  MINIMUM         32    309 AM   9    1963  31      1       14
  AVERAGE         45                        44      1       30

PRECIPITATION (IN)
  YESTERDAY        0.00          0.66 1961   0.02  -0.02     0.00
  MONTH TO DATE    1.87                      0.40   1.47     0.00
  SINCE DEC 1      2.09                      1.00   1.09     1.44
  SINCE JAN 1      1.87                      0.40   1.47     0.00

SNOWFALL (IN)
  YESTERDAY        0.0
  MONTH TO DATE    2.4
  SINCE DEC 1      2.5
  SINCE JUL 1      2.5
  SNOW DEPTH       0

DEGREE DAYS
 HEATING
  YESTERDAY       20                        21     -1       35
  MONTH TO DATE  620                       518    102      481
  SINCE DEC 1   1105                      1155    -50     1146
  SINCE JUL 1   1553                      1634    -81     1643
..................................................................


WIND (MPH)
  HIGHEST WIND SPEED    18   HIGHEST WIND DIRECTION    SW (220)
  HIGHEST GUST SPEED    23   HIGHEST GUST DIRECTION    SW (220)
  AVERAGE WIND SPEED    10.9


SKY COVER
  POSSIBLE SUNSHINE  MM
  AVERAGE SKY COVER 0.0


WEATHER CONDITIONS
 THE FOLLOWING WEATHER WAS RECORDED YESTERDAY.
  NO SIGNIFICANT WEATHER WAS OBSERVED.


RELATIVE HUMIDITY (PERCENT)
 HIGHEST    75          1200 AM
 LOWEST     36           300 PM
 AVERAGE    56

..........................................................


THE MIDLAND CLIMATE NORMALS FOR TODAY
                         NORMAL    RECORD    YEAR
 MAXIMUM TEMPERATURE (F)   58        83      1952
 MINIMUM TEMPERATURE (F)   31        13      1940


SUNRISE AND SUNSET
JANUARY 25 2015.......SUNRISE   746 AM CST   SUNSET   616 PM CST
JANUARY 26 2015.......SUNRISE   746 AM CST   SUNSET   617 PM CST


-  INDICATES NEGATIVE NUMBERS.
R  INDICATES RECORD WAS SET OR TIED.
MM INDICATES DATA IS MISSING.
T  INDICATES TRACE AMOUNT.




$$
