000
CDUS44 KMAF 020731
CLIMAF


CLIMATE REPORT
NATIONAL WEATHER SERVICE MIDLAND/ODESSA TX
230 AM CDT TUE SEP 2 2014


...................................

...THE MIDLAND CLIMATE SUMMARY FOR SEPTEMBER 1 2014...

CLIMATE NORMAL PERIOD 1981 TO 2010
CLIMATE RECORD PERIOD 1930 TO 2014


WEATHER ITEM   OBSERVED TIME   RECORD YEAR NORMAL DEPARTURE LAST
                VALUE   (LST)  VALUE       VALUE  FROM      YEAR
                                                  NORMAL
..................................................................
TEMPERATURE (F)
 YESTERDAY
  MAXIMUM        104R   242 PM 104    1959  91     13       99
  MINIMUM         77    724 AM  55    1987  66     11       76
  AVERAGE         91                        79     12       88

PRECIPITATION (IN)
  YESTERDAY        0.00          1.14 1966   0.06  -0.06     0.00
  MONTH TO DATE    0.00                      0.06  -0.06     0.00
  SINCE SEP 1      0.00                      0.06  -0.06     0.00
  SINCE JAN 1      4.74                      9.78  -5.04     4.57

DEGREE DAYS
 COOLING
  YESTERDAY       26                        14     12       23
  MONTH TO DATE   26                        14     12       23
  SINCE SEP 1     26                        14     12       23
  SINCE JAN 1   2223                      1898    325     2198
..................................................................


WIND (MPH)
  HIGHEST WIND SPEED    21   HIGHEST WIND DIRECTION     S (170)
  HIGHEST GUST SPEED    27   HIGHEST GUST DIRECTION     S (190)
  AVERAGE WIND SPEED    12.7


SKY COVER
  POSSIBLE SUNSHINE  MM
  AVERAGE SKY COVER 0.0


WEATHER CONDITIONS
 THE FOLLOWING WEATHER WAS RECORDED YESTERDAY.
  NO SIGNIFICANT WEATHER WAS OBSERVED.


RELATIVE HUMIDITY (PERCENT)
 HIGHEST    62           800 AM
 LOWEST     19           300 PM
 AVERAGE    41

..........................................................


THE MIDLAND CLIMATE NORMALS FOR TODAY
                         NORMAL    RECORD    YEAR
 MAXIMUM TEMPERATURE (F)   91       103      1937
 MINIMUM TEMPERATURE (F)   66        56      1968
                                             1950


SUNRISE AND SUNSET
SEPTEMBER  2 2014.....SUNRISE   725 AM CDT   SUNSET   811 PM CDT
SEPTEMBER  3 2014.....SUNRISE   725 AM CDT   SUNSET   810 PM CDT


-  INDICATES NEGATIVE NUMBERS.
R  INDICATES RECORD WAS SET OR TIED.
MM INDICATES DATA IS MISSING.
T  INDICATES TRACE AMOUNT.




$$
