000
CDUS44 KMAF 290837
CLIMAF


CLIMATE REPORT
NATIONAL WEATHER SERVICE MIDLAND TX
337 AM CDT SUN MAY 29 2016


...................................

...THE MIDLAND CLIMATE SUMMARY FOR MAY 28 2016...

CLIMATE NORMAL PERIOD 1981 TO 2010
CLIMATE RECORD PERIOD 1930 TO 2016


WEATHER ITEM   OBSERVED TIME   RECORD YEAR NORMAL DEPARTURE LAST
                VALUE   (LST)  VALUE       VALUE  FROM      YEAR
                                                  NORMAL
..................................................................
TEMPERATURE (F)
 YESTERDAY
  MAXIMUM         97    130 PM 107    2011  91      6       87
  MINIMUM         58    454 AM  47    1947  63     -5       62
  AVERAGE         78                        77      1       75

PRECIPITATION (IN)
  YESTERDAY        0.00          2.08 1964   0.07  -0.07     0.06
  MONTH TO DATE    0.26                      1.51  -1.25     3.19
  SINCE MAR 1      2.05                      2.76  -0.71     6.14
  SINCE JAN 1      2.53                      4.03  -1.50     8.83

DEGREE DAYS
 COOLING
  YESTERDAY       13                        12      1       10
  MONTH TO DATE  278                       245     33      206
  SINCE MAR 1    436                       351     85      339
  SINCE JAN 1    451                       353     98      340
..................................................................


WIND (MPH)
  HIGHEST WIND SPEED    26   HIGHEST WIND DIRECTION     S (170)
  HIGHEST GUST SPEED    31   HIGHEST GUST DIRECTION    SE (150)
  AVERAGE WIND SPEED    10.3


SKY COVER
  POSSIBLE SUNSHINE  MM
  AVERAGE SKY COVER 0.1


WEATHER CONDITIONS
 THE FOLLOWING WEATHER WAS RECORDED YESTERDAY.
  THUNDERSTORM


RELATIVE HUMIDITY (PERCENT)
 HIGHEST    54          1100 PM
 LOWEST      8          1000 AM
 AVERAGE    31

..........................................................


THE MIDLAND CLIMATE NORMALS FOR TODAY
                         NORMAL    RECORD    YEAR
 MAXIMUM TEMPERATURE (F)   91       104      1938
 MINIMUM TEMPERATURE (F)   64        44      1947


SUNRISE AND SUNSET
MAY 29 2016...........SUNRISE   644 AM CDT   SUNSET   848 PM CDT
MAY 30 2016...........SUNRISE   644 AM CDT   SUNSET   849 PM CDT


-  INDICATES NEGATIVE NUMBERS.
R  INDICATES RECORD WAS SET OR TIED.
MM INDICATES DATA IS MISSING.
T  INDICATES TRACE AMOUNT.




$$
