000
CDUS44 KMAF 310731
CLIMAF


CLIMATE REPORT
NATIONAL WEATHER SERVICE MIDLAND/ODESSA TX
231 AM CDT THU JUL 31 2014


...................................

...THE MIDLAND CLIMATE SUMMARY FOR JULY 30 2014...

CLIMATE NORMAL PERIOD 1981 TO 2010
CLIMATE RECORD PERIOD 1930 TO 2014


WEATHER ITEM   OBSERVED TIME   RECORD YEAR NORMAL DEPARTURE LAST
                VALUE   (LST)  VALUE       VALUE  FROM      YEAR
                                                  NORMAL
..................................................................
TEMPERATURE (F)
 YESTERDAY
  MAXIMUM        102    439 PM 106    1937  95      7      102
  MINIMUM         74   1159 PM  59    1971  70      4       77
  AVERAGE         88                        82      6       90

PRECIPITATION (IN)
  YESTERDAY        0.05          0.68 1994   0.05   0.00      T
  MONTH TO DATE    0.33                      1.76  -1.43     0.98
  SINCE JUN 1      0.81                      3.56  -2.75     1.83
  SINCE JAN 1      3.97                      7.82  -3.85     3.39

DEGREE DAYS
 COOLING
  YESTERDAY       23                        17      6       25
  MONTH TO DATE  566                       510     56      495
  SINCE JUN 1   1114                       971    143     1059
  SINCE JAN 1   1590                      1360    230     1547
..................................................................


WIND (MPH)
  HIGHEST WIND SPEED    38   HIGHEST WIND DIRECTION    NW (330)
  HIGHEST GUST SPEED    49   HIGHEST GUST DIRECTION    NW (330)
  AVERAGE WIND SPEED    10.7


SKY COVER
  POSSIBLE SUNSHINE  MM
  AVERAGE SKY COVER 0.1


WEATHER CONDITIONS
 THE FOLLOWING WEATHER WAS RECORDED YESTERDAY.
  LIGHT RAIN
  HAZE
  SANDSTORM


RELATIVE HUMIDITY (PERCENT)
 HIGHEST    67          1100 PM
 LOWEST     19           500 PM
 AVERAGE    43

..........................................................


THE MIDLAND CLIMATE NORMALS FOR TODAY
                         NORMAL    RECORD    YEAR
 MAXIMUM TEMPERATURE (F)   95       105      1944
 MINIMUM TEMPERATURE (F)   70        60      1971


SUNRISE AND SUNSET
JULY 31 2014..........SUNRISE   704 AM CDT   SUNSET   846 PM CDT
AUGUST  1 2014........SUNRISE   704 AM CDT   SUNSET   845 PM CDT


-  INDICATES NEGATIVE NUMBERS.
R  INDICATES RECORD WAS SET OR TIED.
MM INDICATES DATA IS MISSING.
T  INDICATES TRACE AMOUNT.




$$
