000
CDUS42 KTAE 220636
CLIMAI


CLIMATE REPORT
NATIONAL WEATHER SERVICE TALLAHASSEE FL
135 AM EST WED FEB 22 2017


...................................

...THE MARIANNA CLIMATE SUMMARY FOR FEBRUARY 21 2017...

CLIMATE NORMAL PERIOD 1981 TO 2010
CLIMATE RECORD PERIOD 1950 TO 2017


WEATHER ITEM   OBSERVED NORMAL DEPARTURE LAST
                VALUE   VALUE  FROM      YEAR
                               NORMAL
...............................................
TEMPERATURE (F)
 YESTERDAY
  MAXIMUM         74     68      6       78
  MINIMUM         57     44     13       52
  AVERAGE         66     56     10       65

PRECIPITATION (IN)
  YESTERDAY        1.29   0.19   1.10     0.00
  MONTH TO DATE    3.07   3.60  -0.53     3.13
  SINCE DEC 1     21.52  12.55   8.97    17.03
  SINCE JAN 1      9.75   8.64   1.11     7.90

DEGREE DAYS
 HEATING
  YESTERDAY        0           -10
  MONTH TO DATE   87          -155
  SINCE DEC 1    544          -560
  SINCE JUL 1    676          -666

 COOLING
  YESTERDAY        1             1
  MONTH TO DATE   17            17
  SINCE DEC 1     71            55
  SINCE JAN 1     44            40
...............................................


WIND (MPH)
  HIGHEST WIND SPEED    18   HIGHEST WIND DIRECTION     N (20)
  HIGHEST GUST SPEED    23   HIGHEST GUST DIRECTION     N (20)
  AVERAGE WIND SPEED     4.8




RELATIVE HUMIDITY (PERCENT)
 HIGHEST   100
 LOWEST     73
 AVERAGE    87

..........................................................




SUNRISE AND SUNSET
FEBRUARY 22 2017......SUNRISE   614 AM CST   SUNSET   534 PM CST
FEBRUARY 23 2017......SUNRISE   613 AM CST   SUNSET   535 PM CST


-  INDICATES NEGATIVE NUMBERS.
R  INDICATES RECORD WAS SET OR TIED.
MM INDICATES DATA IS MISSING.
T  INDICATES TRACE AMOUNT.




$$
