000
CDUS42 KTAE 280704
CLIMAI


CLIMATE REPORT
NATIONAL WEATHER SERVICE TALLAHASSEE FL
302 AM EDT SAT MAR 28 2015


...................................

...THE MARIANNA CLIMATE SUMMARY FOR MARCH 27 2015...

CLIMATE NORMAL PERIOD 1981 TO 2010
CLIMATE RECORD PERIOD 1950 TO 2015


WEATHER ITEM   OBSERVED NORMAL DEPARTURE LAST
                VALUE   VALUE  FROM      YEAR
                               NORMAL
...............................................
TEMPERATURE (F)
 YESTERDAY
  MAXIMUM         67     75     -8       71
  MINIMUM         47     50     -3       41
  AVERAGE         57     62     -5       56

PRECIPITATION (IN)
  YESTERDAY        T      0.21  -0.21     0.00
  MONTH TO DATE    2.19   4.64  -2.45     5.83
  SINCE MAR 1      2.19   4.64  -2.45     5.83
  SINCE JAN 1      9.37  14.62  -5.25    13.16

DEGREE DAYS
 HEATING
  YESTERDAY        8             4
  MONTH TO DATE   82           -82
  SINCE MAR 1     82           -82
  SINCE JUL 1   1660            91

 COOLING
  YESTERDAY        0            -1
  MONTH TO DATE   91            64
  SINCE MAR 1     91            64
  SINCE JAN 1     97            55
...............................................


WIND (MPH)
  HIGHEST WIND SPEED    23   HIGHEST WIND DIRECTION    NW (310)
  HIGHEST GUST SPEED    29   HIGHEST GUST DIRECTION    NW (320)
  AVERAGE WIND SPEED    11.4




RELATIVE HUMIDITY (PERCENT)
 HIGHEST   100
 LOWEST     28
 AVERAGE    64

..........................................................




SUNRISE AND SUNSET
MARCH 28 2015.........SUNRISE   635 AM CDT   SUNSET   657 PM CDT
MARCH 29 2015.........SUNRISE   634 AM CDT   SUNSET   658 PM CDT


-  INDICATES NEGATIVE NUMBERS.
R  INDICATES RECORD WAS SET OR TIED.
MM INDICATES DATA IS MISSING.
T  INDICATES TRACE AMOUNT.




$$
