000
CDUS42 KTAE 110636
CLIMAI


CLIMATE REPORT
NATIONAL WEATHER SERVICE TALLAHASSEE FL
135 AM EST THU FEB 11 2016


...................................

...THE MARIANNA CLIMATE SUMMARY FOR FEBRUARY 10 2016...

CLIMATE NORMAL PERIOD 1981 TO 2010
CLIMATE RECORD PERIOD 1950 TO 2016


WEATHER ITEM   OBSERVED NORMAL DEPARTURE LAST
                VALUE   VALUE  FROM      YEAR
                               NORMAL
...............................................
TEMPERATURE (F)
 YESTERDAY
  MAXIMUM         50     65    -15       58
  MINIMUM         30     42    -12       38
  AVERAGE         40     54    -14       48

PRECIPITATION (IN)
  YESTERDAY        0.00   0.17  -0.17     0.00
  MONTH TO DATE    2.17   1.70   0.47     1.80
  SINCE DEC 1     16.07  10.65   5.42    10.61
  SINCE JAN 1      6.94   6.74   0.20     5.24

DEGREE DAYS
 HEATING
  YESTERDAY       25            13
  MONTH TO DATE  137            12
  SINCE DEC 1    769          -218
  SINCE JUL 1    873          -352

 COOLING
  YESTERDAY        0             0
  MONTH TO DATE    0             0
  SINCE DEC 1     74            58
  SINCE JAN 1      0            -4
...............................................


WIND (MPH)
  HIGHEST WIND SPEED    20   HIGHEST WIND DIRECTION     W (280)
  HIGHEST GUST SPEED    26   HIGHEST GUST DIRECTION     W (290)
  AVERAGE WIND SPEED     8.2




RELATIVE HUMIDITY (PERCENT)
 HIGHEST    69
 LOWEST     21
 AVERAGE    45

..........................................................




SUNRISE AND SUNSET
FEBRUARY 11 2016......SUNRISE   625 AM CST   SUNSET   525 PM CST
FEBRUARY 12 2016......SUNRISE   625 AM CST   SUNSET   526 PM CST


-  INDICATES NEGATIVE NUMBERS.
R  INDICATES RECORD WAS SET OR TIED.
MM INDICATES DATA IS MISSING.
T  INDICATES TRACE AMOUNT.




$$
