000
CDUS42 KTAE 260639
CLIMAI


CLIMATE REPORT
NATIONAL WEATHER SERVICE TALLAHASSEE FL
238 AM EDT TUE MAY 26 2015


...................................

...THE MARIANNA CLIMATE SUMMARY FOR MAY 25 2015...

CLIMATE NORMAL PERIOD 1981 TO 2010
CLIMATE RECORD PERIOD 1950 TO 2015


WEATHER ITEM   OBSERVED NORMAL DEPARTURE LAST
                VALUE   VALUE  FROM      YEAR
                               NORMAL
...............................................
TEMPERATURE (F)
 YESTERDAY
  MAXIMUM         87     88     -1       96
  MINIMUM         71     66      5       69
  AVERAGE         79     77      2       83

PRECIPITATION (IN)
  YESTERDAY        T      0.12  -0.12     1.21
  MONTH TO DATE    0.79   2.17  -1.38     1.81
  SINCE MAR 1     14.28  11.42   2.86    23.42
  SINCE JAN 1     21.46  21.40   0.06    30.75

DEGREE DAYS
 HEATING
  YESTERDAY        0             0
  MONTH TO DATE    0             0
  SINCE MAR 1    107          -134
  SINCE JUL 1   1685            39

 COOLING
  YESTERDAY       14             2
  MONTH TO DATE  289            55
  SINCE MAR 1    593           216
  SINCE JAN 1    599           207
...............................................


WIND (MPH)
  HIGHEST WIND SPEED    26   HIGHEST WIND DIRECTION    NW (330)
  HIGHEST GUST SPEED    35   HIGHEST GUST DIRECTION     N (340)
  AVERAGE WIND SPEED     6.5




RELATIVE HUMIDITY (PERCENT)
 HIGHEST   100
 LOWEST     61
 AVERAGE    81

..........................................................




SUNRISE AND SUNSET
MAY 26 2015...........SUNRISE   540 AM CDT   SUNSET   736 PM CDT
MAY 27 2015...........SUNRISE   540 AM CDT   SUNSET   736 PM CDT


-  INDICATES NEGATIVE NUMBERS.
R  INDICATES RECORD WAS SET OR TIED.
MM INDICATES DATA IS MISSING.
T  INDICATES TRACE AMOUNT.




$$
