000
CDUS42 KTAE 280636
CLIMAI


CLIMATE REPORT
NATIONAL WEATHER SERVICE TALLAHASSEE FL
135 AM EST SUN DEC 28 2014


...................................

...THE MARIANNA CLIMATE SUMMARY FOR DECEMBER 27 2014...

CLIMATE NORMAL PERIOD 1981 TO 2010
CLIMATE RECORD PERIOD 1950 TO 2014


WEATHER ITEM   OBSERVED NORMAL DEPARTURE LAST
                VALUE   VALUE  FROM      YEAR
                               NORMAL
...............................................
TEMPERATURE (F)
 YESTERDAY
  MAXIMUM         71     62      9       59
  MINIMUM         42     39      3       47
  AVERAGE         57     50      7       53

PRECIPITATION (IN)
  YESTERDAY       MM      0.11  MM        0.00
  MONTH TO DATE    4.08   3.47   0.61     2.51
  SINCE DEC 1      4.08   3.47   0.61     2.51
  SINCE JAN 1     59.80  53.14   6.66    61.15

DEGREE DAYS
 HEATING
  YESTERDAY        8            -7
  MONTH TO DATE  263           -76
  SINCE DEC 1    263           -76
  SINCE JUL 1    643            66

 COOLING
  YESTERDAY        0             0
  MONTH TO DATE    7            -5
  SINCE DEC 1      7            -5
  SINCE JAN 1   2618            57
...............................................


WIND (MPH)
  HIGHEST WIND SPEED    17   HIGHEST WIND DIRECTION     N (10)
  HIGHEST GUST SPEED    21   HIGHEST GUST DIRECTION     N (20)
  AVERAGE WIND SPEED     4.2




RELATIVE HUMIDITY (PERCENT)
 HIGHEST   100
 LOWEST     49
 AVERAGE    75

..........................................................




SUNRISE AND SUNSET
DECEMBER 28 2014......SUNRISE   637 AM CST   SUNSET   447 PM CST
DECEMBER 29 2014......SUNRISE   638 AM CST   SUNSET   448 PM CST


-  INDICATES NEGATIVE NUMBERS.
R  INDICATES RECORD WAS SET OR TIED.
MM INDICATES DATA IS MISSING.
T  INDICATES TRACE AMOUNT.




$$
