000
CDUS43 KABR 260910
CLIMBG


CLIMATE REPORT
NATIONAL WEATHER SERVICE ABERDEEN SD
409 AM CDT SAT JUL 26 2014


...................................

...THE MOBRIDGE SD CLIMATE SUMMARY FOR JULY 25 2014...

CLIMATE NORMAL PERIOD 1981 TO 2010
CLIMATE RECORD PERIOD 1911 TO 2014


WEATHER ITEM   OBSERVED TIME   RECORD YEAR NORMAL DEPARTURE LAST
                VALUE   (LST)  VALUE       VALUE  FROM      YEAR
                                                  NORMAL
..................................................................
TEMPERATURE (F)
 YESTERDAY
  MAXIMUM         85    502 PM 108    1931  87     -2       84
  MINIMUM         62   1103 PM  46    1915  60      2       57
  AVERAGE         74                        74      0       71

PRECIPITATION (IN)
  YESTERDAY        0.00          0.85 1982   0.08  -0.08     0.00
  MONTH TO DATE    0.53                      2.19  -1.66     2.24
  SINCE JUN 1      8.44                      5.35   3.09     3.56
  SINCE JAN 1     14.56                     11.37   3.19    11.24

DEGREE DAYS
 HEATING
  YESTERDAY        0                         0      0        0
  MONTH TO DATE   20                         5     15        0
  SINCE JUN 1     95                        80     15       68
  SINCE JUL 1     20                         5     15        0

 COOLING
  YESTERDAY        9                         9      0        6
  MONTH TO DATE  147                       198    -51      210
  SINCE JUN 1    192                       297   -105      321
  SINCE JAN 1    242                       313    -71      336
..................................................................


WIND (MPH)
  HIGHEST WIND SPEED    21   HIGHEST WIND DIRECTION    NW (330)
  HIGHEST GUST SPEED    27   HIGHEST GUST DIRECTION     N (340)
  AVERAGE WIND SPEED     9.8


SKY COVER
  POSSIBLE SUNSHINE  MM
  AVERAGE SKY COVER 0.1


WEATHER CONDITIONS
 THE FOLLOWING WEATHER WAS RECORDED YESTERDAY.
  THUNDERSTORM


RELATIVE HUMIDITY (PERCENT)
 HIGHEST   100           500 AM
 LOWEST     27           400 PM
 AVERAGE    64

..........................................................


THE MOBRIDGE SD CLIMATE NORMALS FOR TODAY
                         NORMAL    RECORD    YEAR
 MAXIMUM TEMPERATURE (F)   87       110      1935
 MINIMUM TEMPERATURE (F)   60        46      1918


SUNRISE AND SUNSET
JULY 26 2014..........SUNRISE   619 AM CDT   SUNSET   917 PM CDT
JULY 27 2014..........SUNRISE   620 AM CDT   SUNSET   916 PM CDT


-  INDICATES NEGATIVE NUMBERS.
R  INDICATES RECORD WAS SET OR TIED.
MM INDICATES DATA IS MISSING.
T  INDICATES TRACE AMOUNT.




$$
