000
CDUS43 KABR 171031
CLIMBG


CLIMATE REPORT
NATIONAL WEATHER SERVICE ABERDEEN SD
431 AM CST FRI NOV 17 2017


...................................

...THE MOBRIDGE SD CLIMATE SUMMARY FOR NOVEMBER 16 2017...

CLIMATE NORMAL PERIOD 1981 TO 2010
CLIMATE RECORD PERIOD 1911 TO 2017


WEATHER ITEM   OBSERVED TIME   RECORD YEAR NORMAL DEPARTURE LAST
                VALUE   (LST)  VALUE       VALUE  FROM      YEAR
                                                  NORMAL
..................................................................
TEMPERATURE (F)
 YESTERDAY
  MAXIMUM         46   1016 PM  69    1953  42      4       62
  MINIMUM         17    346 AM -10    1959  21     -4       43
  AVERAGE         32                        32      0       53

PRECIPITATION (IN)
  YESTERDAY        0.00          0.39 1971   0.01  -0.01     0.00
  MONTH TO DATE    0.17                      0.39  -0.22     0.00
  SINCE SEP 1      2.36                      3.43  -1.07     1.11
  SINCE JAN 1     15.06                     17.34  -2.28    18.08

SNOWFALL (IN)
  YESTERDAY        0.0
  MONTH TO DATE    0.4
  SINCE OCT 1      0.4
  SINCE JUL 1      0.4
  SNOW DEPTH       0

DEGREE DAYS
 HEATING
  YESTERDAY       33                        33      0       12
  MONTH TO DATE  533                       464     69      225
  SINCE SEP 1   1126                      1205    -79      704
  SINCE JUL 1   1132                      1238   -106      718

 COOLING
  YESTERDAY        0                         0      0        0
  MONTH TO DATE    0                         0      0        0
  SINCE SEP 1     80                        63     17       83
  SINCE JAN 1    791                       644    147      961
..................................................................


WIND (MPH)
  HIGHEST WIND SPEED    30   HIGHEST WIND DIRECTION    SE (150)
  HIGHEST GUST SPEED    37   HIGHEST GUST DIRECTION     S (160)
  AVERAGE WIND SPEED    16.1


SKY COVER
  POSSIBLE SUNSHINE  MM
  AVERAGE SKY COVER 0.1


WEATHER CONDITIONS
 THE FOLLOWING WEATHER WAS RECORDED YESTERDAY.
  NO SIGNIFICANT WEATHER WAS OBSERVED.


RELATIVE HUMIDITY (PERCENT)
 HIGHEST    84           500 AM
 LOWEST     53           200 PM
 AVERAGE    69

..........................................................


THE MOBRIDGE SD CLIMATE NORMALS FOR TODAY
                         NORMAL    RECORD    YEAR
 MAXIMUM TEMPERATURE (F)   42        73      1953
 MINIMUM TEMPERATURE (F)   20        -8      1959


SUNRISE AND SUNSET
NOVEMBER 17 2017......SUNRISE   744 AM CST   SUNSET   509 PM CST
NOVEMBER 18 2017......SUNRISE   745 AM CST   SUNSET   508 PM CST


-  INDICATES NEGATIVE NUMBERS.
R  INDICATES RECORD WAS SET OR TIED.
MM INDICATES DATA IS MISSING.
T  INDICATES TRACE AMOUNT.




$$
