039
CDUS43 KABR 111037
CLIMBG


CLIMATE REPORT
NATIONAL WEATHER SERVICE ABERDEEN SD
437 AM CST SUN DEC 11 2016


...................................

...THE MOBRIDGE SD CLIMATE SUMMARY FOR DECEMBER 10 2016...

CLIMATE NORMAL PERIOD 1981 TO 2010
CLIMATE RECORD PERIOD 1911 TO 2016


WEATHER ITEM   OBSERVED TIME   RECORD YEAR NORMAL DEPARTURE LAST
                VALUE   (LST)  VALUE       VALUE  FROM      YEAR
                                                  NORMAL
..................................................................
TEMPERATURE (F)
 YESTERDAY
  MAXIMUM          7   1159 PM  60    1979  30    -23       51
  MINIMUM         -9   1250 AM -41    1917   9    -18       33
  AVERAGE         -1                        19    -20       42

PRECIPITATION (IN)
  YESTERDAY        0.09          0.16 1970   0.01   0.08      T
                                      1949
  MONTH TO DATE    0.24                      0.08   0.16     0.09
  SINCE DEC 1      0.24                      0.08   0.16     0.09
  SINCE JAN 1     19.37                     17.51   1.86    23.09

SNOWFALL (IN)
  YESTERDAY       MM
  MONTH TO DATE    3.1
  SINCE OCT 1     14.5
  SINCE JUL 1     14.5
  SNOW DEPTH       4

DEGREE DAYS
 HEATING
  YESTERDAY       66                        46     20       23
  MONTH TO DATE  485                       439     46      285
  SINCE DEC 1    485                       439     46      285
  SINCE JUL 1   1636                      2205   -569     1579

 COOLING
  YESTERDAY        0                         0      0        0
  MONTH TO DATE    0                         0      0        0
  SINCE DEC 1      0                         0      0        0
  SINCE JAN 1    961                       644    317      860
..................................................................


WIND (MPH)
  HIGHEST WIND SPEED    17   HIGHEST WIND DIRECTION     E (100)
  HIGHEST GUST SPEED    21   HIGHEST GUST DIRECTION     E (110)
  AVERAGE WIND SPEED    10.7


SKY COVER
  POSSIBLE SUNSHINE  MM
  AVERAGE SKY COVER 0.8


WEATHER CONDITIONS
 THE FOLLOWING WEATHER WAS RECORDED YESTERDAY.
  LIGHT SNOW
  HAZE


RELATIVE HUMIDITY (PERCENT)
 HIGHEST    76           500 PM
 LOWEST     65           800 AM
 AVERAGE    71

..........................................................


THE MOBRIDGE SD CLIMATE NORMALS FOR TODAY
                         NORMAL    RECORD    YEAR
 MAXIMUM TEMPERATURE (F)   30        64      1939
 MINIMUM TEMPERATURE (F)    8       -22      1917


SUNRISE AND SUNSET
DECEMBER 11 2016......SUNRISE   812 AM CST   SUNSET   458 PM CST
DECEMBER 12 2016......SUNRISE   813 AM CST   SUNSET   458 PM CST


-  INDICATES NEGATIVE NUMBERS.
R  INDICATES RECORD WAS SET OR TIED.
MM INDICATES DATA IS MISSING.
T  INDICATES TRACE AMOUNT.




$$
