000
CDUS43 KABR 242337
CLIMBG


CLIMATE REPORT
NATIONAL WEATHER SERVICE ABERDEEN SD
535 PM CST WED DEC 24 2014


...................................

...THE MOBRIDGE SD CLIMATE SUMMARY FOR DECEMBER 24 2014...
VALID TODAY AS OF 0500 PM LOCAL TIME.

CLIMATE NORMAL PERIOD 1981 TO 2010
CLIMATE RECORD PERIOD 1911 TO 2014


WEATHER ITEM   OBSERVED TIME   RECORD YEAR NORMAL DEPARTURE LAST
                VALUE   (LST)  VALUE       VALUE  FROM      YEAR
                                                  NORMAL
..................................................................
TEMPERATURE (F)
 TODAY
  MAXIMUM         30    420 AM  50    1999  26      4       32
                                      1943
  MINIMUM         15    918 AM -26    1983   6      9        0
  AVERAGE         23                        16      7       16

PRECIPITATION (IN)
  TODAY            0.00          0.27 1949   0.02  -0.02     0.02
  MONTH TO DATE    0.42                      0.29   0.13     0.52
  SINCE DEC 1      0.42                      0.29   0.13     0.52
  SINCE JAN 1     21.81                     17.72   4.09    23.44

SNOWFALL (IN)
  TODAY            0.0
  MONTH TO DATE    2.5
  SINCE OCT 1     10.0
  SINCE JUL 1     10.0
  SNOW DEPTH      MM

DEGREE DAYS
 HEATING
  TODAY           42                        49     -7       49
  MONTH TO DATE  907                      1106   -199     1352
  SINCE DEC 1    907                      1106   -199     1352
  SINCE JUL 1   2732                      2872   -140     3160

 COOLING
  TODAY            0                         0      0        0
  MONTH TO DATE    0                         0      0        0
  SINCE DEC 1      0                         0      0        0
  SINCE JAN 1    471                       644   -173      700
..................................................................


WIND (MPH)
  HIGHEST WIND SPEED    17   HIGHEST WIND DIRECTION     S (160)
  HIGHEST GUST SPEED    19   HIGHEST GUST DIRECTION     S (160)
  AVERAGE WIND SPEED     7.1


SKY COVER
  POSSIBLE SUNSHINE  MM
  AVERAGE SKY COVER 0.7


WEATHER CONDITIONS
 THE FOLLOWING WEATHER WAS RECORDED TODAY.
  FOG
  FOG W/VISIBILITY <= 1/4 MILE


RELATIVE HUMIDITY (PERCENT)
 HIGHEST    92           600 AM
 LOWEST     75           400 PM
 AVERAGE    84

..........................................................


THE MOBRIDGE SD CLIMATE NORMALS FOR TOMORROW
                         NORMAL    RECORD    YEAR
 MAXIMUM TEMPERATURE (F)   26        51      1999
                                             1963
 MINIMUM TEMPERATURE (F)    6       -17      1996
                                             1933


SUNRISE AND SUNSET
DECEMBER 24 2014......SUNRISE   820 AM CST   SUNSET   502 PM CST
DECEMBER 25 2014......SUNRISE   821 AM CST   SUNSET   503 PM CST


-  INDICATES NEGATIVE NUMBERS.
R  INDICATES RECORD WAS SET OR TIED.
MM INDICATES DATA IS MISSING.
T  INDICATES TRACE AMOUNT.




$$
