000
CDUS43 KABR 011155
CLIMBG


CLIMATE REPORT
NATIONAL WEATHER SERVICE ABERDEEN SD
655 AM CDT TUE SEP 1 2015


...................................

...THE MOBRIDGE SD CLIMATE SUMMARY FOR AUGUST 31 2015...

CLIMATE NORMAL PERIOD 1981 TO 2010
CLIMATE RECORD PERIOD 1911 TO 2015


WEATHER ITEM   OBSERVED TIME   RECORD YEAR NORMAL DEPARTURE LAST
                VALUE   (LST)  VALUE       VALUE  FROM      YEAR
                                                  NORMAL
..................................................................
TEMPERATURE (F)
 YESTERDAY
  MAXIMUM         82    415 PM 101    1953  81      1       73
  MINIMUM         59   1013 PM  39    1958  55      4       61
  AVERAGE         71                        68      3       67

PRECIPITATION (IN)
  YESTERDAY        T             0.59 1956   0.06  -0.06      T
  MONTH TO DATE    3.80                      2.03   1.77     4.76
  SINCE JUN 1      9.63                      7.89   1.74    13.20
  SINCE JAN 1     20.42                     13.91   6.51    19.32

DEGREE DAYS
 HEATING
  YESTERDAY        0                         2     -2        0
  MONTH TO DATE   22                        17      5       24
  SINCE JUN 1     40                       108    -68      122
  SINCE JUL 1     22                        33    -11       47

 COOLING
  YESTERDAY        6                         5      1        2
  MONTH TO DATE  227                       217     10      138
  SINCE JUN 1    696                       565    131      353
  SINCE JAN 1    712                       581    131      403
..................................................................


WIND (MPH)
  HIGHEST WIND SPEED    25   HIGHEST WIND DIRECTION     N (360)
  HIGHEST GUST SPEED    33   HIGHEST GUST DIRECTION     N (360)
  AVERAGE WIND SPEED     8.6


SKY COVER
  POSSIBLE SUNSHINE  MM
  AVERAGE SKY COVER 0.0


WEATHER CONDITIONS
 THE FOLLOWING WEATHER WAS RECORDED YESTERDAY.
  HAZE


RELATIVE HUMIDITY (PERCENT)
 HIGHEST    87           600 AM
 LOWEST     46           300 PM
 AVERAGE    67

..........................................................


THE MOBRIDGE SD CLIMATE NORMALS FOR TODAY
                         NORMAL    RECORD    YEAR
 MAXIMUM TEMPERATURE (F)   80       105      1937
 MINIMUM TEMPERATURE (F)   54        36      1946


SUNRISE AND SUNSET
SEPTEMBER  1 2015.....SUNRISE   703 AM CDT   SUNSET   820 PM CDT
SEPTEMBER  2 2015.....SUNRISE   704 AM CDT   SUNSET   818 PM CDT


-  INDICATES NEGATIVE NUMBERS.
R  INDICATES RECORD WAS SET OR TIED.
MM INDICATES DATA IS MISSING.
T  INDICATES TRACE AMOUNT.




$$
