983
CDUS43 KABR 302234
CLIMBG


CLIMATE REPORT
NATIONAL WEATHER SERVICE ABERDEEN SD
534 PM CDT SAT JUL 30 2016


...................................

...THE MOBRIDGE SD CLIMATE SUMMARY FOR JULY 30 2016...
VALID TODAY AS OF 0500 PM LOCAL TIME.

CLIMATE NORMAL PERIOD 1981 TO 2010
CLIMATE RECORD PERIOD 1911 TO 2016


WEATHER ITEM   OBSERVED TIME   RECORD YEAR NORMAL DEPARTURE LAST
                VALUE   (LST)  VALUE       VALUE  FROM      YEAR
                                                  NORMAL
..................................................................
TEMPERATURE (F)
 TODAY
  MAXIMUM         94    246 PM 112    2006  87      7       90
  MINIMUM         66    600 AM  46    1971  60      6       53
  AVERAGE         80                        74      6       72

PRECIPITATION (IN)
  TODAY            0.00          0.56 1916   0.08  -0.08     0.00
  MONTH TO DATE    1.10                      2.62  -1.52     2.28
  SINCE JUN 1      3.51                      5.78  -2.27     5.83
  SINCE JAN 1     13.89                     11.80   2.09    16.62

DEGREE DAYS
 HEATING
  TODAY            0                         0      0        0
  MONTH TO DATE    1                         5     -4        0
  SINCE JUN 1     13                        80    -67       18
  SINCE JUL 1      1                         5     -4        0

 COOLING
  TODAY           15                         9      6        7
  MONTH TO DATE  335                       243     92      311
  SINCE JUN 1    555                       342    213      460
  SINCE JAN 1    571                       358    213      476
..................................................................


WIND (MPH)
  HIGHEST WIND SPEED    23   HIGHEST WIND DIRECTION    SE (150)
  HIGHEST GUST SPEED    27   HIGHEST GUST DIRECTION    SE (150)
  AVERAGE WIND SPEED    13.5


SKY COVER
  POSSIBLE SUNSHINE  MM
  AVERAGE SKY COVER 0.1


WEATHER CONDITIONS
 THE FOLLOWING WEATHER WAS RECORDED TODAY.
  NO SIGNIFICANT WEATHER WAS OBSERVED.


RELATIVE HUMIDITY (PERCENT)
 HIGHEST    73           400 AM
 LOWEST     26           300 PM
 AVERAGE    50

..........................................................


THE MOBRIDGE SD CLIMATE NORMALS FOR TOMORROW
                         NORMAL    RECORD    YEAR
 MAXIMUM TEMPERATURE (F)   87       103      1955
 MINIMUM TEMPERATURE (F)   60        48      1948


SUNRISE AND SUNSET
JULY 30 2016..........SUNRISE   624 AM CDT   SUNSET   912 PM CDT
JULY 31 2016..........SUNRISE   625 AM CDT   SUNSET   910 PM CDT


-  INDICATES NEGATIVE NUMBERS.
R  INDICATES RECORD WAS SET OR TIED.
MM INDICATES DATA IS MISSING.
T  INDICATES TRACE AMOUNT.




$$
