000
CDUS43 KABR 171028
CLIMBG


CLIMATE REPORT
NATIONAL WEATHER SERVICE ABERDEEN SD
528 AM CDT WED SEP 17 2014


...................................

...THE MOBRIDGE SD CLIMATE SUMMARY FOR SEPTEMBER 16 2014...

CLIMATE NORMAL PERIOD 1981 TO 2010
CLIMATE RECORD PERIOD 1911 TO 2014


WEATHER ITEM   OBSERVED TIME   RECORD YEAR NORMAL DEPARTURE LAST
                VALUE   (LST)  VALUE       VALUE  FROM      YEAR
                                                  NORMAL
..................................................................
TEMPERATURE (F)
 YESTERDAY
  MAXIMUM         75    508 PM  95    2002  74      1       70
  MINIMUM         45    708 AM  30    1916  48     -3       46
  AVERAGE         60                        61     -1       58

PRECIPITATION (IN)
  YESTERDAY        0.00          1.18 1986   0.06  -0.06     0.00
  MONTH TO DATE    0.22                      0.80  -0.58     2.75
  SINCE SEP 1      0.22                      0.80  -0.58     2.75
  SINCE JAN 1     19.54                     14.71   4.83    16.57

DEGREE DAYS
 HEATING
  YESTERDAY        5                         6     -1        7
  MONTH TO DATE  124                        65     59       15
  SINCE SEP 1    124                        65     59       15
  SINCE JUL 1    171                        98     73       28

 COOLING
  YESTERDAY        0                         2     -2        0
  MONTH TO DATE   13                        50    -37       94
  SINCE SEP 1     13                        50    -37       94
  SINCE JAN 1    416                       631   -215      678
..................................................................


WIND (MPH)
  HIGHEST WIND SPEED    16   HIGHEST WIND DIRECTION     S (160)
  HIGHEST GUST SPEED    19   HIGHEST GUST DIRECTION    SE (150)
  AVERAGE WIND SPEED     6.6


SKY COVER
  POSSIBLE SUNSHINE  MM
  AVERAGE SKY COVER 0.0


WEATHER CONDITIONS
 THE FOLLOWING WEATHER WAS RECORDED YESTERDAY.
  NO SIGNIFICANT WEATHER WAS OBSERVED.


RELATIVE HUMIDITY (PERCENT)
 HIGHEST    93          1100 PM
 LOWEST     44           400 PM
 AVERAGE    69

..........................................................


THE MOBRIDGE SD CLIMATE NORMALS FOR TODAY
                         NORMAL    RECORD    YEAR
 MAXIMUM TEMPERATURE (F)   73        96      1989
                                             1955
 MINIMUM TEMPERATURE (F)   47        32      1930


SUNRISE AND SUNSET
SEPTEMBER 17 2014.....SUNRISE   722 AM CDT   SUNSET   749 PM CDT
SEPTEMBER 18 2014.....SUNRISE   724 AM CDT   SUNSET   747 PM CDT


-  INDICATES NEGATIVE NUMBERS.
R  INDICATES RECORD WAS SET OR TIED.
MM INDICATES DATA IS MISSING.
T  INDICATES TRACE AMOUNT.




$$
