000
CDUS43 KABR 221038
CLIMBG


CLIMATE REPORT
NATIONAL WEATHER SERVICE ABERDEEN SD
537 AM CDT WED OCT 22 2014


...................................

...THE MOBRIDGE SD CLIMATE SUMMARY FOR OCTOBER 21 2014...

CLIMATE NORMAL PERIOD 1981 TO 2010
CLIMATE RECORD PERIOD 1911 TO 2014


WEATHER ITEM   OBSERVED TIME   RECORD YEAR NORMAL DEPARTURE LAST
                VALUE   (LST)  VALUE       VALUE  FROM      YEAR
                                                  NORMAL
..................................................................
TEMPERATURE (F)
 YESTERDAY
  MAXIMUM         86    233 PM  89    1947  58     28       39
  MINIMUM         53    739 AM  10    1930  33     20       26
  AVERAGE         70                        45     25       33

PRECIPITATION (IN)
  YESTERDAY        0.00          0.32 2008   0.05  -0.05     0.07
  MONTH TO DATE    0.44                      1.10  -0.66     5.57
  SINCE SEP 1      1.15                      2.64  -1.49     8.94
  SINCE JAN 1     20.47                     16.55   3.92    22.76

SNOWFALL (IN)
  YESTERDAY        0.0
  MONTH TO DATE    0.0
  SINCE OCT 1      0.0
  SINCE JUL 1      0.0
  SNOW DEPTH       0

DEGREE DAYS
 HEATING
  YESTERDAY        0                        20    -20       32
  MONTH TO DATE  260                       332    -72      393
  SINCE SEP 1    415                       519   -104      463
  SINCE JUL 1    462                       552    -90      476

 COOLING
  YESTERDAY        5                         0      5        0
  MONTH TO DATE    5                         0      5        0
  SINCE SEP 1     68                        60      8      116
  SINCE JAN 1    471                       641   -170      700
..................................................................


WIND (MPH)
  HIGHEST WIND SPEED    30   HIGHEST WIND DIRECTION     S (170)
  HIGHEST GUST SPEED    39   HIGHEST GUST DIRECTION     S (170)
  AVERAGE WIND SPEED    17.0


SKY COVER
  POSSIBLE SUNSHINE  MM
  AVERAGE SKY COVER 0.0


WEATHER CONDITIONS
 THE FOLLOWING WEATHER WAS RECORDED YESTERDAY.
  NO SIGNIFICANT WEATHER WAS OBSERVED.


RELATIVE HUMIDITY (PERCENT)
 HIGHEST    64           500 AM
 LOWEST     23           300 PM
 AVERAGE    44

..........................................................


THE MOBRIDGE SD CLIMATE NORMALS FOR TODAY
                         NORMAL    RECORD    YEAR
 MAXIMUM TEMPERATURE (F)   57        79      1992
 MINIMUM TEMPERATURE (F)   33        16      1937


SUNRISE AND SUNSET
OCTOBER 22 2014.......SUNRISE   807 AM CDT   SUNSET   644 PM CDT
OCTOBER 23 2014.......SUNRISE   809 AM CDT   SUNSET   642 PM CDT


-  INDICATES NEGATIVE NUMBERS.
R  INDICATES RECORD WAS SET OR TIED.
MM INDICATES DATA IS MISSING.
T  INDICATES TRACE AMOUNT.




$$
