000
CDUS43 KABR 021040
CLIMBG


CLIMATE REPORT
NATIONAL WEATHER SERVICE ABERDEEN SD
440 AM CST MON MAR 2 2015


...................................

...THE MOBRIDGE SD CLIMATE SUMMARY FOR MARCH 1 2015...

CLIMATE NORMAL PERIOD 1981 TO 2010
CLIMATE RECORD PERIOD 1911 TO 2015


WEATHER ITEM   OBSERVED TIME   RECORD YEAR NORMAL DEPARTURE LAST
                VALUE   (LST)  VALUE       VALUE  FROM      YEAR
                                                  NORMAL
..................................................................
TEMPERATURE (F)
 YESTERDAY
  MAXIMUM         32    346 PM  71    1992  36     -4       -1
  MINIMUM          1    704 AM -26    1919  15    -14      -11
  AVERAGE         17                        25     -8       -6

PRECIPITATION (IN)
  YESTERDAY        T             0.35 2004   0.02  -0.02      T
  MONTH TO DATE    T                         0.02  -0.02      T
  SINCE MAR 1      T                         0.02  -0.02      T
  SINCE JAN 1      0.80                      0.75   0.05     0.61

SNOWFALL (IN)
  YESTERDAY       MM
  MONTH TO DATE   MM
  SINCE OCT 1     18.7
  SINCE JUL 1     18.7
  SNOW DEPTH       0

DEGREE DAYS
 HEATING
  YESTERDAY       48                        40      8       71
  MONTH TO DATE   48                        40      8       71
  SINCE MAR 1     48                        40      8       71
  SINCE JUL 1   5807                      6015   -208     6611

 COOLING
  YESTERDAY        0                         0      0        0
  MONTH TO DATE    0                         0      0        0
  SINCE MAR 1      0                         0      0        0
  SINCE JAN 1      0                         0      0        0
..................................................................


WIND (MPH)
  HIGHEST WIND SPEED    22   HIGHEST WIND DIRECTION    NW (320)
  HIGHEST GUST SPEED    27   HIGHEST GUST DIRECTION    NW (320)
  AVERAGE WIND SPEED     7.2


SKY COVER
  POSSIBLE SUNSHINE  MM
  AVERAGE SKY COVER 0.3


WEATHER CONDITIONS
 THE FOLLOWING WEATHER WAS RECORDED YESTERDAY.
  LIGHT SNOW
  HAZE


RELATIVE HUMIDITY (PERCENT)
 HIGHEST    95           500 AM
 LOWEST     53           200 PM
 AVERAGE    74

..........................................................


THE MOBRIDGE SD CLIMATE NORMALS FOR TODAY
                         NORMAL    RECORD    YEAR
 MAXIMUM TEMPERATURE (F)   36        73      1974
 MINIMUM TEMPERATURE (F)   15       -21      1919


SUNRISE AND SUNSET
MARCH  2 2015.........SUNRISE   719 AM CST   SUNSET   630 PM CST
MARCH  3 2015.........SUNRISE   717 AM CST   SUNSET   631 PM CST


-  INDICATES NEGATIVE NUMBERS.
R  INDICATES RECORD WAS SET OR TIED.
MM INDICATES DATA IS MISSING.
T  INDICATES TRACE AMOUNT.




$$
