000
CDUS43 KABR 201112
CLIMBG


CLIMATE REPORT
NATIONAL WEATHER SERVICE ABERDEEN SD
511 AM CST SAT JAN 20 2018


...................................

...THE MOBRIDGE SD CLIMATE SUMMARY FOR JANUARY 19 2018...

CLIMATE NORMAL PERIOD 1981 TO 2010
CLIMATE RECORD PERIOD 1911 TO 2018


WEATHER ITEM   OBSERVED TIME   RECORD YEAR NORMAL DEPARTURE LAST
                VALUE   (LST)  VALUE       VALUE  FROM      YEAR
                                                  NORMAL
..................................................................
TEMPERATURE (F)
 YESTERDAY
  MAXIMUM         47    357 PM  53    1919  26     21       25
                                      1942
  MINIMUM         22    724 AM -37    1943   6     16       10
  AVERAGE         35                        16     19       18

PRECIPITATION (IN)
  YESTERDAY        0.00          0.20 1945   0.00   0.00     0.00
  MONTH TO DATE    0.05                      0.18  -0.13     0.42
  SINCE DEC 1      0.59                      0.62  -0.03     2.72
  SINCE JAN 1      0.05                      0.18  -0.13     0.42

SNOWFALL (IN)
  YESTERDAY        0.0
  MONTH TO DATE    1.5
  SINCE OCT 1     10.1
  SINCE JUL 1     10.1
  SNOW DEPTH       T

DEGREE DAYS
 HEATING
  YESTERDAY       30                        49    -19       47
  MONTH TO DATE 1001                       931     70     1159
  SINCE DEC 1   2330                      2381    -51     2748
  SINCE JUL 1   3831                      4147   -316     3899

 COOLING
  YESTERDAY        0                         0      0        0
  MONTH TO DATE    0                         0      0        0
  SINCE DEC 1      0                         0      0        0
  SINCE JAN 1      0                         0      0        0
..................................................................


WIND (MPH)
  HIGHEST WIND SPEED    15   HIGHEST WIND DIRECTION    NW (310)
  HIGHEST GUST SPEED    18   HIGHEST GUST DIRECTION    NW (310)
  AVERAGE WIND SPEED     6.0


SKY COVER
  POSSIBLE SUNSHINE  MM
  AVERAGE SKY COVER 0.2


WEATHER CONDITIONS
 THE FOLLOWING WEATHER WAS RECORDED YESTERDAY.
  NO SIGNIFICANT WEATHER WAS OBSERVED.


RELATIVE HUMIDITY (PERCENT)
 HIGHEST    88           600 AM
 LOWEST     58           500 PM
 AVERAGE    73

..........................................................


THE MOBRIDGE SD CLIMATE NORMALS FOR TODAY
                         NORMAL    RECORD    YEAR
 MAXIMUM TEMPERATURE (F)   26        64      1964
 MINIMUM TEMPERATURE (F)    6       -30      1954


SUNRISE AND SUNSET
JANUARY 20 2018.......SUNRISE   815 AM CST   SUNSET   531 PM CST
JANUARY 21 2018.......SUNRISE   814 AM CST   SUNSET   533 PM CST


-  INDICATES NEGATIVE NUMBERS.
R  INDICATES RECORD WAS SET OR TIED.
MM INDICATES DATA IS MISSING.
T  INDICATES TRACE AMOUNT.




$$
