000
CDUS43 KDTX 300535
CLIMBS


CLIMATE REPORT
NATIONAL WEATHER SERVICE DETROIT/PONTIAC MI
135 AM EDT TUE SEP 30 2014


...................................

...THE  TRI CITIES MI CLIMATE SUMMARY FOR SEPTEMBER 29 2014...

CLIMATE NORMAL PERIOD 1981 TO 2010
CLIMATE RECORD PERIOD 1898 TO 2014


WEATHER ITEM   OBSERVED TIME   NORMAL DEPARTURE
                VALUE   (LST)  VALUE  FROM
                                      NORMAL
...................................................
TEMPERATURE (F)
 YESTERDAY
  MAXIMUM         79    333 PM  67     12
  MINIMUM         51    701 AM  46      5
  AVERAGE         65            56      9

PRECIPITATION (IN)
  YESTERDAY        0.23          0.12   0.11
  MONTH TO DATE    3.69          3.72  -0.03
  SINCE SEP 1      3.69          3.72  -0.03
  SINCE JAN 1     25.80         24.24   1.56

SNOWFALL (IN)
  YESTERDAY        0.0
  MONTH TO DATE    0.0
  SINCE SEP 1      0.0
  SINCE JUL 1      0.0
  SNOW DEPTH       0

DEGREE DAYS
 HEATING
  YESTERDAY        0                  -10
  MONTH TO DATE  128                  -21
  SINCE SEP 1    128                  -21
  SINCE JUL 1    154                  -35

 COOLING
  YESTERDAY        0                   -1
  MONTH TO DATE   53                    4
  SINCE SEP 1     53                    4
  SINCE JAN 1    538                  -15
...................................................


WIND (MPH)
  HIGHEST WIND SPEED    23   HIGHEST WIND DIRECTION     N (340)
  HIGHEST GUST SPEED    27   HIGHEST GUST DIRECTION    NW (330)
  AVERAGE WIND SPEED     8.4




RELATIVE HUMIDITY (PERCENT)
 HIGHEST    96
 LOWEST     43
 AVERAGE    70

..........................................................


THE  TRI CITIES MI CLIMATE NORMALS FOR TODAY
                         NORMAL
 MAXIMUM TEMPERATURE (F)   66
 MINIMUM TEMPERATURE (F)   45


SUNRISE AND SUNSET
SEPTEMBER 30 2014.....SUNRISE   733 AM EDT   SUNSET   719 PM EDT
OCTOBER  1 2014.......SUNRISE   734 AM EDT   SUNSET   717 PM EDT


-  INDICATES NEGATIVE NUMBERS.
R  INDICATES RECORD WAS SET OR TIED.
MM INDICATES DATA IS MISSING.
T  INDICATES TRACE AMOUNT.




$$
