000
CDUS43 KDTX 022135
CLIMBS


CLIMATE REPORT
NATIONAL WEATHER SERVICE DETROIT/PONTIAC MI
434 PM EST MON MAR 2 2015


...................................

...THE TRI CITIES MI CLIMATE SUMMARY FOR MARCH 2 2015...
VALID TODAY AS OF 0400 PM LOCAL TIME.

CLIMATE NORMAL PERIOD 1981 TO 2010
CLIMATE RECORD PERIOD 1898 TO 2015


WEATHER ITEM   OBSERVED TIME   NORMAL DEPARTURE LAST
                VALUE   (LST)  VALUE  FROM      YEAR
                                      NORMAL
......................................................
TEMPERATURE (F)
 TODAY
  MAXIMUM         29    359 PM  36     -7       12
  MINIMUM         13    722 AM  21     -8       -2
  AVERAGE         21            28     -7        5

PRECIPITATION (IN)
  TODAY            T             0.07  -0.07     0.02
  MONTH TO DATE    T             0.14  -0.14     0.18
  SINCE MAR 1      T             0.14  -0.14     0.18
  SINCE JAN 1      2.11          3.46  -1.35     3.96

SNOWFALL (IN)
  TODAY            T             0.3   -0.3      0.3
  MONTH TO DATE    0.1           0.6   -0.5      2.2
  SINCE MAR 1      0.1           0.6   -0.5      2.2
  SINCE JUL 1     32.0          34.0   -2.0     55.3
  SNOW DEPTH      10

DEGREE DAYS
 HEATING
  TODAY           44            36      8       60
  MONTH TO DATE   91            73     18      108
  SINCE MAR 1     91            73     18      108
  SINCE JUL 1   5452          5172    280     5700

 COOLING
  TODAY            0             0      0        0
  MONTH TO DATE    0             0      0        0
  SINCE MAR 1      0             0      0        0
  SINCE JAN 1      0             0      0        0
......................................................


WIND (MPH)
  HIGHEST WIND SPEED    25   HIGHEST WIND DIRECTION     W (280)
  HIGHEST GUST SPEED    33   HIGHEST GUST DIRECTION     W (280)
  AVERAGE WIND SPEED    11.4


SKY COVER
  AVERAGE SKY COVER 0.1


WEATHER CONDITIONS
 THE FOLLOWING WEATHER WAS RECORDED TODAY.
  LIGHT SNOW
  HAZE


..........................................................


THE TRI CITIES MI CLIMATE NORMALS FOR TOMORROW
                         NORMAL
 MAXIMUM TEMPERATURE (F)   37
 MINIMUM TEMPERATURE (F)   21


SUNRISE AND SUNSET
MARCH  2 2015.........SUNRISE   712 AM EST   SUNSET   626 PM EST
MARCH  3 2015.........SUNRISE   710 AM EST   SUNSET   627 PM EST


-  INDICATES NEGATIVE NUMBERS.
R  INDICATES RECORD WAS SET OR TIED.
MM INDICATES DATA IS MISSING.
T  INDICATES TRACE AMOUNT.




$$
