000
CDUS43 KDTX 260546
CLIMBS


CLIMATE REPORT
NATIONAL WEATHER SERVICE DETROIT/PONTIAC MI
146 AM EDT MON SEP 26 2016


...................................

...THE TRI CITIES MI CLIMATE SUMMARY FOR SEPTEMBER 25 2016...

CLIMATE NORMAL PERIOD 1981 TO 2010
CLIMATE RECORD PERIOD 1898 TO 2016


WEATHER ITEM   OBSERVED TIME   NORMAL DEPARTURE LAST
                VALUE   (LST)  VALUE  FROM      YEAR
                                      NORMAL
......................................................
TEMPERATURE (F)
 YESTERDAY
  MAXIMUM         74    405 PM  68      6       76
  MINIMUM         47    620 AM  47      0       58
  AVERAGE         61            58      3

PRECIPITATION (IN)
  YESTERDAY        0.03          0.13  -0.10
  MONTH TO DATE    2.36          3.25  -0.89
  SINCE SEP 1      2.36          3.25  -0.89
  SINCE JAN 1     25.28         23.77   1.51

SNOWFALL (IN)
  YESTERDAY        0.0
  MONTH TO DATE    0.0
  SINCE SEP 1      0.0
  SINCE JUL 1      0.0
  SNOW DEPTH       0

DEGREE DAYS
 HEATING
  YESTERDAY        4                   -4
  MONTH TO DATE   27                  -86
  SINCE SEP 1     27                  -86
  SINCE JUL 1     29                 -124

 COOLING
  YESTERDAY        0                   -1
  MONTH TO DATE   82                   37
  SINCE SEP 1     82                   37
  SINCE JAN 1    830                  281
......................................................


WIND (MPH)
  HIGHEST WIND SPEED    16   HIGHEST WIND DIRECTION    SE (150)
  HIGHEST GUST SPEED    22   HIGHEST GUST DIRECTION    SE (140)
  AVERAGE WIND SPEED     8.0



WEATHER CONDITIONS
 THE FOLLOWING WEATHER WAS RECORDED YESTERDAY.
  LIGHT RAIN


RELATIVE HUMIDITY (PERCENT)
 HIGHEST    93
 LOWEST     46
 AVERAGE    70

..........................................................


THE TRI CITIES MI CLIMATE NORMALS FOR TODAY
                         NORMAL
 MAXIMUM TEMPERATURE (F)   68
 MINIMUM TEMPERATURE (F)   47


SUNRISE AND SUNSET
SEPTEMBER 26 2016.....SUNRISE   729 AM EDT   SUNSET   725 PM EDT
SEPTEMBER 27 2016.....SUNRISE   730 AM EDT   SUNSET   724 PM EDT


-  INDICATES NEGATIVE NUMBERS.
R  INDICATES RECORD WAS SET OR TIED.
MM INDICATES DATA IS MISSING.
T  INDICATES TRACE AMOUNT.




$$
