265
CDUS43 KDTX 280556
CLIMBS


CLIMATE REPORT
NATIONAL WEATHER SERVICE DETROIT/PONTIAC MI
156 AM EDT WED JUN 28 2017


...................................

...THE TRI CITIES MI CLIMATE SUMMARY FOR JUNE 27 2017...

CLIMATE NORMAL PERIOD 1981 TO 2010
CLIMATE RECORD PERIOD 1898 TO 2017


WEATHER ITEM   OBSERVED TIME   NORMAL DEPARTURE LAST
                VALUE   (LST)  VALUE  FROM      YEAR
                                      NORMAL
......................................................
TEMPERATURE (F)
 YESTERDAY
  MAXIMUM         72    542 PM  81     -9       88
  MINIMUM         52    540 AM  59     -7       65
  AVERAGE         62            70     -8

PRECIPITATION (IN)
  YESTERDAY        0.03          0.10  -0.07
  MONTH TO DATE   10.09          2.69   7.40
  SINCE JUN 1     10.09          2.69   7.40
  SINCE JAN 1     25.35         14.34  11.01

SNOWFALL (IN)
  YESTERDAY        0.0
  MONTH TO DATE    0.0
  SINCE JUN 1      0.0
  SINCE JUL 1     37.4
  SNOW DEPTH       0

DEGREE DAYS
 HEATING
  YESTERDAY        3                    2
  MONTH TO DATE   27                  -30
  SINCE JUN 1     27                  -30
  SINCE JUL 1   5879                -1089

 COOLING
  YESTERDAY        0                   -6
  MONTH TO DATE  133                   27
  SINCE JUN 1    133                   27
  SINCE JAN 1    159                   17
......................................................


WIND (MPH)
  HIGHEST WIND SPEED    21   HIGHEST WIND DIRECTION     N (340)
  HIGHEST GUST SPEED    26   HIGHEST GUST DIRECTION     N (340)
  AVERAGE WIND SPEED     9.7



WEATHER CONDITIONS
 THE FOLLOWING WEATHER WAS RECORDED YESTERDAY.
  RAIN
  LIGHT RAIN
  HAZE


RELATIVE HUMIDITY (PERCENT)
 HIGHEST   100
 LOWEST     44
 AVERAGE    72

..........................................................


THE TRI CITIES MI CLIMATE NORMALS FOR TODAY
                         NORMAL
 MAXIMUM TEMPERATURE (F)   81
 MINIMUM TEMPERATURE (F)   59


SUNRISE AND SUNSET
JUNE 28 2017..........SUNRISE   558 AM EDT   SUNSET   921 PM EDT
JUNE 29 2017..........SUNRISE   558 AM EDT   SUNSET   921 PM EDT


-  INDICATES NEGATIVE NUMBERS.
R  INDICATES RECORD WAS SET OR TIED.
MM INDICATES DATA IS MISSING.
T  INDICATES TRACE AMOUNT.




$$
