965
CDUS43 KDTX 082131
CLIMBS


CLIMATE REPORT
NATIONAL WEATHER SERVICE DETROIT/PONTIAC MI
431 PM EST THU DEC 8 2016


...................................

...THE TRI CITIES MI CLIMATE SUMMARY FOR DECEMBER 8 2016...
VALID TODAY AS OF 0400 PM LOCAL TIME.

CLIMATE NORMAL PERIOD 1981 TO 2010
CLIMATE RECORD PERIOD 1898 TO 2016


WEATHER ITEM   OBSERVED TIME   NORMAL DEPARTURE LAST
                VALUE   (LST)  VALUE  FROM      YEAR
                                      NORMAL
......................................................
TEMPERATURE (F)
 TODAY
  MAXIMUM         31   1213 AM  36     -5       42
  MINIMUM         26   1024 AM  24      2       33
  AVERAGE         29            30     -1       38

PRECIPITATION (IN)
  TODAY            T             0.06  -0.06     0.00
  MONTH TO DATE    0.10          0.54  -0.44     0.05
  SINCE DEC 1      0.10          0.54  -0.44     0.05
  SINCE JAN 1     30.47         30.22   0.25    29.03

SNOWFALL (IN)
  TODAY           MM             0.3   MM        0.0
  MONTH TO DATE    2.5           2.0    0.5      0.0
  SINCE DEC 1      2.5           2.0    0.5      0.0
  SINCE JUL 1      4.1           5.9   -1.8      3.5
  SNOW DEPTH       0

DEGREE DAYS
 HEATING
  TODAY           36            35      1       27
  MONTH TO DATE  240           273    -33      223
  SINCE DEC 1    240           273    -33      223
  SINCE JUL 1   1228          1746   -518     1234

 COOLING
  TODAY            0             0      0        0
  MONTH TO DATE    0             0      0        0
  SINCE DEC 1      0             0      0        0
  SINCE JAN 1    844           557    287      722
......................................................


WIND (MPH)
  HIGHEST WIND SPEED    28   HIGHEST WIND DIRECTION     W (260)
  HIGHEST GUST SPEED    33   HIGHEST GUST DIRECTION     W (250)
  AVERAGE WIND SPEED    20.4


SKY COVER
  AVERAGE SKY COVER 1.0


WEATHER CONDITIONS
 THE FOLLOWING WEATHER WAS RECORDED TODAY.
  LIGHT SNOW
  HAZE


..........................................................


THE TRI CITIES MI CLIMATE NORMALS FOR TOMORROW
                         NORMAL
 MAXIMUM TEMPERATURE (F)   35
 MINIMUM TEMPERATURE (F)   23


SUNRISE AND SUNSET
DECEMBER  8 2016......SUNRISE   757 AM EST   SUNSET   500 PM EST
DECEMBER  9 2016......SUNRISE   758 AM EST   SUNSET   500 PM EST


-  INDICATES NEGATIVE NUMBERS.
R  INDICATES RECORD WAS SET OR TIED.
MM INDICATES DATA IS MISSING.
T  INDICATES TRACE AMOUNT.




$$
