000
CDUS43 KDTX 180536
CLIMBS


CLIMATE REPORT
NATIONAL WEATHER SERVICE DETROIT/PONTIAC MI
1236 AM EST THU JAN 18 2018


...................................

...THE TRI CITIES MI CLIMATE SUMMARY FOR JANUARY 17 2018...

CLIMATE NORMAL PERIOD 1981 TO 2010
CLIMATE RECORD PERIOD 1898 TO 2018


WEATHER ITEM   OBSERVED TIME   NORMAL DEPARTURE LAST
                VALUE   (LST)  VALUE  FROM      YEAR
                                      NORMAL
......................................................
TEMPERATURE (F)
 YESTERDAY
  MAXIMUM         27    415 PM  29     -2       36
  MINIMUM          2    409 AM  15    -13       32
  AVERAGE         15            22     -7

PRECIPITATION (IN)
  YESTERDAY        T             0.06  -0.06
  MONTH TO DATE    0.50          1.04  -0.54
  SINCE DEC 1      1.53          2.90  -1.37
  SINCE JAN 1      0.50          1.04  -0.54

SNOWFALL (IN)
  YESTERDAY        T
  MONTH TO DATE    3.5
  SINCE DEC 1     16.7
  SINCE JUL 1     16.7
  SNOW DEPTH       3

DEGREE DAYS
 HEATING
  YESTERDAY       50                    7
  MONTH TO DATE  814                   92
  SINCE DEC 1   2095                  206
  SINCE JUL 1   3326                  -36

 COOLING
  YESTERDAY        0                    0
  MONTH TO DATE    0                    0
  SINCE DEC 1      0                    0
  SINCE JAN 1      0                    0
......................................................


WIND (MPH)
  HIGHEST WIND SPEED    29   HIGHEST WIND DIRECTION    SW (230)
  HIGHEST GUST SPEED    38   HIGHEST GUST DIRECTION    SW (230)
  AVERAGE WIND SPEED    16.1



WEATHER CONDITIONS
 THE FOLLOWING WEATHER WAS RECORDED YESTERDAY.
  NO SIGNIFICANT WEATHER WAS OBSERVED.


RELATIVE HUMIDITY (PERCENT)
 HIGHEST    96
 LOWEST     63
 AVERAGE    80

..........................................................


THE TRI CITIES MI CLIMATE NORMALS FOR TODAY
                         NORMAL
 MAXIMUM TEMPERATURE (F)   29
 MINIMUM TEMPERATURE (F)   15


SUNRISE AND SUNSET
JANUARY 18 2018.......SUNRISE   805 AM EST   SUNSET   529 PM EST
JANUARY 19 2018.......SUNRISE   804 AM EST   SUNSET   531 PM EST


-  INDICATES NEGATIVE NUMBERS.
R  INDICATES RECORD WAS SET OR TIED.
MM INDICATES DATA IS MISSING.
T  INDICATES TRACE AMOUNT.




$$
