000
CDUS46 KHNX 170834
CLIMCE


CLIMATE REPORT
NATIONAL WEATHER SERVICE SAN JOAQUIN VALLEY, CA
134 AM PDT THU APR 17 2014


...................................

...THE MERCED  CA CLIMATE SUMMARY FOR APRIL 16 2014...

CLIMATE NORMAL PERIOD 1981 TO 2010
CLIMATE RECORD PERIOD 1998 TO 2014


WEATHER ITEM   OBSERVED TIME   RECORD YEAR NORMAL DEPARTURE
                VALUE   (LST)  VALUE       VALUE  FROM
                                                  NORMAL
...............................................................
TEMPERATURE (F)
 YESTERDAY
  MAXIMUM         86    336 PM  88    1999  73     13
  MINIMUM         53    545 AM  36    2009  45      8
                                      2002
  AVERAGE         70                        59     11

PRECIPITATION (IN)
  YESTERDAY        0.00          0.10 2006   0.04  -0.04
  MONTH TO DATE    0.29                      0.53  -0.24
  SINCE JUL 1      4.67                     11.37  -6.70
  SINCE JAN 1      3.66                      7.55  -3.89

SNOWFALL (IN)
  YESTERDAY        0.0
  MONTH TO DATE    0.0
  SINCE MAR 1      0.0
  SINCE JUL 1      0.0
  SNOW DEPTH       0

DEGREE DAYS
 HEATING
  YESTERDAY        0
  MONTH TO DATE   60
  SINCE MAR 1    219
  SINCE JUL 1   2088

 COOLING
  YESTERDAY        5
  MONTH TO DATE   37
  SINCE MAR 1     37
  SINCE JAN 1     37
...............................................................


WIND (MPH)
  HIGHEST WIND SPEED    20   HIGHEST WIND DIRECTION     N (340)
  HIGHEST GUST SPEED    24   HIGHEST GUST DIRECTION    NW (330)
  AVERAGE WIND SPEED     9.2




RELATIVE HUMIDITY (PERCENT)
 HIGHEST    83
 LOWEST     22
 AVERAGE    53

..........................................................


THE MERCED  CA CLIMATE NORMALS FOR TODAY
                         NORMAL    RECORD    YEAR
 MAXIMUM TEMPERATURE (F)   74        86      1999
 MINIMUM TEMPERATURE (F)   45        41      2009


SUNRISE AND SUNSET
APRIL 17 2014.........SUNRISE   625 AM PDT   SUNSET   739 PM PDT
APRIL 18 2014.........SUNRISE   624 AM PDT   SUNSET   740 PM PDT


-  INDICATES NEGATIVE NUMBERS.
R  INDICATES RECORD WAS SET OR TIED.
MM INDICATES DATA IS MISSING.
T  INDICATES TRACE AMOUNT.




$$
