000
CDUS46 KHNX 050822
CLIMCE


CLIMATE REPORT
NATIONAL WEATHER SERVICE SAN JOAQUIN VALLEY, CA
122 AM PDT SAT SEP 5 2015


...................................

...THE MERCED  CA CLIMATE SUMMARY FOR SEPTEMBER 4 2015...

CLIMATE NORMAL PERIOD 1981 TO 2010
CLIMATE RECORD PERIOD 1998 TO 2015


WEATHER ITEM   OBSERVED TIME   RECORD YEAR NORMAL DEPARTURE
                VALUE   (LST)  VALUE       VALUE  FROM
                                                  NORMAL
...............................................................
TEMPERATURE (F)
 YESTERDAY
  MAXIMUM         85    414 PM 100    2008  91     -6
  MINIMUM         55    607 AM  53    2003  58     -3
  AVERAGE         70                        74     -4

PRECIPITATION (IN)
  YESTERDAY        0.00          T    2002   0.00   0.00
  MONTH TO DATE    0.00                      0.01  -0.01
  SINCE OCT 1      7.84                     12.22  -4.38
  SINCE JAN 1      3.09                      8.71  -5.62

SNOWFALL (IN)
  YESTERDAY        0.0
  MONTH TO DATE    0.0
  SINCE SEP 1      0.0
  SINCE JUL 1      0.0
  SNOW DEPTH       0

DEGREE DAYS
 HEATING
  YESTERDAY        0
  MONTH TO DATE    0
  SINCE SEP 1      0
  SINCE JUL 1      0

 COOLING
  YESTERDAY        5
  MONTH TO DATE   32
  SINCE SEP 1     32
  SINCE JAN 1   1386
...............................................................


WIND (MPH)
  HIGHEST WIND SPEED    16   HIGHEST WIND DIRECTION     W (260)
  HIGHEST GUST SPEED    19   HIGHEST GUST DIRECTION     W (250)
  AVERAGE WIND SPEED     4.9




RELATIVE HUMIDITY (PERCENT)
 HIGHEST    77
 LOWEST     11
 AVERAGE    44

..........................................................


THE MERCED  CA CLIMATE NORMALS FOR TODAY
                         NORMAL    RECORD    YEAR
 MAXIMUM TEMPERATURE (F)   91       101      2008
 MINIMUM TEMPERATURE (F)   58        48      2000


SUNRISE AND SUNSET
SEPTEMBER  5 2015.....SUNRISE   636 AM PDT   SUNSET   725 PM PDT
SEPTEMBER  6 2015.....SUNRISE   637 AM PDT   SUNSET   724 PM PDT


-  INDICATES NEGATIVE NUMBERS.
R  INDICATES RECORD WAS SET OR TIED.
MM INDICATES DATA IS MISSING.
T  INDICATES TRACE AMOUNT.




$$
