000
CDUS46 KHNX 270024
CLIMCE


CLIMATE REPORT
NATIONAL WEATHER SERVICE SAN JOAQUIN VALLEY, CA
523 PM PDT SUN MAR 26 2017


...................................

...THE MERCED  CA CLIMATE SUMMARY FOR MARCH 26 2017...
VALID AS OF 0400 PM LOCAL TIME.

CLIMATE NORMAL PERIOD 1981 TO 2010
CLIMATE RECORD PERIOD 1998 TO 2017


WEATHER ITEM   OBSERVED TIME   RECORD YEAR NORMAL DEPARTURE LAST
                VALUE   (LST)  VALUE       VALUE  FROM      YEAR
                                                  NORMAL
..................................................................
TEMPERATURE (F)
 TODAY
  MAXIMUM         65    358 PM  85    2015  67     -2       73
  MINIMUM         46    534 AM  37    2006  42      4       47
  AVERAGE         56                        55      1       60

PRECIPITATION (IN)
  TODAY            0.00          0.60 2011   0.06  -0.06     0.00
  MONTH TO DATE    1.17                      1.80  -0.63     2.35
  SINCE OCT 1     14.52                     10.26   4.26    10.96
  SINCE JAN 1     10.29                      6.75   3.54     7.24

SNOWFALL (IN)
  TODAY            0.0
  MONTH TO DATE    0.0
  SINCE MAR 1      0.0
  SINCE JUL 1      0.0
  SNOW DEPTH       0

DEGREE DAYS
 HEATING
  TODAY            9                                         5
  MONTH TO DATE  254                                       196
  SINCE MAR 1    254                                       196
  SINCE JUL 1   2124                                      2093

 COOLING
  TODAY            0                                         0
  MONTH TO DATE    0                                         0
  SINCE MAR 1      0                                         0
  SINCE JAN 1      0                                         0
..................................................................


WIND (MPH)
  HIGHEST WIND SPEED    15   HIGHEST WIND DIRECTION     N (340)
  HIGHEST GUST SPEED    17   HIGHEST GUST DIRECTION     N (340)
  AVERAGE WIND SPEED     6.0




RELATIVE HUMIDITY (PERCENT)
 HIGHEST    93
 LOWEST     48
 AVERAGE    71

..........................................................


THE MERCED  CA CLIMATE NORMALS FOR TOMORROW
                         NORMAL    RECORD    YEAR
 MAXIMUM TEMPERATURE (F)   67        88      2015
 MINIMUM TEMPERATURE (F)   43        34      2010


SUNRISE AND SUNSET
MARCH 26 2017.........SUNRISE   656 AM PDT   SUNSET   720 PM PDT
MARCH 27 2017.........SUNRISE   655 AM PDT   SUNSET   721 PM PDT


-  INDICATES NEGATIVE NUMBERS.
R  INDICATES RECORD WAS SET OR TIED.
MM INDICATES DATA IS MISSING.
T  INDICATES TRACE AMOUNT.




$$
