000
CDUS46 KHNX 230823
CLIMCE


CLIMATE REPORT
NATIONAL WEATHER SERVICE SAN JOAQUIN VALLEY, CA
122 AM PDT MON OCT 23 2017


...................................

...THE MERCED  CA CLIMATE SUMMARY FOR OCTOBER 22 2017...

CLIMATE NORMAL PERIOD 1981 TO 2010
CLIMATE RECORD PERIOD 1998 TO 2017


WEATHER ITEM   OBSERVED TIME   RECORD YEAR NORMAL DEPARTURE
                VALUE   (LST)  VALUE       VALUE  FROM
                                                  NORMAL
...............................................................
TEMPERATURE (F)
 YESTERDAY
  MAXIMUM         75    315 PM  87    2003  76     -1
  MINIMUM         41R   630 AM  42    2001  47     -6
  AVERAGE         58                        62     -4

PRECIPITATION (IN)
  YESTERDAY        0.00          T    2010   0.03  -0.03
  MONTH TO DATE    0.15                      0.39  -0.24
  SINCE OCT 1      0.15                      0.39  -0.24
  SINCE JAN 1     11.97                      9.38   2.59

SNOWFALL (IN)
  YESTERDAY        0.0
  MONTH TO DATE    0.0
  SINCE SEP 1      0.0
  SINCE JUL 1      0.0
  SNOW DEPTH       0

DEGREE DAYS
 HEATING
  YESTERDAY        7
  MONTH TO DATE   70
  SINCE SEP 1     79
  SINCE JUL 1     79

 COOLING
  YESTERDAY        0
  MONTH TO DATE    7
  SINCE SEP 1    288
  SINCE JAN 1   1824
...............................................................


WIND (MPH)
  HIGHEST WIND SPEED    15   HIGHEST WIND DIRECTION    NW (320)
  HIGHEST GUST SPEED    18   HIGHEST GUST DIRECTION    NW (330)
  AVERAGE WIND SPEED     4.1




RELATIVE HUMIDITY (PERCENT)
 HIGHEST    89
 LOWEST     33
 AVERAGE    61

..........................................................


THE MERCED  CA CLIMATE NORMALS FOR TODAY
                         NORMAL    RECORD    YEAR
 MAXIMUM TEMPERATURE (F)   75        88      2011
 MINIMUM TEMPERATURE (F)   47        41      2000


SUNRISE AND SUNSET
OCTOBER 23 2017.......SUNRISE   718 AM PDT   SUNSET   614 PM PDT
OCTOBER 24 2017.......SUNRISE   719 AM PDT   SUNSET   613 PM PDT


-  INDICATES NEGATIVE NUMBERS.
R  INDICATES RECORD WAS SET OR TIED.
MM INDICATES DATA IS MISSING.
T  INDICATES TRACE AMOUNT.




$$
